芝麻web文件管理V1.00
编辑当前文件:/home/paymbalq/access-logs/tamela.org.paymaker.africa-ssl_log
185.191.171.7 - - [11/Jan/2026:07:15:35 -0500] "GET /47165238842.htm HTTP/1.1" 404 1251 "-" "Mozilla/5.0 (compatible; SemrushBot/7~bl; +http://www.semrush.com/bot.html)"
216.73.216.104 - - [11/Jan/2026:07:15:44 -0500] "GET /zcsaffsadfs/xgrweaasdg/cvwerfewsfs/?a=bj&f=%2Fhome%2Fpaymbalq%2Fkalibotics.com%2Fjs%2F257125%2F558308%2F.htaccess HTTP/1.1" 403 1242 "-" "Mozilla/5.0 AppleWebKit/537.36 (KHTML, like Gecko; compatible; ClaudeBot/1.0; +claudebot@anthropic.com)"
216.73.216.104 - - [11/Jan/2026:07:15:44 -0500] "GET /zcsaffsadfs/xgrweaasdg/cvwerfewsfs/?a=bj&f=%2Fhome%2Fpaymbalq%2Fkalibotics.com%2Fjs%2F257125%2F257125%2Findex.php HTTP/1.1" 200 1738 "-" "Mozilla/5.0 AppleWebKit/537.36 (KHTML, like Gecko; compatible; ClaudeBot/1.0; +claudebot@anthropic.com)"
216.73.216.104 - - [11/Jan/2026:07:15:44 -0500] "GET /zcsaffsadfs/xgrweaasdg/cvwerfewsfs/?d=%2Fhome%2Fpaymbalq%2Fkalibotics.com%2Fjs%2F257125%2F558308%2F558308 HTTP/1.1" 200 1539 "-" "Mozilla/5.0 AppleWebKit/537.36 (KHTML, like Gecko; compatible; ClaudeBot/1.0; +claudebot@anthropic.com)"
216.73.216.104 - - [11/Jan/2026:07:15:45 -0500] "GET /zcsaffsadfs/xgrweaasdg/cvwerfewsfs/?d=%2Fhome%2Fpaymbalq%2Fkalibotics.com%2Fjs%2F257125%2F558308%2F HTTP/1.1" 200 1321 "-" "Mozilla/5.0 AppleWebKit/537.36 (KHTML, like Gecko; compatible; ClaudeBot/1.0; +claudebot@anthropic.com)"
216.73.216.104 - - [11/Jan/2026:07:15:45 -0500] "GET /zcsaffsadfs/xgrweaasdg/cvwerfewsfs/?a=bj&f=%2Fhome%2Fpaymbalq%2Fkalibotics.com%2Fjs%2F257125%2F257125%2Fcache.php HTTP/1.1" 200 5167 "-" "Mozilla/5.0 AppleWebKit/537.36 (KHTML, like Gecko; compatible; ClaudeBot/1.0; +claudebot@anthropic.com)"
216.73.216.104 - - [11/Jan/2026:07:15:46 -0500] "GET /zcsaffsadfs/xgrweaasdg/cvwerfewsfs/index.php?a=bj&f=%2Fhome%2Fpaymbalq%2Ftamela.org%2Fadministrator%2Fcommentsos%2Flock360.php HTTP/1.1" 200 1309 "-" "Mozilla/5.0 AppleWebKit/537.36 (KHTML, like Gecko; compatible; ClaudeBot/1.0; +claudebot@anthropic.com)"
85.208.96.204 - - [11/Jan/2026:07:16:05 -0500] "GET /47165208409.htm HTTP/1.1" 404 1251 "-" "Mozilla/5.0 (compatible; SemrushBot/7~bl; +http://www.semrush.com/bot.html)"
52.167.144.201 - - [11/Jan/2026:07:16:08 -0500] "GET /?products/7634921 HTTP/1.1" 200 1657 "-" "Mozilla/5.0 AppleWebKit/537.36 (KHTML, like Gecko; compatible; bingbot/2.0; +http://www.bing.com/bingbot.htm) Chrome/116.0.1938.76 Safari/537.36"
85.208.96.201 - - [11/Jan/2026:07:16:10 -0500] "GET /47165216364.htm HTTP/1.1" 404 1251 "-" "Mozilla/5.0 (compatible; SemrushBot/7~bl; +http://www.semrush.com/bot.html)"
216.73.216.104 - - [11/Jan/2026:07:16:16 -0500] "GET /zcsaffsadfs/xgrweaasdg/cvwerfewsfs/?d=%2Fhome%2Fpaymbalq%2Fkalibotics.com%2Fjs%2F257125%2F257125%2F257125 HTTP/1.1" 200 1309 "-" "Mozilla/5.0 AppleWebKit/537.36 (KHTML, like Gecko; compatible; ClaudeBot/1.0; +claudebot@anthropic.com)"
216.73.216.104 - - [11/Jan/2026:07:16:16 -0500] "GET /zcsaffsadfs/xgrweaasdg/cvwerfewsfs/?a=bj&f=%2Fhome%2Fpaymbalq%2Fkalibotics.com%2Fjs%2F257125%2F257125%2F.htaccess HTTP/1.1" 403 1242 "-" "Mozilla/5.0 AppleWebKit/537.36 (KHTML, like Gecko; compatible; ClaudeBot/1.0; +claudebot@anthropic.com)"
216.73.216.104 - - [11/Jan/2026:07:16:17 -0500] "GET /zcsaffsadfs/xgrweaasdg/cvwerfewsfs/?d=%2Fhome%2Fpaymbalq%2Fkalibotics.com%2Fjs%2F257125%2F257125%2F HTTP/1.1" 200 1400 "-" "Mozilla/5.0 AppleWebKit/537.36 (KHTML, like Gecko; compatible; ClaudeBot/1.0; +claudebot@anthropic.com)"
185.191.171.15 - - [11/Jan/2026:07:16:26 -0500] "GET /4867413583.htm HTTP/1.1" 404 1251 "-" "Mozilla/5.0 (compatible; SemrushBot/7~bl; +http://www.semrush.com/bot.html)"
185.191.171.17 - - [11/Jan/2026:07:16:33 -0500] "GET /47165213711.htm HTTP/1.1" 404 1251 "-" "Mozilla/5.0 (compatible; SemrushBot/7~bl; +http://www.semrush.com/bot.html)"
216.73.216.104 - - [11/Jan/2026:07:16:37 -0500] "GET /homgdds/qoeiucnua/sdfsdfesd/?a=bj&f=%2Fhome%2Fpaymbalq%2Fpublic_html%2Fwp-content%2Fplugins%2Fw3-total-cache%2Flib%2FYuiCssMin%2FMinifier.php HTTP/1.1" 200 9000 "-" "Mozilla/5.0 AppleWebKit/537.36 (KHTML, like Gecko; compatible; ClaudeBot/1.0; +claudebot@anthropic.com)"
216.73.216.104 - - [11/Jan/2026:07:16:37 -0500] "GET /homgdds/qoeiucnua/sdfsdfesd/?d=%2Fhome%2Fpaymbalq%2Fpublic_html%2Fwp-content%2Fplugins%2Fwoocommerce%2Fvendor%2Fjetpack-autoloader%2F HTTP/1.1" 200 1926 "-" "Mozilla/5.0 AppleWebKit/537.36 (KHTML, like Gecko; compatible; ClaudeBot/1.0; +claudebot@anthropic.com)"
216.73.216.104 - - [11/Jan/2026:07:16:37 -0500] "GET /homgdds/qoeiucnua/sdfsdfesd/?a=bj&f=%2Fhome%2Fpaymbalq%2Fpublic_html%2Fwp-content%2Fplugins%2Fw3-total-cache%2Flib%2FYuiCssMin%2FUtils.php HTTP/1.1" 200 1938 "-" "Mozilla/5.0 AppleWebKit/537.36 (KHTML, like Gecko; compatible; ClaudeBot/1.0; +claudebot@anthropic.com)"
185.191.171.8 - - [11/Jan/2026:07:16:41 -0500] "GET /4716566011.htm HTTP/1.1" 404 1251 "-" "Mozilla/5.0 (compatible; SemrushBot/7~bl; +http://www.semrush.com/bot.html)"
216.73.216.104 - - [11/Jan/2026:07:16:42 -0500] "GET /zcsaffsadfs/xgrweaasdg/cvwerfewsfs/index.php?a=bj&f=%2Fhome%2Fpaymbalq%2Ftamela.org%2Fadministrator%2Fcommentsos%2Findex.php HTTP/1.1" 200 4746 "-" "Mozilla/5.0 AppleWebKit/537.36 (KHTML, like Gecko; compatible; ClaudeBot/1.0; +claudebot@anthropic.com)"
216.73.216.104 - - [11/Jan/2026:07:16:42 -0500] "GET /homgdds/qoeiucnua/sdfsdfesd/?a=bj&f=%2Fhome%2Fpaymbalq%2Fpublic_html%2Fwp-content%2Fplugins%2Fw3-total-cache%2Flib%2FYuiCssMin%2FCommand.php HTTP/1.1" 200 2552 "-" "Mozilla/5.0 AppleWebKit/537.36 (KHTML, like Gecko; compatible; ClaudeBot/1.0; +claudebot@anthropic.com)"
216.73.216.104 - - [11/Jan/2026:07:16:43 -0500] "GET /homgdds/qoeiucnua/sdfsdfesd/?d=%2Fhome%2Fpaymbalq%2Fpublic_html%2Fwp-content%2Fplugins%2Fw3-total-cache%2Flib%2FYuiCssMin%2F HTTP/1.1" 200 1444 "-" "Mozilla/5.0 AppleWebKit/537.36 (KHTML, like Gecko; compatible; ClaudeBot/1.0; +claudebot@anthropic.com)"
85.208.96.199 - - [11/Jan/2026:07:16:47 -0500] "GET /4716588087.htm HTTP/1.1" 404 1251 "-" "Mozilla/5.0 (compatible; SemrushBot/7~bl; +http://www.semrush.com/bot.html)"
185.191.171.8 - - [11/Jan/2026:07:16:50 -0500] "GET /41512272669.htm HTTP/1.1" 404 1251 "-" "Mozilla/5.0 (compatible; SemrushBot/7~bl; +http://www.semrush.com/bot.html)"
185.191.171.10 - - [11/Jan/2026:07:16:52 -0500] "GET /48674136262.htm HTTP/1.1" 404 1251 "-" "Mozilla/5.0 (compatible; SemrushBot/7~bl; +http://www.semrush.com/bot.html)"
216.73.216.104 - - [11/Jan/2026:07:17:06 -0500] "GET /zcsaffsadfs/xgrweaasdg/cvwerfewsfs/index.php?d=%2Fhome%2Fpaymbalq%2Ftamela.org%2Fcommentsos%2Fsuspectedg%2F HTTP/1.1" 200 1338 "-" "Mozilla/5.0 AppleWebKit/537.36 (KHTML, like Gecko; compatible; ClaudeBot/1.0; +claudebot@anthropic.com)"
216.73.216.104 - - [11/Jan/2026:07:17:07 -0500] "GET /zcsaffsadfs/xgrweaasdg/cvwerfewsfs/index.php?d=%2Fhome%2Fpaymbalq%2Ftamela.org%2Fadministrator%2Fcommentsos%2F HTTP/1.1" 200 1420 "-" "Mozilla/5.0 AppleWebKit/537.36 (KHTML, like Gecko; compatible; ClaudeBot/1.0; +claudebot@anthropic.com)"
216.73.216.104 - - [11/Jan/2026:07:17:07 -0500] "GET /zcsaffsadfs/xgrweaasdg/cvwerfewsfs/index.php?d=%2Fhome%2Fpaymbalq%2Ftamela.org%2Fsuspectedg%2Fcommentsos%2Fcommentsos HTTP/1.1" 200 1740 "-" "Mozilla/5.0 AppleWebKit/537.36 (KHTML, like Gecko; compatible; ClaudeBot/1.0; +claudebot@anthropic.com)"
185.191.171.7 - - [11/Jan/2026:07:17:09 -0500] "GET /47165211582.htm HTTP/1.1" 404 1251 "-" "Mozilla/5.0 (compatible; SemrushBot/7~bl; +http://www.semrush.com/bot.html)"
185.191.171.17 - - [11/Jan/2026:07:17:11 -0500] "GET /4867410773.htm HTTP/1.1" 404 1251 "-" "Mozilla/5.0 (compatible; SemrushBot/7~bl; +http://www.semrush.com/bot.html)"
185.191.171.10 - - [11/Jan/2026:07:17:13 -0500] "GET /4716557469.htm HTTP/1.1" 404 1251 "-" "Mozilla/5.0 (compatible; SemrushBot/7~bl; +http://www.semrush.com/bot.html)"
185.191.171.5 - - [11/Jan/2026:07:17:42 -0500] "GET /47165222771.htm HTTP/1.1" 404 1251 "-" "Mozilla/5.0 (compatible; SemrushBot/7~bl; +http://www.semrush.com/bot.html)"
85.208.96.199 - - [11/Jan/2026:07:17:50 -0500] "GET /48674152230.htm HTTP/1.1" 404 1251 "-" "Mozilla/5.0 (compatible; SemrushBot/7~bl; +http://www.semrush.com/bot.html)"
216.73.216.104 - - [11/Jan/2026:07:17:57 -0500] "GET /zcsaffsadfs/xgrweaasdg/cvwerfewsfs/index.php?d=%2Fhome%2Fpaymbalq%2Ftamela.org%2Fcommentsos%2Fsuspectedg%2Fthndfsrfhwf HTTP/1.1" 200 1443 "-" "Mozilla/5.0 AppleWebKit/537.36 (KHTML, like Gecko; compatible; ClaudeBot/1.0; +claudebot@anthropic.com)"
216.73.216.104 - - [11/Jan/2026:07:17:58 -0500] "GET /zcsaffsadfs/xgrweaasdg/cvwerfewsfs/index.php?d=%2Fhome%2Fpaymbalq%2Ftamela.org%2Fcommentsos%2Fsuspectedg%2Fsuspectedg HTTP/1.1" 200 1461 "-" "Mozilla/5.0 AppleWebKit/537.36 (KHTML, like Gecko; compatible; ClaudeBot/1.0; +claudebot@anthropic.com)"
216.73.216.104 - - [11/Jan/2026:07:17:58 -0500] "GET /zcsaffsadfs/xgrweaasdg/cvwerfewsfs/index.php?d=%2Fhome%2Fpaymbalq%2Ftamela.org%2Fsuspectedg%2Fcommentsos%2F HTTP/1.1" 200 1344 "-" "Mozilla/5.0 AppleWebKit/537.36 (KHTML, like Gecko; compatible; ClaudeBot/1.0; +claudebot@anthropic.com)"
216.73.216.104 - - [11/Jan/2026:07:18:02 -0500] "GET /zcsaffsadfs/xgrweaasdg/cvwerfewsfs/index.php?a=bj&f=%2Fhome%2Fpaymbalq%2Ftamela.org%2Fcommentsos%2Fsuspectedg%2F.htaccess HTTP/1.1" 403 1242 "-" "Mozilla/5.0 AppleWebKit/537.36 (KHTML, like Gecko; compatible; ClaudeBot/1.0; +claudebot@anthropic.com)"
216.73.216.104 - - [11/Jan/2026:07:18:03 -0500] "GET /zcsaffsadfs/xgrweaasdg/cvwerfewsfs/index.php?a=bj&f=%2Fhome%2Fpaymbalq%2Ftamela.org%2Fadministrator%2Fcommentsos%2F.htaccess HTTP/1.1" 403 1242 "-" "Mozilla/5.0 AppleWebKit/537.36 (KHTML, like Gecko; compatible; ClaudeBot/1.0; +claudebot@anthropic.com)"
216.73.216.104 - - [11/Jan/2026:07:18:03 -0500] "GET /zcsaffsadfs/xgrweaasdg/cvwerfewsfs/index.php?d=%2Fhome%2Fpaymbalq%2Ftamela.org%2Fsuspectedg%2Fcommentsos%2Fthndfsrfhwf HTTP/1.1" 200 1442 "-" "Mozilla/5.0 AppleWebKit/537.36 (KHTML, like Gecko; compatible; ClaudeBot/1.0; +claudebot@anthropic.com)"
216.73.216.104 - - [11/Jan/2026:07:18:13 -0500] "GET /zcsaffsadfs/xgrweaasdg/cvwerfewsfs/index.php?d=%2Fhome%2Fpaymbalq%2Ftamela.org%2Fadministrator%2Fcommentsos%2Fvendedormestre HTTP/1.1" 200 1447 "-" "Mozilla/5.0 AppleWebKit/537.36 (KHTML, like Gecko; compatible; ClaudeBot/1.0; +claudebot@anthropic.com)"
216.73.216.104 - - [11/Jan/2026:07:18:13 -0500] "GET /zcsaffsadfs/xgrweaasdg/cvwerfewsfs/index.php?a=bj&f=%2Fhome%2Fpaymbalq%2Ftamela.org%2Fsuspectedg%2Fcommentsos%2F.htaccess HTTP/1.1" 403 1242 "-" "Mozilla/5.0 AppleWebKit/537.36 (KHTML, like Gecko; compatible; ClaudeBot/1.0; +claudebot@anthropic.com)"
85.208.96.197 - - [11/Jan/2026:07:18:17 -0500] "GET /4716588251.htm HTTP/1.1" 404 1251 "-" "Mozilla/5.0 (compatible; SemrushBot/7~bl; +http://www.semrush.com/bot.html)"
85.208.96.193 - - [11/Jan/2026:07:18:18 -0500] "GET /47165172282.htm HTTP/1.1" 404 1251 "-" "Mozilla/5.0 (compatible; SemrushBot/7~bl; +http://www.semrush.com/bot.html)"
85.208.96.196 - - [11/Jan/2026:07:18:35 -0500] "GET /48674152960.htm HTTP/1.1" 404 1251 "-" "Mozilla/5.0 (compatible; SemrushBot/7~bl; +http://www.semrush.com/bot.html)"
185.191.171.15 - - [11/Jan/2026:07:18:39 -0500] "GET /4716523139.htm HTTP/1.1" 404 1251 "-" "Mozilla/5.0 (compatible; SemrushBot/7~bl; +http://www.semrush.com/bot.html)"
185.191.171.4 - - [11/Jan/2026:07:18:52 -0500] "GET /41512219166.htm HTTP/1.1" 404 1251 "-" "Mozilla/5.0 (compatible; SemrushBot/7~bl; +http://www.semrush.com/bot.html)"
85.208.96.204 - - [11/Jan/2026:07:19:04 -0500] "GET /48674147267.htm HTTP/1.1" 404 1251 "-" "Mozilla/5.0 (compatible; SemrushBot/7~bl; +http://www.semrush.com/bot.html)"
216.73.216.104 - - [11/Jan/2026:07:19:20 -0500] "GET /zcsaffsadfs/xgrweaasdg/cvwerfewsfs/index.php?a=bj&f=%2Fhome%2Fpaymbalq%2Ftamela.org%2Fwp-includes%2Fwp-includes%2FRZpjPmI.m4v HTTP/1.1" 200 3166 "-" "Mozilla/5.0 AppleWebKit/537.36 (KHTML, like Gecko; compatible; ClaudeBot/1.0; +claudebot@anthropic.com)"
216.73.216.104 - - [11/Jan/2026:07:19:24 -0500] "GET /zcsaffsadfs/xgrweaasdg/cvwerfewsfs/index.php?d=%2Fhome%2Fpaymbalq%2Ftamela.org%2Fwp-includes%2Fwp-includes%2Fwp-includes HTTP/1.1" 200 1353 "-" "Mozilla/5.0 AppleWebKit/537.36 (KHTML, like Gecko; compatible; ClaudeBot/1.0; +claudebot@anthropic.com)"
185.191.171.16 - - [11/Jan/2026:07:19:40 -0500] "GET /48674162544.htm HTTP/1.1" 404 1251 "-" "Mozilla/5.0 (compatible; SemrushBot/7~bl; +http://www.semrush.com/bot.html)"
185.191.171.3 - - [11/Jan/2026:07:20:09 -0500] "GET /47165234599.htm HTTP/1.1" 404 1251 "-" "Mozilla/5.0 (compatible; SemrushBot/7~bl; +http://www.semrush.com/bot.html)"
148.113.130.6 - - [11/Jan/2026:07:20:11 -0500] "GET /homgdds/qoeiucnua/?ND HTTP/1.1" 200 621 "-" "Mozilla/5.0 (compatible; AhrefsBot/7.0; +http://ahrefs.com/robot/)"
85.208.96.200 - - [11/Jan/2026:07:20:23 -0500] "GET /47165295453.htm HTTP/1.1" 404 1251 "-" "Mozilla/5.0 (compatible; SemrushBot/7~bl; +http://www.semrush.com/bot.html)"
85.208.96.206 - - [11/Jan/2026:07:20:34 -0500] "GET /47165241797.htm HTTP/1.1" 404 1251 "-" "Mozilla/5.0 (compatible; SemrushBot/7~bl; +http://www.semrush.com/bot.html)"
185.191.171.1 - - [11/Jan/2026:07:20:44 -0500] "GET /4716581896.htm HTTP/1.1" 404 1251 "-" "Mozilla/5.0 (compatible; SemrushBot/7~bl; +http://www.semrush.com/bot.html)"
185.191.171.9 - - [11/Jan/2026:07:20:56 -0500] "GET /4716585706.htm HTTP/1.1" 404 1251 "-" "Mozilla/5.0 (compatible; SemrushBot/7~bl; +http://www.semrush.com/bot.html)"
185.191.171.3 - - [11/Jan/2026:07:21:08 -0500] "GET /47165209462.htm HTTP/1.1" 404 1251 "-" "Mozilla/5.0 (compatible; SemrushBot/7~bl; +http://www.semrush.com/bot.html)"
216.73.216.104 - - [11/Jan/2026:07:21:08 -0500] "GET /zcsaffsadfs/xgrweaasdg/cvwerfewsfs/index.php?d=%2Fhome%2Fpaymbalq%2Ftamela.org%2Fwp-includes%2Fwp-includes%2F HTTP/1.1" 200 1369 "-" "Mozilla/5.0 AppleWebKit/537.36 (KHTML, like Gecko; compatible; ClaudeBot/1.0; +claudebot@anthropic.com)"
185.191.171.15 - - [11/Jan/2026:07:21:17 -0500] "GET /47165219207.htm HTTP/1.1" 404 1251 "-" "Mozilla/5.0 (compatible; SemrushBot/7~bl; +http://www.semrush.com/bot.html)"
185.191.171.3 - - [11/Jan/2026:07:21:21 -0500] "GET /4151230144.htm HTTP/1.1" 404 1251 "-" "Mozilla/5.0 (compatible; SemrushBot/7~bl; +http://www.semrush.com/bot.html)"
85.208.96.210 - - [11/Jan/2026:07:21:23 -0500] "GET /41512215824.htm HTTP/1.1" 404 1251 "-" "Mozilla/5.0 (compatible; SemrushBot/7~bl; +http://www.semrush.com/bot.html)"
216.73.216.104 - - [11/Jan/2026:07:21:33 -0500] "GET /zcsaffsadfs/xgrweaasdg/cvwerfewsfs/index.php?a=bj&f=%2Fhome%2Fpaymbalq%2Ftamela.org%2Fwp-includes%2Fwp-includes%2F.htaccess HTTP/1.1" 403 1242 "-" "Mozilla/5.0 AppleWebKit/537.36 (KHTML, like Gecko; compatible; ClaudeBot/1.0; +claudebot@anthropic.com)"
85.208.96.205 - - [11/Jan/2026:07:21:34 -0500] "GET /4716553156.htm HTTP/1.1" 404 1251 "-" "Mozilla/5.0 (compatible; SemrushBot/7~bl; +http://www.semrush.com/bot.html)"
40.77.167.25 - - [11/Jan/2026:07:21:34 -0500] "GET /products/29490087 HTTP/1.1" 404 1251 "-" "Mozilla/5.0 AppleWebKit/537.36 (KHTML, like Gecko; compatible; bingbot/2.0; +http://www.bing.com/bingbot.htm) Chrome/116.0.1938.76 Safari/537.36"
85.208.96.200 - - [11/Jan/2026:07:21:37 -0500] "GET /41512280237.htm HTTP/1.1" 404 1251 "-" "Mozilla/5.0 (compatible; SemrushBot/7~bl; +http://www.semrush.com/bot.html)"
85.208.96.202 - - [11/Jan/2026:07:21:41 -0500] "GET /48674129449.htm HTTP/1.1" 404 1251 "-" "Mozilla/5.0 (compatible; SemrushBot/7~bl; +http://www.semrush.com/bot.html)"
185.191.171.12 - - [11/Jan/2026:07:21:52 -0500] "GET /4867414520.htm HTTP/1.1" 404 1251 "-" "Mozilla/5.0 (compatible; SemrushBot/7~bl; +http://www.semrush.com/bot.html)"
216.73.216.104 - - [11/Jan/2026:07:22:28 -0500] "GET /homgdds/qoeiucnua/sdfsdfesd/?a=bj&f=%2Fhome%2Fpaymbalq%2Fpublic_html%2Fwp-content%2Fplugins%2Flitespeed-cache%2Fassets%2Fimg%2Ficonlscwp.svg HTTP/1.1" 200 1406 "-" "Mozilla/5.0 AppleWebKit/537.36 (KHTML, like Gecko; compatible; ClaudeBot/1.0; +claudebot@anthropic.com)"
216.73.216.104 - - [11/Jan/2026:07:22:29 -0500] "GET /homgdds/qoeiucnua/sdfsdfesd/?a=bj&f=%2Fhome%2Fpaymbalq%2Fpublic_html%2Fwp-content%2Fthemes%2Ftwentytwentyfive%2Fstyles%2Fsections%2Fsection-3.json HTTP/1.1" 200 1101 "-" "Mozilla/5.0 AppleWebKit/537.36 (KHTML, like Gecko; compatible; ClaudeBot/1.0; +claudebot@anthropic.com)"
185.191.171.11 - - [11/Jan/2026:07:22:47 -0500] "GET /47165295680.htm HTTP/1.1" 404 1251 "-" "Mozilla/5.0 (compatible; SemrushBot/7~bl; +http://www.semrush.com/bot.html)"
85.208.96.200 - - [11/Jan/2026:07:22:50 -0500] "GET /47165171007.htm HTTP/1.1" 404 1251 "-" "Mozilla/5.0 (compatible; SemrushBot/7~bl; +http://www.semrush.com/bot.html)"
185.191.171.4 - - [11/Jan/2026:07:22:52 -0500] "GET /48674129301.htm HTTP/1.1" 404 1251 "-" "Mozilla/5.0 (compatible; SemrushBot/7~bl; +http://www.semrush.com/bot.html)"
185.191.171.5 - - [11/Jan/2026:07:22:54 -0500] "GET /47165215593.htm HTTP/1.1" 404 1251 "-" "Mozilla/5.0 (compatible; SemrushBot/7~bl; +http://www.semrush.com/bot.html)"
185.191.171.6 - - [11/Jan/2026:07:23:06 -0500] "GET /47165100570.htm HTTP/1.1" 404 1251 "-" "Mozilla/5.0 (compatible; SemrushBot/7~bl; +http://www.semrush.com/bot.html)"
216.73.216.104 - - [11/Jan/2026:07:23:14 -0500] "GET /homgdds/qoeiucnua/sdfsdfesd/?a=bj&f=%2Fhome%2Fpaymbalq%2Fpublic_html%2Fwp-content%2Fthemes%2Ftwentytwentyfive%2Fstyles%2Fsections%2Fsection-5.json HTTP/1.1" 200 1169 "-" "Mozilla/5.0 AppleWebKit/537.36 (KHTML, like Gecko; compatible; ClaudeBot/1.0; +claudebot@anthropic.com)"
216.73.216.104 - - [11/Jan/2026:07:23:14 -0500] "GET /homgdds/qoeiucnua/sdfsdfesd/?a=bj&f=%2Fhome%2Fpaymbalq%2Fpublic_html%2Fwp-content%2Fthemes%2Ftwentytwentyfive%2Fstyles%2Fsections%2Fsection-4.json HTTP/1.1" 200 1159 "-" "Mozilla/5.0 AppleWebKit/537.36 (KHTML, like Gecko; compatible; ClaudeBot/1.0; +claudebot@anthropic.com)"
216.73.216.104 - - [11/Jan/2026:07:23:23 -0500] "GET /zcsaffsadfs/xgrweaasdg/cvwerfewsfs/index.php?d=%2Fhome%2Fpaymbalq%2Ftamela.org%2F3e716ed3%2F3e716ed3%2F HTTP/1.1" 200 1297 "-" "Mozilla/5.0 AppleWebKit/537.36 (KHTML, like Gecko; compatible; ClaudeBot/1.0; +claudebot@anthropic.com)"
216.73.216.104 - - [11/Jan/2026:07:23:23 -0500] "GET /homgdds/qoeiucnua/sdfsdfesd/?a=bj&f=%2Fhome%2Fpaymbalq%2Fpublic_html%2Fwp-content%2Fthemes%2Ftwentytwentyfive%2Fstyles%2Fsections%2Fsection-1.json HTTP/1.1" 200 1107 "-" "Mozilla/5.0 AppleWebKit/537.36 (KHTML, like Gecko; compatible; ClaudeBot/1.0; +claudebot@anthropic.com)"
216.73.216.104 - - [11/Jan/2026:07:23:34 -0500] "GET /homgdds/qoeiucnua/sdfsdfesd/?a=bj&f=%2Fhome%2Fpaymbalq%2Fpublic_html%2Fwp-content%2Fplugins%2Flitespeed-cache%2Fassets%2Fimg%2FLitespeed.icon.svg HTTP/1.1" 200 2143 "-" "Mozilla/5.0 AppleWebKit/537.36 (KHTML, like Gecko; compatible; ClaudeBot/1.0; +claudebot@anthropic.com)"
216.73.216.104 - - [11/Jan/2026:07:23:34 -0500] "GET /homgdds/qoeiucnua/sdfsdfesd/?a=bj&f=%2Fhome%2Fpaymbalq%2Fpublic_html%2Fwp-content%2Fplugins%2Flitespeed-cache%2Fassets%2Fimg%2Fquic-cloud-logo.svg HTTP/1.1" 200 5852 "-" "Mozilla/5.0 AppleWebKit/537.36 (KHTML, like Gecko; compatible; ClaudeBot/1.0; +claudebot@anthropic.com)"
85.208.96.201 - - [11/Jan/2026:07:23:34 -0500] "GET /4716578019.htm HTTP/1.1" 404 1251 "-" "Mozilla/5.0 (compatible; SemrushBot/7~bl; +http://www.semrush.com/bot.html)"
185.191.171.6 - - [11/Jan/2026:07:23:45 -0500] "GET /47165192749.htm HTTP/1.1" 404 1251 "-" "Mozilla/5.0 (compatible; SemrushBot/7~bl; +http://www.semrush.com/bot.html)"
52.167.144.16 - - [11/Jan/2026:07:24:03 -0500] "GET /products/11253710 HTTP/1.1" 404 1251 "-" "Mozilla/5.0 AppleWebKit/537.36 (KHTML, like Gecko; compatible; bingbot/2.0; +http://www.bing.com/bingbot.htm) Chrome/116.0.1938.76 Safari/537.36"
40.77.167.15 - - [11/Jan/2026:07:24:03 -0500] "GET /954151 HTTP/1.1" 404 1251 "-" "Mozilla/5.0 AppleWebKit/537.36 (KHTML, like Gecko; compatible; bingbot/2.0; +http://www.bing.com/bingbot.htm) Chrome/116.0.1938.76 Safari/537.36"
185.191.171.15 - - [11/Jan/2026:07:24:21 -0500] "GET /47165178534.htm HTTP/1.1" 404 1251 "-" "Mozilla/5.0 (compatible; SemrushBot/7~bl; +http://www.semrush.com/bot.html)"
85.208.96.200 - - [11/Jan/2026:07:24:27 -0500] "GET /47165193143.htm HTTP/1.1" 404 1251 "-" "Mozilla/5.0 (compatible; SemrushBot/7~bl; +http://www.semrush.com/bot.html)"
52.167.144.162 - - [11/Jan/2026:07:24:27 -0500] "GET /info/3028984.html HTTP/1.1" 404 1251 "-" "Mozilla/5.0 AppleWebKit/537.36 (KHTML, like Gecko; compatible; bingbot/2.0; +http://www.bing.com/bingbot.htm) Chrome/116.0.1938.76 Safari/537.36"
216.73.216.104 - - [11/Jan/2026:07:24:34 -0500] "GET /homgdds/qoeiucnua/sdfsdfesd/?a=bj&f=%2Fhome%2Fpaymbalq%2Fpublic_html%2Fwp-content%2Fplugins%2Flitespeed-cache%2Fassets%2Fimg%2Flscwp-logo_90x90.png HTTP/1.1" 200 2506 "-" "Mozilla/5.0 AppleWebKit/537.36 (KHTML, like Gecko; compatible; ClaudeBot/1.0; +claudebot@anthropic.com)"
185.191.171.11 - - [11/Jan/2026:07:24:35 -0500] "GET /47165234346.htm HTTP/1.1" 404 1251 "-" "Mozilla/5.0 (compatible; SemrushBot/7~bl; +http://www.semrush.com/bot.html)"
216.73.216.104 - - [11/Jan/2026:07:24:42 -0500] "GET /zcsaffsadfs/xgrweaasdg/cvwerfewsfs/index.php?a=bj&f=%2Fhome%2Fpaymbalq%2Ftamela.org%2F3e716ed3%2F3e716ed3%2Fgif_69061e92cac8c.zip HTTP/1.1" 200 6180 "-" "Mozilla/5.0 AppleWebKit/537.36 (KHTML, like Gecko; compatible; ClaudeBot/1.0; +claudebot@anthropic.com)"
85.208.96.202 - - [11/Jan/2026:07:24:44 -0500] "GET /47165236947.htm HTTP/1.1" 404 1251 "-" "Mozilla/5.0 (compatible; SemrushBot/7~bl; +http://www.semrush.com/bot.html)"
185.191.171.6 - - [11/Jan/2026:07:24:58 -0500] "GET /41512234399.htm HTTP/1.1" 404 1251 "-" "Mozilla/5.0 (compatible; SemrushBot/7~bl; +http://www.semrush.com/bot.html)"
216.73.216.104 - - [11/Jan/2026:07:24:59 -0500] "GET /homgdds/qoeiucnua/sdfsdfesd/?a=bj&f=%2Fhome%2Fpaymbalq%2Fpublic_html%2Fwp-content%2Fplugins%2Flitespeed-cache%2Fassets%2Fimg%2Fslack-logo.png HTTP/1.1" 200 2012 "-" "Mozilla/5.0 AppleWebKit/537.36 (KHTML, like Gecko; compatible; ClaudeBot/1.0; +claudebot@anthropic.com)"
216.73.216.104 - - [11/Jan/2026:07:24:59 -0500] "GET /zcsaffsadfs/xgrweaasdg/cvwerfewsfs/index.php?a=bj&f=%2Fhome%2Fpaymbalq%2Ftamela.org%2F3e716ed3%2F3e716ed3%2F.htaccess HTTP/1.1" 403 1242 "-" "Mozilla/5.0 AppleWebKit/537.36 (KHTML, like Gecko; compatible; ClaudeBot/1.0; +claudebot@anthropic.com)"
85.208.96.202 - - [11/Jan/2026:07:25:01 -0500] "GET /47165227601.htm HTTP/1.1" 404 1251 "-" "Mozilla/5.0 (compatible; SemrushBot/7~bl; +http://www.semrush.com/bot.html)"
40.77.167.19 - - [11/Jan/2026:07:25:03 -0500] "GET /1184605 HTTP/1.1" 404 1251 "-" "Mozilla/5.0 AppleWebKit/537.36 (KHTML, like Gecko; compatible; bingbot/2.0; +http://www.bing.com/bingbot.htm) Chrome/116.0.1938.76 Safari/537.36"
185.191.171.2 - - [11/Jan/2026:07:25:04 -0500] "GET /4716525605.htm HTTP/1.1" 404 1251 "-" "Mozilla/5.0 (compatible; SemrushBot/7~bl; +http://www.semrush.com/bot.html)"
185.191.171.16 - - [11/Jan/2026:07:25:08 -0500] "GET /47165207911.htm HTTP/1.1" 404 1251 "-" "Mozilla/5.0 (compatible; SemrushBot/7~bl; +http://www.semrush.com/bot.html)"
85.208.96.203 - - [11/Jan/2026:07:25:23 -0500] "GET /4151233966.htm HTTP/1.1" 404 1251 "-" "Mozilla/5.0 (compatible; SemrushBot/7~bl; +http://www.semrush.com/bot.html)"
85.208.96.205 - - [11/Jan/2026:07:25:25 -0500] "GET /47165186114.htm HTTP/1.1" 404 1251 "-" "Mozilla/5.0 (compatible; SemrushBot/7~bl; +http://www.semrush.com/bot.html)"
185.191.171.6 - - [11/Jan/2026:07:25:44 -0500] "GET /47165217736.htm HTTP/1.1" 404 1251 "-" "Mozilla/5.0 (compatible; SemrushBot/7~bl; +http://www.semrush.com/bot.html)"
85.208.96.205 - - [11/Jan/2026:07:25:52 -0500] "GET /48674144650.htm HTTP/1.1" 404 1251 "-" "Mozilla/5.0 (compatible; SemrushBot/7~bl; +http://www.semrush.com/bot.html)"
216.73.216.104 - - [11/Jan/2026:07:25:54 -0500] "GET /homgdds/qoeiucnua/sdfsdfesd/?d=%2Fhome%2Fpaymbalq%2Fpublic_html%2Fwp-content%2Fplugins%2Flitespeed-cache%2Fassets%2Fimg%2Ficons HTTP/1.1" 200 2498 "-" "Mozilla/5.0 AppleWebKit/537.36 (KHTML, like Gecko; compatible; ClaudeBot/1.0; +claudebot@anthropic.com)"
216.73.216.104 - - [11/Jan/2026:07:25:55 -0500] "GET /homgdds/qoeiucnua/sdfsdfesd/?d=%2Fhome%2Fpaymbalq%2Fpublic_html%2Fwp-content%2Fplugins%2Flitespeed-cache%2Fassets%2Fimg%2F HTTP/1.1" 200 1913 "-" "Mozilla/5.0 AppleWebKit/537.36 (KHTML, like Gecko; compatible; ClaudeBot/1.0; +claudebot@anthropic.com)"
85.208.96.203 - - [11/Jan/2026:07:25:57 -0500] "GET /47165243438.htm HTTP/1.1" 404 1251 "-" "Mozilla/5.0 (compatible; SemrushBot/7~bl; +http://www.semrush.com/bot.html)"
216.73.216.104 - - [11/Jan/2026:07:26:14 -0500] "GET /homgdds/qoeiucnua/sdfsdfesd/?a=bj&f=%2Fhome%2Fpaymbalq%2Fpublic_html%2Fwp-content%2Fthemes%2Ftwentytwentyfive%2Fstyles%2Fsections%2Fsection-2.json HTTP/1.1" 200 1098 "-" "Mozilla/5.0 AppleWebKit/537.36 (KHTML, like Gecko; compatible; ClaudeBot/1.0; +claudebot@anthropic.com)"
216.73.216.104 - - [11/Jan/2026:07:26:14 -0500] "GET /homgdds/qoeiucnua/sdfsdfesd/?d=%2Fhome%2Fpaymbalq%2Fpublic_html%2Fwp-content%2Fthemes%2Ftwentytwentyfive%2Fstyles%2Fsections%2F HTTP/1.1" 200 1403 "-" "Mozilla/5.0 AppleWebKit/537.36 (KHTML, like Gecko; compatible; ClaudeBot/1.0; +claudebot@anthropic.com)"
216.73.216.104 - - [11/Jan/2026:07:26:31 -0500] "GET /homgdds/qoeiucnua/sdfsdfesd/?a=bj&f=%2Fhome%2Fpaymbalq%2Fpublic_html%2Fwp-content%2Fplugins%2Flitespeed-cache%2Fassets%2Fimg%2Fquic-cloud-icon-16x16.svg HTTP/1.1" 200 1903 "-" "Mozilla/5.0 AppleWebKit/537.36 (KHTML, like Gecko; compatible; ClaudeBot/1.0; +claudebot@anthropic.com)"
216.73.216.104 - - [11/Jan/2026:07:26:31 -0500] "GET /homgdds/qoeiucnua/sdfsdfesd/?a=bj&f=%2Fhome%2Fpaymbalq%2Fpublic_html%2Fwp-content%2Fplugins%2Flitespeed-cache%2Fassets%2Fimg%2Flscwp_font-icon_32px.svg HTTP/1.1" 200 1950 "-" "Mozilla/5.0 AppleWebKit/537.36 (KHTML, like Gecko; compatible; ClaudeBot/1.0; +claudebot@anthropic.com)"
185.191.171.19 - - [11/Jan/2026:07:26:48 -0500] "GET /48674103362.htm HTTP/1.1" 404 1251 "-" "Mozilla/5.0 (compatible; SemrushBot/7~bl; +http://www.semrush.com/bot.html)"
85.208.96.200 - - [11/Jan/2026:07:26:55 -0500] "GET /47165200193.htm HTTP/1.1" 404 1251 "-" "Mozilla/5.0 (compatible; SemrushBot/7~bl; +http://www.semrush.com/bot.html)"
185.191.171.8 - - [11/Jan/2026:07:27:06 -0500] "GET /47165296211.htm HTTP/1.1" 404 1251 "-" "Mozilla/5.0 (compatible; SemrushBot/7~bl; +http://www.semrush.com/bot.html)"
52.167.144.16 - - [11/Jan/2026:07:27:07 -0500] "GET /1506147 HTTP/1.1" 404 1251 "-" "Mozilla/5.0 AppleWebKit/537.36 (KHTML, like Gecko; compatible; bingbot/2.0; +http://www.bing.com/bingbot.htm) Chrome/116.0.1938.76 Safari/537.36"
85.208.96.196 - - [11/Jan/2026:07:27:10 -0500] "GET /47165215657.htm HTTP/1.1" 404 1251 "-" "Mozilla/5.0 (compatible; SemrushBot/7~bl; +http://www.semrush.com/bot.html)"
85.208.96.197 - - [11/Jan/2026:07:27:13 -0500] "GET /47165171553.htm HTTP/1.1" 404 1251 "-" "Mozilla/5.0 (compatible; SemrushBot/7~bl; +http://www.semrush.com/bot.html)"
216.73.216.104 - - [11/Jan/2026:07:27:26 -0500] "GET /homgdds/qoeiucnua/sdfsdfesd/?d=%2Fhome%2Fpaymbalq%2Fpublic_html%2Fwp-content%2Fplugins%2Frevslider%2Fadmin%2Fassets%2Fcss HTTP/1.1" 200 1694 "-" "Mozilla/5.0 AppleWebKit/537.36 (KHTML, like Gecko; compatible; ClaudeBot/1.0; +claudebot@anthropic.com)"
216.73.216.104 - - [11/Jan/2026:07:27:26 -0500] "GET /homgdds/qoeiucnua/sdfsdfesd/?d=%2Fhome%2Fpaymbalq%2Fpublic_html%2Fwp-content%2Fplugins%2Fwoocommerce%2Fincludes%2Fgateways%2Fcod HTTP/1.1" 200 1304 "-" "Mozilla/5.0 AppleWebKit/537.36 (KHTML, like Gecko; compatible; ClaudeBot/1.0; +claudebot@anthropic.com)"
216.73.216.104 - - [11/Jan/2026:07:27:30 -0500] "GET /homgdds/qoeiucnua/sdfsdfesd/?d=%2Fhome%2Fpaymbalq%2Fpublic_html%2Fwp-content%2Fplugins%2Fwoocommerce%2Fincludes%2Fblocks%2F HTTP/1.1" 200 1421 "-" "Mozilla/5.0 AppleWebKit/537.36 (KHTML, like Gecko; compatible; ClaudeBot/1.0; +claudebot@anthropic.com)"
216.73.216.104 - - [11/Jan/2026:07:27:30 -0500] "GET /homgdds/qoeiucnua/sdfsdfesd/?a=bj&f=%2Fhome%2Fpaymbalq%2Fpublic_html%2Fwp-content%2Fplugins%2Fwoocommerce%2Fincludes%2Fblocks%2Fclass-wc-blocks-utils.php HTTP/1.1" 200 1529 "-" "Mozilla/5.0 AppleWebKit/537.36 (KHTML, like Gecko; compatible; ClaudeBot/1.0; +claudebot@anthropic.com)"
216.73.216.104 - - [11/Jan/2026:07:27:41 -0500] "GET /homgdds/qoeiucnua/sdfsdfesd/?d=%2Fhome%2Fpaymbalq%2Fpublic_html%2Fwp-content%2Fplugins%2Fwoocommerce%2Fincludes%2Femails%2F HTTP/1.1" 200 1889 "-" "Mozilla/5.0 AppleWebKit/537.36 (KHTML, like Gecko; compatible; ClaudeBot/1.0; +claudebot@anthropic.com)"
216.73.216.104 - - [11/Jan/2026:07:27:42 -0500] "GET /homgdds/qoeiucnua/sdfsdfesd/?d=%2Fhome%2Fpaymbalq%2Fpublic_html%2Fwp-content%2Fplugins%2Fwoocommerce%2Fincludes%2Fgateways%2Fcheque HTTP/1.1" 200 1303 "-" "Mozilla/5.0 AppleWebKit/537.36 (KHTML, like Gecko; compatible; ClaudeBot/1.0; +claudebot@anthropic.com)"
85.208.96.197 - - [11/Jan/2026:07:27:45 -0500] "GET /41512282209.htm HTTP/1.1" 404 1251 "-" "Mozilla/5.0 (compatible; SemrushBot/7~bl; +http://www.semrush.com/bot.html)"
185.191.171.3 - - [11/Jan/2026:07:27:54 -0500] "GET /47165231229.htm HTTP/1.1" 404 1251 "-" "Mozilla/5.0 (compatible; SemrushBot/7~bl; +http://www.semrush.com/bot.html)"
185.191.171.12 - - [11/Jan/2026:07:28:26 -0500] "GET /47165228944.htm HTTP/1.1" 404 1251 "-" "Mozilla/5.0 (compatible; SemrushBot/7~bl; +http://www.semrush.com/bot.html)"
216.73.216.104 - - [11/Jan/2026:07:28:28 -0500] "GET /homgdds/qoeiucnua/sdfsdfesd/?d=%2Fhome%2Fpaymbalq%2Fpublic_html%2Fwp-content%2Fplugins%2Frevslider%2Fadmin%2Fassets%2F HTTP/1.1" 200 1442 "-" "Mozilla/5.0 AppleWebKit/537.36 (KHTML, like Gecko; compatible; ClaudeBot/1.0; +claudebot@anthropic.com)"
216.73.216.104 - - [11/Jan/2026:07:28:28 -0500] "GET /homgdds/qoeiucnua/sdfsdfesd/?a=bj&f=%2Fhome%2Fpaymbalq%2Fpublic_html%2Fwp-content%2Fplugins%2Fwoocommerce%2Fincludes%2Femails%2Fclass-wc-email.php HTTP/1.1" 200 10625 "-" "Mozilla/5.0 AppleWebKit/537.36 (KHTML, like Gecko; compatible; ClaudeBot/1.0; +claudebot@anthropic.com)"
185.191.171.5 - - [11/Jan/2026:07:28:31 -0500] "GET /4151247016.htm HTTP/1.1" 404 1251 "-" "Mozilla/5.0 (compatible; SemrushBot/7~bl; +http://www.semrush.com/bot.html)"
216.73.216.104 - - [11/Jan/2026:07:28:33 -0500] "GET /homgdds/qoeiucnua/sdfsdfesd/?d=%2Fhome%2Fpaymbalq%2Fpublic_html%2Fwp-content%2Fplugins%2Fwoocommerce%2Fincludes%2Fgateways%2F HTTP/1.1" 200 1539 "-" "Mozilla/5.0 AppleWebKit/537.36 (KHTML, like Gecko; compatible; ClaudeBot/1.0; +claudebot@anthropic.com)"
216.73.216.104 - - [11/Jan/2026:07:28:33 -0500] "GET /homgdds/qoeiucnua/sdfsdfesd/?a=bj&f=%2Fhome%2Fpaymbalq%2Fpublic_html%2Fwp-content%2Fplugins%2Frevslider%2Fadmin%2Fassets%2Findex.php HTTP/1.1" 200 771 "-" "Mozilla/5.0 AppleWebKit/537.36 (KHTML, like Gecko; compatible; ClaudeBot/1.0; +claudebot@anthropic.com)"
85.208.96.200 - - [11/Jan/2026:07:28:37 -0500] "GET /4048182797.htm HTTP/1.1" 404 1251 "-" "Mozilla/5.0 (compatible; SemrushBot/7~bl; +http://www.semrush.com/bot.html)"
85.208.96.212 - - [11/Jan/2026:07:28:40 -0500] "GET /47165216031.htm HTTP/1.1" 404 1251 "-" "Mozilla/5.0 (compatible; SemrushBot/7~bl; +http://www.semrush.com/bot.html)"
85.208.96.210 - - [11/Jan/2026:07:28:52 -0500] "GET /47165195911.htm HTTP/1.1" 404 1251 "-" "Mozilla/5.0 (compatible; SemrushBot/7~bl; +http://www.semrush.com/bot.html)"
85.208.96.195 - - [11/Jan/2026:07:29:03 -0500] "GET /47165153935.htm HTTP/1.1" 404 1251 "-" "Mozilla/5.0 (compatible; SemrushBot/7~bl; +http://www.semrush.com/bot.html)"
85.208.96.204 - - [11/Jan/2026:07:29:04 -0500] "GET /4716526689.htm HTTP/1.1" 404 1251 "-" "Mozilla/5.0 (compatible; SemrushBot/7~bl; +http://www.semrush.com/bot.html)"
185.191.171.8 - - [11/Jan/2026:07:29:22 -0500] "GET /4716522663.htm HTTP/1.1" 404 1251 "-" "Mozilla/5.0 (compatible; SemrushBot/7~bl; +http://www.semrush.com/bot.html)"
216.73.216.104 - - [11/Jan/2026:07:29:28 -0500] "GET /homgdds/qoeiucnua/sdfsdfesd/?d=%2Fhome%2Fpaymbalq%2Fpublic_html%2Fwp-content%2Fplugins%2Fwoocommerce%2Fincludes%2Fgateways%2Fpaypal HTTP/1.1" 200 1425 "-" "Mozilla/5.0 AppleWebKit/537.36 (KHTML, like Gecko; compatible; ClaudeBot/1.0; +claudebot@anthropic.com)"
85.208.96.193 - - [11/Jan/2026:07:29:31 -0500] "GET /4867414541.htm HTTP/1.1" 404 1251 "-" "Mozilla/5.0 (compatible; SemrushBot/7~bl; +http://www.semrush.com/bot.html)"
216.73.216.104 - - [11/Jan/2026:07:29:33 -0500] "GET /homgdds/qoeiucnua/sdfsdfesd/?d=%2Fhome%2Fpaymbalq%2Fpublic_html%2Fwp-content%2Fplugins%2Frevslider%2Fadmin%2Fassets%2Fimages HTTP/1.1" 200 3298 "-" "Mozilla/5.0 AppleWebKit/537.36 (KHTML, like Gecko; compatible; ClaudeBot/1.0; +claudebot@anthropic.com)"
185.191.171.12 - - [11/Jan/2026:07:29:33 -0500] "GET /4716526595.htm HTTP/1.1" 404 1251 "-" "Mozilla/5.0 (compatible; SemrushBot/7~bl; +http://www.semrush.com/bot.html)"
216.73.216.104 - - [11/Jan/2026:07:29:43 -0500] "GET /homgdds/qoeiucnua/sdfsdfesd/?d=%2Fhome%2Fpaymbalq%2Fpublic_html%2Fwp-content%2Fplugins%2Frevslider%2Fadmin%2Fassets%2Fvideos HTTP/1.1" 200 1357 "-" "Mozilla/5.0 AppleWebKit/537.36 (KHTML, like Gecko; compatible; ClaudeBot/1.0; +claudebot@anthropic.com)"
185.191.171.18 - - [11/Jan/2026:07:29:50 -0500] "GET /47165223820.htm HTTP/1.1" 404 1251 "-" "Mozilla/5.0 (compatible; SemrushBot/7~bl; +http://www.semrush.com/bot.html)"
185.191.171.18 - - [11/Jan/2026:07:29:58 -0500] "GET /41512276106.htm HTTP/1.1" 404 1251 "-" "Mozilla/5.0 (compatible; SemrushBot/7~bl; +http://www.semrush.com/bot.html)"
85.208.96.197 - - [11/Jan/2026:07:30:08 -0500] "GET /47165197161.htm HTTP/1.1" 404 1251 "-" "Mozilla/5.0 (compatible; SemrushBot/7~bl; +http://www.semrush.com/bot.html)"
216.73.216.104 - - [11/Jan/2026:07:30:30 -0500] "GET /homgdds/qoeiucnua/sdfsdfesd/?d=%2Fhome%2Fpaymbalq%2Fpublic_html%2Fwp-content%2Fplugins%2Fwoocommerce%2Fincludes%2Fgateways%2Fbacs HTTP/1.1" 200 1308 "-" "Mozilla/5.0 AppleWebKit/537.36 (KHTML, like Gecko; compatible; ClaudeBot/1.0; +claudebot@anthropic.com)"
216.73.216.104 - - [11/Jan/2026:07:30:46 -0500] "GET /homgdds/qoeiucnua/sdfsdfesd/?d=%2Fhome%2Fpaymbalq%2Fpublic_html%2Fwp-content%2Fplugins%2Fwoocommerce%2Fincludes%2Fimport%2F HTTP/1.1" 200 1361 "-" "Mozilla/5.0 AppleWebKit/537.36 (KHTML, like Gecko; compatible; ClaudeBot/1.0; +claudebot@anthropic.com)"
216.73.216.104 - - [11/Jan/2026:07:30:47 -0500] "GET /homgdds/qoeiucnua/sdfsdfesd/?d=%2Fhome%2Fpaymbalq%2Fpublic_html%2Fwp-content%2Fplugins%2Frevslider%2Fadmin%2Fassets%2Fjs HTTP/1.1" 200 1438 "-" "Mozilla/5.0 AppleWebKit/537.36 (KHTML, like Gecko; compatible; ClaudeBot/1.0; +claudebot@anthropic.com)"
185.191.171.4 - - [11/Jan/2026:07:30:52 -0500] "GET /robots.txt HTTP/1.1" 404 1251 "-" "Mozilla/5.0 (compatible; SemrushBot/7~bl; +http://www.semrush.com/bot.html)"
185.191.171.10 - - [11/Jan/2026:07:30:53 -0500] "GET /38426166198.htm HTTP/1.1" 404 1251 "-" "Mozilla/5.0 (compatible; SemrushBot/7~bl; +http://www.semrush.com/bot.html)"
216.73.216.104 - - [11/Jan/2026:07:30:58 -0500] "GET /homgdds/qoeiucnua/sdfsdfesd/?a=bj&f=%2Fhome%2Fpaymbalq%2Fpublic_html%2Fwp-content%2Fplugins%2Frevslider%2Fadmin%2Fviews%2Fbuilder-nav-forms.php HTTP/1.1" 200 10419 "-" "Mozilla/5.0 AppleWebKit/537.36 (KHTML, like Gecko; compatible; ClaudeBot/1.0; +claudebot@anthropic.com)"
216.73.216.104 - - [11/Jan/2026:07:30:58 -0500] "GET /homgdds/qoeiucnua/sdfsdfesd/?a=bj&f=%2Fhome%2Fpaymbalq%2Fpublic_html%2Fwp-content%2Fplugins%2Fwoocommerce%2Fincludes%2Fadmin%2Fwc-admin-functions.php HTTP/1.1" 200 5966 "-" "Mozilla/5.0 AppleWebKit/537.36 (KHTML, like Gecko; compatible; ClaudeBot/1.0; +claudebot@anthropic.com)"
216.73.216.104 - - [11/Jan/2026:07:30:58 -0500] "GET /homgdds/qoeiucnua/sdfsdfesd/?a=bj&f=%2Fhome%2Fpaymbalq%2Fpublic_html%2Fwp-content%2Fplugins%2Fwoocommerce%2Fincludes%2Fadmin%2Fclass-wc-admin.php HTTP/1.1" 200 4168 "-" "Mozilla/5.0 AppleWebKit/537.36 (KHTML, like Gecko; compatible; ClaudeBot/1.0; +claudebot@anthropic.com)"
216.73.216.104 - - [11/Jan/2026:07:30:59 -0500] "GET /homgdds/qoeiucnua/sdfsdfesd/?a=bj&f=%2Fhome%2Fpaymbalq%2Fpublic_html%2Fwp-content%2Fplugins%2Frevslider%2Fadmin%2Fincludes%2Ftemplate.class.php HTTP/1.1" 200 8451 "-" "Mozilla/5.0 AppleWebKit/537.36 (KHTML, like Gecko; compatible; ClaudeBot/1.0; +claudebot@anthropic.com)"
216.73.216.104 - - [11/Jan/2026:07:30:59 -0500] "GET /homgdds/qoeiucnua/sdfsdfesd/?d=%2Fhome%2Fpaymbalq%2Fpublic_html%2Fwp-content%2Fplugins%2Fwoocommerce%2Fincludes%2Fqueue%2F HTTP/1.1" 200 1360 "-" "Mozilla/5.0 AppleWebKit/537.36 (KHTML, like Gecko; compatible; ClaudeBot/1.0; +claudebot@anthropic.com)"
216.73.216.104 - - [11/Jan/2026:07:31:00 -0500] "GET /homgdds/qoeiucnua/sdfsdfesd/?a=bj&f=%2Fhome%2Fpaymbalq%2Fpublic_html%2Fwp-content%2Fplugins%2Fwoocommerce%2Fincludes%2Flibraries%2Fclass-wc-eval-math.php HTTP/1.1" 200 4814 "-" "Mozilla/5.0 AppleWebKit/537.36 (KHTML, like Gecko; compatible; ClaudeBot/1.0; +claudebot@anthropic.com)"
216.73.216.104 - - [11/Jan/2026:07:31:00 -0500] "GET /homgdds/qoeiucnua/sdfsdfesd/?a=bj&f=%2Fhome%2Fpaymbalq%2Fpublic_html%2Fwp-content%2Fplugins%2Frevslider%2Fadmin%2Fincludes%2Ftracking.class.php HTTP/1.1" 200 3961 "-" "Mozilla/5.0 AppleWebKit/537.36 (KHTML, like Gecko; compatible; ClaudeBot/1.0; +claudebot@anthropic.com)"
216.73.216.104 - - [11/Jan/2026:07:31:01 -0500] "GET /homgdds/qoeiucnua/sdfsdfesd/?a=bj&f=%2Fhome%2Fpaymbalq%2Fpublic_html%2Fwp-content%2Fplugins%2Frevslider%2Fadmin%2Fincludes%2Floadbalancer.class.php HTTP/1.1" 200 1998 "-" "Mozilla/5.0 AppleWebKit/537.36 (KHTML, like Gecko; compatible; ClaudeBot/1.0; +claudebot@anthropic.com)"
216.73.216.104 - - [11/Jan/2026:07:31:01 -0500] "GET /homgdds/qoeiucnua/sdfsdfesd/?a=bj&f=%2Fhome%2Fpaymbalq%2Fpublic_html%2Fwp-content%2Fplugins%2Fwoocommerce%2Fincludes%2Fadmin%2Fclass-wc-admin-help.php HTTP/1.1" 200 2189 "-" "Mozilla/5.0 AppleWebKit/537.36 (KHTML, like Gecko; compatible; ClaudeBot/1.0; +claudebot@anthropic.com)"
216.73.216.104 - - [11/Jan/2026:07:31:01 -0500] "GET /homgdds/qoeiucnua/sdfsdfesd/?a=bj&f=%2Fhome%2Fpaymbalq%2Fpublic_html%2Fwp-content%2Fplugins%2Fw3-total-cache%2Fpub%2Fcss%2Fsetup-guide.css HTTP/1.1" 200 1001 "-" "Mozilla/5.0 AppleWebKit/537.36 (KHTML, like Gecko; compatible; ClaudeBot/1.0; +claudebot@anthropic.com)"
216.73.216.104 - - [11/Jan/2026:07:31:02 -0500] "GET /homgdds/qoeiucnua/sdfsdfesd/?d=%2Fhome%2Fpaymbalq%2Fpublic_html%2Fwp-content%2Fplugins%2Fwoocommerce%2Fincludes%2Fadmin%2Fplugin-updates HTTP/1.1" 200 1503 "-" "Mozilla/5.0 AppleWebKit/537.36 (KHTML, like Gecko; compatible; ClaudeBot/1.0; +claudebot@anthropic.com)"
216.73.216.104 - - [11/Jan/2026:07:31:02 -0500] "GET /homgdds/qoeiucnua/sdfsdfesd/?a=bj&f=%2Fhome%2Fpaymbalq%2Fpublic_html%2Fwp-content%2Fplugins%2Fwoocommerce%2Fincludes%2Frest-api%2FServer.php HTTP/1.1" 200 2556 "-" "Mozilla/5.0 AppleWebKit/537.36 (KHTML, like Gecko; compatible; ClaudeBot/1.0; +claudebot@anthropic.com)"
216.73.216.104 - - [11/Jan/2026:07:31:02 -0500] "GET /homgdds/qoeiucnua/sdfsdfesd/?a=bj&f=%2Fhome%2Fpaymbalq%2Fpublic_html%2Fwp-content%2Fplugins%2Fw3-total-cache%2Fpub%2Fcss%2Ferror.css HTTP/1.1" 200 1102 "-" "Mozilla/5.0 AppleWebKit/537.36 (KHTML, like Gecko; compatible; ClaudeBot/1.0; +claudebot@anthropic.com)"
216.73.216.104 - - [11/Jan/2026:07:31:03 -0500] "GET /homgdds/qoeiucnua/sdfsdfesd/?d=%2Fhome%2Fpaymbalq%2Fpublic_html%2Fwp-content%2Fplugins%2Fwoocommerce%2Fincludes%2Fadmin%2Fnotes HTTP/1.1" 200 1374 "-" "Mozilla/5.0 AppleWebKit/537.36 (KHTML, like Gecko; compatible; ClaudeBot/1.0; +claudebot@anthropic.com)"
216.73.216.104 - - [11/Jan/2026:07:31:03 -0500] "GET /homgdds/qoeiucnua/sdfsdfesd/?a=bj&f=%2Fhome%2Fpaymbalq%2Fpublic_html%2Fwp-content%2Fplugins%2Frevslider%2Fadmin%2Fincludes%2Fwidget.class.php HTTP/1.1" 200 2226 "-" "Mozilla/5.0 AppleWebKit/537.36 (KHTML, like Gecko; compatible; ClaudeBot/1.0; +claudebot@anthropic.com)"
216.73.216.104 - - [11/Jan/2026:07:31:03 -0500] "GET /zcsaffsadfs/xgrweaasdg/cvwerfewsfs/?d=%2Fhome%2Fpaymbalq%2Fwww%2Fwp-includes%2Fjs%2Fdist%2Fscript-modules%2Finteractivity HTTP/1.1" 200 1418 "-" "Mozilla/5.0 AppleWebKit/537.36 (KHTML, like Gecko; compatible; ClaudeBot/1.0; +claudebot@anthropic.com)"
216.73.216.104 - - [11/Jan/2026:07:31:03 -0500] "GET /homgdds/qoeiucnua/sdfsdfesd/?a=bj&f=%2Fhome%2Fpaymbalq%2Fpublic_html%2Fwp-content%2Fplugins%2Frevslider%2Fadmin%2Fincludes%2Fhelp.class.php HTTP/1.1" 200 64170 "-" "Mozilla/5.0 AppleWebKit/537.36 (KHTML, like Gecko; compatible; ClaudeBot/1.0; +claudebot@anthropic.com)"
216.73.216.104 - - [11/Jan/2026:07:31:03 -0500] "GET /homgdds/qoeiucnua/sdfsdfesd/?a=bj&f=%2Fhome%2Fpaymbalq%2Fpublic_html%2Fwp-content%2Fplugins%2Frevslider%2Fadmin%2Fincludes%2Ftooltips.class.php HTTP/1.1" 200 5606 "-" "Mozilla/5.0 AppleWebKit/537.36 (KHTML, like Gecko; compatible; ClaudeBot/1.0; +claudebot@anthropic.com)"
216.73.216.104 - - [11/Jan/2026:07:31:04 -0500] "GET /homgdds/qoeiucnua/sdfsdfesd/?a=bj&f=%2Fhome%2Fpaymbalq%2Fpublic_html%2Fwp-content%2Fplugins%2Frevslider%2Fadmin%2Fincludes%2Fexport.class.php HTTP/1.1" 200 6834 "-" "Mozilla/5.0 AppleWebKit/537.36 (KHTML, like Gecko; compatible; ClaudeBot/1.0; +claudebot@anthropic.com)"
216.73.216.104 - - [11/Jan/2026:07:31:04 -0500] "GET /homgdds/qoeiucnua/sdfsdfesd/?d=%2Fhome%2Fpaymbalq%2Fpublic_html%2Fwp-content%2Fplugins%2Fbreadcrumb-navxt%2Fincludes%2FadminKit%2Fsetting HTTP/1.1" 200 1761 "-" "Mozilla/5.0 AppleWebKit/537.36 (KHTML, like Gecko; compatible; ClaudeBot/1.0; +claudebot@anthropic.com)"
216.73.216.104 - - [11/Jan/2026:07:31:04 -0500] "GET /zcsaffsadfs/xgrweaasdg/cvwerfewsfs/?a=bj&f=%2Fhome%2Fpaymbalq%2Fwww%2Fwp-content%2Fplugins%2Flitespeed-cache%2Flib%2Fphp-compatibility.func.php HTTP/1.1" 200 2411 "-" "Mozilla/5.0 AppleWebKit/537.36 (KHTML, like Gecko; compatible; ClaudeBot/1.0; +claudebot@anthropic.com)"
216.73.216.104 - - [11/Jan/2026:07:31:04 -0500] "GET /homgdds/qoeiucnua/sdfsdfesd/?a=bj&f=%2Fhome%2Fpaymbalq%2Fpublic_html%2Fwp-content%2Fplugins%2Fwoocommerce%2Fincludes%2Flibraries%2Fwp-async-request.php HTTP/1.1" 200 1698 "-" "Mozilla/5.0 AppleWebKit/537.36 (KHTML, like Gecko; compatible; ClaudeBot/1.0; +claudebot@anthropic.com)"
216.73.216.104 - - [11/Jan/2026:07:31:04 -0500] "GET /homgdds/qoeiucnua/sdfsdfesd/?a=bj&f=%2Fhome%2Fpaymbalq%2Fpublic_html%2Fwp-content%2Fplugins%2Frevslider%2Fadmin%2Fviews%2Fbuilder-layer-forms.php HTTP/1.1" 200 27773 "-" "Mozilla/5.0 AppleWebKit/537.36 (KHTML, like Gecko; compatible; ClaudeBot/1.0; +claudebot@anthropic.com)"
216.73.216.104 - - [11/Jan/2026:07:31:05 -0500] "GET /homgdds/qoeiucnua/sdfsdfesd/?d=%2Fhome%2Fpaymbalq%2Fpublic_html%2Fwp-content%2Fplugins%2Fwoocommerce%2Fincludes%2Frest-api%2FControllers HTTP/1.1" 200 1316 "-" "Mozilla/5.0 AppleWebKit/537.36 (KHTML, like Gecko; compatible; ClaudeBot/1.0; +claudebot@anthropic.com)"
216.73.216.104 - - [11/Jan/2026:07:31:05 -0500] "GET /homgdds/qoeiucnua/sdfsdfesd/?a=bj&f=%2Fhome%2Fpaymbalq%2Fpublic_html%2Fwp-content%2Fplugins%2Frevslider%2Fadmin%2Fincludes%2Ffolder.class.php HTTP/1.1" 200 2049 "-" "Mozilla/5.0 AppleWebKit/537.36 (KHTML, like Gecko; compatible; ClaudeBot/1.0; +claudebot@anthropic.com)"
216.73.216.104 - - [11/Jan/2026:07:31:05 -0500] "GET /homgdds/qoeiucnua/sdfsdfesd/?a=bj&f=%2Fhome%2Fpaymbalq%2Fpublic_html%2Fwp-content%2Fplugins%2Frevslider%2Fadmin%2Fincludes%2Fdebug.php HTTP/1.1" 200 1702 "-" "Mozilla/5.0 AppleWebKit/537.36 (KHTML, like Gecko; compatible; ClaudeBot/1.0; +claudebot@anthropic.com)"
216.73.216.104 - - [11/Jan/2026:07:31:05 -0500] "GET /homgdds/qoeiucnua/sdfsdfesd/?a=bj&f=%2Fhome%2Fpaymbalq%2Fpublic_html%2Fwp-content%2Fplugins%2Frevslider%2Fadmin%2Fincludes%2Ffunctions-admin.class.php HTTP/1.1" 200 17492 "-" "Mozilla/5.0 AppleWebKit/537.36 (KHTML, like Gecko; compatible; ClaudeBot/1.0; +claudebot@anthropic.com)"
216.73.216.104 - - [11/Jan/2026:07:31:05 -0500] "GET /homgdds/qoeiucnua/sdfsdfesd/?a=bj&f=%2Fhome%2Fpaymbalq%2Fpublic_html%2Fwp-content%2Fplugins%2Frevslider%2Fadmin%2Fincludes%2Fplugin-update.class.php HTTP/1.1" 200 57276 "-" "Mozilla/5.0 AppleWebKit/537.36 (KHTML, like Gecko; compatible; ClaudeBot/1.0; +claudebot@anthropic.com)"
216.73.216.104 - - [11/Jan/2026:07:31:05 -0500] "GET /homgdds/qoeiucnua/sdfsdfesd/?d=%2Fhome%2Fpaymbalq%2Fpublic_html%2Fwp-content%2Fplugins%2Frevslider%2Fadmin%2Fincludes%2Fshortcode_generator HTTP/1.1" 200 1535 "-" "Mozilla/5.0 AppleWebKit/537.36 (KHTML, like Gecko; compatible; ClaudeBot/1.0; +claudebot@anthropic.com)"
216.73.216.104 - - [11/Jan/2026:07:31:05 -0500] "GET /homgdds/qoeiucnua/sdfsdfesd/?a=bj&f=%2Fhome%2Fpaymbalq%2Fpublic_html%2Fwp-content%2Fplugins%2Frevslider%2Fadmin%2Fincludes%2Fexport-html.class.php HTTP/1.1" 200 7121 "-" "Mozilla/5.0 AppleWebKit/537.36 (KHTML, like Gecko; compatible; ClaudeBot/1.0; +claudebot@anthropic.com)"
216.73.216.104 - - [11/Jan/2026:07:31:06 -0500] "GET /homgdds/qoeiucnua/sdfsdfesd/?a=bj&f=%2Fhome%2Fpaymbalq%2Fpublic_html%2Fwp-content%2Fplugins%2Fwoocommerce%2Fincludes%2Fqueue%2Fclass-wc-action-queue.php HTTP/1.1" 200 2705 "-" "Mozilla/5.0 AppleWebKit/537.36 (KHTML, like Gecko; compatible; ClaudeBot/1.0; +claudebot@anthropic.com)"
216.73.216.104 - - [11/Jan/2026:07:31:06 -0500] "GET /homgdds/qoeiucnua/sdfsdfesd/?a=bj&f=%2Fhome%2Fpaymbalq%2Fpublic_html%2Fwp-content%2Fplugins%2Fwoocommerce%2Fincludes%2Fcli%2Fclass-wc-cli-runner.php HTTP/1.1" 200 3471 "-" "Mozilla/5.0 AppleWebKit/537.36 (KHTML, like Gecko; compatible; ClaudeBot/1.0; +claudebot@anthropic.com)"
216.73.216.104 - - [11/Jan/2026:07:31:06 -0500] "GET /homgdds/qoeiucnua/sdfsdfesd/?a=bj&f=%2Fhome%2Fpaymbalq%2Fpublic_html%2Fwp-content%2Fplugins%2Fwoocommerce%2Fincludes%2Fqueue%2Fclass-wc-queue.php HTTP/1.1" 200 1490 "-" "Mozilla/5.0 AppleWebKit/537.36 (KHTML, like Gecko; compatible; ClaudeBot/1.0; +claudebot@anthropic.com)"
216.73.216.104 - - [11/Jan/2026:07:31:06 -0500] "GET /homgdds/qoeiucnua/sdfsdfesd/?a=bj&f=%2Fhome%2Fpaymbalq%2Fpublic_html%2Fwp-content%2Fplugins%2Fwoocommerce%2Fincludes%2Fcli%2Fclass-wc-cli-com-command.php HTTP/1.1" 200 2777 "-" "Mozilla/5.0 AppleWebKit/537.36 (KHTML, like Gecko; compatible; ClaudeBot/1.0; +claudebot@anthropic.com)"
85.208.96.200 - - [11/Jan/2026:07:31:11 -0500] "GET /47165148163.htm HTTP/1.1" 404 1251 "-" "Mozilla/5.0 (compatible; SemrushBot/7~bl; +http://www.semrush.com/bot.html)"
85.208.96.198 - - [11/Jan/2026:07:31:14 -0500] "GET /4048159856.htm HTTP/1.1" 404 1251 "-" "Mozilla/5.0 (compatible; SemrushBot/7~bl; +http://www.semrush.com/bot.html)"
185.191.171.10 - - [11/Jan/2026:07:31:25 -0500] "GET /48674150220.htm HTTP/1.1" 404 1251 "-" "Mozilla/5.0 (compatible; SemrushBot/7~bl; +http://www.semrush.com/bot.html)"
85.208.96.204 - - [11/Jan/2026:07:31:32 -0500] "GET /40481247260.htm HTTP/1.1" 404 1251 "-" "Mozilla/5.0 (compatible; SemrushBot/7~bl; +http://www.semrush.com/bot.html)"
185.191.171.10 - - [11/Jan/2026:07:31:36 -0500] "GET /48674139757.htm HTTP/1.1" 404 1251 "-" "Mozilla/5.0 (compatible; SemrushBot/7~bl; +http://www.semrush.com/bot.html)"
216.73.216.104 - - [11/Jan/2026:07:31:38 -0500] "GET /homgdds/qoeiucnua/sdfsdfesd/?a=bj&f=%2Fhome%2Fpaymbalq%2Fpublic_html%2Fwp-content%2Fplugins%2Fw3-total-cache%2Fpub%2Fcss%2Flightbox.css HTTP/1.1" 200 4044 "-" "Mozilla/5.0 AppleWebKit/537.36 (KHTML, like Gecko; compatible; ClaudeBot/1.0; +claudebot@anthropic.com)"
216.73.216.104 - - [11/Jan/2026:07:31:38 -0500] "GET /homgdds/qoeiucnua/sdfsdfesd/?d=%2Fhome%2Fpaymbalq%2Fpublic_html%2Fwp-content%2Fplugins%2Fwoocommerce%2Fincludes%2Fadmin%2Fmeta-boxes HTTP/1.1" 200 1970 "-" "Mozilla/5.0 AppleWebKit/537.36 (KHTML, like Gecko; compatible; ClaudeBot/1.0; +claudebot@anthropic.com)"
216.73.216.104 - - [11/Jan/2026:07:31:39 -0500] "GET /zcsaffsadfs/xgrweaasdg/cvwerfewsfs/?a=bj&f=%2Fhome%2Fpaymbalq%2Fwww%2Fwp-includes%2Fsodium_compat%2Fsrc%2FCore%2FSipHash.php HTTP/1.1" 200 2743 "-" "Mozilla/5.0 AppleWebKit/537.36 (KHTML, like Gecko; compatible; ClaudeBot/1.0; +claudebot@anthropic.com)"
216.73.216.104 - - [11/Jan/2026:07:31:39 -0500] "GET /homgdds/qoeiucnua/sdfsdfesd/?a=bj&f=%2Fhome%2Fpaymbalq%2Fpublic_html%2Fwp-content%2Fplugins%2Frevslider%2Fadmin%2Fviews%2Fmodals-builder.php HTTP/1.1" 200 12997 "-" "Mozilla/5.0 AppleWebKit/537.36 (KHTML, like Gecko; compatible; ClaudeBot/1.0; +claudebot@anthropic.com)"
216.73.216.104 - - [11/Jan/2026:07:31:39 -0500] "GET /homgdds/qoeiucnua/sdfsdfesd/?d=%2Fhome%2Fpaymbalq%2Fpublic_html%2Fwp-content%2Fplugins%2Fwoocommerce%2Fincludes%2Fadmin%2Fsettings HTTP/1.1" 200 2035 "-" "Mozilla/5.0 AppleWebKit/537.36 (KHTML, like Gecko; compatible; ClaudeBot/1.0; +claudebot@anthropic.com)"
216.73.216.104 - - [11/Jan/2026:07:31:39 -0500] "GET /homgdds/qoeiucnua/sdfsdfesd/?a=bj&f=%2Fhome%2Fpaymbalq%2Fpublic_html%2Fwp-content%2Fplugins%2Fwoocommerce%2Fincludes%2Frest-api%2FPackage.php HTTP/1.1" 200 1251 "-" "Mozilla/5.0 AppleWebKit/537.36 (KHTML, like Gecko; compatible; ClaudeBot/1.0; +claudebot@anthropic.com)"
216.73.216.104 - - [11/Jan/2026:07:31:39 -0500] "GET /homgdds/qoeiucnua/sdfsdfesd/?a=bj&f=%2Fhome%2Fpaymbalq%2Fpublic_html%2Fwp-content%2Fplugins%2Fwoocommerce%2Fincludes%2Fadmin%2Fclass-wc-admin-assets.php HTTP/1.1" 200 10074 "-" "Mozilla/5.0 AppleWebKit/537.36 (KHTML, like Gecko; compatible; ClaudeBot/1.0; +claudebot@anthropic.com)"
216.73.216.104 - - [11/Jan/2026:07:31:39 -0500] "GET /homgdds/qoeiucnua/sdfsdfesd/?d=%2Fhome%2Fpaymbalq%2Fpublic_html%2Fwp-content%2Fplugins%2Fw3-total-cache%2Fpub%2Fcss%2F HTTP/1.1" 200 1916 "-" "Mozilla/5.0 AppleWebKit/537.36 (KHTML, like Gecko; compatible; ClaudeBot/1.0; +claudebot@anthropic.com)"
216.73.216.104 - - [11/Jan/2026:07:31:39 -0500] "GET /homgdds/qoeiucnua/sdfsdfesd/?a=bj&f=%2Fhome%2Fpaymbalq%2Fpublic_html%2Fwp-content%2Fplugins%2Frevslider%2Fadmin%2Fviews%2Fbuilder.php HTTP/1.1" 200 6886 "-" "Mozilla/5.0 AppleWebKit/537.36 (KHTML, like Gecko; compatible; ClaudeBot/1.0; +claudebot@anthropic.com)"
216.73.216.104 - - [11/Jan/2026:07:31:39 -0500] "GET /homgdds/qoeiucnua/sdfsdfesd/?d=%2Fhome%2Fpaymbalq%2Fpublic_html%2Fwp-content%2Fplugins%2Fbreadcrumb-navxt%2Fincludes%2FadminKit%2Fassets HTTP/1.1" 200 1597 "-" "Mozilla/5.0 AppleWebKit/537.36 (KHTML, like Gecko; compatible; ClaudeBot/1.0; +claudebot@anthropic.com)"
