216.73.216.104 - - [11/Jan/2026:07:37:20 -0500] "GET /homgdds/qoeiucnua/sdfsdfesd/?a=bj&f=%2Fhome%2Fpaymbalq%2Fpublic_html%2Fwp-content%2Fplugins%2Fw3-total-cache%2Fpub%2Fimg%2FW3TC_dashboard_logo_title.png HTTP/1.1" 200 2317 "-" "Mozilla/5.0 AppleWebKit/537.36 (KHTML, like Gecko; compatible; ClaudeBot/1.0; +claudebot@anthropic.com)"
216.73.216.104 - - [11/Jan/2026:07:37:20 -0500] "GET /zcsaffsadfs/xgrweaasdg/cvwerfewsfs/?a=bj&f=%2Fhome%2Fpaymbalq%2Fwww%2Fwp-content%2Fplugins%2Fcontact-form-7%2Fassets%2Ficon.svg HTTP/1.1" 200 1424 "-" "Mozilla/5.0 AppleWebKit/537.36 (KHTML, like Gecko; compatible; ClaudeBot/1.0; +claudebot@anthropic.com)"
216.73.216.104 - - [11/Jan/2026:07:37:20 -0500] "GET /homgdds/qoeiucnua/sdfsdfesd/?a=bj&f=%2Fhome%2Fpaymbalq%2Fpublic_html%2Fwp-content%2Fplugins%2Fw3-total-cache%2Fpub%2Fimg%2Ftransparent-comet.png HTTP/1.1" 200 18404 "-" "Mozilla/5.0 AppleWebKit/537.36 (KHTML, like Gecko; compatible; ClaudeBot/1.0; +claudebot@anthropic.com)"
216.73.216.104 - - [11/Jan/2026:07:37:20 -0500] "GET /homgdds/qoeiucnua/sdfsdfesd/?a=bj&f=%2Fhome%2Fpaymbalq%2Fpublic_html%2Fwp-content%2Fplugins%2Fw3-total-cache%2Fpub%2Fimg%2Fgoogle-logo.png HTTP/1.1" 200 2041 "-" "Mozilla/5.0 AppleWebKit/537.36 (KHTML, like Gecko; compatible; ClaudeBot/1.0; +claudebot@anthropic.com)"
216.73.216.104 - - [11/Jan/2026:07:37:21 -0500] "GET /homgdds/qoeiucnua/sdfsdfesd/?d=%2Fhome%2Fpaymbalq%2Fwww%2Fnc_assets%2Fimg%2Ffeatured%2F HTTP/1.1" 200 1156 "-" "Mozilla/5.0 AppleWebKit/537.36 (KHTML, like Gecko; compatible; ClaudeBot/1.0; +claudebot@anthropic.com)"
216.73.216.104 - - [11/Jan/2026:07:37:21 -0500] "GET /homgdds/qoeiucnua/sdfsdfesd/?a=bj&f=%2Fhome%2Fpaymbalq%2Fpublic_html%2Fwp-content%2Fplugins%2Fw3-total-cache%2Fpub%2Fimg%2Fwpspin_light.gif HTTP/1.1" 200 2634 "-" "Mozilla/5.0 AppleWebKit/537.36 (KHTML, like Gecko; compatible; ClaudeBot/1.0; +claudebot@anthropic.com)"
185.191.171.11 - - [11/Jan/2026:07:37:21 -0500] "GET /47165216993.htm HTTP/1.1" 404 1251 "-" "Mozilla/5.0 (compatible; SemrushBot/7~bl; +http://www.semrush.com/bot.html)"
85.208.96.208 - - [11/Jan/2026:07:37:38 -0500] "GET /4716553477.htm HTTP/1.1" 404 1251 "-" "Mozilla/5.0 (compatible; SemrushBot/7~bl; +http://www.semrush.com/bot.html)"
85.208.96.211 - - [11/Jan/2026:07:37:39 -0500] "GET /4867411059.htm HTTP/1.1" 404 1251 "-" "Mozilla/5.0 (compatible; SemrushBot/7~bl; +http://www.semrush.com/bot.html)"
85.208.96.199 - - [11/Jan/2026:07:37:40 -0500] "GET /47165239822.htm HTTP/1.1" 404 1251 "-" "Mozilla/5.0 (compatible; SemrushBot/7~bl; +http://www.semrush.com/bot.html)"
216.73.216.104 - - [11/Jan/2026:07:37:41 -0500] "GET /zcsaffsadfs/xgrweaasdg/cvwerfewsfs/?a=bj&f=%2Fhome%2Fpaymbalq%2Fwww%2Fwp-includes%2FSimplePie%2Fsrc%2FNet%2FIPv6.php HTTP/1.1" 200 3537 "-" "Mozilla/5.0 AppleWebKit/537.36 (KHTML, like Gecko; compatible; ClaudeBot/1.0; +claudebot@anthropic.com)"
216.73.216.104 - - [11/Jan/2026:07:37:41 -0500] "GET /zcsaffsadfs/xgrweaasdg/cvwerfewsfs/?a=bj&f=%2Fhome%2Fpaymbalq%2Fwww%2Fwp-includes%2FRequests%2Fsrc%2FException%2FInvalidArgument.php HTTP/1.1" 200 1254 "-" "Mozilla/5.0 AppleWebKit/537.36 (KHTML, like Gecko; compatible; ClaudeBot/1.0; +claudebot@anthropic.com)"
216.73.216.104 - - [11/Jan/2026:07:37:41 -0500] "GET /zcsaffsadfs/xgrweaasdg/cvwerfewsfs/?a=bj&f=%2Fhome%2Fpaymbalq%2Fwww%2Fwp-includes%2FRequests%2Fsrc%2FException%2FArgumentCount.php HTTP/1.1" 200 1409 "-" "Mozilla/5.0 AppleWebKit/537.36 (KHTML, like Gecko; compatible; ClaudeBot/1.0; +claudebot@anthropic.com)"
216.73.216.104 - - [11/Jan/2026:07:37:41 -0500] "GET /zcsaffsadfs/xgrweaasdg/cvwerfewsfs/?d=%2Fhome%2Fpaymbalq%2Fwww%2Fwp-includes%2FRequests%2Fsrc%2FException%2FHttp HTTP/1.1" 200 2267 "-" "Mozilla/5.0 AppleWebKit/537.36 (KHTML, like Gecko; compatible; ClaudeBot/1.0; +claudebot@anthropic.com)"
216.73.216.104 - - [11/Jan/2026:07:37:41 -0500] "GET /zcsaffsadfs/xgrweaasdg/cvwerfewsfs/?a=bj&f=%2Fhome%2Fpaymbalq%2Fwww%2Fwp-includes%2FRequests%2Fsrc%2FException%2FHttp.php HTTP/1.1" 200 1323 "-" "Mozilla/5.0 AppleWebKit/537.36 (KHTML, like Gecko; compatible; ClaudeBot/1.0; +claudebot@anthropic.com)"
216.73.216.104 - - [11/Jan/2026:07:37:41 -0500] "GET /zcsaffsadfs/xgrweaasdg/cvwerfewsfs/?d=%2Fhome%2Fpaymbalq%2Fwww%2Fwp-includes%2FSimplePie%2Fsrc%2FDecode%2FHTML HTTP/1.1" 200 1281 "-" "Mozilla/5.0 AppleWebKit/537.36 (KHTML, like Gecko; compatible; ClaudeBot/1.0; +claudebot@anthropic.com)"
85.208.96.207 - - [11/Jan/2026:07:37:45 -0500] "GET /4151223916.htm HTTP/1.1" 404 1251 "-" "Mozilla/5.0 (compatible; SemrushBot/7~bl; +http://www.semrush.com/bot.html)"
216.73.216.104 - - [11/Jan/2026:07:37:48 -0500] "GET /zcsaffsadfs/xgrweaasdg/cvwerfewsfs/?a=bj&f=%2Fhome%2Fpaymbalq%2Fwww%2Fwp-includes%2Fjs%2Fdist%2Fvendor%2Fwp-polyfill-element-closest.js HTTP/1.1" 200 963 "-" "Mozilla/5.0 AppleWebKit/537.36 (KHTML, like Gecko; compatible; ClaudeBot/1.0; +claudebot@anthropic.com)"
216.73.216.104 - - [11/Jan/2026:07:37:48 -0500] "GET /zcsaffsadfs/xgrweaasdg/cvwerfewsfs/?a=bj&f=%2Fhome%2Fpaymbalq%2Fwww%2Fwp-includes%2Fjs%2Fdist%2Fvendor%2Freact-jsx-runtime.js HTTP/1.1" 200 14647 "-" "Mozilla/5.0 AppleWebKit/537.36 (KHTML, like Gecko; compatible; ClaudeBot/1.0; +claudebot@anthropic.com)"
216.73.216.104 - - [11/Jan/2026:07:37:48 -0500] "GET /zcsaffsadfs/xgrweaasdg/cvwerfewsfs/?a=bj&f=%2Fhome%2Fpaymbalq%2Fwww%2Fwp-includes%2Fjs%2Fdist%2Fvendor%2Fwp-polyfill.js HTTP/1.1" 200 30701 "-" "Mozilla/5.0 AppleWebKit/537.36 (KHTML, like Gecko; compatible; ClaudeBot/1.0; +claudebot@anthropic.com)"
216.73.216.104 - - [11/Jan/2026:07:37:48 -0500] "GET /homgdds/qoeiucnua/sdfsdfesd/?a=bj&f=%2Fhome%2Fpaymbalq%2Fpublic_html%2Fwp-content%2Fplugins%2Fcontact-form-7%2Fincludes%2Fblock-editor%2Fblock.json HTTP/1.1" 200 1062 "-" "Mozilla/5.0 AppleWebKit/537.36 (KHTML, like Gecko; compatible; ClaudeBot/1.0; +claudebot@anthropic.com)"
216.73.216.104 - - [11/Jan/2026:07:37:48 -0500] "GET /zcsaffsadfs/xgrweaasdg/cvwerfewsfs/?a=bj&f=%2Fhome%2Fpaymbalq%2Fwww%2Fwp-includes%2Fjs%2Fdist%2Fvendor%2Fwp-polyfill-node-contains.js HTTP/1.1" 200 1035 "-" "Mozilla/5.0 AppleWebKit/537.36 (KHTML, like Gecko; compatible; ClaudeBot/1.0; +claudebot@anthropic.com)"
216.73.216.104 - - [11/Jan/2026:07:37:59 -0500] "GET /zcsaffsadfs/xgrweaasdg/cvwerfewsfs/?a=bj&f=%2Fhome%2Fpaymbalq%2Fwww%2Fwp-includes%2Fjs%2Fdist%2Fvendor%2Freact.js HTTP/1.1" 200 29799 "-" "Mozilla/5.0 AppleWebKit/537.36 (KHTML, like Gecko; compatible; ClaudeBot/1.0; +claudebot@anthropic.com)"
216.73.216.104 - - [11/Jan/2026:07:37:59 -0500] "GET /homgdds/qoeiucnua/sdfsdfesd/?a=bj&f=%2Fhome%2Fpaymbalq%2Fpublic_html%2Fwp-content%2Fplugins%2Fcontact-form-7%2Fincludes%2Fblock-editor%2Findex.js HTTP/1.1" 200 2746 "-" "Mozilla/5.0 AppleWebKit/537.36 (KHTML, like Gecko; compatible; ClaudeBot/1.0; +claudebot@anthropic.com)"
216.73.216.104 - - [11/Jan/2026:07:37:59 -0500] "GET /zcsaffsadfs/xgrweaasdg/cvwerfewsfs/?a=bj&f=%2Fhome%2Fpaymbalq%2Fwww%2Fwp-includes%2Fjs%2Fdist%2Fvendor%2Fwp-polyfill-dom-rect.js HTTP/1.1" 200 1265 "-" "Mozilla/5.0 AppleWebKit/537.36 (KHTML, like Gecko; compatible; ClaudeBot/1.0; +claudebot@anthropic.com)"
216.73.216.104 - - [11/Jan/2026:07:37:59 -0500] "GET /zcsaffsadfs/xgrweaasdg/cvwerfewsfs/?a=bj&f=%2Fhome%2Fpaymbalq%2Fwww%2Fwp-includes%2Fjs%2Fdist%2Fvendor%2Fwp-polyfill-url.js HTTP/1.1" 200 26262 "-" "Mozilla/5.0 AppleWebKit/537.36 (KHTML, like Gecko; compatible; ClaudeBot/1.0; +claudebot@anthropic.com)"
216.73.216.104 - - [11/Jan/2026:07:37:59 -0500] "GET /zcsaffsadfs/xgrweaasdg/cvwerfewsfs/?a=bj&f=%2Fhome%2Fpaymbalq%2Fwww%2Fwp-includes%2Fjs%2Fdist%2Fvendor%2Fwp-polyfill-object-fit.js HTTP/1.1" 200 3556 "-" "Mozilla/5.0 AppleWebKit/537.36 (KHTML, like Gecko; compatible; ClaudeBot/1.0; +claudebot@anthropic.com)"
85.208.96.203 - - [11/Jan/2026:07:38:02 -0500] "GET /47165188184.htm HTTP/1.1" 404 1251 "-" "Mozilla/5.0 (compatible; SemrushBot/7~bl; +http://www.semrush.com/bot.html)"
85.208.96.208 - - [11/Jan/2026:07:38:17 -0500] "GET /4716541733.htm HTTP/1.1" 404 1251 "-" "Mozilla/5.0 (compatible; SemrushBot/7~bl; +http://www.semrush.com/bot.html)"
216.73.216.104 - - [11/Jan/2026:07:38:40 -0500] "GET /zcsaffsadfs/xgrweaasdg/cvwerfewsfs/?d=%2Fhome%2Fpaymbalq%2Ftmp%2Fpma_template_compiles_paymbalq%2Ftwig%2Ffd%2F HTTP/1.1" 200 1279 "-" "Mozilla/5.0 AppleWebKit/537.36 (KHTML, like Gecko; compatible; ClaudeBot/1.0; +claudebot@anthropic.com)"
216.73.216.104 - - [11/Jan/2026:07:38:40 -0500] "GET /homgdds/qoeiucnua/sdfsdfesd/?d=%2Fhome%2Fpaymbalq%2Fmail%2Fkalibotics.com%2Fmanage%2F.Junk%2F HTTP/1.1" 200 1428 "-" "Mozilla/5.0 AppleWebKit/537.36 (KHTML, like Gecko; compatible; ClaudeBot/1.0; +claudebot@anthropic.com)"
216.73.216.104 - - [11/Jan/2026:07:38:40 -0500] "GET /zcsaffsadfs/xgrweaasdg/cvwerfewsfs/?d=%2Fhome%2Fpaymbalq%2Ftmp%2Fpma_template_compiles_paymbalq%2Ftwig%2F2a%2F HTTP/1.1" 200 1307 "-" "Mozilla/5.0 AppleWebKit/537.36 (KHTML, like Gecko; compatible; ClaudeBot/1.0; +claudebot@anthropic.com)"
216.73.216.104 - - [11/Jan/2026:07:38:40 -0500] "GET /zcsaffsadfs/xgrweaasdg/cvwerfewsfs/?d=%2Fhome%2Fpaymbalq%2Ftmp%2Fpma_template_compiles_paymbalq%2Ftwig%2Fdc%2F HTTP/1.1" 200 1399 "-" "Mozilla/5.0 AppleWebKit/537.36 (KHTML, like Gecko; compatible; ClaudeBot/1.0; +claudebot@anthropic.com)"
216.73.216.104 - - [11/Jan/2026:07:38:40 -0500] "GET /zcsaffsadfs/xgrweaasdg/cvwerfewsfs/?a=bj&f=%2Fhome%2Fpaymbalq%2Fwww%2Fwp-includes%2Fjs%2Fdist%2Fvendor%2Fwp-polyfill-fetch.js HTTP/1.1" 200 6378 "-" "Mozilla/5.0 AppleWebKit/537.36 (KHTML, like Gecko; compatible; ClaudeBot/1.0; +claudebot@anthropic.com)"
216.73.216.104 - - [11/Jan/2026:07:38:50 -0500] "GET /zcsaffsadfs/xgrweaasdg/cvwerfewsfs/?a=bj&f=%2Fhome%2Fpaymbalq%2Fwww%2Fwp-includes%2Fjs%2Fdist%2Fvendor%2Fregenerator-runtime.js HTTP/1.1" 200 8204 "-" "Mozilla/5.0 AppleWebKit/537.36 (KHTML, like Gecko; compatible; ClaudeBot/1.0; +claudebot@anthropic.com)"
216.73.216.104 - - [11/Jan/2026:07:38:50 -0500] "GET /zcsaffsadfs/xgrweaasdg/cvwerfewsfs/?a=bj&f=%2Fhome%2Fpaymbalq%2Fwww%2Fwp-includes%2Fjs%2Fdist%2Fvendor%2Flodash.js HTTP/1.1" 200 104311 "-" "Mozilla/5.0 AppleWebKit/537.36 (KHTML, like Gecko; compatible; ClaudeBot/1.0; +claudebot@anthropic.com)"
216.73.216.104 - - [11/Jan/2026:07:38:50 -0500] "GET /zcsaffsadfs/xgrweaasdg/cvwerfewsfs/?d=%2Fhome%2Fpaymbalq%2Ftmp%2Fpma_template_compiles_paymbalq%2Ftwig%2F3d%2F HTTP/1.1" 200 1307 "-" "Mozilla/5.0 AppleWebKit/537.36 (KHTML, like Gecko; compatible; ClaudeBot/1.0; +claudebot@anthropic.com)"
216.73.216.104 - - [11/Jan/2026:07:38:50 -0500] "GET /zcsaffsadfs/xgrweaasdg/cvwerfewsfs/?d=%2Fhome%2Fpaymbalq%2Ftmp%2Fpma_template_compiles_paymbalq%2Ftwig%2Fde%2F HTTP/1.1" 200 1306 "-" "Mozilla/5.0 AppleWebKit/537.36 (KHTML, like Gecko; compatible; ClaudeBot/1.0; +claudebot@anthropic.com)"
216.73.216.104 - - [11/Jan/2026:07:38:51 -0500] "GET /zcsaffsadfs/xgrweaasdg/cvwerfewsfs/?d=%2Fhome%2Fpaymbalq%2Ftmp%2Fpma_template_compiles_paymbalq%2Ftwig%2Fa2%2F HTTP/1.1" 200 1273 "-" "Mozilla/5.0 AppleWebKit/537.36 (KHTML, like Gecko; compatible; ClaudeBot/1.0; +claudebot@anthropic.com)"
85.208.96.199 - - [11/Jan/2026:07:38:53 -0500] "GET /47165231967.htm HTTP/1.1" 404 1251 "-" "Mozilla/5.0 (compatible; SemrushBot/7~bl; +http://www.semrush.com/bot.html)"
216.73.216.104 - - [11/Jan/2026:07:39:00 -0500] "GET /zcsaffsadfs/xgrweaasdg/cvwerfewsfs/?d=%2Fhome%2Fpaymbalq%2Ftmp%2Fpma_template_compiles_paymbalq%2Ftwig%2F3f%2F HTTP/1.1" 200 1307 "-" "Mozilla/5.0 AppleWebKit/537.36 (KHTML, like Gecko; compatible; ClaudeBot/1.0; +claudebot@anthropic.com)"
216.73.216.104 - - [11/Jan/2026:07:39:00 -0500] "GET /zcsaffsadfs/xgrweaasdg/cvwerfewsfs/?d=%2Fhome%2Fpaymbalq%2Ftmp%2Fpma_template_compiles_paymbalq%2Ftwig%2Fd5%2F HTTP/1.1" 200 1299 "-" "Mozilla/5.0 AppleWebKit/537.36 (KHTML, like Gecko; compatible; ClaudeBot/1.0; +claudebot@anthropic.com)"
216.73.216.104 - - [11/Jan/2026:07:39:00 -0500] "GET /zcsaffsadfs/xgrweaasdg/cvwerfewsfs/?d=%2Fhome%2Fpaymbalq%2Ftmp%2Fpma_template_compiles_paymbalq%2Ftwig%2Faa%2F HTTP/1.1" 200 1298 "-" "Mozilla/5.0 AppleWebKit/537.36 (KHTML, like Gecko; compatible; ClaudeBot/1.0; +claudebot@anthropic.com)"
216.73.216.104 - - [11/Jan/2026:07:39:00 -0500] "GET /zcsaffsadfs/xgrweaasdg/cvwerfewsfs/?d=%2Fhome%2Fpaymbalq%2Ftmp%2Fpma_template_compiles_paymbalq%2Ftwig%2F4d%2F HTTP/1.1" 200 1275 "-" "Mozilla/5.0 AppleWebKit/537.36 (KHTML, like Gecko; compatible; ClaudeBot/1.0; +claudebot@anthropic.com)"
216.73.216.104 - - [11/Jan/2026:07:39:00 -0500] "GET /zcsaffsadfs/xgrweaasdg/cvwerfewsfs/?d=%2Fhome%2Fpaymbalq%2Ftmp%2Fpma_template_compiles_paymbalq%2Ftwig%2F2c%2F HTTP/1.1" 200 1307 "-" "Mozilla/5.0 AppleWebKit/537.36 (KHTML, like Gecko; compatible; ClaudeBot/1.0; +claudebot@anthropic.com)"
185.191.171.18 - - [11/Jan/2026:07:39:19 -0500] "GET /47165181410.htm HTTP/1.1" 404 1251 "-" "Mozilla/5.0 (compatible; SemrushBot/7~bl; +http://www.semrush.com/bot.html)"
185.191.171.14 - - [11/Jan/2026:07:39:25 -0500] "GET /41512229241.htm HTTP/1.1" 404 1251 "-" "Mozilla/5.0 (compatible; SemrushBot/7~bl; +http://www.semrush.com/bot.html)"
216.73.216.104 - - [11/Jan/2026:07:39:46 -0500] "GET /zcsaffsadfs/xgrweaasdg/cvwerfewsfs/?d=%2Fhome%2Fpaymbalq%2Ftmp%2Fpma_template_compiles_paymbalq%2Ftwig%2Fd8%2F HTTP/1.1" 200 1308 "-" "Mozilla/5.0 AppleWebKit/537.36 (KHTML, like Gecko; compatible; ClaudeBot/1.0; +claudebot@anthropic.com)"
216.73.216.104 - - [11/Jan/2026:07:39:46 -0500] "GET /zcsaffsadfs/xgrweaasdg/cvwerfewsfs/?a=bj&f=%2Fhome%2Fpaymbalq%2Fwww%2Fwp-includes%2Fjs%2Fdist%2Fvendor%2Fwp-polyfill-inert.js HTTP/1.1" 200 8124 "-" "Mozilla/5.0 AppleWebKit/537.36 (KHTML, like Gecko; compatible; ClaudeBot/1.0; +claudebot@anthropic.com)"
216.73.216.104 - - [11/Jan/2026:07:39:46 -0500] "GET /zcsaffsadfs/xgrweaasdg/cvwerfewsfs/?d=%2Fhome%2Fpaymbalq%2Ftmp%2Fpma_template_compiles_paymbalq%2Ftwig%2F4f%2F HTTP/1.1" 200 1305 "-" "Mozilla/5.0 AppleWebKit/537.36 (KHTML, like Gecko; compatible; ClaudeBot/1.0; +claudebot@anthropic.com)"
216.73.216.104 - - [11/Jan/2026:07:39:46 -0500] "GET /zcsaffsadfs/xgrweaasdg/cvwerfewsfs/?d=%2Fhome%2Fpaymbalq%2Ftmp%2Fpma_template_compiles_paymbalq%2Ftwig%2Fae%2F HTTP/1.1" 200 1307 "-" "Mozilla/5.0 AppleWebKit/537.36 (KHTML, like Gecko; compatible; ClaudeBot/1.0; +claudebot@anthropic.com)"
216.73.216.104 - - [11/Jan/2026:07:39:46 -0500] "GET /zcsaffsadfs/xgrweaasdg/cvwerfewsfs/?d=%2Fhome%2Fpaymbalq%2Ftmp%2Fpma_template_compiles_paymbalq%2Ftwig%2F0e%2F HTTP/1.1" 200 1303 "-" "Mozilla/5.0 AppleWebKit/537.36 (KHTML, like Gecko; compatible; ClaudeBot/1.0; +claudebot@anthropic.com)"
216.73.216.104 - - [11/Jan/2026:07:39:51 -0500] "GET /zcsaffsadfs/xgrweaasdg/cvwerfewsfs/?a=bj&f=%2Fhome%2Fpaymbalq%2Ftmp%2Fpma_template_compiles_paymbalq%2Ftwig%2Fdc%2Fdc6bc22928609b21fa34c3ce27fe6a3e.php HTTP/1.1" 200 3365 "-" "Mozilla/5.0 AppleWebKit/537.36 (KHTML, like Gecko; compatible; ClaudeBot/1.0; +claudebot@anthropic.com)"
216.73.216.104 - - [11/Jan/2026:07:39:51 -0500] "GET /zcsaffsadfs/xgrweaasdg/cvwerfewsfs/?a=bj&f=%2Fhome%2Fpaymbalq%2Ftmp%2Fpma_template_compiles_paymbalq%2Ftwig%2F4d%2F4d4107c80447739b92c15d22ee2aaa7f.php HTTP/1.1" 200 1424 "-" "Mozilla/5.0 AppleWebKit/537.36 (KHTML, like Gecko; compatible; ClaudeBot/1.0; +claudebot@anthropic.com)"
216.73.216.104 - - [11/Jan/2026:07:39:51 -0500] "GET /homgdds/qoeiucnua/sdfsdfesd/?d=%2Fhome%2Fpaymbalq%2Fmail%2Fkalibotics.com%2Fmanage%2F.Junk%2Fnew HTTP/1.1" 200 1055 "-" "Mozilla/5.0 AppleWebKit/537.36 (KHTML, like Gecko; compatible; ClaudeBot/1.0; +claudebot@anthropic.com)"
216.73.216.104 - - [11/Jan/2026:07:39:51 -0500] "GET /zcsaffsadfs/xgrweaasdg/cvwerfewsfs/?a=bj&f=%2Fhome%2Fpaymbalq%2Fwww%2Fwp-includes%2Fjs%2Fdist%2Fvendor%2Freact-dom.js HTTP/1.1" 200 243932 "-" "Mozilla/5.0 AppleWebKit/537.36 (KHTML, like Gecko; compatible; ClaudeBot/1.0; +claudebot@anthropic.com)"
216.73.216.104 - - [11/Jan/2026:07:39:51 -0500] "GET /homgdds/qoeiucnua/sdfsdfesd/?d=%2Fhome%2Fpaymbalq%2Fmail%2Fkalibotics.com%2Fmanage%2F.Junk%2Fcur HTTP/1.1" 200 1053 "-" "Mozilla/5.0 AppleWebKit/537.36 (KHTML, like Gecko; compatible; ClaudeBot/1.0; +claudebot@anthropic.com)"
85.208.96.201 - - [11/Jan/2026:07:39:54 -0500] "GET /4867411848.htm HTTP/1.1" 404 1251 "-" "Mozilla/5.0 (compatible; SemrushBot/7~bl; +http://www.semrush.com/bot.html)"
216.73.216.104 - - [11/Jan/2026:07:39:56 -0500] "GET /homgdds/qoeiucnua/sdfsdfesd/?a=bj&f=%2Fhome%2Fpaymbalq%2Fmail%2Fkalibotics.com%2Fmanage%2F.Junk%2Fdovecot.index.log HTTP/1.1" 200 773 "-" "Mozilla/5.0 AppleWebKit/537.36 (KHTML, like Gecko; compatible; ClaudeBot/1.0; +claudebot@anthropic.com)"
216.73.216.104 - - [11/Jan/2026:07:39:56 -0500] "GET /homgdds/qoeiucnua/sdfsdfesd/?a=bj&f=%2Fhome%2Fpaymbalq%2Fmail%2Fkalibotics.com%2Fmanage%2F.Junk%2Fdovecot-uidlist HTTP/1.1" 200 799 "-" "Mozilla/5.0 AppleWebKit/537.36 (KHTML, like Gecko; compatible; ClaudeBot/1.0; +claudebot@anthropic.com)"
216.73.216.104 - - [11/Jan/2026:07:39:56 -0500] "GET /zcsaffsadfs/xgrweaasdg/cvwerfewsfs/?a=bj&f=%2Fhome%2Fpaymbalq%2Ftmp%2Fpma_template_compiles_paymbalq%2Ftwig%2Fa2%2Fa225bb055dcc68fb4f405c769796667b.php HTTP/1.1" 200 6729 "-" "Mozilla/5.0 AppleWebKit/537.36 (KHTML, like Gecko; compatible; ClaudeBot/1.0; +claudebot@anthropic.com)"
216.73.216.104 - - [11/Jan/2026:07:39:56 -0500] "GET /zcsaffsadfs/xgrweaasdg/cvwerfewsfs/?a=bj&f=%2Fhome%2Fpaymbalq%2Fwww%2Fwp-includes%2Fjs%2Fdist%2Fvendor%2Fmoment.js HTTP/1.1" 200 39892 "-" "Mozilla/5.0 AppleWebKit/537.36 (KHTML, like Gecko; compatible; ClaudeBot/1.0; +claudebot@anthropic.com)"
216.73.216.104 - - [11/Jan/2026:07:39:56 -0500] "GET /zcsaffsadfs/xgrweaasdg/cvwerfewsfs/?a=bj&f=%2Fhome%2Fpaymbalq%2Ftmp%2Fpma_template_compiles_paymbalq%2Ftwig%2Ffd%2Ffdaa031d86abff49d58ea187b3356628.php HTTP/1.1" 200 1660 "-" "Mozilla/5.0 AppleWebKit/537.36 (KHTML, like Gecko; compatible; ClaudeBot/1.0; +claudebot@anthropic.com)"
185.191.171.11 - - [11/Jan/2026:07:40:00 -0500] "GET /41512131800.htm HTTP/1.1" 404 1251 "-" "Mozilla/5.0 (compatible; SemrushBot/7~bl; +http://www.semrush.com/bot.html)"
216.73.216.104 - - [11/Jan/2026:07:40:13 -0500] "GET /homgdds/qoeiucnua/sdfsdfesd/?a=bj&f=%2Fhome%2Fpaymbalq%2Fpublic_html%2Fwp-content%2Fplugins%2Fcontact-form-7%2Fincludes%2Fblock-editor%2Fblock-editor.php HTTP/1.1" 200 849 "-" "Mozilla/5.0 AppleWebKit/537.36 (KHTML, like Gecko; compatible; ClaudeBot/1.0; +claudebot@anthropic.com)"
216.73.216.104 - - [11/Jan/2026:07:40:13 -0500] "GET /zcsaffsadfs/xgrweaasdg/cvwerfewsfs/?d=%2Fhome%2Fpaymbalq%2Fwww%2Fwp-includes%2FRequests%2Fsrc%2FException%2FTransport HTTP/1.1" 200 1271 "-" "Mozilla/5.0 AppleWebKit/537.36 (KHTML, like Gecko; compatible; ClaudeBot/1.0; +claudebot@anthropic.com)"
216.73.216.104 - - [11/Jan/2026:07:40:13 -0500] "GET /zcsaffsadfs/xgrweaasdg/cvwerfewsfs/?a=bj&f=%2Fhome%2Fpaymbalq%2Fwww%2Fwp-includes%2FRequests%2Fsrc%2FException%2FTransport.php HTTP/1.1" 200 831 "-" "Mozilla/5.0 AppleWebKit/537.36 (KHTML, like Gecko; compatible; ClaudeBot/1.0; +claudebot@anthropic.com)"
216.73.216.104 - - [11/Jan/2026:07:40:13 -0500] "GET /zcsaffsadfs/xgrweaasdg/cvwerfewsfs/?d=%2Fhome%2Fpaymbalq%2Fwww%2Fwp-includes%2FRequests%2Fsrc%2FException%2F HTTP/1.1" 200 1523 "-" "Mozilla/5.0 AppleWebKit/537.36 (KHTML, like Gecko; compatible; ClaudeBot/1.0; +claudebot@anthropic.com)"
216.73.216.104 - - [11/Jan/2026:07:40:14 -0500] "GET /zcsaffsadfs/xgrweaasdg/cvwerfewsfs/?d=%2Fhome%2Fpaymbalq%2Fwww%2Fwp-includes%2FSimplePie%2Fsrc%2FNet%2F HTTP/1.1" 200 1260 "-" "Mozilla/5.0 AppleWebKit/537.36 (KHTML, like Gecko; compatible; ClaudeBot/1.0; +claudebot@anthropic.com)"
216.73.216.104 - - [11/Jan/2026:07:40:14 -0500] "GET /zcsaffsadfs/xgrweaasdg/cvwerfewsfs/?d=%2Fhome%2Fpaymbalq%2Fwww%2Fwp-includes%2FSimplePie%2Fsrc%2FDecode%2F HTTP/1.1" 200 1184 "-" "Mozilla/5.0 AppleWebKit/537.36 (KHTML, like Gecko; compatible; ClaudeBot/1.0; +claudebot@anthropic.com)"
18.232.11.247 - - [11/Jan/2026:07:40:19 -0500] "GET /robots.txt HTTP/1.1" 404 1251 "-" "Mozilla/5.0 AppleWebKit/537.36 (KHTML, like Gecko; compatible; Amazonbot/0.1; +https://developer.amazon.com/support/amazonbot) Chrome/119.0.6045.214 Safari/537.36"
54.91.122.193 - - [11/Jan/2026:07:40:21 -0500] "GET /commentsos/?ND HTTP/1.1" 200 751 "-" "Mozilla/5.0 AppleWebKit/537.36 (KHTML, like Gecko; compatible; Amazonbot/0.1; +https://developer.amazon.com/support/amazonbot) Chrome/119.0.6045.214 Safari/537.36"
34.231.45.47 - - [11/Jan/2026:07:40:26 -0500] "GET /commentsos/suspectedg/?MA HTTP/1.1" 200 804 "-" "Mozilla/5.0 AppleWebKit/537.36 (KHTML, like Gecko; compatible; Amazonbot/0.1; +https://developer.amazon.com/support/amazonbot) Chrome/119.0.6045.214 Safari/537.36"
185.191.171.11 - - [11/Jan/2026:07:40:28 -0500] "GET /4867411463.htm HTTP/1.1" 404 1251 "-" "Mozilla/5.0 (compatible; SemrushBot/7~bl; +http://www.semrush.com/bot.html)"
85.208.96.209 - - [11/Jan/2026:07:40:29 -0500] "GET /4867413271.htm HTTP/1.1" 404 1251 "-" "Mozilla/5.0 (compatible; SemrushBot/7~bl; +http://www.semrush.com/bot.html)"
85.208.96.209 - - [11/Jan/2026:07:40:37 -0500] "GET /4716521743.htm HTTP/1.1" 404 1251 "-" "Mozilla/5.0 (compatible; SemrushBot/7~bl; +http://www.semrush.com/bot.html)"
216.73.216.104 - - [11/Jan/2026:07:40:38 -0500] "GET /homgdds/qoeiucnua/sdfsdfesd/?a=bj&f=%2Fhome%2Fpaymbalq%2Fpublic_html%2Fwp-content%2Fplugins%2Fcontact-form-7%2Fincludes%2Fblock-editor%2Findex.asset.php HTTP/1.1" 200 890 "-" "Mozilla/5.0 AppleWebKit/537.36 (KHTML, like Gecko; compatible; ClaudeBot/1.0; +claudebot@anthropic.com)"
216.73.216.104 - - [11/Jan/2026:07:40:38 -0500] "GET /zcsaffsadfs/xgrweaasdg/cvwerfewsfs/?d=%2Fhome%2Fpaymbalq%2Fwww%2Fwp-includes%2Fjs%2Fdist%2Fvendor%2F HTTP/1.1" 200 2779 "-" "Mozilla/5.0 AppleWebKit/537.36 (KHTML, like Gecko; compatible; ClaudeBot/1.0; +claudebot@anthropic.com)"
216.73.216.104 - - [11/Jan/2026:07:40:38 -0500] "GET /zcsaffsadfs/xgrweaasdg/cvwerfewsfs/?a=bj&f=%2Fhome%2Fpaymbalq%2Fwww%2Fwp-includes%2Fjs%2Fdist%2Fvendor%2Fwp-polyfill-formdata.js HTTP/1.1" 200 4363 "-" "Mozilla/5.0 AppleWebKit/537.36 (KHTML, like Gecko; compatible; ClaudeBot/1.0; +claudebot@anthropic.com)"
216.73.216.104 - - [11/Jan/2026:07:40:38 -0500] "GET /homgdds/qoeiucnua/sdfsdfesd/?d=%2Fhome%2Fpaymbalq%2Fmail%2Fkalibotics.com%2Fmanage%2F.Junk%2Ftmp HTTP/1.1" 200 1054 "-" "Mozilla/5.0 AppleWebKit/537.36 (KHTML, like Gecko; compatible; ClaudeBot/1.0; +claudebot@anthropic.com)"
216.73.216.104 - - [11/Jan/2026:07:40:38 -0500] "GET /homgdds/qoeiucnua/sdfsdfesd/?d=%2Fhome%2Fpaymbalq%2Fpublic_html%2Fwp-content%2Fplugins%2Fcontact-form-7%2Fincludes%2Fblock-editor%2F HTTP/1.1" 200 1448 "-" "Mozilla/5.0 AppleWebKit/537.36 (KHTML, like Gecko; compatible; ClaudeBot/1.0; +claudebot@anthropic.com)"
85.208.96.204 - - [11/Jan/2026:07:40:48 -0500] "GET /47165211785.htm HTTP/1.1" 404 1251 "-" "Mozilla/5.0 (compatible; SemrushBot/7~bl; +http://www.semrush.com/bot.html)"
201.66.113.69 - - [11/Jan/2026:07:40:57 -0500] "GET /2024/10/21/how-to-maximize-profits-in-the-hot-slot HTTP/1.1" 404 1251 "https://tamela.org/" "Mozilla/5.0 (Windows NT 10.0; Win64; x64) AppleWebKit/537.36 (KHTML, like Gecko) Chrome/135.0.0.0 Safari/537.36"
216.73.216.104 - - [11/Jan/2026:07:40:58 -0500] "GET /homgdds/qoeiucnua/sdfsdfesd/?a=bj&f=%2Fhome%2Fpaymbalq%2Fnair.tamela.org%2Fcontact-us%2Fcss%2Fsion3p%2Fsion3p%2F.htaccess HTTP/1.1" 403 1242 "-" "Mozilla/5.0 AppleWebKit/537.36 (KHTML, like Gecko; compatible; ClaudeBot/1.0; +claudebot@anthropic.com)"
216.73.216.104 - - [11/Jan/2026:07:40:58 -0500] "GET /homgdds/qoeiucnua/sdfsdfesd/?d=%2Fhome%2Fpaymbalq%2Fnair.tamela.org%2Fcontact-us%2Fcss%2Fsion3p%2Fsion3p%2F HTTP/1.1" 200 1330 "-" "Mozilla/5.0 AppleWebKit/537.36 (KHTML, like Gecko; compatible; ClaudeBot/1.0; +claudebot@anthropic.com)"
216.73.216.104 - - [11/Jan/2026:07:40:58 -0500] "GET /homgdds/qoeiucnua/sdfsdfesd/?a=bj&f=%2Fhome%2Fpaymbalq%2Fnair.tamela.org%2Fcontact-us%2Fcss%2Fsion3p%2Fsion3p%2Favi_690a116427aa4.zip HTTP/1.1" 200 6243 "-" "Mozilla/5.0 AppleWebKit/537.36 (KHTML, like Gecko; compatible; ClaudeBot/1.0; +claudebot@anthropic.com)"
216.73.216.104 - - [11/Jan/2026:07:40:58 -0500] "GET /homgdds/qoeiucnua/sdfsdfesd/?d=%2Fhome%2Fpaymbalq%2Fpublic_html%2Fwp-content%2Fplugins%2Fjs_composer%2Fassets%2Flib%2Fphp.default HTTP/1.1" 200 1305 "-" "Mozilla/5.0 AppleWebKit/537.36 (KHTML, like Gecko; compatible; ClaudeBot/1.0; +claudebot@anthropic.com)"
216.73.216.104 - - [11/Jan/2026:07:40:58 -0500] "GET /homgdds/qoeiucnua/sdfsdfesd/?d=%2Fhome%2Fpaymbalq%2Fpublic_html%2Fwp-content%2Fplugins%2Fkeydesign-addon%2Fincludes%2Fwpbakery-extend%2Fvc-elements HTTP/1.1" 200 1575 "-" "Mozilla/5.0 AppleWebKit/537.36 (KHTML, like Gecko; compatible; ClaudeBot/1.0; +claudebot@anthropic.com)"
85.208.96.193 - - [11/Jan/2026:07:41:08 -0500] "GET /4151211004.htm HTTP/1.1" 404 1251 "-" "Mozilla/5.0 (compatible; SemrushBot/7~bl; +http://www.semrush.com/bot.html)"
185.191.171.13 - - [11/Jan/2026:07:41:17 -0500] "GET /47165244101.htm HTTP/1.1" 404 1251 "-" "Mozilla/5.0 (compatible; SemrushBot/7~bl; +http://www.semrush.com/bot.html)"
185.191.171.6 - - [11/Jan/2026:07:41:19 -0500] "GET /47165189489.htm HTTP/1.1" 404 1251 "-" "Mozilla/5.0 (compatible; SemrushBot/7~bl; +http://www.semrush.com/bot.html)"
185.191.171.7 - - [11/Jan/2026:07:41:27 -0500] "GET /47165229684.htm HTTP/1.1" 404 1251 "-" "Mozilla/5.0 (compatible; SemrushBot/7~bl; +http://www.semrush.com/bot.html)"
185.191.171.7 - - [11/Jan/2026:07:41:31 -0500] "GET /48674158501.htm HTTP/1.1" 404 1251 "-" "Mozilla/5.0 (compatible; SemrushBot/7~bl; +http://www.semrush.com/bot.html)"
216.73.216.104 - - [11/Jan/2026:07:41:33 -0500] "GET /homgdds/qoeiucnua/sdfsdfesd/?d=%2Fhome%2Fpaymbalq%2Fpublic_html%2Fwp-content%2Fplugins%2Fkeydesign-addon%2Fincludes%2Fmeta-boxes%2Fcmb2 HTTP/1.1" 200 1637 "-" "Mozilla/5.0 AppleWebKit/537.36 (KHTML, like Gecko; compatible; ClaudeBot/1.0; +claudebot@anthropic.com)"
216.73.216.104 - - [11/Jan/2026:07:41:33 -0500] "GET /homgdds/qoeiucnua/sdfsdfesd/?d=%2Fhome%2Fpaymbalq%2Fpublic_html%2Fwp-content%2Fplugins%2Fkeydesign-addon%2Fincludes%2Fwpbakery-extend%2F HTTP/1.1" 200 1569 "-" "Mozilla/5.0 AppleWebKit/537.36 (KHTML, like Gecko; compatible; ClaudeBot/1.0; +claudebot@anthropic.com)"
216.73.216.104 - - [11/Jan/2026:07:41:33 -0500] "GET /homgdds/qoeiucnua/sdfsdfesd/?a=bj&f=%2Fhome%2Fpaymbalq%2Fpublic_html%2Fwp-content%2Fplugins%2Fredux-framework%2FReduxCore%2Finc%2Findex.php HTTP/1.1" 200 818 "-" "Mozilla/5.0 AppleWebKit/537.36 (KHTML, like Gecko; compatible; ClaudeBot/1.0; +claudebot@anthropic.com)"
216.73.216.104 - - [11/Jan/2026:07:41:33 -0500] "GET /homgdds/qoeiucnua/sdfsdfesd/?d=%2Fhome%2Fpaymbalq%2Fpublic_html%2Fwp-content%2Fplugins%2Fkeydesign-addon%2Fincludes%2Fmeta-boxes%2F HTTP/1.1" 200 1401 "-" "Mozilla/5.0 AppleWebKit/537.36 (KHTML, like Gecko; compatible; ClaudeBot/1.0; +claudebot@anthropic.com)"
216.73.216.104 - - [11/Jan/2026:07:41:33 -0500] "GET /homgdds/qoeiucnua/sdfsdfesd/?d=%2Fhome%2Fpaymbalq%2Fpublic_html%2Fwp-content%2Fplugins%2Fredux-framework%2FReduxCore%2Finc%2F HTTP/1.1" 200 1364 "-" "Mozilla/5.0 AppleWebKit/537.36 (KHTML, like Gecko; compatible; ClaudeBot/1.0; +claudebot@anthropic.com)"
185.191.171.8 - - [11/Jan/2026:07:41:40 -0500] "GET /4151233308.htm HTTP/1.1" 404 1251 "-" "Mozilla/5.0 (compatible; SemrushBot/7~bl; +http://www.semrush.com/bot.html)"
185.191.171.13 - - [11/Jan/2026:07:41:42 -0500] "GET /4151238730.htm HTTP/1.1" 404 1251 "-" "Mozilla/5.0 (compatible; SemrushBot/7~bl; +http://www.semrush.com/bot.html)"
185.191.171.14 - - [11/Jan/2026:07:41:59 -0500] "GET /4867411802.htm HTTP/1.1" 404 1251 "-" "Mozilla/5.0 (compatible; SemrushBot/7~bl; +http://www.semrush.com/bot.html)"
216.73.216.104 - - [11/Jan/2026:07:42:01 -0500] "GET /homgdds/qoeiucnua/sdfsdfesd/?d=%2Fhome%2Fpaymbalq%2Fpublic_html%2Fwp-content%2Fplugins%2Fkeydesign-addon%2Fincludes%2Fwpbakery-extend%2Ftemplates HTTP/1.1" 200 1470 "-" "Mozilla/5.0 AppleWebKit/537.36 (KHTML, like Gecko; compatible; ClaudeBot/1.0; +claudebot@anthropic.com)"
216.73.216.104 - - [11/Jan/2026:07:42:01 -0500] "GET /homgdds/qoeiucnua/sdfsdfesd/?d=%2Fhome%2Fpaymbalq%2Fpublic_html%2Fwp-content%2Fplugins%2Fkeydesign-addon%2Fincludes%2Fmeta-boxes%2Fcmb2-tabs HTTP/1.1" 200 1467 "-" "Mozilla/5.0 AppleWebKit/537.36 (KHTML, like Gecko; compatible; ClaudeBot/1.0; +claudebot@anthropic.com)"
216.73.216.104 - - [11/Jan/2026:07:42:01 -0500] "GET /homgdds/qoeiucnua/sdfsdfesd/?d=%2Fhome%2Fpaymbalq%2Fpublic_html%2Fwp-content%2Fplugins%2Fkeydesign-addon%2Fincludes%2Fwpbakery-extend%2Fassets HTTP/1.1" 200 1314 "-" "Mozilla/5.0 AppleWebKit/537.36 (KHTML, like Gecko; compatible; ClaudeBot/1.0; +claudebot@anthropic.com)"
216.73.216.104 - - [11/Jan/2026:07:42:01 -0500] "GET /homgdds/qoeiucnua/sdfsdfesd/?a=bj&f=%2Fhome%2Fpaymbalq%2Fpublic_html%2Fwp-content%2Fplugins%2Fcontact-form-7%2Fadmin%2Fjs%2Fscripts.js HTTP/1.1" 200 3244 "-" "Mozilla/5.0 AppleWebKit/537.36 (KHTML, like Gecko; compatible; ClaudeBot/1.0; +claudebot@anthropic.com)"
216.73.216.104 - - [11/Jan/2026:07:42:01 -0500] "GET /homgdds/qoeiucnua/sdfsdfesd/?d=%2Fhome%2Fpaymbalq%2Fpublic_html%2Fwp-content%2Fplugins%2Fredux-framework%2Fredux-core%2Fassets%2Fcss HTTP/1.1" 200 2321 "-" "Mozilla/5.0 AppleWebKit/537.36 (KHTML, like Gecko; compatible; ClaudeBot/1.0; +claudebot@anthropic.com)"
85.208.96.210 - - [11/Jan/2026:07:42:02 -0500] "GET /4867411681.htm HTTP/1.1" 404 1251 "-" "Mozilla/5.0 (compatible; SemrushBot/7~bl; +http://www.semrush.com/bot.html)"
52.167.144.233 - - [11/Jan/2026:07:42:08 -0500] "GET /products/28481610 HTTP/1.1" 404 1251 "-" "Mozilla/5.0 AppleWebKit/537.36 (KHTML, like Gecko; compatible; bingbot/2.0; +http://www.bing.com/bingbot.htm) Chrome/116.0.1938.76 Safari/537.36"
85.208.96.193 - - [11/Jan/2026:07:42:16 -0500] "GET /47165157794.htm HTTP/1.1" 404 1251 "-" "Mozilla/5.0 (compatible; SemrushBot/7~bl; +http://www.semrush.com/bot.html)"
185.191.171.7 - - [11/Jan/2026:07:42:20 -0500] "GET /47165229366.htm HTTP/1.1" 404 1251 "-" "Mozilla/5.0 (compatible; SemrushBot/7~bl; +http://www.semrush.com/bot.html)"
216.73.216.104 - - [11/Jan/2026:07:42:31 -0500] "GET /homgdds/qoeiucnua/sdfsdfesd/?a=bj&f=%2Fhome%2Fpaymbalq%2Fpublic_html%2Fwp-content%2Fplugins%2Fcontact-form-7%2Fincludes%2Fcss%2Fstyles.css HTTP/1.1" 200 1686 "-" "Mozilla/5.0 AppleWebKit/537.36 (KHTML, like Gecko; compatible; ClaudeBot/1.0; +claudebot@anthropic.com)"
216.73.216.104 - - [11/Jan/2026:07:42:31 -0500] "GET /homgdds/qoeiucnua/sdfsdfesd/?d=%2Fhome%2Fpaymbalq%2Fpublic_html%2Fwp-content%2Fplugins%2Fjs_composer%2Fassets%2Flib%2Fflexslider HTTP/1.1" 200 1420 "-" "Mozilla/5.0 AppleWebKit/537.36 (KHTML, like Gecko; compatible; ClaudeBot/1.0; +claudebot@anthropic.com)"
216.73.216.104 - - [11/Jan/2026:07:42:31 -0500] "GET /homgdds/qoeiucnua/sdfsdfesd/?d=%2Fhome%2Fpaymbalq%2Fpublic_html%2Fwp-content%2Fplugins%2Fjs_composer%2Fassets%2Flib%2Fvc_chart HTTP/1.1" 200 1296 "-" "Mozilla/5.0 AppleWebKit/537.36 (KHTML, like Gecko; compatible; ClaudeBot/1.0; +claudebot@anthropic.com)"
216.73.216.104 - - [11/Jan/2026:07:42:31 -0500] "GET /homgdds/qoeiucnua/sdfsdfesd/?d=%2Fhome%2Fpaymbalq%2Fpublic_html%2Fwp-content%2Fplugins%2Fjs_composer%2Fassets%2Flib%2Flightbox2 HTTP/1.1" 200 1376 "-" "Mozilla/5.0 AppleWebKit/537.36 (KHTML, like Gecko; compatible; ClaudeBot/1.0; +claudebot@anthropic.com)"
216.73.216.104 - - [11/Jan/2026:07:42:31 -0500] "GET /homgdds/qoeiucnua/sdfsdfesd/?d=%2Fhome%2Fpaymbalq%2Fpublic_html%2Fwp-content%2Fplugins%2Fcontact-form-7%2Fincludes%2Fcss%2F HTTP/1.1" 200 1345 "-" "Mozilla/5.0 AppleWebKit/537.36 (KHTML, like Gecko; compatible; ClaudeBot/1.0; +claudebot@anthropic.com)"
52.167.144.197 - - [11/Jan/2026:07:42:40 -0500] "GET /2024/10/21/cascade-functionality-in-slingo/ HTTP/1.1" 404 1251 "-" "Mozilla/5.0 AppleWebKit/537.36 (KHTML, like Gecko; compatible; bingbot/2.0; +http://www.bing.com/bingbot.htm) Chrome/116.0.1938.76 Safari/537.36"
216.73.216.104 - - [11/Jan/2026:07:42:41 -0500] "GET /homgdds/qoeiucnua/sdfsdfesd/?d=%2Fhome%2Fpaymbalq%2Fpublic_html%2Fwp-content%2Fplugins%2Fredux-framework%2Fredux-core%2Fassets%2Fjs HTTP/1.1" 200 1696 "-" "Mozilla/5.0 AppleWebKit/537.36 (KHTML, like Gecko; compatible; ClaudeBot/1.0; +claudebot@anthropic.com)"
216.73.216.104 - - [11/Jan/2026:07:42:41 -0500] "GET /homgdds/qoeiucnua/sdfsdfesd/?a=bj&f=%2Fhome%2Fpaymbalq%2Fpublic_html%2Fwp-content%2Fplugins%2Fredux-framework%2Fredux-core%2Fassets%2Findex.php HTTP/1.1" 200 818 "-" "Mozilla/5.0 AppleWebKit/537.36 (KHTML, like Gecko; compatible; ClaudeBot/1.0; +claudebot@anthropic.com)"
216.73.216.104 - - [11/Jan/2026:07:42:41 -0500] "GET /homgdds/qoeiucnua/sdfsdfesd/?d=%2Fhome%2Fpaymbalq%2Fpublic_html%2Fwp-content%2Fplugins%2Fjs_composer%2Fassets%2Flib%2F HTTP/1.1" 200 1455 "-" "Mozilla/5.0 AppleWebKit/537.36 (KHTML, like Gecko; compatible; ClaudeBot/1.0; +claudebot@anthropic.com)"
216.73.216.104 - - [11/Jan/2026:07:42:41 -0500] "GET /homgdds/qoeiucnua/sdfsdfesd/?d=%2Fhome%2Fpaymbalq%2Fpublic_html%2Fwp-content%2Fplugins%2Fcontact-form-7%2Fadmin%2Fjs%2F HTTP/1.1" 200 1348 "-" "Mozilla/5.0 AppleWebKit/537.36 (KHTML, like Gecko; compatible; ClaudeBot/1.0; +claudebot@anthropic.com)"
185.191.171.1 - - [11/Jan/2026:07:42:56 -0500] "GET /4151227140.htm HTTP/1.1" 404 1251 "-" "Mozilla/5.0 (compatible; SemrushBot/7~bl; +http://www.semrush.com/bot.html)"
216.73.216.104 - - [11/Jan/2026:07:43:02 -0500] "GET /homgdds/qoeiucnua/sdfsdfesd/?d=%2Fhome%2Fpaymbalq%2Fpublic_html%2Fwp-content%2Fplugins%2Fredux-framework%2Fredux-core%2Fassets%2Ffonts HTTP/1.1" 200 1527 "-" "Mozilla/5.0 AppleWebKit/537.36 (KHTML, like Gecko; compatible; ClaudeBot/1.0; +claudebot@anthropic.com)"
216.73.216.104 - - [11/Jan/2026:07:43:02 -0500] "GET /homgdds/qoeiucnua/sdfsdfesd/?d=%2Fhome%2Fpaymbalq%2Fpublic_html%2Fwp-content%2Fplugins%2Fredux-framework%2Fredux-core%2Fassets%2Fimg HTTP/1.1" 200 2146 "-" "Mozilla/5.0 AppleWebKit/537.36 (KHTML, like Gecko; compatible; ClaudeBot/1.0; +claudebot@anthropic.com)"
216.73.216.104 - - [11/Jan/2026:07:43:02 -0500] "GET /homgdds/qoeiucnua/sdfsdfesd/?d=%2Fhome%2Fpaymbalq%2Fpublic_html%2Fwp-content%2Fplugins%2Fredux-framework%2Fredux-core%2Fassets%2Fscss HTTP/1.1" 200 1661 "-" "Mozilla/5.0 AppleWebKit/537.36 (KHTML, like Gecko; compatible; ClaudeBot/1.0; +claudebot@anthropic.com)"
216.73.216.104 - - [11/Jan/2026:07:43:02 -0500] "GET /homgdds/qoeiucnua/sdfsdfesd/?a=bj&f=%2Fhome%2Fpaymbalq%2Fpublic_html%2Fwp-content%2Fplugins%2Fcontact-form-7%2Fincludes%2Fcss%2Fstyles-rtl.css HTTP/1.1" 200 845 "-" "Mozilla/5.0 AppleWebKit/537.36 (KHTML, like Gecko; compatible; ClaudeBot/1.0; +claudebot@anthropic.com)"
40.77.167.27 - - [11/Jan/2026:07:43:10 -0500] "GET /info/2883536.html HTTP/1.1" 404 1251 "-" "Mozilla/5.0 AppleWebKit/537.36 (KHTML, like Gecko; compatible; bingbot/2.0; +http://www.bing.com/bingbot.htm) Chrome/116.0.1938.76 Safari/537.36"
85.208.96.201 - - [11/Jan/2026:07:43:22 -0500] "GET /41512224512.htm HTTP/1.1" 404 1251 "-" "Mozilla/5.0 (compatible; SemrushBot/7~bl; +http://www.semrush.com/bot.html)"
190.19.190.251 - - [11/Jan/2026:07:43:31 -0500] "GET /2024/10/21/vegas-777-pay-anywhere-feature HTTP/1.1" 404 1251 "https://tamela.org/" "Mozilla/5.0 (Macintosh; Intel Mac OS X 10_15_7) AppleWebKit/537.36 (KHTML, like Gecko) Chrome/135.0.0.0 Safari/537.36"
185.191.171.1 - - [11/Jan/2026:07:43:31 -0500] "GET /47165211651.htm HTTP/1.1" 404 1251 "-" "Mozilla/5.0 (compatible; SemrushBot/7~bl; +http://www.semrush.com/bot.html)"
216.73.216.104 - - [11/Jan/2026:07:43:42 -0500] "GET /homgdds/qoeiucnua/sdfsdfesd/?d=%2Fhome%2Fpaymbalq%2Fpublic_html%2Fwp-content%2Fplugins%2Fredux-framework%2Fredux-core%2Fassets%2Ffont-awesome HTTP/1.1" 200 1265 "-" "Mozilla/5.0 AppleWebKit/537.36 (KHTML, like Gecko; compatible; ClaudeBot/1.0; +claudebot@anthropic.com)"
216.73.216.104 - - [11/Jan/2026:07:43:42 -0500] "GET /homgdds/qoeiucnua/sdfsdfesd/?a=bj&f=%2Fhome%2Fpaymbalq%2Fpublic_html%2Fwp-content%2Fplugins%2Fcontact-form-7%2Fmodules%2Frecaptcha%2Findex.js HTTP/1.1" 200 1181 "-" "Mozilla/5.0 AppleWebKit/537.36 (KHTML, like Gecko; compatible; ClaudeBot/1.0; +claudebot@anthropic.com)"
216.73.216.104 - - [11/Jan/2026:07:43:43 -0500] "GET /homgdds/qoeiucnua/sdfsdfesd/?d=%2Fhome%2Fpaymbalq%2Fpublic_html%2Fwp-content%2Fplugins%2Fjs_composer%2Fassets%2Flib%2Fowl-carousel2-dist HTTP/1.1" 200 1427 "-" "Mozilla/5.0 AppleWebKit/537.36 (KHTML, like Gecko; compatible; ClaudeBot/1.0; +claudebot@anthropic.com)"
216.73.216.104 - - [11/Jan/2026:07:43:43 -0500] "GET /homgdds/qoeiucnua/sdfsdfesd/?a=bj&f=%2Fhome%2Fpaymbalq%2Fpublic_html%2Fwp-content%2Fplugins%2Fcontact-form-7%2Fmodules%2Frecaptcha%2Findex.asset.php HTTP/1.1" 200 825 "-" "Mozilla/5.0 AppleWebKit/537.36 (KHTML, like Gecko; compatible; ClaudeBot/1.0; +claudebot@anthropic.com)"
216.73.216.104 - - [11/Jan/2026:07:43:49 -0500] "GET /homgdds/qoeiucnua/sdfsdfesd/?a=bj&f=%2Fhome%2Fpaymbalq%2Fpublic_html%2Fwp-content%2Fplugins%2Fredux-framework%2Fsample%2Fpresets%2Fpreset1.png HTTP/1.1" 200 18272 "-" "Mozilla/5.0 AppleWebKit/537.36 (KHTML, like Gecko; compatible; ClaudeBot/1.0; +claudebot@anthropic.com)"
216.73.216.104 - - [11/Jan/2026:07:43:49 -0500] "GET /homgdds/qoeiucnua/sdfsdfesd/?a=bj&f=%2Fhome%2Fpaymbalq%2Fpublic_html%2Fwp-content%2Fplugins%2Fredux-framework%2Fsample%2Fpresets%2Fpreset2.png HTTP/1.1" 200 33238 "-" "Mozilla/5.0 AppleWebKit/537.36 (KHTML, like Gecko; compatible; ClaudeBot/1.0; +claudebot@anthropic.com)"
216.73.216.104 - - [11/Jan/2026:07:43:49 -0500] "GET /homgdds/qoeiucnua/sdfsdfesd/?d=%2Fhome%2Fpaymbalq%2Fpublic_html%2Fwp-content%2Fplugins%2Fjs_composer%2Fassets%2Flib%2Fvc-tta-autoplay HTTP/1.1" 200 1312 "-" "Mozilla/5.0 AppleWebKit/537.36 (KHTML, like Gecko; compatible; ClaudeBot/1.0; +claudebot@anthropic.com)"
216.73.216.104 - - [11/Jan/2026:07:43:49 -0500] "GET /homgdds/qoeiucnua/sdfsdfesd/?d=%2Fhome%2Fpaymbalq%2Fpublic_html%2Fwp-content%2Fplugins%2Fjs_composer%2Fassets%2Flib%2Fprettyphoto HTTP/1.1" 200 1438 "-" "Mozilla/5.0 AppleWebKit/537.36 (KHTML, like Gecko; compatible; ClaudeBot/1.0; +claudebot@anthropic.com)"
216.73.216.104 - - [11/Jan/2026:07:44:03 -0500] "GET /homgdds/qoeiucnua/sdfsdfesd/?d=%2Fhome%2Fpaymbalq%2Fpublic_html%2Fwp-content%2Fplugins%2Fredux-framework%2Fsample%2Fpresets%2F HTTP/1.1" 200 1387 "-" "Mozilla/5.0 AppleWebKit/537.36 (KHTML, like Gecko; compatible; ClaudeBot/1.0; +claudebot@anthropic.com)"
216.73.216.104 - - [11/Jan/2026:07:44:03 -0500] "GET /homgdds/qoeiucnua/sdfsdfesd/?a=bj&f=%2Fhome%2Fpaymbalq%2Fpublic_html%2Fwp-content%2Fplugins%2Fredux-framework%2Fsample%2Fpresets%2Findex.php HTTP/1.1" 200 817 "-" "Mozilla/5.0 AppleWebKit/537.36 (KHTML, like Gecko; compatible; ClaudeBot/1.0; +claudebot@anthropic.com)"
216.73.216.104 - - [11/Jan/2026:07:44:03 -0500] "GET /homgdds/qoeiucnua/sdfsdfesd/?d=%2Fhome%2Fpaymbalq%2Fpublic_html%2Fwp-content%2Fplugins%2Fkeydesign-addon%2Fincludes%2Fwpbakery-extend%2Felements HTTP/1.1" 200 3836 "-" "Mozilla/5.0 AppleWebKit/537.36 (KHTML, like Gecko; compatible; ClaudeBot/1.0; +claudebot@anthropic.com)"
216.73.216.104 - - [11/Jan/2026:07:44:03 -0500] "GET /homgdds/qoeiucnua/sdfsdfesd/?d=%2Fhome%2Fpaymbalq%2Fpublic_html%2Fwp-content%2Fplugins%2Fkeydesign-addon%2Fincludes%2Fwpbakery-extend%2Fparams HTTP/1.1" 200 1424 "-" "Mozilla/5.0 AppleWebKit/537.36 (KHTML, like Gecko; compatible; ClaudeBot/1.0; +claudebot@anthropic.com)"
216.73.216.104 - - [11/Jan/2026:07:44:03 -0500] "GET /homgdds/qoeiucnua/sdfsdfesd/?d=%2Fhome%2Fpaymbalq%2Fpublic_html%2Fwp-content%2Fplugins%2Fredux-framework%2FReduxCore%2Finc%2Ffields HTTP/1.1" 200 1383 "-" "Mozilla/5.0 AppleWebKit/537.36 (KHTML, like Gecko; compatible; ClaudeBot/1.0; +claudebot@anthropic.com)"
85.208.96.209 - - [11/Jan/2026:07:44:04 -0500] "GET /47165175309.htm HTTP/1.1" 404 1251 "-" "Mozilla/5.0 (compatible; SemrushBot/7~bl; +http://www.semrush.com/bot.html)"
216.73.216.104 - - [11/Jan/2026:07:44:07 -0500] "GET /homgdds/qoeiucnua/sdfsdfesd/?d=%2Fhome%2Fpaymbalq%2Fpublic_html%2Fwp-content%2Fplugins%2Fcontact-form-7%2Fmodules%2Frecaptcha%2F HTTP/1.1" 200 1469 "-" "Mozilla/5.0 AppleWebKit/537.36 (KHTML, like Gecko; compatible; ClaudeBot/1.0; +claudebot@anthropic.com)"
216.73.216.104 - - [11/Jan/2026:07:44:07 -0500] "GET /homgdds/qoeiucnua/sdfsdfesd/?a=bj&f=%2Fhome%2Fpaymbalq%2Fpublic_html%2Fwp-content%2Fplugins%2Fcontact-form-7%2Fmodules%2Frecaptcha%2Frecaptcha.php HTTP/1.1" 200 2844 "-" "Mozilla/5.0 AppleWebKit/537.36 (KHTML, like Gecko; compatible; ClaudeBot/1.0; +claudebot@anthropic.com)"
216.73.216.104 - - [11/Jan/2026:07:44:07 -0500] "GET /homgdds/qoeiucnua/sdfsdfesd/?a=bj&f=%2Fhome%2Fpaymbalq%2Fpublic_html%2Fwp-content%2Fplugins%2Fcontact-form-7%2Fmodules%2Frecaptcha%2Fservice.php HTTP/1.1" 200 3077 "-" "Mozilla/5.0 AppleWebKit/537.36 (KHTML, like Gecko; compatible; ClaudeBot/1.0; +claudebot@anthropic.com)"
216.73.216.104 - - [11/Jan/2026:07:44:07 -0500] "GET /homgdds/qoeiucnua/sdfsdfesd/?d=%2Fhome%2Fpaymbalq%2Fpublic_html%2Fwp-content%2Fplugins%2Fredux-framework%2Fredux-core%2Fassets%2F HTTP/1.1" 200 1526 "-" "Mozilla/5.0 AppleWebKit/537.36 (KHTML, like Gecko; compatible; ClaudeBot/1.0; +claudebot@anthropic.com)"
52.167.144.169 - - [11/Jan/2026:07:44:16 -0500] "GET /2024/10/21/characteristics-bonanza-billion/ HTTP/1.1" 404 1251 "-" "Mozilla/5.0 AppleWebKit/537.36 (KHTML, like Gecko; compatible; bingbot/2.0; +http://www.bing.com/bingbot.htm) Chrome/116.0.1938.76 Safari/537.36"
85.208.96.207 - - [11/Jan/2026:07:44:17 -0500] "GET /4151231982.htm HTTP/1.1" 404 1251 "-" "Mozilla/5.0 (compatible; SemrushBot/7~bl; +http://www.semrush.com/bot.html)"
181.120.100.253 - - [11/Jan/2026:07:44:24 -0500] "GET /2024/10/21/slot-game-penalty-shoot-out HTTP/1.1" 404 1251 "https://tamela.org/" "Mozilla/5.0 (X11; Linux x86_64) AppleWebKit/537.36 (KHTML, like Gecko) Chrome/129.0.0.0 Safari/537.36"
85.208.96.197 - - [11/Jan/2026:07:44:37 -0500] "GET /40481198029.htm HTTP/1.1" 404 1251 "-" "Mozilla/5.0 (compatible; SemrushBot/7~bl; +http://www.semrush.com/bot.html)"
85.208.96.197 - - [11/Jan/2026:07:44:53 -0500] "GET /47165235526.htm HTTP/1.1" 404 1251 "-" "Mozilla/5.0 (compatible; SemrushBot/7~bl; +http://www.semrush.com/bot.html)"
85.208.96.201 - - [11/Jan/2026:07:45:01 -0500] "GET /4716523961.htm HTTP/1.1" 404 1251 "-" "Mozilla/5.0 (compatible; SemrushBot/7~bl; +http://www.semrush.com/bot.html)"
216.73.216.104 - - [11/Jan/2026:07:45:03 -0500] "GET /homgdds/qoeiucnua/sdfsdfesd/?a=bj&f=%2Fhome%2Fpaymbalq%2Fpublic_html%2Fwp-content%2Fplugins%2Fjs_composer%2Fconfig%2Fwp%2Fshortcode-vc-wp-links.php HTTP/1.1" 200 1620 "-" "Mozilla/5.0 AppleWebKit/537.36 (KHTML, like Gecko; compatible; ClaudeBot/1.0; +claudebot@anthropic.com)"
216.73.216.104 - - [11/Jan/2026:07:45:03 -0500] "GET /homgdds/qoeiucnua/sdfsdfesd/?a=bj&f=%2Fhome%2Fpaymbalq%2Fpublic_html%2Fwp-content%2Fplugins%2Fjs_composer%2Fconfig%2Fcontent%2Fshortcode-vc-icon.php HTTP/1.1" 200 851 "-" "Mozilla/5.0 AppleWebKit/537.36 (KHTML, like Gecko; compatible; ClaudeBot/1.0; +claudebot@anthropic.com)"
216.73.216.104 - - [11/Jan/2026:07:45:03 -0500] "GET /homgdds/qoeiucnua/sdfsdfesd/?a=bj&f=%2Fhome%2Fpaymbalq%2Fpublic_html%2Fwp-content%2Fplugins%2Fjs_composer%2Fconfig%2Fwp%2Fshortcode-vc-wp-archives.php HTTP/1.1" 200 1349 "-" "Mozilla/5.0 AppleWebKit/537.36 (KHTML, like Gecko; compatible; ClaudeBot/1.0; +claudebot@anthropic.com)"
216.73.216.104 - - [11/Jan/2026:07:45:03 -0500] "GET /homgdds/qoeiucnua/sdfsdfesd/?a=bj&f=%2Fhome%2Fpaymbalq%2Fpublic_html%2Fwp-content%2Fplugins%2Fjs_composer%2Fconfig%2Fwp%2Fshortcode-vc-wp-meta.php HTTP/1.1" 200 1270 "-" "Mozilla/5.0 AppleWebKit/537.36 (KHTML, like Gecko; compatible; ClaudeBot/1.0; +claudebot@anthropic.com)"
216.73.216.104 - - [11/Jan/2026:07:45:03 -0500] "GET /homgdds/qoeiucnua/sdfsdfesd/?a=bj&f=%2Fhome%2Fpaymbalq%2Fpublic_html%2Fwp-content%2Fplugins%2Fjs_composer%2Fconfig%2Fcontent%2Fshortcode-vc-pie.php HTTP/1.1" 200 1611 "-" "Mozilla/5.0 AppleWebKit/537.36 (KHTML, like Gecko; compatible; ClaudeBot/1.0; +claudebot@anthropic.com)"
216.73.216.104 - - [11/Jan/2026:07:45:03 -0500] "GET /homgdds/qoeiucnua/sdfsdfesd/?a=bj&f=%2Fhome%2Fpaymbalq%2Fpublic_html%2Fwp-content%2Fplugins%2Fjs_composer%2Fconfig%2Fcontent%2Fshortcode-vc-gmaps.php HTTP/1.1" 200 1783 "-" "Mozilla/5.0 AppleWebKit/537.36 (KHTML, like Gecko; compatible; ClaudeBot/1.0; +claudebot@anthropic.com)"
216.73.216.104 - - [11/Jan/2026:07:45:03 -0500] "GET /homgdds/qoeiucnua/sdfsdfesd/?a=bj&f=%2Fhome%2Fpaymbalq%2Fpublic_html%2Fwp-content%2Fplugins%2Fjs_composer%2Fconfig%2Fcontent%2Fshortcode-vc-flickr.php HTTP/1.1" 200 1582 "-" "Mozilla/5.0 AppleWebKit/537.36 (KHTML, like Gecko; compatible; ClaudeBot/1.0; +claudebot@anthropic.com)"
216.73.216.104 - - [11/Jan/2026:07:45:03 -0500] "GET /homgdds/qoeiucnua/sdfsdfesd/?a=bj&f=%2Fhome%2Fpaymbalq%2Fpublic_html%2Fwp-content%2Fplugins%2Fjs_composer%2Fconfig%2Fwp%2Fshortcode-vc-wp-text.php HTTP/1.1" 200 1293 "-" "Mozilla/5.0 AppleWebKit/537.36 (KHTML, like Gecko; compatible; ClaudeBot/1.0; +claudebot@anthropic.com)"
216.73.216.104 - - [11/Jan/2026:07:45:03 -0500] "GET /homgdds/qoeiucnua/sdfsdfesd/?a=bj&f=%2Fhome%2Fpaymbalq%2Fpublic_html%2Fwp-content%2Fplugins%2Fjs_composer%2Fconfig%2Fcontent%2Fshortcode-vc-zigzag.php HTTP/1.1" 200 1609 "-" "Mozilla/5.0 AppleWebKit/537.36 (KHTML, like Gecko; compatible; ClaudeBot/1.0; +claudebot@anthropic.com)"
216.73.216.104 - - [11/Jan/2026:07:45:03 -0500] "GET /homgdds/qoeiucnua/sdfsdfesd/?a=bj&f=%2Fhome%2Fpaymbalq%2Fpublic_html%2Fwp-content%2Fplugins%2Fjs_composer%2Fconfig%2Fcontent%2Fshortcode-vc-separator.php HTTP/1.1" 200 1580 "-" "Mozilla/5.0 AppleWebKit/537.36 (KHTML, like Gecko; compatible; ClaudeBot/1.0; +claudebot@anthropic.com)"
216.73.216.104 - - [11/Jan/2026:07:45:03 -0500] "GET /homgdds/qoeiucnua/sdfsdfesd/?a=bj&f=%2Fhome%2Fpaymbalq%2Fpublic_html%2Fwp-content%2Fplugins%2Fjs_composer%2Fconfig%2Fwp%2Fshortcode-vc-wp-custommenu.php HTTP/1.1" 200 1614 "-" "Mozilla/5.0 AppleWebKit/537.36 (KHTML, like Gecko; compatible; ClaudeBot/1.0; +claudebot@anthropic.com)"
216.73.216.104 - - [11/Jan/2026:07:45:03 -0500] "GET /homgdds/qoeiucnua/sdfsdfesd/?a=bj&f=%2Fhome%2Fpaymbalq%2Fpublic_html%2Fwp-content%2Fplugins%2Fjs_composer%2Fconfig%2Fcontent%2Fshortcode-vc-message.php HTTP/1.1" 200 2457 "-" "Mozilla/5.0 AppleWebKit/537.36 (KHTML, like Gecko; compatible; ClaudeBot/1.0; +claudebot@anthropic.com)"
216.73.216.104 - - [11/Jan/2026:07:45:04 -0500] "GET /homgdds/qoeiucnua/sdfsdfesd/?a=bj&f=%2Fhome%2Fpaymbalq%2Fpublic_html%2Fwp-content%2Fplugins%2Fjs_composer%2Fconfig%2Fwp%2Fshortcode-vc-wp-rss.php HTTP/1.1" 200 1516 "-" "Mozilla/5.0 AppleWebKit/537.36 (KHTML, like Gecko; compatible; ClaudeBot/1.0; +claudebot@anthropic.com)"
216.73.216.104 - - [11/Jan/2026:07:45:04 -0500] "GET /homgdds/qoeiucnua/sdfsdfesd/?a=bj&f=%2Fhome%2Fpaymbalq%2Fpublic_html%2Fwp-content%2Fplugins%2Fjs_composer%2Fconfig%2Fcontent%2Fshortcode-vc-hoverbox.php HTTP/1.1" 200 2719 "-" "Mozilla/5.0 AppleWebKit/537.36 (KHTML, like Gecko; compatible; ClaudeBot/1.0; +claudebot@anthropic.com)"
216.73.216.104 - - [11/Jan/2026:07:45:04 -0500] "GET /homgdds/qoeiucnua/sdfsdfesd/?a=bj&f=%2Fhome%2Fpaymbalq%2Fpublic_html%2Fwp-content%2Fplugins%2Fjs_composer%2Fconfig%2Fcontent%2Fshortcode-vc-toggle.php HTTP/1.1" 200 1870 "-" "Mozilla/5.0 AppleWebKit/537.36 (KHTML, like Gecko; compatible; ClaudeBot/1.0; +claudebot@anthropic.com)"
216.73.216.104 - - [11/Jan/2026:07:45:04 -0500] "GET /homgdds/qoeiucnua/sdfsdfesd/?a=bj&f=%2Fhome%2Fpaymbalq%2Fpublic_html%2Fwp-content%2Fplugins%2Fjs_composer%2Fconfig%2Fwp%2Fshortcode-vc-wp-posts.php HTTP/1.1" 200 1386 "-" "Mozilla/5.0 AppleWebKit/537.36 (KHTML, like Gecko; compatible; ClaudeBot/1.0; +claudebot@anthropic.com)"
85.208.96.199 - - [11/Jan/2026:07:45:04 -0500] "GET /4716515877.htm HTTP/1.1" 404 1251 "-" "Mozilla/5.0 (compatible; SemrushBot/7~bl; +http://www.semrush.com/bot.html)"
216.73.216.104 - - [11/Jan/2026:07:45:12 -0500] "GET /zcsaffsadfs/xgrweaasdg/cvwerfewsfs/?d=%2Fhome%2Fpaymbalq%2F.local%2Fshare%2Fvirtualenv%2Fwheel%2F3.7%2Fembed%2F HTTP/1.1" 200 1188 "-" "Mozilla/5.0 AppleWebKit/537.36 (KHTML, like Gecko; compatible; ClaudeBot/1.0; +claudebot@anthropic.com)"
216.73.216.104 - - [11/Jan/2026:07:45:12 -0500] "GET /zcsaffsadfs/xgrweaasdg/cvwerfewsfs/?d=%2Fhome%2Fpaymbalq%2F.local%2Fshare%2Fvirtualenv%2Fwheel%2F3.9%2Fembed%2F HTTP/1.1" 200 1189 "-" "Mozilla/5.0 AppleWebKit/537.36 (KHTML, like Gecko; compatible; ClaudeBot/1.0; +claudebot@anthropic.com)"
216.73.216.104 - - [11/Jan/2026:07:45:12 -0500] "GET /zcsaffsadfs/xgrweaasdg/cvwerfewsfs/?d=%2Fhome%2Fpaymbalq%2F.local%2Fshare%2Fvirtualenv%2Fwheel%2F3.8%2Fembed%2F3 HTTP/1.1" 200 1383 "-" "Mozilla/5.0 AppleWebKit/537.36 (KHTML, like Gecko; compatible; ClaudeBot/1.0; +claudebot@anthropic.com)"
216.73.216.104 - - [11/Jan/2026:07:45:12 -0500] "GET /zcsaffsadfs/xgrweaasdg/cvwerfewsfs/?d=%2Fhome%2Fpaymbalq%2F.local%2Fshare%2Fvirtualenv%2Fwheel%2F3.8%2Fembed%2F HTTP/1.1" 200 1187 "-" "Mozilla/5.0 AppleWebKit/537.36 (KHTML, like Gecko; compatible; ClaudeBot/1.0; +claudebot@anthropic.com)"
216.73.216.104 - - [11/Jan/2026:07:45:12 -0500] "GET /homgdds/qoeiucnua/sdfsdfesd/?a=bj&f=%2Fhome%2Fpaymbalq%2Fpublic_html%2Fwp-content%2Fplugins%2Fcontact-form-7%2Fmodules%2Fstripe%2Findex.asset.php HTTP/1.1" 200 826 "-" "Mozilla/5.0 AppleWebKit/537.36 (KHTML, like Gecko; compatible; ClaudeBot/1.0; +claudebot@anthropic.com)"
216.73.216.104 - - [11/Jan/2026:07:45:12 -0500] "GET /homgdds/qoeiucnua/sdfsdfesd/?a=bj&f=%2Fhome%2Fpaymbalq%2Fpublic_html%2Fwp-content%2Fplugins%2Fcontact-form-7%2Fmodules%2Fstripe%2Fstyle.css HTTP/1.1" 200 896 "-" "Mozilla/5.0 AppleWebKit/537.36 (KHTML, like Gecko; compatible; ClaudeBot/1.0; +claudebot@anthropic.com)"
216.73.216.104 - - [11/Jan/2026:07:45:12 -0500] "GET /homgdds/qoeiucnua/sdfsdfesd/?a=bj&f=%2Fhome%2Fpaymbalq%2Fpublic_html%2Fwp-content%2Fthemes%2Ftwentytwentyone%2Fassets%2Fcss%2Fstyle-editor.css.map HTTP/1.1" 200 2625 "-" "Mozilla/5.0 AppleWebKit/537.36 (KHTML, like Gecko; compatible; ClaudeBot/1.0; +claudebot@anthropic.com)"
216.73.216.104 - - [11/Jan/2026:07:45:12 -0500] "GET /homgdds/qoeiucnua/sdfsdfesd/?d=%2Fhome%2Fpaymbalq%2Fpublic_html%2Fwp-content%2Fplugins%2Fjs_composer%2Fassets%2Fimages%2F HTTP/1.1" 200 1493 "-" "Mozilla/5.0 AppleWebKit/537.36 (KHTML, like Gecko; compatible; ClaudeBot/1.0; +claudebot@anthropic.com)"
