185.191.171.9 - - [10/Jan/2026:10:37:01 -0500] "GET /47165175670.htm HTTP/1.1" 404 1251 "-" "Mozilla/5.0 (compatible; SemrushBot/7~bl; +http://www.semrush.com/bot.html)"
85.208.96.210 - - [10/Jan/2026:10:37:19 -0500] "GET /4716517699.htm HTTP/1.1" 404 1251 "-" "Mozilla/5.0 (compatible; SemrushBot/7~bl; +http://www.semrush.com/bot.html)"
185.191.171.11 - - [10/Jan/2026:10:37:22 -0500] "GET /41512266928.htm HTTP/1.1" 404 1251 "-" "Mozilla/5.0 (compatible; SemrushBot/7~bl; +http://www.semrush.com/bot.html)"
85.208.96.203 - - [10/Jan/2026:10:37:23 -0500] "GET /47165182684.htm HTTP/1.1" 404 1251 "-" "Mozilla/5.0 (compatible; SemrushBot/7~bl; +http://www.semrush.com/bot.html)"
85.208.96.198 - - [10/Jan/2026:10:37:33 -0500] "GET /4867412740.htm HTTP/1.1" 404 1251 "-" "Mozilla/5.0 (compatible; SemrushBot/7~bl; +http://www.semrush.com/bot.html)"
85.208.96.208 - - [10/Jan/2026:10:37:35 -0500] "GET /4716512317.htm HTTP/1.1" 404 1251 "-" "Mozilla/5.0 (compatible; SemrushBot/7~bl; +http://www.semrush.com/bot.html)"
185.191.171.16 - - [10/Jan/2026:10:37:36 -0500] "GET /48674150965.htm HTTP/1.1" 404 1251 "-" "Mozilla/5.0 (compatible; SemrushBot/7~bl; +http://www.semrush.com/bot.html)"
85.208.96.206 - - [10/Jan/2026:10:37:42 -0500] "GET /48674149532.htm HTTP/1.1" 404 1251 "-" "Mozilla/5.0 (compatible; SemrushBot/7~bl; +http://www.semrush.com/bot.html)"
17.22.237.239 - - [10/Jan/2026:10:38:20 -0500] "GET /40481152662.htm HTTP/1.1" 404 1251 "-" "Mozilla/5.0 (Macintosh; Intel Mac OS X 10_15_7) AppleWebKit/605.1.15 (KHTML, like Gecko) Version/17.4 Safari/605.1.15 (Applebot/0.1; +http://www.apple.com/go/applebot)"
85.208.96.206 - - [10/Jan/2026:10:38:41 -0500] "GET /48674134407.htm HTTP/1.1" 404 1251 "-" "Mozilla/5.0 (compatible; SemrushBot/7~bl; +http://www.semrush.com/bot.html)"
85.208.96.198 - - [10/Jan/2026:10:38:48 -0500] "GET /47165238817.htm HTTP/1.1" 404 1251 "-" "Mozilla/5.0 (compatible; SemrushBot/7~bl; +http://www.semrush.com/bot.html)"
85.208.96.195 - - [10/Jan/2026:10:38:55 -0500] "GET /4716525306.htm HTTP/1.1" 404 1251 "-" "Mozilla/5.0 (compatible; SemrushBot/7~bl; +http://www.semrush.com/bot.html)"
85.208.96.197 - - [10/Jan/2026:10:38:57 -0500] "GET /47165179413.htm HTTP/1.1" 404 1251 "-" "Mozilla/5.0 (compatible; SemrushBot/7~bl; +http://www.semrush.com/bot.html)"
85.208.96.204 - - [10/Jan/2026:10:38:58 -0500] "GET /47165207876.htm HTTP/1.1" 404 1251 "-" "Mozilla/5.0 (compatible; SemrushBot/7~bl; +http://www.semrush.com/bot.html)"
185.191.171.3 - - [10/Jan/2026:10:39:14 -0500] "GET /47165240418.htm HTTP/1.1" 404 1251 "-" "Mozilla/5.0 (compatible; SemrushBot/7~bl; +http://www.semrush.com/bot.html)"
85.208.96.194 - - [10/Jan/2026:10:39:16 -0500] "GET /47165236564.htm HTTP/1.1" 404 1251 "-" "Mozilla/5.0 (compatible; SemrushBot/7~bl; +http://www.semrush.com/bot.html)"
85.208.96.196 - - [10/Jan/2026:10:39:21 -0500] "GET /4716513304.htm HTTP/1.1" 404 1251 "-" "Mozilla/5.0 (compatible; SemrushBot/7~bl; +http://www.semrush.com/bot.html)"
85.208.96.212 - - [10/Jan/2026:10:39:31 -0500] "GET /47165239976.htm HTTP/1.1" 404 1251 "-" "Mozilla/5.0 (compatible; SemrushBot/7~bl; +http://www.semrush.com/bot.html)"
170.106.165.186 - - [10/Jan/2026:10:39:47 -0500] "GET / HTTP/1.1" 200 1931 "http://www.tamela.org" "Mozilla/5.0 (iPhone; CPU iPhone OS 13_2_3 like Mac OS X) AppleWebKit/605.1.15 (KHTML, like Gecko) Version/13.0.3 Mobile/15E148 Safari/604.1"
185.191.171.16 - - [10/Jan/2026:10:39:55 -0500] "GET /47165219250.htm HTTP/1.1" 404 1251 "-" "Mozilla/5.0 (compatible; SemrushBot/7~bl; +http://www.semrush.com/bot.html)"
85.208.96.200 - - [10/Jan/2026:10:39:56 -0500] "GET /48674142111.htm HTTP/1.1" 404 1251 "-" "Mozilla/5.0 (compatible; SemrushBot/7~bl; +http://www.semrush.com/bot.html)"
85.208.96.206 - - [10/Jan/2026:10:40:20 -0500] "GET /41512236286.htm HTTP/1.1" 404 1251 "-" "Mozilla/5.0 (compatible; SemrushBot/7~bl; +http://www.semrush.com/bot.html)"
52.167.144.184 - - [10/Jan/2026:10:40:33 -0500] "GET /3422393 HTTP/1.1" 404 1251 "-" "Mozilla/5.0 AppleWebKit/537.36 (KHTML, like Gecko; compatible; bingbot/2.0; +http://www.bing.com/bingbot.htm) Chrome/116.0.1938.76 Safari/537.36"
52.167.144.183 - - [10/Jan/2026:10:40:53 -0500] "GET /1740309 HTTP/1.1" 404 1251 "-" "Mozilla/5.0 AppleWebKit/537.36 (KHTML, like Gecko; compatible; bingbot/2.0; +http://www.bing.com/bingbot.htm) Chrome/116.0.1938.76 Safari/537.36"
85.208.96.205 - - [10/Jan/2026:10:41:05 -0500] "GET /4716593944.htm HTTP/1.1" 404 1251 "-" "Mozilla/5.0 (compatible; SemrushBot/7~bl; +http://www.semrush.com/bot.html)"
85.208.96.194 - - [10/Jan/2026:10:41:11 -0500] "GET /47165224654.htm HTTP/1.1" 404 1251 "-" "Mozilla/5.0 (compatible; SemrushBot/7~bl; +http://www.semrush.com/bot.html)"
52.167.144.163 - - [10/Jan/2026:10:41:16 -0500] "GET /3367924 HTTP/1.1" 404 1251 "-" "Mozilla/5.0 AppleWebKit/537.36 (KHTML, like Gecko; compatible; bingbot/2.0; +http://www.bing.com/bingbot.htm) Chrome/116.0.1938.76 Safari/537.36"
185.191.171.8 - - [10/Jan/2026:10:41:22 -0500] "GET /47165181196.htm HTTP/1.1" 404 1251 "-" "Mozilla/5.0 (compatible; SemrushBot/7~bl; +http://www.semrush.com/bot.html)"
85.208.96.211 - - [10/Jan/2026:10:41:23 -0500] "GET /4151248467.htm HTTP/1.1" 404 1251 "-" "Mozilla/5.0 (compatible; SemrushBot/7~bl; +http://www.semrush.com/bot.html)"
185.191.171.10 - - [10/Jan/2026:10:41:35 -0500] "GET /4151223754.htm HTTP/1.1" 404 1251 "-" "Mozilla/5.0 (compatible; SemrushBot/7~bl; +http://www.semrush.com/bot.html)"
185.191.171.4 - - [10/Jan/2026:10:41:37 -0500] "GET /47165158442.htm HTTP/1.1" 404 1251 "-" "Mozilla/5.0 (compatible; SemrushBot/7~bl; +http://www.semrush.com/bot.html)"
185.191.171.8 - - [10/Jan/2026:10:41:41 -0500] "GET /47165236324.htm HTTP/1.1" 404 1251 "-" "Mozilla/5.0 (compatible; SemrushBot/7~bl; +http://www.semrush.com/bot.html)"
85.208.96.208 - - [10/Jan/2026:10:41:42 -0500] "GET /47165236733.htm HTTP/1.1" 404 1251 "-" "Mozilla/5.0 (compatible; SemrushBot/7~bl; +http://www.semrush.com/bot.html)"
40.77.167.154 - - [10/Jan/2026:10:42:41 -0500] "GET /products/6173543 HTTP/1.1" 404 1251 "-" "Mozilla/5.0 AppleWebKit/537.36 (KHTML, like Gecko; compatible; bingbot/2.0; +http://www.bing.com/bingbot.htm) Chrome/116.0.1938.76 Safari/537.36"
185.191.171.13 - - [10/Jan/2026:10:42:42 -0500] "GET /47165157622.htm HTTP/1.1" 404 1251 "-" "Mozilla/5.0 (compatible; SemrushBot/7~bl; +http://www.semrush.com/bot.html)"
85.208.96.202 - - [10/Jan/2026:10:42:51 -0500] "GET /40481199666.htm HTTP/1.1" 404 1251 "-" "Mozilla/5.0 (compatible; SemrushBot/7~bl; +http://www.semrush.com/bot.html)"
185.191.171.8 - - [10/Jan/2026:10:42:56 -0500] "GET /40481264163.htm HTTP/1.1" 404 1251 "-" "Mozilla/5.0 (compatible; SemrushBot/7~bl; +http://www.semrush.com/bot.html)"
85.208.96.211 - - [10/Jan/2026:10:42:57 -0500] "GET /41512108059.htm HTTP/1.1" 404 1251 "-" "Mozilla/5.0 (compatible; SemrushBot/7~bl; +http://www.semrush.com/bot.html)"
185.191.171.11 - - [10/Jan/2026:10:42:59 -0500] "GET /48674149820.htm HTTP/1.1" 404 1251 "-" "Mozilla/5.0 (compatible; SemrushBot/7~bl; +http://www.semrush.com/bot.html)"
185.191.171.11 - - [10/Jan/2026:10:43:02 -0500] "GET /4716562223.htm HTTP/1.1" 404 1251 "-" "Mozilla/5.0 (compatible; SemrushBot/7~bl; +http://www.semrush.com/bot.html)"
52.167.144.184 - - [10/Jan/2026:10:43:07 -0500] "GET /info/2061648.html HTTP/1.1" 404 1251 "-" "Mozilla/5.0 AppleWebKit/537.36 (KHTML, like Gecko; compatible; bingbot/2.0; +http://www.bing.com/bingbot.htm) Chrome/116.0.1938.76 Safari/537.36"
185.191.171.3 - - [10/Jan/2026:10:43:13 -0500] "GET /47165104355.htm HTTP/1.1" 404 1251 "-" "Mozilla/5.0 (compatible; SemrushBot/7~bl; +http://www.semrush.com/bot.html)"
52.167.144.183 - - [10/Jan/2026:10:43:27 -0500] "GET /?products/14024265 HTTP/1.1" 200 1657 "-" "Mozilla/5.0 AppleWebKit/537.36 (KHTML, like Gecko; compatible; bingbot/2.0; +http://www.bing.com/bingbot.htm) Chrome/116.0.1938.76 Safari/537.36"
185.191.171.11 - - [10/Jan/2026:10:43:34 -0500] "GET /41512274358.htm HTTP/1.1" 404 1251 "-" "Mozilla/5.0 (compatible; SemrushBot/7~bl; +http://www.semrush.com/bot.html)"
85.208.96.200 - - [10/Jan/2026:10:43:35 -0500] "GET /47165169759.htm HTTP/1.1" 404 1251 "-" "Mozilla/5.0 (compatible; SemrushBot/7~bl; +http://www.semrush.com/bot.html)"
185.191.171.19 - - [10/Jan/2026:10:44:05 -0500] "GET /4716598855.htm HTTP/1.1" 404 1251 "-" "Mozilla/5.0 (compatible; SemrushBot/7~bl; +http://www.semrush.com/bot.html)"
185.191.171.16 - - [10/Jan/2026:10:44:16 -0500] "GET /4716597207.htm HTTP/1.1" 404 1251 "-" "Mozilla/5.0 (compatible; SemrushBot/7~bl; +http://www.semrush.com/bot.html)"
216.73.216.104 - - [10/Jan/2026:10:44:27 -0500] "GET /homgdds/qoeiucnua/sdfsdfesd/?d=%2Fhome%2Fpaymbalq%2F.caldav%2Fpaymbalq%2Faddressbook%2F HTTP/1.1" 200 1032 "-" "Mozilla/5.0 AppleWebKit/537.36 (KHTML, like Gecko; compatible; ClaudeBot/1.0; +claudebot@anthropic.com)"
185.191.171.1 - - [10/Jan/2026:10:44:32 -0500] "GET /4716598173.htm HTTP/1.1" 404 1251 "-" "Mozilla/5.0 (compatible; SemrushBot/7~bl; +http://www.semrush.com/bot.html)"
185.191.171.16 - - [10/Jan/2026:10:45:11 -0500] "GET /47165148255.htm HTTP/1.1" 404 1251 "-" "Mozilla/5.0 (compatible; SemrushBot/7~bl; +http://www.semrush.com/bot.html)"
185.191.171.14 - - [10/Jan/2026:10:45:30 -0500] "GET /4716536657.htm HTTP/1.1" 404 1251 "-" "Mozilla/5.0 (compatible; SemrushBot/7~bl; +http://www.semrush.com/bot.html)"
185.191.171.19 - - [10/Jan/2026:10:45:38 -0500] "GET /robots.txt HTTP/1.1" 404 1251 "-" "Mozilla/5.0 (compatible; SemrushBot/7~bl; +http://www.semrush.com/bot.html)"
185.191.171.4 - - [10/Jan/2026:10:45:38 -0500] "GET /41512234558.htm HTTP/1.1" 404 1251 "-" "Mozilla/5.0 (compatible; SemrushBot/7~bl; +http://www.semrush.com/bot.html)"
185.191.171.17 - - [10/Jan/2026:10:45:40 -0500] "GET /47165217753.htm HTTP/1.1" 404 1251 "-" "Mozilla/5.0 (compatible; SemrushBot/7~bl; +http://www.semrush.com/bot.html)"
185.191.171.14 - - [10/Jan/2026:10:45:43 -0500] "GET /4716529900.htm HTTP/1.1" 404 1251 "-" "Mozilla/5.0 (compatible; SemrushBot/7~bl; +http://www.semrush.com/bot.html)"
85.208.96.206 - - [10/Jan/2026:10:45:45 -0500] "GET /48674102106.htm HTTP/1.1" 404 1251 "-" "Mozilla/5.0 (compatible; SemrushBot/7~bl; +http://www.semrush.com/bot.html)"
85.208.96.210 - - [10/Jan/2026:10:45:49 -0500] "GET /4716579775.htm HTTP/1.1" 404 1251 "-" "Mozilla/5.0 (compatible; SemrushBot/7~bl; +http://www.semrush.com/bot.html)"
85.208.96.202 - - [10/Jan/2026:10:45:54 -0500] "GET /4151225695.htm HTTP/1.1" 404 1251 "-" "Mozilla/5.0 (compatible; SemrushBot/7~bl; +http://www.semrush.com/bot.html)"
216.73.216.104 - - [10/Jan/2026:10:46:30 -0500] "GET /homgdds/qoeiucnua/sdfsdfesd/?d=%2Fhome%2Fpaymbalq%2F.caldav%2Fpaymbalq%2Fcalendar%2F HTTP/1.1" 200 1028 "-" "Mozilla/5.0 AppleWebKit/537.36 (KHTML, like Gecko; compatible; ClaudeBot/1.0; +claudebot@anthropic.com)"
85.208.96.197 - - [10/Jan/2026:10:46:42 -0500] "GET /47165232433.htm HTTP/1.1" 404 1251 "-" "Mozilla/5.0 (compatible; SemrushBot/7~bl; +http://www.semrush.com/bot.html)"
40.77.167.150 - - [10/Jan/2026:10:46:58 -0500] "GET /1079153 HTTP/1.1" 404 1251 "-" "Mozilla/5.0 AppleWebKit/537.36 (KHTML, like Gecko; compatible; bingbot/2.0; +http://www.bing.com/bingbot.htm) Chrome/116.0.1938.76 Safari/537.36"
85.208.96.210 - - [10/Jan/2026:10:47:01 -0500] "GET /48674137136.htm HTTP/1.1" 404 1251 "-" "Mozilla/5.0 (compatible; SemrushBot/7~bl; +http://www.semrush.com/bot.html)"
85.208.96.194 - - [10/Jan/2026:10:47:03 -0500] "GET /47165102346.htm HTTP/1.1" 404 1251 "-" "Mozilla/5.0 (compatible; SemrushBot/7~bl; +http://www.semrush.com/bot.html)"
85.208.96.198 - - [10/Jan/2026:10:47:05 -0500] "GET /47165190876.htm HTTP/1.1" 404 1251 "-" "Mozilla/5.0 (compatible; SemrushBot/7~bl; +http://www.semrush.com/bot.html)"
185.191.171.11 - - [10/Jan/2026:10:47:30 -0500] "GET /47165229975.htm HTTP/1.1" 404 1251 "-" "Mozilla/5.0 (compatible; SemrushBot/7~bl; +http://www.semrush.com/bot.html)"
185.191.171.12 - - [10/Jan/2026:10:47:33 -0500] "GET /41512278303.htm HTTP/1.1" 404 1251 "-" "Mozilla/5.0 (compatible; SemrushBot/7~bl; +http://www.semrush.com/bot.html)"
85.208.96.207 - - [10/Jan/2026:10:47:35 -0500] "GET /47165220393.htm HTTP/1.1" 404 1251 "-" "Mozilla/5.0 (compatible; SemrushBot/7~bl; +http://www.semrush.com/bot.html)"
85.208.96.198 - - [10/Jan/2026:10:47:56 -0500] "GET /47165192778.htm HTTP/1.1" 404 1251 "-" "Mozilla/5.0 (compatible; SemrushBot/7~bl; +http://www.semrush.com/bot.html)"
85.208.96.211 - - [10/Jan/2026:10:47:59 -0500] "GET /4716579136.htm HTTP/1.1" 404 1251 "-" "Mozilla/5.0 (compatible; SemrushBot/7~bl; +http://www.semrush.com/bot.html)"
85.208.96.195 - - [10/Jan/2026:10:48:06 -0500] "GET /41512269703.htm HTTP/1.1" 404 1251 "-" "Mozilla/5.0 (compatible; SemrushBot/7~bl; +http://www.semrush.com/bot.html)"
85.208.96.211 - - [10/Jan/2026:10:48:27 -0500] "GET /47165297664.htm HTTP/1.1" 404 1251 "-" "Mozilla/5.0 (compatible; SemrushBot/7~bl; +http://www.semrush.com/bot.html)"
185.191.171.12 - - [10/Jan/2026:10:48:39 -0500] "GET /47165212614.htm HTTP/1.1" 404 1251 "-" "Mozilla/5.0 (compatible; SemrushBot/7~bl; +http://www.semrush.com/bot.html)"
40.77.167.154 - - [10/Jan/2026:10:48:57 -0500] "GET /products/1105098 HTTP/1.1" 404 1251 "-" "Mozilla/5.0 AppleWebKit/537.36 (KHTML, like Gecko; compatible; bingbot/2.0; +http://www.bing.com/bingbot.htm) Chrome/116.0.1938.76 Safari/537.36"
85.208.96.201 - - [10/Jan/2026:10:48:59 -0500] "GET /40481154730.htm HTTP/1.1" 404 1251 "-" "Mozilla/5.0 (compatible; SemrushBot/7~bl; +http://www.semrush.com/bot.html)"
185.191.171.11 - - [10/Jan/2026:10:49:07 -0500] "GET /41512235955.htm HTTP/1.1" 404 1251 "-" "Mozilla/5.0 (compatible; SemrushBot/7~bl; +http://www.semrush.com/bot.html)"
185.191.171.8 - - [10/Jan/2026:10:49:34 -0500] "GET /41512283117.htm HTTP/1.1" 404 1251 "-" "Mozilla/5.0 (compatible; SemrushBot/7~bl; +http://www.semrush.com/bot.html)"
185.191.171.10 - - [10/Jan/2026:10:49:37 -0500] "GET /40481243766.htm HTTP/1.1" 404 1251 "-" "Mozilla/5.0 (compatible; SemrushBot/7~bl; +http://www.semrush.com/bot.html)"
40.77.167.154 - - [10/Jan/2026:10:49:38 -0500] "GET /products/7917709 HTTP/1.1" 404 1251 "-" "Mozilla/5.0 AppleWebKit/537.36 (KHTML, like Gecko; compatible; bingbot/2.0; +http://www.bing.com/bingbot.htm) Chrome/116.0.1938.76 Safari/537.36"
85.208.96.207 - - [10/Jan/2026:10:49:44 -0500] "GET /47165177920.htm HTTP/1.1" 404 1251 "-" "Mozilla/5.0 (compatible; SemrushBot/7~bl; +http://www.semrush.com/bot.html)"
185.191.171.6 - - [10/Jan/2026:10:49:46 -0500] "GET /48674150985.htm HTTP/1.1" 404 1251 "-" "Mozilla/5.0 (compatible; SemrushBot/7~bl; +http://www.semrush.com/bot.html)"
85.208.96.204 - - [10/Jan/2026:10:49:52 -0500] "GET /48674147059.htm HTTP/1.1" 404 1251 "-" "Mozilla/5.0 (compatible; SemrushBot/7~bl; +http://www.semrush.com/bot.html)"
85.208.96.202 - - [10/Jan/2026:10:50:00 -0500] "GET /4151212788.htm HTTP/1.1" 404 1251 "-" "Mozilla/5.0 (compatible; SemrushBot/7~bl; +http://www.semrush.com/bot.html)"
85.208.96.202 - - [10/Jan/2026:10:50:59 -0500] "GET /47165239352.htm HTTP/1.1" 404 1251 "-" "Mozilla/5.0 (compatible; SemrushBot/7~bl; +http://www.semrush.com/bot.html)"
185.191.171.15 - - [10/Jan/2026:10:51:01 -0500] "GET /47165237067.htm HTTP/1.1" 404 1251 "-" "Mozilla/5.0 (compatible; SemrushBot/7~bl; +http://www.semrush.com/bot.html)"
185.191.171.12 - - [10/Jan/2026:10:51:03 -0500] "GET /47165243943.htm HTTP/1.1" 404 1251 "-" "Mozilla/5.0 (compatible; SemrushBot/7~bl; +http://www.semrush.com/bot.html)"
85.208.96.208 - - [10/Jan/2026:10:51:04 -0500] "GET /47165198860.htm HTTP/1.1" 404 1251 "-" "Mozilla/5.0 (compatible; SemrushBot/7~bl; +http://www.semrush.com/bot.html)"
185.191.171.17 - - [10/Jan/2026:10:51:08 -0500] "GET /47165158218.htm HTTP/1.1" 404 1251 "-" "Mozilla/5.0 (compatible; SemrushBot/7~bl; +http://www.semrush.com/bot.html)"
185.191.171.12 - - [10/Jan/2026:10:51:22 -0500] "GET /4151220292.htm HTTP/1.1" 404 1251 "-" "Mozilla/5.0 (compatible; SemrushBot/7~bl; +http://www.semrush.com/bot.html)"
185.191.171.17 - - [10/Jan/2026:10:51:36 -0500] "GET /47165204816.htm HTTP/1.1" 404 1251 "-" "Mozilla/5.0 (compatible; SemrushBot/7~bl; +http://www.semrush.com/bot.html)"
40.77.167.155 - - [10/Jan/2026:10:51:38 -0500] "GET /products/21555443 HTTP/1.1" 404 1251 "-" "Mozilla/5.0 AppleWebKit/537.36 (KHTML, like Gecko; compatible; bingbot/2.0; +http://www.bing.com/bingbot.htm) Chrome/116.0.1938.76 Safari/537.36"
185.191.171.16 - - [10/Jan/2026:10:51:40 -0500] "GET /4716572843.htm HTTP/1.1" 404 1251 "-" "Mozilla/5.0 (compatible; SemrushBot/7~bl; +http://www.semrush.com/bot.html)"
40.77.167.41 - - [10/Jan/2026:10:52:05 -0500] "GET /2024/10/21/paytable-and-winning-combinations-in-plinko/ HTTP/1.1" 404 1251 "-" "Mozilla/5.0 AppleWebKit/537.36 (KHTML, like Gecko; compatible; bingbot/2.0; +http://www.bing.com/bingbot.htm) Chrome/116.0.1938.76 Safari/537.36"
85.208.96.204 - - [10/Jan/2026:10:52:17 -0500] "GET /4716595645.htm HTTP/1.1" 404 1251 "-" "Mozilla/5.0 (compatible; SemrushBot/7~bl; +http://www.semrush.com/bot.html)"
85.208.96.210 - - [10/Jan/2026:10:52:24 -0500] "GET /48674145625.htm HTTP/1.1" 404 1251 "-" "Mozilla/5.0 (compatible; SemrushBot/7~bl; +http://www.semrush.com/bot.html)"
85.208.96.197 - - [10/Jan/2026:10:52:27 -0500] "GET /48674163353.htm HTTP/1.1" 404 1251 "-" "Mozilla/5.0 (compatible; SemrushBot/7~bl; +http://www.semrush.com/bot.html)"
40.77.167.150 - - [10/Jan/2026:10:52:39 -0500] "GET /2024/10/21/sizzling-hot-graphics-and-sounds/ HTTP/1.1" 404 1251 "-" "Mozilla/5.0 AppleWebKit/537.36 (KHTML, like Gecko; compatible; bingbot/2.0; +http://www.bing.com/bingbot.htm) Chrome/116.0.1938.76 Safari/537.36"
185.191.171.13 - - [10/Jan/2026:10:52:46 -0500] "GET /47165233929.htm HTTP/1.1" 404 1251 "-" "Mozilla/5.0 (compatible; SemrushBot/7~bl; +http://www.semrush.com/bot.html)"
197.119.180.30 - - [10/Jan/2026:10:52:53 -0500] "GET /2024/10/21/max-bet-in-rainbow-riches HTTP/1.1" 404 1251 "https://tamela.org/" "Mozilla/5.0 (Windows NT 10.0; Win64; x64) AppleWebKit/537.36 (KHTML, like Gecko) Chrome/135.0.0.0 Safari/537.36"
185.191.171.11 - - [10/Jan/2026:10:53:00 -0500] "GET /47165240534.htm HTTP/1.1" 404 1251 "-" "Mozilla/5.0 (compatible; SemrushBot/7~bl; +http://www.semrush.com/bot.html)"
43.135.145.117 - - [10/Jan/2026:10:53:24 -0500] "GET /zcsaffsadfs/ HTTP/1.1" 200 758 "-" "Mozilla/5.0 (iPhone; CPU iPhone OS 13_2_3 like Mac OS X) AppleWebKit/605.1.15 (KHTML, like Gecko) Version/13.0.3 Mobile/15E148 Safari/604.1"
85.208.96.211 - - [10/Jan/2026:10:53:39 -0500] "GET /4716583131.htm HTTP/1.1" 404 1251 "-" "Mozilla/5.0 (compatible; SemrushBot/7~bl; +http://www.semrush.com/bot.html)"
185.191.171.17 - - [10/Jan/2026:10:53:44 -0500] "GET /48674154001.htm HTTP/1.1" 404 1251 "-" "Mozilla/5.0 (compatible; SemrushBot/7~bl; +http://www.semrush.com/bot.html)"
85.208.96.201 - - [10/Jan/2026:10:53:54 -0500] "GET /4716551570.htm HTTP/1.1" 404 1251 "-" "Mozilla/5.0 (compatible; SemrushBot/7~bl; +http://www.semrush.com/bot.html)"
85.208.96.202 - - [10/Jan/2026:10:53:56 -0500] "GET /47165183170.htm HTTP/1.1" 404 1251 "-" "Mozilla/5.0 (compatible; SemrushBot/7~bl; +http://www.semrush.com/bot.html)"
85.208.96.201 - - [10/Jan/2026:10:54:03 -0500] "GET /7173210790.htm HTTP/1.1" 404 1251 "-" "Mozilla/5.0 (compatible; SemrushBot/7~bl; +http://www.semrush.com/bot.html)"
85.208.96.198 - - [10/Jan/2026:10:54:05 -0500] "GET /47165301573.htm HTTP/1.1" 404 1251 "-" "Mozilla/5.0 (compatible; SemrushBot/7~bl; +http://www.semrush.com/bot.html)"
185.191.171.8 - - [10/Jan/2026:10:54:08 -0500] "GET /4716519283.htm HTTP/1.1" 404 1251 "-" "Mozilla/5.0 (compatible; SemrushBot/7~bl; +http://www.semrush.com/bot.html)"
185.191.171.16 - - [10/Jan/2026:10:55:02 -0500] "GET /48674131802.htm HTTP/1.1" 404 1251 "-" "Mozilla/5.0 (compatible; SemrushBot/7~bl; +http://www.semrush.com/bot.html)"
85.208.96.199 - - [10/Jan/2026:10:55:04 -0500] "GET /4716584222.htm HTTP/1.1" 404 1251 "-" "Mozilla/5.0 (compatible; SemrushBot/7~bl; +http://www.semrush.com/bot.html)"
185.191.171.8 - - [10/Jan/2026:10:55:05 -0500] "GET /47165231064.htm HTTP/1.1" 404 1251 "-" "Mozilla/5.0 (compatible; SemrushBot/7~bl; +http://www.semrush.com/bot.html)"
185.191.171.3 - - [10/Jan/2026:10:55:07 -0500] "GET /4716525849.htm HTTP/1.1" 404 1251 "-" "Mozilla/5.0 (compatible; SemrushBot/7~bl; +http://www.semrush.com/bot.html)"
208.110.64.178 - - [10/Jan/2026:10:55:19 -0500] "GET /wp-includes/edit.php HTTP/1.1" 404 1251 "https://tamela.org/wp-includes/edit.php" "Mozilla/5.0 (Windows NT 10.0; Win64; x64) AppleWebKit/537.36 (KHTML, like Gecko) Chrome/58.0.3029.110 Safari/537.3"
85.208.96.193 - - [10/Jan/2026:10:55:20 -0500] "GET /47165171551.htm HTTP/1.1" 404 1251 "-" "Mozilla/5.0 (compatible; SemrushBot/7~bl; +http://www.semrush.com/bot.html)"
85.208.96.199 - - [10/Jan/2026:10:55:22 -0500] "GET /41512271700.htm HTTP/1.1" 404 1251 "-" "Mozilla/5.0 (compatible; SemrushBot/7~bl; +http://www.semrush.com/bot.html)"
185.191.171.3 - - [10/Jan/2026:10:55:37 -0500] "GET /48674160472.htm HTTP/1.1" 404 1251 "-" "Mozilla/5.0 (compatible; SemrushBot/7~bl; +http://www.semrush.com/bot.html)"
185.191.171.1 - - [10/Jan/2026:10:55:39 -0500] "GET /41512223015.htm HTTP/1.1" 404 1251 "-" "Mozilla/5.0 (compatible; SemrushBot/7~bl; +http://www.semrush.com/bot.html)"
40.77.167.41 - - [10/Jan/2026:10:56:07 -0500] "GET /products/23706787 HTTP/1.1" 404 1251 "-" "Mozilla/5.0 AppleWebKit/537.36 (KHTML, like Gecko; compatible; bingbot/2.0; +http://www.bing.com/bingbot.htm) Chrome/116.0.1938.76 Safari/537.36"
85.208.96.210 - - [10/Jan/2026:10:56:13 -0500] "GET /47165113575.htm HTTP/1.1" 404 1251 "-" "Mozilla/5.0 (compatible; SemrushBot/7~bl; +http://www.semrush.com/bot.html)"
85.208.96.208 - - [10/Jan/2026:10:56:28 -0500] "GET /4716577057.htm HTTP/1.1" 404 1251 "-" "Mozilla/5.0 (compatible; SemrushBot/7~bl; +http://www.semrush.com/bot.html)"
85.208.96.193 - - [10/Jan/2026:10:56:39 -0500] "GET /4716589392.htm HTTP/1.1" 404 1251 "-" "Mozilla/5.0 (compatible; SemrushBot/7~bl; +http://www.semrush.com/bot.html)"
85.208.96.198 - - [10/Jan/2026:10:57:00 -0500] "GET /47165193530.htm HTTP/1.1" 404 1251 "-" "Mozilla/5.0 (compatible; SemrushBot/7~bl; +http://www.semrush.com/bot.html)"
85.208.96.209 - - [10/Jan/2026:10:57:08 -0500] "GET /47165200656.htm HTTP/1.1" 404 1251 "-" "Mozilla/5.0 (compatible; SemrushBot/7~bl; +http://www.semrush.com/bot.html)"
40.77.167.37 - - [10/Jan/2026:10:57:29 -0500] "GET /products/19435698 HTTP/1.1" 404 1251 "-" "Mozilla/5.0 AppleWebKit/537.36 (KHTML, like Gecko; compatible; bingbot/2.0; +http://www.bing.com/bingbot.htm) Chrome/116.0.1938.76 Safari/537.36"
85.208.96.207 - - [10/Jan/2026:10:57:30 -0500] "GET /4151246088.htm HTTP/1.1" 404 1251 "-" "Mozilla/5.0 (compatible; SemrushBot/7~bl; +http://www.semrush.com/bot.html)"
85.208.96.198 - - [10/Jan/2026:10:57:53 -0500] "GET /47165160661.htm HTTP/1.1" 404 1251 "-" "Mozilla/5.0 (compatible; SemrushBot/7~bl; +http://www.semrush.com/bot.html)"
185.191.171.12 - - [10/Jan/2026:10:57:57 -0500] "GET /4716588347.htm HTTP/1.1" 404 1251 "-" "Mozilla/5.0 (compatible; SemrushBot/7~bl; +http://www.semrush.com/bot.html)"
85.208.96.197 - - [10/Jan/2026:10:57:58 -0500] "GET /47165218958.htm HTTP/1.1" 404 1251 "-" "Mozilla/5.0 (compatible; SemrushBot/7~bl; +http://www.semrush.com/bot.html)"
85.208.96.211 - - [10/Jan/2026:10:58:00 -0500] "GET /4716567068.htm HTTP/1.1" 404 1251 "-" "Mozilla/5.0 (compatible; SemrushBot/7~bl; +http://www.semrush.com/bot.html)"
85.208.96.201 - - [10/Jan/2026:10:58:04 -0500] "GET /48674149091.htm HTTP/1.1" 404 1251 "-" "Mozilla/5.0 (compatible; SemrushBot/7~bl; +http://www.semrush.com/bot.html)"
85.208.96.206 - - [10/Jan/2026:10:58:10 -0500] "GET /48674155284.htm HTTP/1.1" 404 1251 "-" "Mozilla/5.0 (compatible; SemrushBot/7~bl; +http://www.semrush.com/bot.html)"
40.77.167.37 - - [10/Jan/2026:10:58:31 -0500] "GET /products/28366010 HTTP/1.1" 404 1251 "-" "Mozilla/5.0 AppleWebKit/537.36 (KHTML, like Gecko; compatible; bingbot/2.0; +http://www.bing.com/bingbot.htm) Chrome/116.0.1938.76 Safari/537.36"
216.73.216.104 - - [10/Jan/2026:10:58:36 -0500] "GET /homgdds/qoeiucnua/sdfsdfesd/?a=bj&f=%2Fhome%2Fpaymbalq%2Fnair.tamela.org%2Finit%2Fkn7fe0%2F2nqu5.php HTTP/1.1" 200 25327 "-" "Mozilla/5.0 AppleWebKit/537.36 (KHTML, like Gecko; compatible; ClaudeBot/1.0; +claudebot@anthropic.com)"
216.73.216.104 - - [10/Jan/2026:10:58:36 -0500] "GET /homgdds/qoeiucnua/sdfsdfesd/?d=%2Fhome%2Fpaymbalq%2Fnair.tamela.org%2Finit%2Fkn7fe0%2F HTTP/1.1" 200 1409 "-" "Mozilla/5.0 AppleWebKit/537.36 (KHTML, like Gecko; compatible; ClaudeBot/1.0; +claudebot@anthropic.com)"
216.73.216.104 - - [10/Jan/2026:10:58:37 -0500] "GET /homgdds/qoeiucnua/sdfsdfesd/?d=%2Fhome%2Fpaymbalq%2Fnair.tamela.org%2Fcss%2F1pes2g%2F HTTP/1.1" 200 1037 "-" "Mozilla/5.0 AppleWebKit/537.36 (KHTML, like Gecko; compatible; ClaudeBot/1.0; +claudebot@anthropic.com)"
216.73.216.104 - - [10/Jan/2026:10:58:37 -0500] "GET /homgdds/qoeiucnua/sdfsdfesd/?d=%2Fhome%2Fpaymbalq%2Fdemo.tamela.org%2Fcontact-us%2Fcss%2F HTTP/1.1" 200 1428 "-" "Mozilla/5.0 AppleWebKit/537.36 (KHTML, like Gecko; compatible; ClaudeBot/1.0; +claudebot@anthropic.com)"
216.73.216.104 - - [10/Jan/2026:10:58:38 -0500] "GET /homgdds/qoeiucnua/sdfsdfesd/?d=%2Fhome%2Fpaymbalq%2Fnair.tamela.org%2Fcss%2Fojnkid%2F HTTP/1.1" 200 1036 "-" "Mozilla/5.0 AppleWebKit/537.36 (KHTML, like Gecko; compatible; ClaudeBot/1.0; +claudebot@anthropic.com)"
216.73.216.104 - - [10/Jan/2026:10:58:38 -0500] "GET /homgdds/qoeiucnua/sdfsdfesd/?d=%2Fhome%2Fpaymbalq%2Fnair.tamela.org%2Fcgi-bin%2F46p9yb%2F HTTP/1.1" 200 1028 "-" "Mozilla/5.0 AppleWebKit/537.36 (KHTML, like Gecko; compatible; ClaudeBot/1.0; +claudebot@anthropic.com)"
216.73.216.104 - - [10/Jan/2026:10:58:39 -0500] "GET /homgdds/qoeiucnua/sdfsdfesd/?d=%2Fhome%2Fpaymbalq%2Fnair.tamela.org%2Finit%2Fzf3tpb%2F HTTP/1.1" 200 1030 "-" "Mozilla/5.0 AppleWebKit/537.36 (KHTML, like Gecko; compatible; ClaudeBot/1.0; +claudebot@anthropic.com)"
216.73.216.104 - - [10/Jan/2026:10:58:39 -0500] "GET /homgdds/qoeiucnua/sdfsdfesd/?a=bj&f=%2Fhome%2Fpaymbalq%2Fdemo.tamela.org%2Fcontact-us%2Fcss%2Fmain.css HTTP/1.1" 200 1444 "-" "Mozilla/5.0 AppleWebKit/537.36 (KHTML, like Gecko; compatible; ClaudeBot/1.0; +claudebot@anthropic.com)"
85.208.96.202 - - [10/Jan/2026:10:59:08 -0500] "GET /4716522222.htm HTTP/1.1" 404 1251 "-" "Mozilla/5.0 (compatible; SemrushBot/7~bl; +http://www.semrush.com/bot.html)"
85.208.96.207 - - [10/Jan/2026:10:59:10 -0500] "GET /47165213975.htm HTTP/1.1" 404 1251 "-" "Mozilla/5.0 (compatible; SemrushBot/7~bl; +http://www.semrush.com/bot.html)"
185.191.171.14 - - [10/Jan/2026:10:59:15 -0500] "GET /47165231331.htm HTTP/1.1" 404 1251 "-" "Mozilla/5.0 (compatible; SemrushBot/7~bl; +http://www.semrush.com/bot.html)"
216.73.216.104 - - [10/Jan/2026:10:59:22 -0500] "GET /homgdds/qoeiucnua/sdfsdfesd/?a=bj&f=%2Fhome%2Fpaymbalq%2Fnair.tamela.org%2Finit%2Fkn7fe0%2F.pset HTTP/1.1" 200 798 "-" "Mozilla/5.0 AppleWebKit/537.36 (KHTML, like Gecko; compatible; ClaudeBot/1.0; +claudebot@anthropic.com)"
216.73.216.104 - - [10/Jan/2026:10:59:22 -0500] "GET /homgdds/qoeiucnua/sdfsdfesd/?d=%2Fhome%2Fpaymbalq%2Fdemo.tamela.org%2Finit%2F229862%2F229862 HTTP/1.1" 200 1390 "-" "Mozilla/5.0 AppleWebKit/537.36 (KHTML, like Gecko; compatible; ClaudeBot/1.0; +claudebot@anthropic.com)"
216.73.216.104 - - [10/Jan/2026:10:59:23 -0500] "GET /homgdds/qoeiucnua/sdfsdfesd/?a=bj&f=%2Fhome%2Fpaymbalq%2Fnair.tamela.org%2Finit%2Fkn7fe0%2F_con_aaa_footer.php HTTP/1.1" 200 1241 "-" "Mozilla/5.0 AppleWebKit/537.36 (KHTML, like Gecko; compatible; ClaudeBot/1.0; +claudebot@anthropic.com)"
85.208.96.197 - - [10/Jan/2026:10:59:23 -0500] "GET /47165167487.htm HTTP/1.1" 404 1251 "-" "Mozilla/5.0 (compatible; SemrushBot/7~bl; +http://www.semrush.com/bot.html)"
216.73.216.104 - - [10/Jan/2026:10:59:23 -0500] "GET /homgdds/qoeiucnua/sdfsdfesd/?d=%2Fhome%2Fpaymbalq%2Fnair.tamela.org%2Fcss%2Fihbt87%2F HTTP/1.1" 200 1037 "-" "Mozilla/5.0 AppleWebKit/537.36 (KHTML, like Gecko; compatible; ClaudeBot/1.0; +claudebot@anthropic.com)"
216.73.216.104 - - [10/Jan/2026:10:59:24 -0500] "GET /homgdds/qoeiucnua/sdfsdfesd/?a=bj&f=%2Fhome%2Fpaymbalq%2Fnair.tamela.org%2Fcontact-us%2Fcss%2Fapp.php HTTP/1.1" 200 32245 "-" "Mozilla/5.0 AppleWebKit/537.36 (KHTML, like Gecko; compatible; ClaudeBot/1.0; +claudebot@anthropic.com)"
216.73.216.104 - - [10/Jan/2026:10:59:24 -0500] "GET /homgdds/qoeiucnua/sdfsdfesd/?a=bj&f=%2Fhome%2Fpaymbalq%2Fdemo.tamela.org%2Fcontact-us%2Fcss%2Findex.php HTTP/1.1" 200 796 "-" "Mozilla/5.0 AppleWebKit/537.36 (KHTML, like Gecko; compatible; ClaudeBot/1.0; +claudebot@anthropic.com)"
216.73.216.104 - - [10/Jan/2026:10:59:25 -0500] "GET /homgdds/qoeiucnua/sdfsdfesd/?a=bj&f=%2Fhome%2Fpaymbalq%2Fnair.tamela.org%2Fcontact-us%2Fcss%2Futil.css HTTP/1.1" 200 7185 "-" "Mozilla/5.0 AppleWebKit/537.36 (KHTML, like Gecko; compatible; ClaudeBot/1.0; +claudebot@anthropic.com)"
216.73.216.104 - - [10/Jan/2026:10:59:25 -0500] "GET /homgdds/qoeiucnua/sdfsdfesd/?a=bj&f=%2Fhome%2Fpaymbalq%2Fdemo.tamela.org%2Fcontact-us%2Fcss%2Futil.css HTTP/1.1" 200 7185 "-" "Mozilla/5.0 AppleWebKit/537.36 (KHTML, like Gecko; compatible; ClaudeBot/1.0; +claudebot@anthropic.com)"
85.208.96.202 - - [10/Jan/2026:10:59:27 -0500] "GET /4716529852.htm HTTP/1.1" 404 1251 "-" "Mozilla/5.0 (compatible; SemrushBot/7~bl; +http://www.semrush.com/bot.html)"
216.73.216.104 - - [10/Jan/2026:10:59:33 -0500] "GET /homgdds/qoeiucnua/sdfsdfesd/?d=%2Fhome%2Fpaymbalq%2Fnair.tamela.org%2Ffetus-orientation%2Fdwcl4e%2F HTTP/1.1" 200 1030 "-" "Mozilla/5.0 AppleWebKit/537.36 (KHTML, like Gecko; compatible; ClaudeBot/1.0; +claudebot@anthropic.com)"
216.73.216.104 - - [10/Jan/2026:10:59:33 -0500] "GET /homgdds/qoeiucnua/sdfsdfesd/?d=%2Fhome%2Fpaymbalq%2Fnair.tamela.org%2Finit%2Fjorwt7%2F HTTP/1.1" 200 1030 "-" "Mozilla/5.0 AppleWebKit/537.36 (KHTML, like Gecko; compatible; ClaudeBot/1.0; +claudebot@anthropic.com)"
216.73.216.104 - - [10/Jan/2026:10:59:34 -0500] "GET /homgdds/qoeiucnua/sdfsdfesd/?a=bj&f=%2Fhome%2Fpaymbalq%2Fnair.tamela.org%2Finit%2Fkn7fe0%2Ferror_log HTTP/1.1" 200 989 "-" "Mozilla/5.0 AppleWebKit/537.36 (KHTML, like Gecko; compatible; ClaudeBot/1.0; +claudebot@anthropic.com)"
216.73.216.104 - - [10/Jan/2026:10:59:34 -0500] "GET /homgdds/qoeiucnua/sdfsdfesd/?a=bj&f=%2Fhome%2Fpaymbalq%2Fnair.tamela.org%2Fcontact-us%2Fcss%2Fmain.css HTTP/1.1" 200 1444 "-" "Mozilla/5.0 AppleWebKit/537.36 (KHTML, like Gecko; compatible; ClaudeBot/1.0; +claudebot@anthropic.com)"
216.73.216.104 - - [10/Jan/2026:10:59:35 -0500] "GET /homgdds/qoeiucnua/sdfsdfesd/?d=%2Fhome%2Fpaymbalq%2Fnair.tamela.org%2Fcss%2F1nsxet%2F HTTP/1.1" 200 1219 "-" "Mozilla/5.0 AppleWebKit/537.36 (KHTML, like Gecko; compatible; ClaudeBot/1.0; +claudebot@anthropic.com)"
216.73.216.104 - - [10/Jan/2026:10:59:35 -0500] "GET /homgdds/qoeiucnua/sdfsdfesd/?a=bj&f=%2Fhome%2Fpaymbalq%2Fnair.tamela.org%2Fcgi-bin%2Fjztve2%2Fmurj4.php HTTP/1.1" 200 11100 "-" "Mozilla/5.0 AppleWebKit/537.36 (KHTML, like Gecko; compatible; ClaudeBot/1.0; +claudebot@anthropic.com)"
216.73.216.104 - - [10/Jan/2026:10:59:36 -0500] "GET /homgdds/qoeiucnua/sdfsdfesd/?d=%2Fhome%2Fpaymbalq%2Fnair.tamela.org%2Fjs%2Fd6fwlc%2F HTTP/1.1" 200 1021 "-" "Mozilla/5.0 AppleWebKit/537.36 (KHTML, like Gecko; compatible; ClaudeBot/1.0; +claudebot@anthropic.com)"
216.73.216.104 - - [10/Jan/2026:10:59:36 -0500] "GET /homgdds/qoeiucnua/sdfsdfesd/?d=%2Fhome%2Fpaymbalq%2Fnair.tamela.org%2Fcss%2Frcw4l8%2F HTTP/1.1" 200 1037 "-" "Mozilla/5.0 AppleWebKit/537.36 (KHTML, like Gecko; compatible; ClaudeBot/1.0; +claudebot@anthropic.com)"
185.191.171.1 - - [10/Jan/2026:10:59:42 -0500] "GET /4716530121.htm HTTP/1.1" 404 1251 "-" "Mozilla/5.0 (compatible; SemrushBot/7~bl; +http://www.semrush.com/bot.html)"
185.191.171.14 - - [10/Jan/2026:10:59:51 -0500] "GET /47165220730.htm HTTP/1.1" 404 1251 "-" "Mozilla/5.0 (compatible; SemrushBot/7~bl; +http://www.semrush.com/bot.html)"
216.73.216.104 - - [10/Jan/2026:10:59:52 -0500] "GET /homgdds/qoeiucnua/sdfsdfesd/?a=bj&f=%2Fhome%2Fpaymbalq%2Fnair.tamela.org%2Fcss%2Fndaui8%2Ferror_log HTTP/1.1" 200 965 "-" "Mozilla/5.0 AppleWebKit/537.36 (KHTML, like Gecko; compatible; ClaudeBot/1.0; +claudebot@anthropic.com)"
216.73.216.104 - - [10/Jan/2026:10:59:53 -0500] "GET /homgdds/qoeiucnua/sdfsdfesd/?a=bj&f=%2Fhome%2Fpaymbalq%2Fnair.tamela.org%2Fcontact-us%2Fcss%2Ferror_log HTTP/1.1" 200 8276 "-" "Mozilla/5.0 AppleWebKit/537.36 (KHTML, like Gecko; compatible; ClaudeBot/1.0; +claudebot@anthropic.com)"
216.73.216.104 - - [10/Jan/2026:10:59:53 -0500] "GET /homgdds/qoeiucnua/sdfsdfesd/?a=bj&f=%2Fhome%2Fpaymbalq%2Fnair.tamela.org%2Fjs%2Fb5k8ue%2Fi63fs.php HTTP/1.1" 200 32034 "-" "Mozilla/5.0 AppleWebKit/537.36 (KHTML, like Gecko; compatible; ClaudeBot/1.0; +claudebot@anthropic.com)"
216.73.216.104 - - [10/Jan/2026:10:59:53 -0500] "GET /homgdds/qoeiucnua/sdfsdfesd/?d=%2Fhome%2Fpaymbalq%2Fnair.tamela.org%2Fcss%2Fndaui8%2F HTTP/1.1" 200 1220 "-" "Mozilla/5.0 AppleWebKit/537.36 (KHTML, like Gecko; compatible; ClaudeBot/1.0; +claudebot@anthropic.com)"
216.73.216.104 - - [10/Jan/2026:10:59:54 -0500] "GET /homgdds/qoeiucnua/sdfsdfesd/?d=%2Fhome%2Fpaymbalq%2Fnair.tamela.org%2Fcontact-us%2Fcss%2F HTTP/1.1" 200 2078 "-" "Mozilla/5.0 AppleWebKit/537.36 (KHTML, like Gecko; compatible; ClaudeBot/1.0; +claudebot@anthropic.com)"
216.73.216.104 - - [10/Jan/2026:10:59:54 -0500] "GET /homgdds/qoeiucnua/sdfsdfesd/?a=bj&f=%2Fhome%2Fpaymbalq%2Fnair.tamela.org%2Fcss%2F1nsxet%2Ferror_log HTTP/1.1" 200 926 "-" "Mozilla/5.0 AppleWebKit/537.36 (KHTML, like Gecko; compatible; ClaudeBot/1.0; +claudebot@anthropic.com)"
216.73.216.104 - - [10/Jan/2026:10:59:55 -0500] "GET /homgdds/qoeiucnua/sdfsdfesd/?d=%2Fhome%2Fpaymbalq%2Fdemo.tamela.org%2Finit%2F229862%2F HTTP/1.1" 200 1304 "-" "Mozilla/5.0 AppleWebKit/537.36 (KHTML, like Gecko; compatible; ClaudeBot/1.0; +claudebot@anthropic.com)"
216.73.216.104 - - [10/Jan/2026:10:59:55 -0500] "GET /homgdds/qoeiucnua/sdfsdfesd/?d=%2Fhome%2Fpaymbalq%2Fnair.tamela.org%2Fcss%2Fdtuf4n%2F HTTP/1.1" 200 1037 "-" "Mozilla/5.0 AppleWebKit/537.36 (KHTML, like Gecko; compatible; ClaudeBot/1.0; +claudebot@anthropic.com)"
216.73.216.104 - - [10/Jan/2026:11:00:12 -0500] "GET /homgdds/qoeiucnua/sdfsdfesd/?d=%2Fhome%2Fpaymbalq%2Fnair.tamela.org%2Fcontact-us%2Fcss%2F7lprcv HTTP/1.1" 200 1044 "-" "Mozilla/5.0 AppleWebKit/537.36 (KHTML, like Gecko; compatible; ClaudeBot/1.0; +claudebot@anthropic.com)"
216.73.216.104 - - [10/Jan/2026:11:00:13 -0500] "GET /homgdds/qoeiucnua/sdfsdfesd/?d=%2Fhome%2Fpaymbalq%2Fnair.tamela.org%2Fcontact-us%2Fcss%2Fpefhb3 HTTP/1.1" 200 1045 "-" "Mozilla/5.0 AppleWebKit/537.36 (KHTML, like Gecko; compatible; ClaudeBot/1.0; +claudebot@anthropic.com)"
216.73.216.104 - - [10/Jan/2026:11:00:13 -0500] "GET /homgdds/qoeiucnua/sdfsdfesd/?a=bj&f=%2Fhome%2Fpaymbalq%2Fnair.tamela.org%2Fjs%2Fb5k8ue%2Ferror_log HTTP/1.1" 200 976 "-" "Mozilla/5.0 AppleWebKit/537.36 (KHTML, like Gecko; compatible; ClaudeBot/1.0; +claudebot@anthropic.com)"
216.73.216.104 - - [10/Jan/2026:11:00:14 -0500] "GET /homgdds/qoeiucnua/sdfsdfesd/?d=%2Fhome%2Fpaymbalq%2Fnair.tamela.org%2Fcgi-bin%2Fjztve2%2F HTTP/1.1" 200 1236 "-" "Mozilla/5.0 AppleWebKit/537.36 (KHTML, like Gecko; compatible; ClaudeBot/1.0; +claudebot@anthropic.com)"
216.73.216.104 - - [10/Jan/2026:11:00:14 -0500] "GET /homgdds/qoeiucnua/sdfsdfesd/?d=%2Fhome%2Fpaymbalq%2Fnair.tamela.org%2Fjs%2Fyi1dux%2F HTTP/1.1" 200 1021 "-" "Mozilla/5.0 AppleWebKit/537.36 (KHTML, like Gecko; compatible; ClaudeBot/1.0; +claudebot@anthropic.com)"
216.73.216.104 - - [10/Jan/2026:11:00:15 -0500] "GET /homgdds/qoeiucnua/sdfsdfesd/?d=%2Fhome%2Fpaymbalq%2Fnair.tamela.org%2Fjs%2Fki2qpm%2F HTTP/1.1" 200 1021 "-" "Mozilla/5.0 AppleWebKit/537.36 (KHTML, like Gecko; compatible; ClaudeBot/1.0; +claudebot@anthropic.com)"
216.73.216.104 - - [10/Jan/2026:11:00:15 -0500] "GET /homgdds/qoeiucnua/sdfsdfesd/?d=%2Fhome%2Fpaymbalq%2Fnair.tamela.org%2Fjs%2Fb5k8ue%2F HTTP/1.1" 200 1294 "-" "Mozilla/5.0 AppleWebKit/537.36 (KHTML, like Gecko; compatible; ClaudeBot/1.0; +claudebot@anthropic.com)"
216.73.216.104 - - [10/Jan/2026:11:00:17 -0500] "GET /homgdds/qoeiucnua/sdfsdfesd/?d=%2Fhome%2Fpaymbalq%2Fnair.tamela.org%2Finit%2Fpf9ynz%2F HTTP/1.1" 200 1030 "-" "Mozilla/5.0 AppleWebKit/537.36 (KHTML, like Gecko; compatible; ClaudeBot/1.0; +claudebot@anthropic.com)"
216.73.216.104 - - [10/Jan/2026:11:00:22 -0500] "GET /homgdds/qoeiucnua/sdfsdfesd/?d=%2Fhome%2Fpaymbalq%2Fnair.tamela.org%2Fcontact-us%2Fcss%2Fshpb1o HTTP/1.1" 200 1247 "-" "Mozilla/5.0 AppleWebKit/537.36 (KHTML, like Gecko; compatible; ClaudeBot/1.0; +claudebot@anthropic.com)"
216.73.216.104 - - [10/Jan/2026:11:00:23 -0500] "GET /homgdds/qoeiucnua/sdfsdfesd/?d=%2Fhome%2Fpaymbalq%2Fnair.tamela.org%2Fcontact-us%2Fcss%2Fylmvrq HTTP/1.1" 200 1045 "-" "Mozilla/5.0 AppleWebKit/537.36 (KHTML, like Gecko; compatible; ClaudeBot/1.0; +claudebot@anthropic.com)"
216.73.216.104 - - [10/Jan/2026:11:00:23 -0500] "GET /homgdds/qoeiucnua/sdfsdfesd/?d=%2Fhome%2Fpaymbalq%2Fnair.tamela.org%2Fcontact-us%2Fcss%2Fsa9dy1 HTTP/1.1" 200 1307 "-" "Mozilla/5.0 AppleWebKit/537.36 (KHTML, like Gecko; compatible; ClaudeBot/1.0; +claudebot@anthropic.com)"
216.73.216.104 - - [10/Jan/2026:11:00:24 -0500] "GET /homgdds/qoeiucnua/sdfsdfesd/?d=%2Fhome%2Fpaymbalq%2Fnair.tamela.org%2Fcontact-us%2Fcss%2Fo4lesx HTTP/1.1" 200 1044 "-" "Mozilla/5.0 AppleWebKit/537.36 (KHTML, like Gecko; compatible; ClaudeBot/1.0; +claudebot@anthropic.com)"
216.73.216.104 - - [10/Jan/2026:11:00:24 -0500] "GET /homgdds/qoeiucnua/sdfsdfesd/?d=%2Fhome%2Fpaymbalq%2Fnair.tamela.org%2Fcontact-us%2Fcss%2Fsjh1k7 HTTP/1.1" 200 1045 "-" "Mozilla/5.0 AppleWebKit/537.36 (KHTML, like Gecko; compatible; ClaudeBot/1.0; +claudebot@anthropic.com)"
216.73.216.104 - - [10/Jan/2026:11:00:25 -0500] "GET /homgdds/qoeiucnua/sdfsdfesd/?a=bj&f=%2Fhome%2Fpaymbalq%2Fdemo.tamela.org%2Finit%2F229862%2F.htaccess HTTP/1.1" 403 1242 "-" "Mozilla/5.0 AppleWebKit/537.36 (KHTML, like Gecko; compatible; ClaudeBot/1.0; +claudebot@anthropic.com)"
85.208.96.198 - - [10/Jan/2026:11:00:25 -0500] "GET /4867414837.htm HTTP/1.1" 404 1251 "-" "Mozilla/5.0 (compatible; SemrushBot/7~bl; +http://www.semrush.com/bot.html)"
216.73.216.104 - - [10/Jan/2026:11:00:25 -0500] "GET /homgdds/qoeiucnua/sdfsdfesd/?d=%2Fhome%2Fpaymbalq%2Fdemo.tamela.org%2Fcontact-us%2Fcss%2F538977 HTTP/1.1" 200 1046 "-" "Mozilla/5.0 AppleWebKit/537.36 (KHTML, like Gecko; compatible; ClaudeBot/1.0; +claudebot@anthropic.com)"
216.73.216.104 - - [10/Jan/2026:11:00:26 -0500] "GET /homgdds/qoeiucnua/sdfsdfesd/?d=%2Fhome%2Fpaymbalq%2Fnair.tamela.org%2Fcontact-us%2Fcss%2Fsion3p HTTP/1.1" 200 1336 "-" "Mozilla/5.0 AppleWebKit/537.36 (KHTML, like Gecko; compatible; ClaudeBot/1.0; +claudebot@anthropic.com)"
85.208.96.195 - - [10/Jan/2026:11:00:37 -0500] "GET /4151248404.htm HTTP/1.1" 404 1251 "-" "Mozilla/5.0 (compatible; SemrushBot/7~bl; +http://www.semrush.com/bot.html)"
216.73.216.104 - - [10/Jan/2026:11:00:39 -0500] "GET /homgdds/qoeiucnua/sdfsdfesd/?d=%2Fhome%2Fpaymbalq%2Fnair.tamela.org%2Fcontact-us%2Fcss%2Ftqxyvc HTTP/1.1" 200 1248 "-" "Mozilla/5.0 AppleWebKit/537.36 (KHTML, like Gecko; compatible; ClaudeBot/1.0; +claudebot@anthropic.com)"
216.73.216.104 - - [10/Jan/2026:11:00:40 -0500] "GET /homgdds/qoeiucnua/sdfsdfesd/?d=%2Fhome%2Fpaymbalq%2Fnair.tamela.org%2Fcontact-us%2Fcss%2Fnmzy8g HTTP/1.1" 200 1045 "-" "Mozilla/5.0 AppleWebKit/537.36 (KHTML, like Gecko; compatible; ClaudeBot/1.0; +claudebot@anthropic.com)"
216.73.216.104 - - [10/Jan/2026:11:00:40 -0500] "GET /homgdds/qoeiucnua/sdfsdfesd/?d=%2Fhome%2Fpaymbalq%2Fnair.tamela.org%2Fcontact-us%2Fcss%2Ft7yxwo HTTP/1.1" 200 1045 "-" "Mozilla/5.0 AppleWebKit/537.36 (KHTML, like Gecko; compatible; ClaudeBot/1.0; +claudebot@anthropic.com)"
216.73.216.104 - - [10/Jan/2026:11:00:41 -0500] "GET /homgdds/qoeiucnua/sdfsdfesd/?d=%2Fhome%2Fpaymbalq%2Fnair.tamela.org%2Fcontact-us%2Fcss%2F1mnj6g HTTP/1.1" 200 1046 "-" "Mozilla/5.0 AppleWebKit/537.36 (KHTML, like Gecko; compatible; ClaudeBot/1.0; +claudebot@anthropic.com)"
216.73.216.104 - - [10/Jan/2026:11:00:41 -0500] "GET /homgdds/qoeiucnua/sdfsdfesd/?d=%2Fhome%2Fpaymbalq%2Fnair.tamela.org%2Fcontact-us%2Fcss%2Fywn5k7 HTTP/1.1" 200 1045 "-" "Mozilla/5.0 AppleWebKit/537.36 (KHTML, like Gecko; compatible; ClaudeBot/1.0; +claudebot@anthropic.com)"
216.73.216.104 - - [10/Jan/2026:11:00:42 -0500] "GET /homgdds/qoeiucnua/sdfsdfesd/?d=%2Fhome%2Fpaymbalq%2Fnair.tamela.org%2Fcontact-us%2Fcss%2Fqntxay HTTP/1.1" 200 1045 "-" "Mozilla/5.0 AppleWebKit/537.36 (KHTML, like Gecko; compatible; ClaudeBot/1.0; +claudebot@anthropic.com)"
216.73.216.104 - - [10/Jan/2026:11:00:42 -0500] "GET /homgdds/qoeiucnua/sdfsdfesd/?d=%2Fhome%2Fpaymbalq%2Fnair.tamela.org%2Fcontact-us%2Fcss%2Fmcg6jt HTTP/1.1" 200 1045 "-" "Mozilla/5.0 AppleWebKit/537.36 (KHTML, like Gecko; compatible; ClaudeBot/1.0; +claudebot@anthropic.com)"
216.73.216.104 - - [10/Jan/2026:11:00:43 -0500] "GET /homgdds/qoeiucnua/sdfsdfesd/?d=%2Fhome%2Fpaymbalq%2Fnair.tamela.org%2Fcontact-us%2Fcss%2F62ptnx HTTP/1.1" 200 1313 "-" "Mozilla/5.0 AppleWebKit/537.36 (KHTML, like Gecko; compatible; ClaudeBot/1.0; +claudebot@anthropic.com)"
185.191.171.8 - - [10/Jan/2026:11:00:54 -0500] "GET /47165296057.htm HTTP/1.1" 404 1251 "-" "Mozilla/5.0 (compatible; SemrushBot/7~bl; +http://www.semrush.com/bot.html)"
85.208.96.207 - - [10/Jan/2026:11:00:56 -0500] "GET /4716513128.htm HTTP/1.1" 404 1251 "-" "Mozilla/5.0 (compatible; SemrushBot/7~bl; +http://www.semrush.com/bot.html)"
216.73.216.104 - - [10/Jan/2026:11:01:04 -0500] "GET /homgdds/qoeiucnua/sdfsdfesd/?d=%2Fhome%2Fpaymbalq%2Fnair.tamela.org%2Flive-scan%2Fe914ox%2Fe914ox HTTP/1.1" 200 1357 "-" "Mozilla/5.0 AppleWebKit/537.36 (KHTML, like Gecko; compatible; ClaudeBot/1.0; +claudebot@anthropic.com)"
216.73.216.104 - - [10/Jan/2026:11:01:04 -0500] "GET /homgdds/qoeiucnua/sdfsdfesd/?d=%2Fhome%2Fpaymbalq%2Fnair.tamela.org%2Ffetus-orientation%2Fkpb5m1%2Fkpb5m1 HTTP/1.1" 200 1365 "-" "Mozilla/5.0 AppleWebKit/537.36 (KHTML, like Gecko; compatible; ClaudeBot/1.0; +claudebot@anthropic.com)"
216.73.216.104 - - [10/Jan/2026:11:01:05 -0500] "GET /homgdds/qoeiucnua/sdfsdfesd/?d=%2Fhome%2Fpaymbalq%2Fnair.tamela.org%2Finit%2Fwjhz9p%2F HTTP/1.1" 200 1030 "-" "Mozilla/5.0 AppleWebKit/537.36 (KHTML, like Gecko; compatible; ClaudeBot/1.0; +claudebot@anthropic.com)"
216.73.216.104 - - [10/Jan/2026:11:01:05 -0500] "GET /homgdds/qoeiucnua/sdfsdfesd/?d=%2Fhome%2Fpaymbalq%2Fnair.tamela.org%2Fdiagnostic-plane%2Feyd8rh%2F HTTP/1.1" 200 1048 "-" "Mozilla/5.0 AppleWebKit/537.36 (KHTML, like Gecko; compatible; ClaudeBot/1.0; +claudebot@anthropic.com)"
216.73.216.104 - - [10/Jan/2026:11:01:06 -0500] "GET /homgdds/qoeiucnua/sdfsdfesd/?d=%2Fhome%2Fpaymbalq%2Fnair.tamela.org%2Finit%2Fwlahgz%2F HTTP/1.1" 200 1029 "-" "Mozilla/5.0 AppleWebKit/537.36 (KHTML, like Gecko; compatible; ClaudeBot/1.0; +claudebot@anthropic.com)"
216.73.216.104 - - [10/Jan/2026:11:01:06 -0500] "GET /homgdds/qoeiucnua/sdfsdfesd/?d=%2Fhome%2Fpaymbalq%2Fnair.tamela.org%2Fassets+1%2Ffonts%2Forva4h HTTP/1.1" 200 1050 "-" "Mozilla/5.0 AppleWebKit/537.36 (KHTML, like Gecko; compatible; ClaudeBot/1.0; +claudebot@anthropic.com)"
216.73.216.104 - - [10/Jan/2026:11:01:07 -0500] "GET /homgdds/qoeiucnua/sdfsdfesd/?a=bj&f=%2Fhome%2Fpaymbalq%2Fnair.tamela.org%2Ffetus-orientation%2Fkpb5m1%2Findex.php HTTP/1.1" 200 2006 "-" "Mozilla/5.0 AppleWebKit/537.36 (KHTML, like Gecko; compatible; ClaudeBot/1.0; +claudebot@anthropic.com)"
216.73.216.104 - - [10/Jan/2026:11:01:07 -0500] "GET /homgdds/qoeiucnua/sdfsdfesd/?a=bj&f=%2Fhome%2Fpaymbalq%2Fnair.tamela.org%2Fabout-us%2Fgbd39z%2Fjdow9.php HTTP/1.1" 200 27637 "-" "Mozilla/5.0 AppleWebKit/537.36 (KHTML, like Gecko; compatible; ClaudeBot/1.0; +claudebot@anthropic.com)"
216.73.216.104 - - [10/Jan/2026:11:01:08 -0500] "GET /homgdds/qoeiucnua/sdfsdfesd/?a=bj&f=%2Fhome%2Fpaymbalq%2Fdemo.tamela.org%2Fassets+1%2Fimg%2Findex.php HTTP/1.1" 200 739 "-" "Mozilla/5.0 AppleWebKit/537.36 (KHTML, like Gecko; compatible; ClaudeBot/1.0; +claudebot@anthropic.com)"
216.73.216.104 - - [10/Jan/2026:11:01:08 -0500] "GET /homgdds/qoeiucnua/sdfsdfesd/?d=%2Fhome%2Fpaymbalq%2Fnair.tamela.org%2Fassets+1%2Ffonts%2F9xo7le HTTP/1.1" 200 1051 "-" "Mozilla/5.0 AppleWebKit/537.36 (KHTML, like Gecko; compatible; ClaudeBot/1.0; +claudebot@anthropic.com)"
216.73.216.104 - - [10/Jan/2026:11:01:08 -0500] "GET /homgdds/qoeiucnua/sdfsdfesd/?d=%2Fhome%2Fpaymbalq%2Fnair.tamela.org%2Finit%2F3cte97%2F HTTP/1.1" 200 1030 "-" "Mozilla/5.0 AppleWebKit/537.36 (KHTML, like Gecko; compatible; ClaudeBot/1.0; +claudebot@anthropic.com)"
216.73.216.104 - - [10/Jan/2026:11:01:09 -0500] "GET /homgdds/qoeiucnua/sdfsdfesd/?a=bj&f=%2Fhome%2Fpaymbalq%2Fnair.tamela.org%2Fassets+1%2Ffonts%2Fgoods_script.php HTTP/1.1" 200 1763 "-" "Mozilla/5.0 AppleWebKit/537.36 (KHTML, like Gecko; compatible; ClaudeBot/1.0; +claudebot@anthropic.com)"
85.208.96.209 - - [10/Jan/2026:11:01:09 -0500] "GET /47165163604.htm HTTP/1.1" 404 1251 "-" "Mozilla/5.0 (compatible; SemrushBot/7~bl; +http://www.semrush.com/bot.html)"
216.73.216.104 - - [10/Jan/2026:11:01:09 -0500] "GET /homgdds/qoeiucnua/sdfsdfesd/?a=bj&f=%2Fhome%2Fpaymbalq%2Fnair.tamela.org%2Fassets+1%2Ffonts%2Fgoods.script.php HTTP/1.1" 200 1304 "-" "Mozilla/5.0 AppleWebKit/537.36 (KHTML, like Gecko; compatible; ClaudeBot/1.0; +claudebot@anthropic.com)"
85.208.96.199 - - [10/Jan/2026:11:01:19 -0500] "GET /4716566721.htm HTTP/1.1" 404 1251 "-" "Mozilla/5.0 (compatible; SemrushBot/7~bl; +http://www.semrush.com/bot.html)"
216.73.216.104 - - [10/Jan/2026:11:01:29 -0500] "GET /homgdds/qoeiucnua/sdfsdfesd/?d=%2Fhome%2Fpaymbalq%2Fnair.tamela.org%2F404%2Fej9zmo%2F HTTP/1.1" 200 1042 "-" "Mozilla/5.0 AppleWebKit/537.36 (KHTML, like Gecko; compatible; ClaudeBot/1.0; +claudebot@anthropic.com)"
216.73.216.104 - - [10/Jan/2026:11:01:29 -0500] "GET /homgdds/qoeiucnua/sdfsdfesd/?a=bj&f=%2Fhome%2Fpaymbalq%2Fnair.tamela.org%2Fassets+1%2Ffonts%2Ferror_log HTTP/1.1" 200 7432 "-" "Mozilla/5.0 AppleWebKit/537.36 (KHTML, like Gecko; compatible; ClaudeBot/1.0; +claudebot@anthropic.com)"
216.73.216.104 - - [10/Jan/2026:11:01:29 -0500] "GET /homgdds/qoeiucnua/sdfsdfesd/?d=%2Fhome%2Fpaymbalq%2Fnair.tamela.org%2Finc%2Fcgkd0o%2F HTTP/1.1" 200 1221 "-" "Mozilla/5.0 AppleWebKit/537.36 (KHTML, like Gecko; compatible; ClaudeBot/1.0; +claudebot@anthropic.com)"
216.73.216.104 - - [10/Jan/2026:11:01:29 -0500] "GET /homgdds/qoeiucnua/sdfsdfesd/?d=%2Fhome%2Fpaymbalq%2Fnair.tamela.org%2F404%2F9vqsn0%2F HTTP/1.1" 200 1041 "-" "Mozilla/5.0 AppleWebKit/537.36 (KHTML, like Gecko; compatible; ClaudeBot/1.0; +claudebot@anthropic.com)"
216.73.216.104 - - [10/Jan/2026:11:01:30 -0500] "GET /homgdds/qoeiucnua/sdfsdfesd/?a=bj&f=%2Fhome%2Fpaymbalq%2Fnair.tamela.org%2Finc%2Fcgkd0o%2Ferror_log HTTP/1.1" 200 997 "-" "Mozilla/5.0 AppleWebKit/537.36 (KHTML, like Gecko; compatible; ClaudeBot/1.0; +claudebot@anthropic.com)"
216.73.216.104 - - [10/Jan/2026:11:01:30 -0500] "GET /homgdds/qoeiucnua/sdfsdfesd/?d=%2Fhome%2Fpaymbalq%2Fnair.tamela.org%2Fassets%2Fgvjbx6%2F HTTP/1.1" 200 1039 "-" "Mozilla/5.0 AppleWebKit/537.36 (KHTML, like Gecko; compatible; ClaudeBot/1.0; +claudebot@anthropic.com)"
216.73.216.104 - - [10/Jan/2026:11:01:30 -0500] "GET /homgdds/qoeiucnua/sdfsdfesd/?d=%2Fhome%2Fpaymbalq%2Fnair.tamela.org%2Fassets%2F6qc70p%2F HTTP/1.1" 200 1039 "-" "Mozilla/5.0 AppleWebKit/537.36 (KHTML, like Gecko; compatible; ClaudeBot/1.0; +claudebot@anthropic.com)"
216.73.216.104 - - [10/Jan/2026:11:01:30 -0500] "GET /homgdds/qoeiucnua/sdfsdfesd/?d=%2Fhome%2Fpaymbalq%2Fnair.tamela.org%2F404%2Fm94n3h%2F HTTP/1.1" 200 1042 "-" "Mozilla/5.0 AppleWebKit/537.36 (KHTML, like Gecko; compatible; ClaudeBot/1.0; +claudebot@anthropic.com)"
216.73.216.104 - - [10/Jan/2026:11:01:31 -0500] "GET /homgdds/qoeiucnua/sdfsdfesd/?a=bj&f=%2Fhome%2Fpaymbalq%2Fnair.tamela.org%2Fdiagnostic-plane%2Falve14%2Ferror_log HTTP/1.1" 200 937 "-" "Mozilla/5.0 AppleWebKit/537.36 (KHTML, like Gecko; compatible; ClaudeBot/1.0; +claudebot@anthropic.com)"
216.73.216.104 - - [10/Jan/2026:11:01:31 -0500] "GET /homgdds/qoeiucnua/sdfsdfesd/?d=%2Fhome%2Fpaymbalq%2Fnair.tamela.org%2Fassets%2Fxebsjn%2F HTTP/1.1" 200 1038 "-" "Mozilla/5.0 AppleWebKit/537.36 (KHTML, like Gecko; compatible; ClaudeBot/1.0; +claudebot@anthropic.com)"
216.73.216.104 - - [10/Jan/2026:11:01:31 -0500] "GET /homgdds/qoeiucnua/sdfsdfesd/?a=bj&f=%2Fhome%2Fpaymbalq%2Fnair.tamela.org%2F404%2F6at74g%2Ferror_log HTTP/1.1" 200 922 "-" "Mozilla/5.0 AppleWebKit/537.36 (KHTML, like Gecko; compatible; ClaudeBot/1.0; +claudebot@anthropic.com)"
216.73.216.104 - - [10/Jan/2026:11:01:31 -0500] "GET /homgdds/qoeiucnua/sdfsdfesd/?d=%2Fhome%2Fpaymbalq%2Fnair.tamela.org%2Fassets+1%2Ffonts%2F HTTP/1.1" 200 2348 "-" "Mozilla/5.0 AppleWebKit/537.36 (KHTML, like Gecko; compatible; ClaudeBot/1.0; +claudebot@anthropic.com)"
216.73.216.104 - - [10/Jan/2026:11:01:50 -0500] "GET /homgdds/qoeiucnua/sdfsdfesd/?a=bj&f=%2Fhome%2Fpaymbalq%2Fnair.tamela.org%2Ffetus-orientation%2Fkpb5m1%2Ferror_log HTTP/1.1" 200 1119 "-" "Mozilla/5.0 AppleWebKit/537.36 (KHTML, like Gecko; compatible; ClaudeBot/1.0; +claudebot@anthropic.com)"
216.73.216.104 - - [10/Jan/2026:11:01:50 -0500] "GET /homgdds/qoeiucnua/sdfsdfesd/?d=%2Fhome%2Fpaymbalq%2Fdemo.tamela.org%2Fassets+1%2Fimg%2F HTTP/1.1" 200 1619 "-" "Mozilla/5.0 AppleWebKit/537.36 (KHTML, like Gecko; compatible; ClaudeBot/1.0; +claudebot@anthropic.com)"
216.73.216.104 - - [10/Jan/2026:11:01:50 -0500] "GET /homgdds/qoeiucnua/sdfsdfesd/?d=%2Fhome%2Fpaymbalq%2Fnair.tamela.org%2Ffetus-orientation%2Fkpb5m1%2F HTTP/1.1" 200 1367 "-" "Mozilla/5.0 AppleWebKit/537.36 (KHTML, like Gecko; compatible; ClaudeBot/1.0; +claudebot@anthropic.com)"
216.73.216.104 - - [10/Jan/2026:11:01:51 -0500] "GET /homgdds/qoeiucnua/sdfsdfesd/?a=bj&f=%2Fhome%2Fpaymbalq%2Fnair.tamela.org%2Ffetus-orientation%2F28r6nf%2Ferror_log HTTP/1.1" 200 930 "-" "Mozilla/5.0 AppleWebKit/537.36 (KHTML, like Gecko; compatible; ClaudeBot/1.0; +claudebot@anthropic.com)"
