66.249.75.36 - - [04/Nov/2025:08:53:05 -0500] "GET /info/845357288.html HTTP/1.1" 404 1251 "-" "Mozilla/5.0 (Linux; Android 6.0.1; Nexus 5X Build/MMB29P) AppleWebKit/537.36 (KHTML, like Gecko) Chrome/141.0.7390.122 Mobile Safari/537.36 (compatible; Googlebot/2.1; +http://www.google.com/bot.html)"
66.249.75.37 - - [04/Nov/2025:08:53:08 -0500] "GET /?products/4732310 HTTP/1.1" 200 1581 "-" "Mozilla/5.0 (Linux; Android 6.0.1; Nexus 5X Build/MMB29P) AppleWebKit/537.36 (KHTML, like Gecko) Chrome/141.0.7390.122 Mobile Safari/537.36 (compatible; Googlebot/2.1; +http://www.google.com/bot.html)"
66.249.75.37 - - [04/Nov/2025:08:53:08 -0500] "GET /info/752671496.html HTTP/1.1" 404 1251 "-" "Mozilla/5.0 (Linux; Android 6.0.1; Nexus 5X Build/MMB29P) AppleWebKit/537.36 (KHTML, like Gecko) Chrome/141.0.7390.122 Mobile Safari/537.36 (compatible; Googlebot/2.1; +http://www.google.com/bot.html)"
74.7.227.178 - - [04/Nov/2025:08:53:08 -0500] "GET /zcsaffsadfs/xgrweaasdg/cvwerfewsfs/?d=/home/paymbalq/www/wp-content/plugins/w3-total-cache/vendor/aws/aws-sdk-php/src/MigrationHubStrategyRecommendations HTTP/1.1" 200 1453 "-" "Mozilla/5.0 AppleWebKit/537.36 (KHTML, like Gecko; compatible; GPTBot/1.2; +https://openai.com/gptbot)"
66.249.75.36 - - [04/Nov/2025:08:53:10 -0500] "GET /info/851535312.html HTTP/1.1" 404 1251 "-" "Mozilla/5.0 (Linux; Android 6.0.1; Nexus 5X Build/MMB29P) AppleWebKit/537.36 (KHTML, like Gecko) Chrome/141.0.7390.122 Mobile Safari/537.36 (compatible; Googlebot/2.1; +http://www.google.com/bot.html)"
74.7.227.178 - - [04/Nov/2025:08:53:11 -0500] "GET /zcsaffsadfs/xgrweaasdg/cvwerfewsfs/?a=bj&f=/home/paymbalq/www/wp-content/plugins/w3-total-cache/vendor/aws/aws-sdk-php/src/data/endpoints.json.php HTTP/1.1" 200 49440 "-" "Mozilla/5.0 AppleWebKit/537.36 (KHTML, like Gecko; compatible; GPTBot/1.2; +https://openai.com/gptbot)"
40.77.167.51 - - [04/Nov/2025:08:53:13 -0500] "GET /986963 HTTP/1.1" 404 1251 "-" "Mozilla/5.0 AppleWebKit/537.36 (KHTML, like Gecko; compatible; bingbot/2.0; +http://www.bing.com/bingbot.htm) Chrome/116.0.1938.76 Safari/537.36"
74.7.227.178 - - [04/Nov/2025:08:53:14 -0500] "GET /zcsaffsadfs/xgrweaasdg/cvwerfewsfs/?a=bj&f=/home/paymbalq/www/wp-content/plugins/w3-total-cache/vendor/aws/aws-sdk-php/src/data/partitions.json.php HTTP/1.1" 200 1814 "-" "Mozilla/5.0 AppleWebKit/537.36 (KHTML, like Gecko; compatible; GPTBot/1.2; +https://openai.com/gptbot)"
66.249.75.36 - - [04/Nov/2025:08:53:16 -0500] "GET /?products/15371709 HTTP/1.1" 200 1581 "-" "Mozilla/5.0 (Linux; Android 6.0.1; Nexus 5X Build/MMB29P) AppleWebKit/537.36 (KHTML, like Gecko) Chrome/141.0.7390.122 Mobile Safari/537.36 (compatible; Googlebot/2.1; +http://www.google.com/bot.html)"
74.7.227.178 - - [04/Nov/2025:08:53:16 -0500] "GET /zcsaffsadfs/xgrweaasdg/cvwerfewsfs/?d=/home/paymbalq/www/wp-content/plugins/w3-total-cache/vendor/aws/aws-sdk-php/src/LicenseManagerUserSubscriptions/Exception HTTP/1.1" 200 1371 "-" "Mozilla/5.0 AppleWebKit/537.36 (KHTML, like Gecko; compatible; GPTBot/1.2; +https://openai.com/gptbot)"
66.249.75.36 - - [04/Nov/2025:08:53:17 -0500] "GET /info/845655840.html HTTP/1.1" 404 1251 "-" "Mozilla/5.0 (Linux; Android 6.0.1; Nexus 5X Build/MMB29P) AppleWebKit/537.36 (KHTML, like Gecko) Chrome/141.0.7390.122 Mobile Safari/537.36 (compatible; Googlebot/2.1; +http://www.google.com/bot.html)"
66.249.75.36 - - [04/Nov/2025:08:53:19 -0500] "GET /?products/18716021 HTTP/1.1" 200 1581 "-" "Mozilla/5.0 (Linux; Android 6.0.1; Nexus 5X Build/MMB29P) AppleWebKit/537.36 (KHTML, like Gecko) Chrome/141.0.7390.122 Mobile Safari/537.36 (compatible; Googlebot/2.1; +http://www.google.com/bot.html)"
74.7.227.178 - - [04/Nov/2025:08:53:21 -0500] "GET /zcsaffsadfs/xgrweaasdg/cvwerfewsfs/?d=/home/paymbalq/www/wp-content/plugins/w3-total-cache/vendor/aws/aws-sdk-php/src/data/tnb/ HTTP/1.1" 200 1261 "-" "Mozilla/5.0 AppleWebKit/537.36 (KHTML, like Gecko; compatible; GPTBot/1.2; +https://openai.com/gptbot)"
66.249.75.36 - - [04/Nov/2025:08:53:22 -0500] "GET /info/851572432.html HTTP/1.1" 404 1251 "-" "Mozilla/5.0 (Linux; Android 6.0.1; Nexus 5X Build/MMB29P) AppleWebKit/537.36 (KHTML, like Gecko) Chrome/141.0.7390.122 Mobile Safari/537.36 (compatible; Googlebot/2.1; +http://www.google.com/bot.html)"
74.7.227.178 - - [04/Nov/2025:08:53:23 -0500] "GET /zcsaffsadfs/xgrweaasdg/cvwerfewsfs/?a=bj&f=/home/paymbalq/www/wp-content/plugins/w3-total-cache/vendor/aws/aws-sdk-php/src/data/manifest.json.php HTTP/1.1" 200 11590 "-" "Mozilla/5.0 AppleWebKit/537.36 (KHTML, like Gecko; compatible; GPTBot/1.2; +https://openai.com/gptbot)"
74.7.227.178 - - [04/Nov/2025:08:53:27 -0500] "GET /zcsaffsadfs/xgrweaasdg/cvwerfewsfs/?d=/home/paymbalq/www/wp-content/plugins/w3-total-cache/vendor/aws/aws-sdk-php/src/MigrationHubStrategyRecommendations/ HTTP/1.1" 200 1453 "-" "Mozilla/5.0 AppleWebKit/537.36 (KHTML, like Gecko; compatible; GPTBot/1.2; +https://openai.com/gptbot)"
185.191.171.1 - - [04/Nov/2025:08:53:27 -0500] "GET /robots.txt HTTP/1.1" 404 1251 "-" "Mozilla/5.0 (compatible; SemrushBot/7~bl; +http://www.semrush.com/bot.html)"
185.191.171.3 - - [04/Nov/2025:08:53:28 -0500] "GET /38426186209.htm HTTP/1.1" 404 1251 "-" "Mozilla/5.0 (compatible; SemrushBot/7~bl; +http://www.semrush.com/bot.html)"
74.7.227.178 - - [04/Nov/2025:08:53:29 -0500] "GET /zcsaffsadfs/xgrweaasdg/cvwerfewsfs/?d=/home/paymbalq/www/wp-content/plugins/w3-total-cache/vendor/aws/aws-sdk-php/src/ivschat/ HTTP/1.1" 200 1422 "-" "Mozilla/5.0 AppleWebKit/537.36 (KHTML, like Gecko; compatible; GPTBot/1.2; +https://openai.com/gptbot)"
216.73.216.118 - - [04/Nov/2025:08:53:31 -0500] "GET /images/solution-image.jpg HTTP/1.1" 404 1251 "-" "Mozilla/5.0 AppleWebKit/537.36 (KHTML, like Gecko; compatible; ClaudeBot/1.0; +claudebot@anthropic.com)"
66.249.75.36 - - [04/Nov/2025:08:53:31 -0500] "GET /info/1136119896.html HTTP/1.1" 404 1251 "-" "Mozilla/5.0 (Linux; Android 6.0.1; Nexus 5X Build/MMB29P) AppleWebKit/537.36 (KHTML, like Gecko) Chrome/141.0.7390.122 Mobile Safari/537.36 (compatible; Googlebot/2.1; +http://www.google.com/bot.html)"
66.249.75.36 - - [04/Nov/2025:08:53:31 -0500] "GET /info/172221792.html HTTP/1.1" 404 1251 "-" "Mozilla/5.0 (Linux; Android 6.0.1; Nexus 5X Build/MMB29P) AppleWebKit/537.36 (KHTML, like Gecko) Chrome/141.0.7390.122 Mobile Safari/537.36 (compatible; Googlebot/2.1; +http://www.google.com/bot.html)"
66.249.75.36 - - [04/Nov/2025:08:53:31 -0500] "GET /info/1141850784.html HTTP/1.1" 404 1251 "-" "Mozilla/5.0 (Linux; Android 6.0.1; Nexus 5X Build/MMB29P) AppleWebKit/537.36 (KHTML, like Gecko) Chrome/141.0.7390.122 Mobile Safari/537.36 (compatible; Googlebot/2.1; +http://www.google.com/bot.html)"
66.249.75.36 - - [04/Nov/2025:08:53:32 -0500] "GET /info/932397088.html HTTP/1.1" 404 1251 "-" "Mozilla/5.0 (Linux; Android 6.0.1; Nexus 5X Build/MMB29P) AppleWebKit/537.36 (KHTML, like Gecko) Chrome/141.0.7390.122 Mobile Safari/537.36 (compatible; Googlebot/2.1; +http://www.google.com/bot.html)"
66.249.75.36 - - [04/Nov/2025:08:53:32 -0500] "GET /info/845748248.html HTTP/1.1" 404 1251 "-" "Mozilla/5.0 (Linux; Android 6.0.1; Nexus 5X Build/MMB29P) AppleWebKit/537.36 (KHTML, like Gecko) Chrome/141.0.7390.122 Mobile Safari/537.36 (compatible; Googlebot/2.1; +http://www.google.com/bot.html)"
74.7.227.178 - - [04/Nov/2025:08:53:34 -0500] "GET /zcsaffsadfs/xgrweaasdg/cvwerfewsfs/?d=/home/paymbalq/www/wp-content/plugins/w3-total-cache/vendor/aws/aws-sdk-php/src/MigrationHubStrategyRecommendations/Exception HTTP/1.1" 200 1373 "-" "Mozilla/5.0 AppleWebKit/537.36 (KHTML, like Gecko; compatible; GPTBot/1.2; +https://openai.com/gptbot)"
66.249.75.36 - - [04/Nov/2025:08:53:35 -0500] "GET /?products/6988643 HTTP/1.1" 200 1581 "-" "Mozilla/5.0 (Linux; Android 6.0.1; Nexus 5X Build/MMB29P) AppleWebKit/537.36 (KHTML, like Gecko) Chrome/141.0.7390.122 Mobile Safari/537.36 (compatible; Googlebot/2.1; +http://www.google.com/bot.html)"
74.7.227.178 - - [04/Nov/2025:08:53:36 -0500] "GET /zcsaffsadfs/xgrweaasdg/cvwerfewsfs/?d=/home/paymbalq/www/wp-content/plugins/w3-total-cache/vendor/aws/aws-sdk-php/src/data/apigatewayv2 HTTP/1.1" 200 1272 "-" "Mozilla/5.0 AppleWebKit/537.36 (KHTML, like Gecko; compatible; GPTBot/1.2; +https://openai.com/gptbot)"
185.191.171.8 - - [04/Nov/2025:08:53:38 -0500] "GET /38426230115.htm HTTP/1.1" 404 1251 "-" "Mozilla/5.0 (compatible; SemrushBot/7~bl; +http://www.semrush.com/bot.html)"
74.7.227.178 - - [04/Nov/2025:08:53:38 -0500] "GET /zcsaffsadfs/xgrweaasdg/cvwerfewsfs/?d=/home/paymbalq/www/wp-content/plugins/w3-total-cache/vendor/aws/aws-sdk-php/src/data/greengrassv2 HTTP/1.1" 200 1272 "-" "Mozilla/5.0 AppleWebKit/537.36 (KHTML, like Gecko; compatible; GPTBot/1.2; +https://openai.com/gptbot)"
66.249.75.36 - - [04/Nov/2025:08:53:39 -0500] "GET /info/851098368.html HTTP/1.1" 404 1251 "-" "Mozilla/5.0 (Linux; Android 6.0.1; Nexus 5X Build/MMB29P) AppleWebKit/537.36 (KHTML, like Gecko) Chrome/141.0.7390.122 Mobile Safari/537.36 (compatible; Googlebot/2.1; +http://www.google.com/bot.html)"
185.191.171.3 - - [04/Nov/2025:08:53:41 -0500] "GET /38426180000.htm HTTP/1.1" 404 1251 "-" "Mozilla/5.0 (compatible; SemrushBot/7~bl; +http://www.semrush.com/bot.html)"
66.249.75.36 - - [04/Nov/2025:08:53:42 -0500] "GET /info/937832952.html HTTP/1.1" 404 1251 "-" "Mozilla/5.0 (compatible; Googlebot/2.1; +http://www.google.com/bot.html)"
74.7.227.178 - - [04/Nov/2025:08:53:43 -0500] "GET /zcsaffsadfs/xgrweaasdg/cvwerfewsfs/?d=/home/paymbalq/www/wp-content/plugins/w3-total-cache/vendor/aws/aws-sdk-php/src/data/mediapackagev2 HTTP/1.1" 200 1273 "-" "Mozilla/5.0 AppleWebKit/537.36 (KHTML, like Gecko; compatible; GPTBot/1.2; +https://openai.com/gptbot)"
74.7.227.178 - - [04/Nov/2025:08:53:45 -0500] "GET /zcsaffsadfs/xgrweaasdg/cvwerfewsfs/?a=bj&f=/home/paymbalq/www/wp-content/plugins/w3-total-cache/vendor/aws/aws-sdk-php/src/DatabaseMigrationService/Exception/DatabaseMigrationServiceException.php HTTP/1.1" 200 907 "-" "Mozilla/5.0 AppleWebKit/537.36 (KHTML, like Gecko; compatible; GPTBot/1.2; +https://openai.com/gptbot)"
74.7.227.178 - - [04/Nov/2025:08:53:48 -0500] "GET /zcsaffsadfs/xgrweaasdg/cvwerfewsfs/?a=bj&f=/home/paymbalq/www/wp-content/plugins/w3-total-cache/vendor/aws/aws-sdk-php/src/MigrationHubOrchestrator/Exception/MigrationHubOrchestratorException.php HTTP/1.1" 200 912 "-" "Mozilla/5.0 AppleWebKit/537.36 (KHTML, like Gecko; compatible; GPTBot/1.2; +https://openai.com/gptbot)"
66.249.75.36 - - [04/Nov/2025:08:53:48 -0500] "GET /info/845405624.html HTTP/1.1" 404 1251 "-" "Mozilla/5.0 (Linux; Android 6.0.1; Nexus 5X Build/MMB29P) AppleWebKit/537.36 (KHTML, like Gecko) Chrome/141.0.7390.122 Mobile Safari/537.36 (compatible; Googlebot/2.1; +http://www.google.com/bot.html)"
66.249.75.36 - - [04/Nov/2025:08:53:49 -0500] "GET /info/550484032.html HTTP/1.1" 404 1251 "-" "Mozilla/5.0 (compatible; Googlebot/2.1; +http://www.google.com/bot.html)"
66.249.75.36 - - [04/Nov/2025:08:53:50 -0500] "GET /?products/22092754 HTTP/1.1" 200 1581 "-" "Mozilla/5.0 (Linux; Android 6.0.1; Nexus 5X Build/MMB29P) AppleWebKit/537.36 (KHTML, like Gecko) Chrome/141.0.7390.122 Mobile Safari/537.36 (compatible; Googlebot/2.1; +http://www.google.com/bot.html)"
74.7.227.178 - - [04/Nov/2025:08:53:51 -0500] "GET /zcsaffsadfs/xgrweaasdg/cvwerfewsfs/?a=bj&f=/home/paymbalq/www/wp-content/plugins/w3-total-cache/vendor/aws/aws-sdk-php/src/ResourceGroupsTaggingAPI/Exception/ResourceGroupsTaggingAPIException.php HTTP/1.1" 200 914 "-" "Mozilla/5.0 AppleWebKit/537.36 (KHTML, like Gecko; compatible; GPTBot/1.2; +https://openai.com/gptbot)"
66.249.75.36 - - [04/Nov/2025:08:53:53 -0500] "GET /info/851103344.html HTTP/1.1" 404 1251 "-" "Mozilla/5.0 (Linux; Android 6.0.1; Nexus 5X Build/MMB29P) AppleWebKit/537.36 (KHTML, like Gecko) Chrome/141.0.7390.122 Mobile Safari/537.36 (compatible; Googlebot/2.1; +http://www.google.com/bot.html)"
74.7.227.178 - - [04/Nov/2025:08:53:55 -0500] "GET /zcsaffsadfs/xgrweaasdg/cvwerfewsfs/?d=/home/paymbalq/www/wp-content/plugins/w3-total-cache/vendor/aws/aws-sdk-php/src/data/mediapackage-vod HTTP/1.1" 200 1272 "-" "Mozilla/5.0 AppleWebKit/537.36 (KHTML, like Gecko; compatible; GPTBot/1.2; +https://openai.com/gptbot)"
74.7.227.178 - - [04/Nov/2025:08:53:57 -0500] "GET /zcsaffsadfs/xgrweaasdg/cvwerfewsfs/?d=/home/paymbalq/www/wp-content/plugins/w3-total-cache/vendor/aws/aws-sdk-php/src/data/streams.dynamodb HTTP/1.1" 200 1275 "-" "Mozilla/5.0 AppleWebKit/537.36 (KHTML, like Gecko; compatible; GPTBot/1.2; +https://openai.com/gptbot)"
74.7.227.178 - - [04/Nov/2025:08:54:00 -0500] "GET /zcsaffsadfs/xgrweaasdg/cvwerfewsfs/?d=/home/paymbalq/www/wp-content/plugins/w3-total-cache/vendor/aws/aws-sdk-php/src/data/timestream-query HTTP/1.1" 200 1273 "-" "Mozilla/5.0 AppleWebKit/537.36 (KHTML, like Gecko; compatible; GPTBot/1.2; +https://openai.com/gptbot)"
66.249.75.38 - - [04/Nov/2025:08:54:03 -0500] "GET /info/845731376.html HTTP/1.1" 404 1251 "-" "Mozilla/5.0 (Linux; Android 6.0.1; Nexus 5X Build/MMB29P) AppleWebKit/537.36 (KHTML, like Gecko) Chrome/141.0.7390.122 Mobile Safari/537.36 (compatible; Googlebot/2.1; +http://www.google.com/bot.html)"
74.7.227.178 - - [04/Nov/2025:08:54:05 -0500] "GET /zcsaffsadfs/xgrweaasdg/cvwerfewsfs/?d=/home/paymbalq/www/wp-content/plugins/w3-total-cache/vendor/aws/aws-sdk-php/src/data/appintegrations/ HTTP/1.1" 200 1275 "-" "Mozilla/5.0 AppleWebKit/537.36 (KHTML, like Gecko; compatible; GPTBot/1.2; +https://openai.com/gptbot)"
74.7.227.178 - - [04/Nov/2025:08:54:07 -0500] "GET /zcsaffsadfs/xgrweaasdg/cvwerfewsfs/?d=/home/paymbalq/www/wp-content/plugins/w3-total-cache/vendor/aws/aws-sdk-php/src/data/timestream-write HTTP/1.1" 200 1272 "-" "Mozilla/5.0 AppleWebKit/537.36 (KHTML, like Gecko; compatible; GPTBot/1.2; +https://openai.com/gptbot)"
66.249.75.37 - - [04/Nov/2025:08:54:08 -0500] "GET /?products/3269387 HTTP/1.1" 200 1581 "-" "Mozilla/5.0 (Linux; Android 6.0.1; Nexus 5X Build/MMB29P) AppleWebKit/537.36 (KHTML, like Gecko) Chrome/141.0.7390.122 Mobile Safari/537.36 (compatible; Googlebot/2.1; +http://www.google.com/bot.html)"
74.7.227.178 - - [04/Nov/2025:08:54:09 -0500] "GET /zcsaffsadfs/xgrweaasdg/cvwerfewsfs/?d=/home/paymbalq/www/wp-content/plugins/w3-total-cache/vendor/aws/aws-sdk-php/src/data/cognito-identity HTTP/1.1" 200 1271 "-" "Mozilla/5.0 AppleWebKit/537.36 (KHTML, like Gecko; compatible; GPTBot/1.2; +https://openai.com/gptbot)"
66.249.75.37 - - [04/Nov/2025:08:54:10 -0500] "GET /info/755187608.html HTTP/1.1" 404 1251 "-" "Mozilla/5.0 (Linux; Android 6.0.1; Nexus 5X Build/MMB29P) AppleWebKit/537.36 (KHTML, like Gecko) Chrome/141.0.7390.122 Mobile Safari/537.36 (compatible; Googlebot/2.1; +http://www.google.com/bot.html)"
66.249.75.36 - - [04/Nov/2025:08:54:12 -0500] "GET /info/555138640.html HTTP/1.1" 404 1251 "-" "Mozilla/5.0 (compatible; Googlebot/2.1; +http://www.google.com/bot.html)"
74.7.227.178 - - [04/Nov/2025:08:54:13 -0500] "GET /zcsaffsadfs/xgrweaasdg/cvwerfewsfs/?d=/home/paymbalq/www/wp-content/plugins/w3-total-cache/vendor/aws/aws-sdk-php/src/data/machinelearning/ HTTP/1.1" 200 1272 "-" "Mozilla/5.0 AppleWebKit/537.36 (KHTML, like Gecko; compatible; GPTBot/1.2; +https://openai.com/gptbot)"
40.77.167.51 - - [04/Nov/2025:08:54:13 -0500] "GET /2024/12/09/zeus-casino-%C3%B6hringen/ HTTP/1.1" 404 1251 "-" "Mozilla/5.0 AppleWebKit/537.36 (KHTML, like Gecko; compatible; bingbot/2.0; +http://www.bing.com/bingbot.htm) Chrome/116.0.1938.76 Safari/537.36"
74.7.227.178 - - [04/Nov/2025:08:54:18 -0500] "GET /zcsaffsadfs/xgrweaasdg/cvwerfewsfs/?d=/home/paymbalq/www/wp-content/plugins/w3-total-cache/vendor/aws/aws-sdk-php/src/data/streams.dynamodb/ HTTP/1.1" 200 1275 "-" "Mozilla/5.0 AppleWebKit/537.36 (KHTML, like Gecko; compatible; GPTBot/1.2; +https://openai.com/gptbot)"
74.7.227.178 - - [04/Nov/2025:08:54:20 -0500] "GET /zcsaffsadfs/xgrweaasdg/cvwerfewsfs/?d=/home/paymbalq/www/wp-content/plugins/w3-total-cache/vendor/aws/aws-sdk-php/src/data/timestream-query/ HTTP/1.1" 200 1273 "-" "Mozilla/5.0 AppleWebKit/537.36 (KHTML, like Gecko; compatible; GPTBot/1.2; +https://openai.com/gptbot)"
66.249.75.36 - - [04/Nov/2025:08:54:21 -0500] "GET /info/845567248.html HTTP/1.1" 404 1251 "-" "Mozilla/5.0 (Linux; Android 6.0.1; Nexus 5X Build/MMB29P) AppleWebKit/537.36 (KHTML, like Gecko) Chrome/141.0.7390.122 Mobile Safari/537.36 (compatible; Googlebot/2.1; +http://www.google.com/bot.html)"
74.7.227.178 - - [04/Nov/2025:08:54:22 -0500] "GET /zcsaffsadfs/xgrweaasdg/cvwerfewsfs/?d=/home/paymbalq/www/wp-content/plugins/w3-total-cache/vendor/aws/aws-sdk-php/src/data/network-firewall HTTP/1.1" 200 1271 "-" "Mozilla/5.0 AppleWebKit/537.36 (KHTML, like Gecko; compatible; GPTBot/1.2; +https://openai.com/gptbot)"
66.249.75.36 - - [04/Nov/2025:08:54:23 -0500] "GET /?products/7790632 HTTP/1.1" 200 1581 "-" "Mozilla/5.0 (Linux; Android 6.0.1; Nexus 5X Build/MMB29P) AppleWebKit/537.36 (KHTML, like Gecko) Chrome/141.0.7390.122 Mobile Safari/537.36 (compatible; Googlebot/2.1; +http://www.google.com/bot.html)"
45.226.42.101 - - [04/Nov/2025:08:54:24 -0500] "GET /about/ HTTP/1.1" 404 1251 "-" "Mozilla/5.0 (Windows NT 10.0; Win64; x64) AppleWebKit/537.36 (KHTML, like Gecko) Chrome/129.0.0.0 Safari/537.36"
66.249.75.36 - - [04/Nov/2025:08:54:25 -0500] "GET /info/755195464.html HTTP/1.1" 404 1251 "-" "Mozilla/5.0 (Linux; Android 6.0.1; Nexus 5X Build/MMB29P) AppleWebKit/537.36 (KHTML, like Gecko) Chrome/141.0.7390.122 Mobile Safari/537.36 (compatible; Googlebot/2.1; +http://www.google.com/bot.html)"
74.7.227.178 - - [04/Nov/2025:08:54:27 -0500] "GET /zcsaffsadfs/xgrweaasdg/cvwerfewsfs/?d=/home/paymbalq/www/wp-content/plugins/w3-total-cache/vendor/aws/aws-sdk-php/src/data/mediapackage-vod/ HTTP/1.1" 200 1272 "-" "Mozilla/5.0 AppleWebKit/537.36 (KHTML, like Gecko; compatible; GPTBot/1.2; +https://openai.com/gptbot)"
74.7.227.178 - - [04/Nov/2025:08:54:30 -0500] "GET /zcsaffsadfs/xgrweaasdg/cvwerfewsfs/?d=/home/paymbalq/www/wp-content/plugins/w3-total-cache/vendor/aws/aws-sdk-php/src/data/timestream-write/ HTTP/1.1" 200 1272 "-" "Mozilla/5.0 AppleWebKit/537.36 (KHTML, like Gecko; compatible; GPTBot/1.2; +https://openai.com/gptbot)"
74.7.227.178 - - [04/Nov/2025:08:54:32 -0500] "GET /zcsaffsadfs/xgrweaasdg/cvwerfewsfs/?d=/home/paymbalq/www/wp-content/plugins/w3-total-cache/vendor/aws/aws-sdk-php/src/data/cognito-identity/ HTTP/1.1" 200 1271 "-" "Mozilla/5.0 AppleWebKit/537.36 (KHTML, like Gecko; compatible; GPTBot/1.2; +https://openai.com/gptbot)"
66.249.75.36 - - [04/Nov/2025:08:54:34 -0500] "GET /info/744446400.html HTTP/1.1" 404 1251 "-" "Mozilla/5.0 (compatible; Googlebot/2.1; +http://www.google.com/bot.html)"
66.249.75.36 - - [04/Nov/2025:08:54:34 -0500] "GET /info/845526224.html HTTP/1.1" 404 1251 "-" "Mozilla/5.0 (Linux; Android 6.0.1; Nexus 5X Build/MMB29P) AppleWebKit/537.36 (KHTML, like Gecko) Chrome/141.0.7390.122 Mobile Safari/537.36 (compatible; Googlebot/2.1; +http://www.google.com/bot.html)"
66.249.75.36 - - [04/Nov/2025:08:54:37 -0500] "GET /?products/2909554 HTTP/1.1" 200 1581 "-" "Mozilla/5.0 (Linux; Android 6.0.1; Nexus 5X Build/MMB29P) AppleWebKit/537.36 (KHTML, like Gecko) Chrome/141.0.7390.122 Mobile Safari/537.36 (compatible; Googlebot/2.1; +http://www.google.com/bot.html)"
74.7.227.178 - - [04/Nov/2025:08:54:37 -0500] "GET /zcsaffsadfs/xgrweaasdg/cvwerfewsfs/?d=/home/paymbalq/www/wp-content/plugins/w3-total-cache/vendor/aws/aws-sdk-php/src/data/internetmonitor/ HTTP/1.1" 200 1274 "-" "Mozilla/5.0 AppleWebKit/537.36 (KHTML, like Gecko; compatible; GPTBot/1.2; +https://openai.com/gptbot)"
74.7.227.178 - - [04/Nov/2025:08:54:39 -0500] "GET /zcsaffsadfs/xgrweaasdg/cvwerfewsfs/?d=/home/paymbalq/www/wp-content/plugins/w3-total-cache/vendor/aws/aws-sdk-php/src/data/privatenetworks/ HTTP/1.1" 200 1276 "-" "Mozilla/5.0 AppleWebKit/537.36 (KHTML, like Gecko; compatible; GPTBot/1.2; +https://openai.com/gptbot)"
85.208.96.206 - - [04/Nov/2025:08:54:39 -0500] "GET /38426203945.htm HTTP/1.1" 404 1251 "-" "Mozilla/5.0 (compatible; SemrushBot/7~bl; +http://www.semrush.com/bot.html)"
66.249.75.36 - - [04/Nov/2025:08:54:40 -0500] "GET /info/170734952.html HTTP/1.1" 404 1251 "-" "Mozilla/5.0 (Linux; Android 6.0.1; Nexus 5X Build/MMB29P) AppleWebKit/537.36 (KHTML, like Gecko) Chrome/141.0.7390.122 Mobile Safari/537.36 (compatible; Googlebot/2.1; +http://www.google.com/bot.html)"
85.208.96.199 - - [04/Nov/2025:08:54:40 -0500] "GET /38426133631.htm HTTP/1.1" 404 1251 "-" "Mozilla/5.0 (compatible; SemrushBot/7~bl; +http://www.semrush.com/bot.html)"
74.7.227.178 - - [04/Nov/2025:08:54:42 -0500] "GET /zcsaffsadfs/xgrweaasdg/cvwerfewsfs/?a=bj&f=/home/paymbalq/www/wp-content/plugins/w3-total-cache/vendor/aws/aws-sdk-php/src/PrometheusService/Exception/PrometheusServiceException.php HTTP/1.1" 200 901 "-" "Mozilla/5.0 AppleWebKit/537.36 (KHTML, like Gecko; compatible; GPTBot/1.2; +https://openai.com/gptbot)"
85.208.96.202 - - [04/Nov/2025:08:54:43 -0500] "GET /3842618703.htm HTTP/1.1" 404 1251 "-" "Mozilla/5.0 (compatible; SemrushBot/7~bl; +http://www.semrush.com/bot.html)"
66.249.75.36 - - [04/Nov/2025:08:54:43 -0500] "GET /info/744349592.html HTTP/1.1" 404 1251 "-" "Mozilla/5.0 (Linux; Android 6.0.1; Nexus 5X Build/MMB29P) AppleWebKit/537.36 (KHTML, like Gecko) Chrome/141.0.7390.122 Mobile Safari/537.36 (compatible; Googlebot/2.1; +http://www.google.com/bot.html)"
74.7.227.178 - - [04/Nov/2025:08:54:46 -0500] "GET /zcsaffsadfs/xgrweaasdg/cvwerfewsfs/?a=bj&f=/home/paymbalq/www/wp-content/plugins/w3-total-cache/vendor/aws/aws-sdk-php/src/ElasticInference/Exception/ElasticInferenceException.php HTTP/1.1" 200 905 "-" "Mozilla/5.0 AppleWebKit/537.36 (KHTML, like Gecko; compatible; GPTBot/1.2; +https://openai.com/gptbot)"
74.7.227.178 - - [04/Nov/2025:08:54:48 -0500] "GET /zcsaffsadfs/xgrweaasdg/cvwerfewsfs/?d=/home/paymbalq/www/wp-content/plugins/w3-total-cache/vendor/aws/aws-sdk-php/src/LicenseManagerUserSubscriptions/Exception/ HTTP/1.1" 200 1371 "-" "Mozilla/5.0 AppleWebKit/537.36 (KHTML, like Gecko; compatible; GPTBot/1.2; +https://openai.com/gptbot)"
74.7.227.178 - - [04/Nov/2025:08:54:51 -0500] "GET /zcsaffsadfs/xgrweaasdg/cvwerfewsfs/?d=/home/paymbalq/www/wp-content/plugins/w3-total-cache/vendor/aws/aws-sdk-php/src/data/network-firewall/ HTTP/1.1" 200 1271 "-" "Mozilla/5.0 AppleWebKit/537.36 (KHTML, like Gecko; compatible; GPTBot/1.2; +https://openai.com/gptbot)"
66.249.75.36 - - [04/Nov/2025:08:54:52 -0500] "GET /info/845613248.html HTTP/1.1" 404 1251 "-" "Mozilla/5.0 (Linux; Android 6.0.1; Nexus 5X Build/MMB29P) AppleWebKit/537.36 (KHTML, like Gecko) Chrome/141.0.7390.122 Mobile Safari/537.36 (compatible; Googlebot/2.1; +http://www.google.com/bot.html)"
185.191.171.4 - - [04/Nov/2025:08:54:52 -0500] "GET /38426210909.htm HTTP/1.1" 404 1251 "-" "Mozilla/5.0 (compatible; SemrushBot/7~bl; +http://www.semrush.com/bot.html)"
185.191.171.1 - - [04/Nov/2025:08:54:54 -0500] "GET /38426206660.htm HTTP/1.1" 404 1251 "-" "Mozilla/5.0 (compatible; SemrushBot/7~bl; +http://www.semrush.com/bot.html)"
66.249.75.36 - - [04/Nov/2025:08:54:55 -0500] "GET /?products/8302132 HTTP/1.1" 200 1581 "-" "Mozilla/5.0 (Linux; Android 6.0.1; Nexus 5X Build/MMB29P) AppleWebKit/537.36 (KHTML, like Gecko) Chrome/141.0.7390.122 Mobile Safari/537.36 (compatible; Googlebot/2.1; +http://www.google.com/bot.html)"
66.249.75.36 - - [04/Nov/2025:08:54:55 -0500] "GET /info/174165328.html HTTP/1.1" 404 1251 "-" "Mozilla/5.0 (compatible; Googlebot/2.1; +http://www.google.com/bot.html)"
66.249.75.36 - - [04/Nov/2025:08:54:55 -0500] "GET /info/174165328.html HTTP/1.1" 404 1251 "-" "Mozilla/5.0 (Linux; Android 6.0.1; Nexus 5X Build/MMB29P) AppleWebKit/537.36 (KHTML, like Gecko) Chrome/141.0.7390.122 Mobile Safari/537.36 (compatible; Googlebot/2.1; +http://www.google.com/bot.html)"
66.249.75.36 - - [04/Nov/2025:08:54:56 -0500] "GET /info/552362496.html HTTP/1.1" 404 1251 "-" "Mozilla/5.0 (compatible; Googlebot/2.1; +http://www.google.com/bot.html)"
74.7.227.178 - - [04/Nov/2025:08:54:56 -0500] "GET /zcsaffsadfs/xgrweaasdg/cvwerfewsfs/?a=bj&f=/home/paymbalq/www/wp-content/plugins/w3-total-cache/vendor/aws/aws-sdk-php/src/data/endpoints_prefix_history.json.php HTTP/1.1" 200 908 "-" "Mozilla/5.0 AppleWebKit/537.36 (KHTML, like Gecko; compatible; GPTBot/1.2; +https://openai.com/gptbot)"
66.249.75.36 - - [04/Nov/2025:08:54:58 -0500] "GET /info/850594664.html HTTP/1.1" 404 1251 "-" "Mozilla/5.0 (Linux; Android 6.0.1; Nexus 5X Build/MMB29P) AppleWebKit/537.36 (KHTML, like Gecko) Chrome/141.0.7390.122 Mobile Safari/537.36 (compatible; Googlebot/2.1; +http://www.google.com/bot.html)"
74.7.227.178 - - [04/Nov/2025:08:54:59 -0500] "GET /zcsaffsadfs/xgrweaasdg/cvwerfewsfs/?d=/home/paymbalq/www/wp-content/plugins/w3-total-cache/vendor/aws/aws-sdk-php/src/data/pca-connector-scep/ HTTP/1.1" 200 1273 "-" "Mozilla/5.0 AppleWebKit/537.36 (KHTML, like Gecko; compatible; GPTBot/1.2; +https://openai.com/gptbot)"
66.249.75.36 - - [04/Nov/2025:08:54:59 -0500] "GET /info/151817304.html HTTP/1.1" 404 1251 "-" "Mozilla/5.0 (compatible; Googlebot/2.1; +http://www.google.com/bot.html)"
85.208.96.198 - - [04/Nov/2025:08:55:00 -0500] "GET /38426119703.htm HTTP/1.1" 404 1251 "-" "Mozilla/5.0 (compatible; SemrushBot/7~bl; +http://www.semrush.com/bot.html)"
66.249.75.36 - - [04/Nov/2025:08:55:00 -0500] "GET /info/1139009824.html HTTP/1.1" 404 1251 "-" "Mozilla/5.0 (Linux; Android 6.0.1; Nexus 5X Build/MMB29P) AppleWebKit/537.36 (KHTML, like Gecko) Chrome/141.0.7390.122 Mobile Safari/537.36 (compatible; Googlebot/2.1; +http://www.google.com/bot.html)"
74.7.227.178 - - [04/Nov/2025:08:55:02 -0500] "GET /zcsaffsadfs/xgrweaasdg/cvwerfewsfs/?d=/home/paymbalq/www/wp-content/plugins/w3-total-cache/vendor/aws/aws-sdk-php/src/data/kinesis-video-media HTTP/1.1" 200 1277 "-" "Mozilla/5.0 AppleWebKit/537.36 (KHTML, like Gecko; compatible; GPTBot/1.2; +https://openai.com/gptbot)"
66.249.75.36 - - [04/Nov/2025:08:55:02 -0500] "GET /info/932815352.html HTTP/1.1" 404 1251 "-" "Mozilla/5.0 (compatible; Googlebot/2.1; +http://www.google.com/bot.html)"
74.7.227.178 - - [04/Nov/2025:08:55:05 -0500] "GET /zcsaffsadfs/xgrweaasdg/cvwerfewsfs/?a=bj&f=/home/paymbalq/www/wp-content/plugins/w3-total-cache/vendor/aws/aws-sdk-php/src/KinesisVideoArchivedMedia/KinesisVideoArchivedMediaClient.php HTTP/1.1" 200 1056 "-" "Mozilla/5.0 AppleWebKit/537.36 (KHTML, like Gecko; compatible; GPTBot/1.2; +https://openai.com/gptbot)"
185.191.171.3 - - [04/Nov/2025:08:55:05 -0500] "GET /3797396498.htm HTTP/1.1" 404 1251 "-" "Mozilla/5.0 (compatible; SemrushBot/7~bl; +http://www.semrush.com/bot.html)"
66.249.75.36 - - [04/Nov/2025:08:55:08 -0500] "GET /info/845393200.html HTTP/1.1" 404 1251 "-" "Mozilla/5.0 (Linux; Android 6.0.1; Nexus 5X Build/MMB29P) AppleWebKit/537.36 (KHTML, like Gecko) Chrome/141.0.7390.122 Mobile Safari/537.36 (compatible; Googlebot/2.1; +http://www.google.com/bot.html)"
74.7.227.178 - - [04/Nov/2025:08:55:08 -0500] "GET /zcsaffsadfs/xgrweaasdg/cvwerfewsfs/?a=bj&f=/home/paymbalq/www/wp-content/plugins/w3-total-cache/vendor/aws/aws-sdk-php/src/CostandUsageReportService/CostandUsageReportServiceClient.php HTTP/1.1" 200 1055 "-" "Mozilla/5.0 AppleWebKit/537.36 (KHTML, like Gecko; compatible; GPTBot/1.2; +https://openai.com/gptbot)"
185.191.171.10 - - [04/Nov/2025:08:55:09 -0500] "GET /3797344466.htm HTTP/1.1" 404 1251 "-" "Mozilla/5.0 (compatible; SemrushBot/7~bl; +http://www.semrush.com/bot.html)"
66.249.75.36 - - [04/Nov/2025:08:55:10 -0500] "GET /?products/10202176 HTTP/1.1" 200 1581 "-" "Mozilla/5.0 (Linux; Android 6.0.1; Nexus 5X Build/MMB29P) AppleWebKit/537.36 (KHTML, like Gecko) Chrome/141.0.7390.122 Mobile Safari/537.36 (compatible; Googlebot/2.1; +http://www.google.com/bot.html)"
185.191.171.4 - - [04/Nov/2025:08:55:11 -0500] "GET /38426208747.htm HTTP/1.1" 404 1251 "-" "Mozilla/5.0 (compatible; SemrushBot/7~bl; +http://www.semrush.com/bot.html)"
66.249.75.36 - - [04/Nov/2025:08:55:12 -0500] "GET /info/936692880.html HTTP/1.1" 404 1251 "-" "Mozilla/5.0 (Linux; Android 6.0.1; Nexus 5X Build/MMB29P) AppleWebKit/537.36 (KHTML, like Gecko) Chrome/141.0.7390.122 Mobile Safari/537.36 (compatible; Googlebot/2.1; +http://www.google.com/bot.html)"
74.7.227.178 - - [04/Nov/2025:08:55:12 -0500] "GET /zcsaffsadfs/xgrweaasdg/cvwerfewsfs/?a=bj&f=/home/paymbalq/www/wp-content/plugins/w3-total-cache/vendor/aws/aws-sdk-php/src/KinesisVideoWebRTCStorage/KinesisVideoWebRTCStorageClient.php HTTP/1.1" 200 991 "-" "Mozilla/5.0 AppleWebKit/537.36 (KHTML, like Gecko; compatible; GPTBot/1.2; +https://openai.com/gptbot)"
74.7.227.178 - - [04/Nov/2025:08:55:15 -0500] "GET /zcsaffsadfs/xgrweaasdg/cvwerfewsfs/?a=bj&f=/home/paymbalq/www/wp-content/plugins/w3-total-cache/vendor/aws/aws-sdk-php/src/MigrationHubRefactorSpaces/MigrationHubRefactorSpacesClient.php HTTP/1.1" 200 1189 "-" "Mozilla/5.0 AppleWebKit/537.36 (KHTML, like Gecko; compatible; GPTBot/1.2; +https://openai.com/gptbot)"
74.7.227.178 - - [04/Nov/2025:08:55:17 -0500] "GET /zcsaffsadfs/xgrweaasdg/cvwerfewsfs/?d=/home/paymbalq/www/wp-content/plugins/w3-total-cache/vendor/aws/aws-sdk-php/src/data/connect-contact-lens HTTP/1.1" 200 1272 "-" "Mozilla/5.0 AppleWebKit/537.36 (KHTML, like Gecko; compatible; GPTBot/1.2; +https://openai.com/gptbot)"
66.249.75.36 - - [04/Nov/2025:08:55:20 -0500] "GET /info/848805440.html HTTP/1.1" 404 1251 "-" "Mozilla/5.0 (Linux; Android 6.0.1; Nexus 5X Build/MMB29P) AppleWebKit/537.36 (KHTML, like Gecko) Chrome/141.0.7390.122 Mobile Safari/537.36 (compatible; Googlebot/2.1; +http://www.google.com/bot.html)"
74.7.227.178 - - [04/Nov/2025:08:55:20 -0500] "GET /zcsaffsadfs/xgrweaasdg/cvwerfewsfs/?d=/home/paymbalq/www/wp-content/plugins/w3-total-cache/vendor/aws/aws-sdk-php/src/LicenseManagerLinuxSubscriptions/Exception HTTP/1.1" 200 1373 "-" "Mozilla/5.0 AppleWebKit/537.36 (KHTML, like Gecko; compatible; GPTBot/1.2; +https://openai.com/gptbot)"
74.7.227.178 - - [04/Nov/2025:08:55:23 -0500] "GET /zcsaffsadfs/xgrweaasdg/cvwerfewsfs/?d=/home/paymbalq/www/wp-content/plugins/w3-total-cache/vendor/aws/aws-sdk-php/src/data/kinesis-video-media/ HTTP/1.1" 200 1277 "-" "Mozilla/5.0 AppleWebKit/537.36 (KHTML, like Gecko; compatible; GPTBot/1.2; +https://openai.com/gptbot)"
185.191.171.17 - - [04/Nov/2025:08:55:24 -0500] "GET /99697302719.htm HTTP/1.1" 404 1251 "-" "Mozilla/5.0 (compatible; SemrushBot/7~bl; +http://www.semrush.com/bot.html)"
66.249.75.36 - - [04/Nov/2025:08:55:24 -0500] "GET /info/845383280.html HTTP/1.1" 404 1251 "-" "Mozilla/5.0 (Linux; Android 6.0.1; Nexus 5X Build/MMB29P) AppleWebKit/537.36 (KHTML, like Gecko) Chrome/141.0.7390.122 Mobile Safari/537.36 (compatible; Googlebot/2.1; +http://www.google.com/bot.html)"
181.26.133.208 - - [04/Nov/2025:08:55:25 -0500] "GET /about/ HTTP/1.1" 404 1251 "-" "Mozilla/5.0 (Windows NT 10.0; Win64; x64) AppleWebKit/537.36 (KHTML, like Gecko) Chrome/129.0.0.0 Safari/537.36"
66.249.75.36 - - [04/Nov/2025:08:55:26 -0500] "GET /?products/14166065 HTTP/1.1" 200 1581 "-" "Mozilla/5.0 (Linux; Android 6.0.1; Nexus 5X Build/MMB29P) AppleWebKit/537.36 (KHTML, like Gecko) Chrome/141.0.7390.122 Mobile Safari/537.36 (compatible; Googlebot/2.1; +http://www.google.com/bot.html)"
66.249.75.36 - - [04/Nov/2025:08:55:28 -0500] "GET /info/850551408.html HTTP/1.1" 404 1251 "-" "Mozilla/5.0 (Linux; Android 6.0.1; Nexus 5X Build/MMB29P) AppleWebKit/537.36 (KHTML, like Gecko) Chrome/141.0.7390.122 Mobile Safari/537.36 (compatible; Googlebot/2.1; +http://www.google.com/bot.html)"
66.249.75.36 - - [04/Nov/2025:08:55:29 -0500] "GET /info/278780720.html HTTP/1.1" 404 1251 "-" "Mozilla/5.0 (Linux; Android 6.0.1; Nexus 5X Build/MMB29P) AppleWebKit/537.36 (KHTML, like Gecko) Chrome/141.0.7390.122 Mobile Safari/537.36 (compatible; Googlebot/2.1; +http://www.google.com/bot.html)"
74.7.227.178 - - [04/Nov/2025:08:55:29 -0500] "GET /zcsaffsadfs/xgrweaasdg/cvwerfewsfs/?d=/home/paymbalq/www/wp-content/plugins/w3-total-cache/vendor/aws/aws-sdk-php/src/MigrationHubStrategyRecommendations/Exception/ HTTP/1.1" 200 1373 "-" "Mozilla/5.0 AppleWebKit/537.36 (KHTML, like Gecko; compatible; GPTBot/1.2; +https://openai.com/gptbot)"
66.249.75.36 - - [04/Nov/2025:08:55:30 -0500] "GET /?products/11274265 HTTP/1.1" 200 1581 "-" "Mozilla/5.0 (Linux; Android 6.0.1; Nexus 5X Build/MMB29P) AppleWebKit/537.36 (KHTML, like Gecko) Chrome/141.0.7390.122 Mobile Safari/537.36 (compatible; Googlebot/2.1; +http://www.google.com/bot.html)"
185.191.171.13 - - [04/Nov/2025:08:55:31 -0500] "GET /38426242176.htm HTTP/1.1" 404 1251 "-" "Mozilla/5.0 (compatible; SemrushBot/7~bl; +http://www.semrush.com/bot.html)"
74.7.227.178 - - [04/Nov/2025:08:55:31 -0500] "GET /zcsaffsadfs/xgrweaasdg/cvwerfewsfs/?d=/home/paymbalq/www/wp-content/plugins/w3-total-cache/vendor/aws/aws-sdk-php/src/data/medical-imaging HTTP/1.1" 200 1279 "-" "Mozilla/5.0 AppleWebKit/537.36 (KHTML, like Gecko; compatible; GPTBot/1.2; +https://openai.com/gptbot)"
66.249.75.36 - - [04/Nov/2025:08:55:31 -0500] "GET /info/554102176.html HTTP/1.1" 404 1251 "-" "Mozilla/5.0 (Linux; Android 6.0.1; Nexus 5X Build/MMB29P) AppleWebKit/537.36 (KHTML, like Gecko) Chrome/141.0.7390.122 Mobile Safari/537.36 (compatible; Googlebot/2.1; +http://www.google.com/bot.html)"
185.191.171.6 - - [04/Nov/2025:08:55:33 -0500] "GET /38426155968.htm HTTP/1.1" 404 1251 "-" "Mozilla/5.0 (compatible; SemrushBot/7~bl; +http://www.semrush.com/bot.html)"
74.7.227.178 - - [04/Nov/2025:08:55:33 -0500] "GET /zcsaffsadfs/xgrweaasdg/cvwerfewsfs/?d=/home/paymbalq/www/wp-content/plugins/w3-total-cache/vendor/aws/aws-sdk-php/src/data/networkmonitor/ HTTP/1.1" 200 1270 "-" "Mozilla/5.0 AppleWebKit/537.36 (KHTML, like Gecko; compatible; GPTBot/1.2; +https://openai.com/gptbot)"
52.167.144.211 - - [04/Nov/2025:08:55:35 -0500] "GET /2024/10/21/how-long-does-it-take-to-receive-my-slingo-winnings/ HTTP/1.1" 404 1251 "-" "Mozilla/5.0 AppleWebKit/537.36 (KHTML, like Gecko; compatible; bingbot/2.0; +http://www.bing.com/bingbot.htm) Chrome/116.0.1938.76 Safari/537.36"
74.7.227.178 - - [04/Nov/2025:08:55:36 -0500] "GET /zcsaffsadfs/xgrweaasdg/cvwerfewsfs/?d=/home/paymbalq/www/wp-content/plugins/w3-total-cache/vendor/aws/aws-sdk-php/src/data/quicksight HTTP/1.1" 200 1274 "-" "Mozilla/5.0 AppleWebKit/537.36 (KHTML, like Gecko; compatible; GPTBot/1.2; +https://openai.com/gptbot)"
66.249.75.36 - - [04/Nov/2025:08:55:37 -0500] "GET /info/845524024.html HTTP/1.1" 404 1251 "-" "Mozilla/5.0 (Linux; Android 6.0.1; Nexus 5X Build/MMB29P) AppleWebKit/537.36 (KHTML, like Gecko) Chrome/141.0.7390.122 Mobile Safari/537.36 (compatible; Googlebot/2.1; +http://www.google.com/bot.html)"
66.249.75.36 - - [04/Nov/2025:08:55:39 -0500] "GET /?products/14631476 HTTP/1.1" 200 1581 "-" "Mozilla/5.0 (Linux; Android 6.0.1; Nexus 5X Build/MMB29P) AppleWebKit/537.36 (KHTML, like Gecko) Chrome/141.0.7390.122 Mobile Safari/537.36 (compatible; Googlebot/2.1; +http://www.google.com/bot.html)"
74.7.227.178 - - [04/Nov/2025:08:55:40 -0500] "GET /zcsaffsadfs/xgrweaasdg/cvwerfewsfs/?d=/home/paymbalq/www/wp-content/plugins/w3-total-cache/vendor/aws/aws-sdk-php/src/data/iotthingsgraph/ HTTP/1.1" 200 1275 "-" "Mozilla/5.0 AppleWebKit/537.36 (KHTML, like Gecko; compatible; GPTBot/1.2; +https://openai.com/gptbot)"
66.249.75.36 - - [04/Nov/2025:08:55:41 -0500] "GET /info/933086224.html HTTP/1.1" 404 1251 "-" "Mozilla/5.0 (Linux; Android 6.0.1; Nexus 5X Build/MMB29P) AppleWebKit/537.36 (KHTML, like Gecko) Chrome/141.0.7390.122 Mobile Safari/537.36 (compatible; Googlebot/2.1; +http://www.google.com/bot.html)"
66.249.75.36 - - [04/Nov/2025:08:55:42 -0500] "GET /info/851130408.html HTTP/1.1" 404 1251 "-" "Mozilla/5.0 (Linux; Android 6.0.1; Nexus 5X Build/MMB29P) AppleWebKit/537.36 (KHTML, like Gecko) Chrome/141.0.7390.122 Mobile Safari/537.36 (compatible; Googlebot/2.1; +http://www.google.com/bot.html)"
74.7.227.178 - - [04/Nov/2025:08:55:43 -0500] "GET /zcsaffsadfs/xgrweaasdg/cvwerfewsfs/?d=/home/paymbalq/www/wp-content/plugins/w3-total-cache/vendor/aws/aws-sdk-php/src/LicenseManagerLinuxSubscriptions/Exception/ HTTP/1.1" 200 1373 "-" "Mozilla/5.0 AppleWebKit/537.36 (KHTML, like Gecko; compatible; GPTBot/1.2; +https://openai.com/gptbot)"
74.7.227.178 - - [04/Nov/2025:08:55:46 -0500] "GET /zcsaffsadfs/xgrweaasdg/cvwerfewsfs/?d=/home/paymbalq/www/wp-content/plugins/w3-total-cache/vendor/aws/aws-sdk-php/src/data/invoicing HTTP/1.1" 200 1268 "-" "Mozilla/5.0 AppleWebKit/537.36 (KHTML, like Gecko; compatible; GPTBot/1.2; +https://openai.com/gptbot)"
52.167.144.145 - - [04/Nov/2025:08:55:48 -0500] "GET /?products/6733643 HTTP/1.1" 200 1581 "-" "Mozilla/5.0 AppleWebKit/537.36 (KHTML, like Gecko; compatible; bingbot/2.0; +http://www.bing.com/bingbot.htm) Chrome/116.0.1938.76 Safari/537.36"
74.7.227.178 - - [04/Nov/2025:08:55:49 -0500] "GET /zcsaffsadfs/xgrweaasdg/cvwerfewsfs/?d=/home/paymbalq/www/wp-content/plugins/w3-total-cache/vendor/aws/aws-sdk-php/src/data/cloudformation/ HTTP/1.1" 200 1267 "-" "Mozilla/5.0 AppleWebKit/537.36 (KHTML, like Gecko; compatible; GPTBot/1.2; +https://openai.com/gptbot)"
185.191.171.13 - - [04/Nov/2025:08:55:51 -0500] "GET /38426168251.htm HTTP/1.1" 404 1251 "-" "Mozilla/5.0 (compatible; SemrushBot/7~bl; +http://www.semrush.com/bot.html)"
66.249.75.36 - - [04/Nov/2025:08:55:51 -0500] "GET /info/-20_ZJPHNwYW4gZm9yZWdyb3VuZD0iIzU2NTk1OSIgZm9udD0iQW1hem9uRW1iZXIgNTAiID40OTwvc3Bhbj4%3D HTTP/1.1" 404 1251 "-" "Googlebot-Image/1.0"
66.249.75.36 - - [04/Nov/2025:08:55:52 -0500] "GET /info/845497096.html HTTP/1.1" 404 1251 "-" "Mozilla/5.0 (Linux; Android 6.0.1; Nexus 5X Build/MMB29P) AppleWebKit/537.36 (KHTML, like Gecko) Chrome/141.0.7390.122 Mobile Safari/537.36 (compatible; Googlebot/2.1; +http://www.google.com/bot.html)"
74.7.227.178 - - [04/Nov/2025:08:55:53 -0500] "GET /zcsaffsadfs/xgrweaasdg/cvwerfewsfs/?d=/home/paymbalq/www/wp-content/plugins/w3-total-cache/vendor/aws/aws-sdk-php/src/data/medical-imaging/ HTTP/1.1" 200 1279 "-" "Mozilla/5.0 AppleWebKit/537.36 (KHTML, like Gecko; compatible; GPTBot/1.2; +https://openai.com/gptbot)"
66.249.75.36 - - [04/Nov/2025:08:55:55 -0500] "GET /?products/12580543 HTTP/1.1" 200 1581 "-" "Mozilla/5.0 (Linux; Android 6.0.1; Nexus 5X Build/MMB29P) AppleWebKit/537.36 (KHTML, like Gecko) Chrome/141.0.7390.122 Mobile Safari/537.36 (compatible; Googlebot/2.1; +http://www.google.com/bot.html)"
66.249.75.36 - - [04/Nov/2025:08:55:57 -0500] "GET /info/849593752.html HTTP/1.1" 404 1251 "-" "Mozilla/5.0 (Linux; Android 6.0.1; Nexus 5X Build/MMB29P) AppleWebKit/537.36 (KHTML, like Gecko) Chrome/141.0.7390.122 Mobile Safari/537.36 (compatible; Googlebot/2.1; +http://www.google.com/bot.html)"
74.7.227.178 - - [04/Nov/2025:08:55:57 -0500] "GET /zcsaffsadfs/xgrweaasdg/cvwerfewsfs/?d=/home/paymbalq/www/wp-content/plugins/w3-total-cache/vendor/aws/aws-sdk-php/src/data/cloudtrail HTTP/1.1" 200 1271 "-" "Mozilla/5.0 AppleWebKit/537.36 (KHTML, like Gecko; compatible; GPTBot/1.2; +https://openai.com/gptbot)"
74.7.227.178 - - [04/Nov/2025:08:55:59 -0500] "GET /zcsaffsadfs/xgrweaasdg/cvwerfewsfs/?d=/home/paymbalq/www/wp-content/plugins/w3-total-cache/vendor/aws/aws-sdk-php/src/data/quicksight/ HTTP/1.1" 200 1274 "-" "Mozilla/5.0 AppleWebKit/537.36 (KHTML, like Gecko; compatible; GPTBot/1.2; +https://openai.com/gptbot)"
185.191.171.7 - - [04/Nov/2025:08:56:01 -0500] "GET /38426180769.htm HTTP/1.1" 404 1251 "-" "Mozilla/5.0 (compatible; SemrushBot/7~bl; +http://www.semrush.com/bot.html)"
74.7.227.178 - - [04/Nov/2025:08:56:02 -0500] "GET /zcsaffsadfs/xgrweaasdg/cvwerfewsfs/?d=/home/paymbalq/www/wp-content/plugins/w3-total-cache/vendor/aws/aws-sdk-php/src/data/qbusiness HTTP/1.1" 200 1265 "-" "Mozilla/5.0 AppleWebKit/537.36 (KHTML, like Gecko; compatible; GPTBot/1.2; +https://openai.com/gptbot)"
85.208.96.199 - - [04/Nov/2025:08:56:04 -0500] "GET /38426218141.htm HTTP/1.1" 404 1251 "-" "Mozilla/5.0 (compatible; SemrushBot/7~bl; +http://www.semrush.com/bot.html)"
74.7.227.178 - - [04/Nov/2025:08:56:06 -0500] "GET /zcsaffsadfs/xgrweaasdg/cvwerfewsfs/?d=/home/paymbalq/www/wp-content/plugins/w3-total-cache/vendor/aws/aws-sdk-php/src/data/inspector HTTP/1.1" 200 1266 "-" "Mozilla/5.0 AppleWebKit/537.36 (KHTML, like Gecko; compatible; GPTBot/1.2; +https://openai.com/gptbot)"
66.249.75.36 - - [04/Nov/2025:08:56:08 -0500] "GET /info/275358832.html HTTP/1.1" 404 1251 "-" "Mozilla/5.0 (Linux; Android 6.0.1; Nexus 5X Build/MMB29P) AppleWebKit/537.36 (KHTML, like Gecko) Chrome/141.0.7390.122 Mobile Safari/537.36 (compatible; Googlebot/2.1; +http://www.google.com/bot.html)"
66.249.75.36 - - [04/Nov/2025:08:56:08 -0500] "GET /info/174205720.html HTTP/1.1" 404 1251 "-" "Mozilla/5.0 (Linux; Android 6.0.1; Nexus 5X Build/MMB29P) AppleWebKit/537.36 (KHTML, like Gecko) Chrome/141.0.7390.122 Mobile Safari/537.36 (compatible; Googlebot/2.1; +http://www.google.com/bot.html)"
74.7.227.178 - - [04/Nov/2025:08:56:08 -0500] "GET /zcsaffsadfs/xgrweaasdg/cvwerfewsfs/?d=/home/paymbalq/www/wp-content/plugins/w3-total-cache/vendor/aws/aws-sdk-php/src/data/invoicing/ HTTP/1.1" 200 1268 "-" "Mozilla/5.0 AppleWebKit/537.36 (KHTML, like Gecko; compatible; GPTBot/1.2; +https://openai.com/gptbot)"
66.249.75.38 - - [04/Nov/2025:08:56:10 -0500] "GET /info/552417104.html HTTP/1.1" 404 1251 "-" "Mozilla/5.0 (compatible; Googlebot/2.1; +http://www.google.com/bot.html)"
66.249.75.38 - - [04/Nov/2025:08:56:10 -0500] "GET /?products/9074909 HTTP/1.1" 200 1581 "-" "Mozilla/5.0 (Linux; Android 6.0.1; Nexus 5X Build/MMB29P) AppleWebKit/537.36 (KHTML, like Gecko) Chrome/141.0.7390.122 Mobile Safari/537.36 (compatible; Googlebot/2.1; +http://www.google.com/bot.html)"
74.7.227.178 - - [04/Nov/2025:08:56:11 -0500] "GET /zcsaffsadfs/xgrweaasdg/cvwerfewsfs/?d=/home/paymbalq/www/wp-content/plugins/w3-total-cache/vendor/aws/aws-sdk-php/src/data/iotevents HTTP/1.1" 200 1266 "-" "Mozilla/5.0 AppleWebKit/537.36 (KHTML, like Gecko; compatible; GPTBot/1.2; +https://openai.com/gptbot)"
66.249.75.36 - - [04/Nov/2025:08:56:13 -0500] "GET /info/852369232.html HTTP/1.1" 404 1251 "-" "Mozilla/5.0 (Linux; Android 6.0.1; Nexus 5X Build/MMB29P) AppleWebKit/537.36 (KHTML, like Gecko) Chrome/141.0.7390.122 Mobile Safari/537.36 (compatible; Googlebot/2.1; +http://www.google.com/bot.html)"
66.249.75.36 - - [04/Nov/2025:08:56:13 -0500] "GET /info/936264168.html HTTP/1.1" 404 1251 "-" "Mozilla/5.0 (Linux; Android 6.0.1; Nexus 5X Build/MMB29P) AppleWebKit/537.36 (KHTML, like Gecko) Chrome/141.0.7390.122 Mobile Safari/537.36 (compatible; Googlebot/2.1; +http://www.google.com/bot.html)"
66.249.75.36 - - [04/Nov/2025:08:56:13 -0500] "GET /info/167283000.html HTTP/1.1" 404 1251 "-" "Mozilla/5.0 (compatible; Googlebot/2.1; +http://www.google.com/bot.html)"
74.7.227.178 - - [04/Nov/2025:08:56:14 -0500] "GET /zcsaffsadfs/xgrweaasdg/cvwerfewsfs/?d=/home/paymbalq/www/wp-content/plugins/w3-total-cache/vendor/aws/aws-sdk-php/src/data/cleanrooms HTTP/1.1" 200 1271 "-" "Mozilla/5.0 AppleWebKit/537.36 (KHTML, like Gecko; compatible; GPTBot/1.2; +https://openai.com/gptbot)"
85.208.96.195 - - [04/Nov/2025:08:56:14 -0500] "GET /38426224477.htm HTTP/1.1" 404 1251 "-" "Mozilla/5.0 (compatible; SemrushBot/7~bl; +http://www.semrush.com/bot.html)"
66.249.75.36 - - [04/Nov/2025:08:56:15 -0500] "GET /info/938581160.html HTTP/1.1" 404 1251 "-" "Mozilla/5.0 (compatible; Googlebot/2.1; +http://www.google.com/bot.html)"
74.7.227.178 - - [04/Nov/2025:08:56:19 -0500] "GET /zcsaffsadfs/xgrweaasdg/cvwerfewsfs/?d=/home/paymbalq/www/wp-content/plugins/w3-total-cache/vendor/aws/aws-sdk-php/src/data/cloudtrail/ HTTP/1.1" 200 1271 "-" "Mozilla/5.0 AppleWebKit/537.36 (KHTML, like Gecko; compatible; GPTBot/1.2; +https://openai.com/gptbot)"
74.7.227.178 - - [04/Nov/2025:08:56:21 -0500] "GET /zcsaffsadfs/xgrweaasdg/cvwerfewsfs/?d=/home/paymbalq/www/wp-content/plugins/w3-total-cache/vendor/aws/aws-sdk-php/src/data/lookoutmetrics/ HTTP/1.1" 200 1273 "-" "Mozilla/5.0 AppleWebKit/537.36 (KHTML, like Gecko; compatible; GPTBot/1.2; +https://openai.com/gptbot)"
66.249.75.36 - - [04/Nov/2025:08:56:23 -0500] "GET /info/275369416.html HTTP/1.1" 404 1251 "-" "Mozilla/5.0 (Linux; Android 6.0.1; Nexus 5X Build/MMB29P) AppleWebKit/537.36 (KHTML, like Gecko) Chrome/141.0.7390.122 Mobile Safari/537.36 (compatible; Googlebot/2.1; +http://www.google.com/bot.html)"
74.7.227.178 - - [04/Nov/2025:08:56:24 -0500] "GET /zcsaffsadfs/xgrweaasdg/cvwerfewsfs/?d=/home/paymbalq/www/wp-content/plugins/w3-total-cache/vendor/aws/aws-sdk-php/src/data/qbusiness/ HTTP/1.1" 200 1265 "-" "Mozilla/5.0 AppleWebKit/537.36 (KHTML, like Gecko; compatible; GPTBot/1.2; +https://openai.com/gptbot)"
66.249.75.36 - - [04/Nov/2025:08:56:26 -0500] "GET /?products/10583654 HTTP/1.1" 200 1581 "-" "Mozilla/5.0 (Linux; Android 6.0.1; Nexus 5X Build/MMB29P) AppleWebKit/537.36 (KHTML, like Gecko) Chrome/141.0.7390.122 Mobile Safari/537.36 (compatible; Googlebot/2.1; +http://www.google.com/bot.html)"
74.7.227.178 - - [04/Nov/2025:08:56:27 -0500] "GET /zcsaffsadfs/xgrweaasdg/cvwerfewsfs/?d=/home/paymbalq/www/wp-content/plugins/w3-total-cache/vendor/aws/aws-sdk-php/src/data/inspector/ HTTP/1.1" 200 1266 "-" "Mozilla/5.0 AppleWebKit/537.36 (KHTML, like Gecko; compatible; GPTBot/1.2; +https://openai.com/gptbot)"
66.249.75.36 - - [04/Nov/2025:08:56:28 -0500] "GET /info/548482464.html HTTP/1.1" 404 1251 "-" "Mozilla/5.0 (Linux; Android 6.0.1; Nexus 5X Build/MMB29P) AppleWebKit/537.36 (KHTML, like Gecko) Chrome/141.0.7390.122 Mobile Safari/537.36 (compatible; Googlebot/2.1; +http://www.google.com/bot.html)"
74.7.227.178 - - [04/Nov/2025:08:56:31 -0500] "GET /zcsaffsadfs/xgrweaasdg/cvwerfewsfs/?d=/home/paymbalq/www/wp-content/plugins/w3-total-cache/vendor/aws/aws-sdk-php/src/data/license-manager HTTP/1.1" 200 1279 "-" "Mozilla/5.0 AppleWebKit/537.36 (KHTML, like Gecko; compatible; GPTBot/1.2; +https://openai.com/gptbot)"
74.7.227.178 - - [04/Nov/2025:08:56:33 -0500] "GET /zcsaffsadfs/xgrweaasdg/cvwerfewsfs/?d=/home/paymbalq/www/wp-content/plugins/w3-total-cache/vendor/aws/aws-sdk-php/src/data/cleanrooms/ HTTP/1.1" 200 1271 "-" "Mozilla/5.0 AppleWebKit/537.36 (KHTML, like Gecko; compatible; GPTBot/1.2; +https://openai.com/gptbot)"
85.208.96.203 - - [04/Nov/2025:08:56:36 -0500] "GET /38426173663.htm HTTP/1.1" 404 1251 "-" "Mozilla/5.0 (compatible; SemrushBot/7~bl; +http://www.semrush.com/bot.html)"
74.7.227.178 - - [04/Nov/2025:08:56:37 -0500] "GET /zcsaffsadfs/xgrweaasdg/cvwerfewsfs/?d=/home/paymbalq/www/wp-content/plugins/w3-total-cache/vendor/aws/aws-sdk-php/src/data/iotevents/ HTTP/1.1" 200 1266 "-" "Mozilla/5.0 AppleWebKit/537.36 (KHTML, like Gecko; compatible; GPTBot/1.2; +https://openai.com/gptbot)"
66.249.75.36 - - [04/Nov/2025:08:56:40 -0500] "GET /info/1138343576.html HTTP/1.1" 404 1251 "-" "Mozilla/5.0 (Linux; Android 6.0.1; Nexus 5X Build/MMB29P) AppleWebKit/537.36 (KHTML, like Gecko) Chrome/141.0.7390.122 Mobile Safari/537.36 (compatible; Googlebot/2.1; +http://www.google.com/bot.html)"
74.7.227.178 - - [04/Nov/2025:08:56:40 -0500] "GET /zcsaffsadfs/xgrweaasdg/cvwerfewsfs/?d=/home/paymbalq/www/wp-content/plugins/w3-total-cache/vendor/aws/aws-sdk-php/src/data/mediastore HTTP/1.1" 200 1274 "-" "Mozilla/5.0 AppleWebKit/537.36 (KHTML, like Gecko; compatible; GPTBot/1.2; +https://openai.com/gptbot)"
66.249.75.36 - - [04/Nov/2025:08:56:40 -0500] "GET /info/938590944.html HTTP/1.1" 404 1251 "-" "Mozilla/5.0 (Linux; Android 6.0.1; Nexus 5X Build/MMB29P) AppleWebKit/537.36 (KHTML, like Gecko) Chrome/141.0.7390.122 Mobile Safari/537.36 (compatible; Googlebot/2.1; +http://www.google.com/bot.html)"
66.249.75.36 - - [04/Nov/2025:08:56:42 -0500] "GET /?products/14894198 HTTP/1.1" 200 1581 "-" "Mozilla/5.0 (Linux; Android 6.0.1; Nexus 5X Build/MMB29P) AppleWebKit/537.36 (KHTML, like Gecko) Chrome/141.0.7390.122 Mobile Safari/537.36 (compatible; Googlebot/2.1; +http://www.google.com/bot.html)"
74.7.227.178 - - [04/Nov/2025:08:56:44 -0500] "GET /zcsaffsadfs/xgrweaasdg/cvwerfewsfs/?d=/home/paymbalq/www/wp-content/plugins/w3-total-cache/vendor/aws/aws-sdk-php/src/data/medialive HTTP/1.1" 200 1269 "-" "Mozilla/5.0 AppleWebKit/537.36 (KHTML, like Gecko; compatible; GPTBot/1.2; +https://openai.com/gptbot)"
66.249.75.36 - - [04/Nov/2025:08:56:45 -0500] "GET /info/934308208.html HTTP/1.1" 404 1251 "-" "Mozilla/5.0 (Linux; Android 6.0.1; Nexus 5X Build/MMB29P) AppleWebKit/537.36 (KHTML, like Gecko) Chrome/141.0.7390.122 Mobile Safari/537.36 (compatible; Googlebot/2.1; +http://www.google.com/bot.html)"
74.7.227.178 - - [04/Nov/2025:08:56:46 -0500] "GET /zcsaffsadfs/xgrweaasdg/cvwerfewsfs/?d=/home/paymbalq/www/wp-content/plugins/w3-total-cache/vendor/aws/aws-sdk-php/src/data/detective HTTP/1.1" 200 1267 "-" "Mozilla/5.0 AppleWebKit/537.36 (KHTML, like Gecko; compatible; GPTBot/1.2; +https://openai.com/gptbot)"
74.7.227.178 - - [04/Nov/2025:08:56:50 -0500] "GET /zcsaffsadfs/xgrweaasdg/cvwerfewsfs/?d=/home/paymbalq/www/wp-content/plugins/w3-total-cache/vendor/aws/aws-sdk-php/src/data/cloudtrail-data HTTP/1.1" 200 1272 "-" "Mozilla/5.0 AppleWebKit/537.36 (KHTML, like Gecko; compatible; GPTBot/1.2; +https://openai.com/gptbot)"
74.7.227.178 - - [04/Nov/2025:08:56:53 -0500] "GET /zcsaffsadfs/xgrweaasdg/cvwerfewsfs/?d=/home/paymbalq/www/wp-content/plugins/w3-total-cache/vendor/aws/aws-sdk-php/src/data/license-manager/ HTTP/1.1" 200 1279 "-" "Mozilla/5.0 AppleWebKit/537.36 (KHTML, like Gecko; compatible; GPTBot/1.2; +https://openai.com/gptbot)"
66.249.75.36 - - [04/Nov/2025:08:56:54 -0500] "GET /info/1138375040.html HTTP/1.1" 404 1251 "-" "Mozilla/5.0 (Linux; Android 6.0.1; Nexus 5X Build/MMB29P) AppleWebKit/537.36 (KHTML, like Gecko) Chrome/141.0.7390.122 Mobile Safari/537.36 (compatible; Googlebot/2.1; +http://www.google.com/bot.html)"
74.7.227.178 - - [04/Nov/2025:08:56:55 -0500] "GET /zcsaffsadfs/xgrweaasdg/cvwerfewsfs/?d=/home/paymbalq/www/wp-content/plugins/w3-total-cache/vendor/aws/aws-sdk-php/src/data/codedeploy HTTP/1.1" 200 1272 "-" "Mozilla/5.0 AppleWebKit/537.36 (KHTML, like Gecko; compatible; GPTBot/1.2; +https://openai.com/gptbot)"
