66.249.75.36 - - [04/Nov/2025:08:01:50 -0500] "GET /_autoindex/assets/js/tablesort.number.js HTTP/1.1" 200 322 "https://tamela.org/?products/8569676" "Mozilla/5.0 (Linux; Android 6.0.1; Nexus 5X Build/MMB29P) AppleWebKit/537.36 (KHTML, like Gecko) Chrome/141.0.7390.122 Mobile Safari/537.36 (compatible; Googlebot/2.1; +http://www.google.com/bot.html)"
66.249.75.36 - - [04/Nov/2025:08:01:52 -0500] "GET /info/756824616.html HTTP/1.1" 404 1251 "-" "Mozilla/5.0 (Linux; Android 6.0.1; Nexus 5X Build/MMB29P) AppleWebKit/537.36 (KHTML, like Gecko) Chrome/141.0.7390.122 Mobile Safari/537.36 (compatible; Googlebot/2.1; +http://www.google.com/bot.html)"
74.7.227.178 - - [04/Nov/2025:08:01:53 -0500] "GET /zcsaffsadfs/xgrweaasdg/cvwerfewsfs/?a=bj&f=/home/paymbalq/www/wp-content/plugins/w3-total-cache/vendor/microsoft/azure-storage-blob/src/Blob/Models/BlobPrefix.php HTTP/1.1" 200 1368 "-" "Mozilla/5.0 AppleWebKit/537.36 (KHTML, like Gecko; compatible; GPTBot/1.2; +https://openai.com/gptbot)"
185.191.171.7 - - [04/Nov/2025:08:01:55 -0500] "GET /3842623315.htm HTTP/1.1" 404 1251 "-" "Mozilla/5.0 (compatible; SemrushBot/7~bl; +http://www.semrush.com/bot.html)"
74.7.227.178 - - [04/Nov/2025:08:01:55 -0500] "GET /zcsaffsadfs/xgrweaasdg/cvwerfewsfs/?a=bj&f=/home/paymbalq/www/wp-content/plugins/w3-total-cache/vendor/microsoft/azure-storage-blob/src/Blob/Internal/IBlob.php HTTP/1.1" 200 7500 "-" "Mozilla/5.0 AppleWebKit/537.36 (KHTML, like Gecko; compatible; GPTBot/1.2; +https://openai.com/gptbot)"
74.7.227.178 - - [04/Nov/2025:08:01:58 -0500] "GET /zcsaffsadfs/xgrweaasdg/cvwerfewsfs/?a=bj&f=/home/paymbalq/www/wp-content/plugins/w3-total-cache/vendor/microsoft/azure-storage-blob/src/Blob/Models/BlobType.php HTTP/1.1" 200 1307 "-" "Mozilla/5.0 AppleWebKit/537.36 (KHTML, like Gecko; compatible; GPTBot/1.2; +https://openai.com/gptbot)"
66.249.75.36 - - [04/Nov/2025:08:01:59 -0500] "GET /info/1046748192.html HTTP/1.1" 404 1251 "-" "Mozilla/5.0 (Linux; Android 6.0.1; Nexus 5X Build/MMB29P) AppleWebKit/537.36 (KHTML, like Gecko) Chrome/141.0.7390.122 Mobile Safari/537.36 (compatible; Googlebot/2.1; +http://www.google.com/bot.html)"
66.249.75.36 - - [04/Nov/2025:08:01:59 -0500] "GET /info/552389816.html HTTP/1.1" 404 1251 "-" "Mozilla/5.0 (compatible; Googlebot/2.1; +http://www.google.com/bot.html)"
66.249.75.36 - - [04/Nov/2025:08:02:01 -0500] "GET /info/938069840.html HTTP/1.1" 404 1251 "-" "Mozilla/5.0 (Linux; Android 6.0.1; Nexus 5X Build/MMB29P) AppleWebKit/537.36 (KHTML, like Gecko) Chrome/141.0.7390.122 Mobile Safari/537.36 (compatible; Googlebot/2.1; +http://www.google.com/bot.html)"
74.7.227.178 - - [04/Nov/2025:08:02:01 -0500] "GET /zcsaffsadfs/xgrweaasdg/cvwerfewsfs/?a=bj&f=/home/paymbalq/www/wp-content/plugins/w3-total-cache/vendor/microsoft/azure-storage-blob/src/Blob/Models/BlockList.php HTTP/1.1" 200 2066 "-" "Mozilla/5.0 AppleWebKit/537.36 (KHTML, like Gecko; compatible; GPTBot/1.2; +https://openai.com/gptbot)"
66.249.75.36 - - [04/Nov/2025:08:02:01 -0500] "GET /?products/10940676 HTTP/1.1" 200 1581 "-" "Mozilla/5.0 (Linux; Android 6.0.1; Nexus 5X Build/MMB29P) AppleWebKit/537.36 (KHTML, like Gecko) Chrome/141.0.7390.122 Mobile Safari/537.36 (compatible; Googlebot/2.1; +http://www.google.com/bot.html)"
185.191.171.13 - - [04/Nov/2025:08:02:02 -0500] "GET /38426192921.htm HTTP/1.1" 404 1251 "-" "Mozilla/5.0 (compatible; SemrushBot/7~bl; +http://www.semrush.com/bot.html)"
66.249.75.36 - - [04/Nov/2025:08:02:04 -0500] "GET /info/169928064.html HTTP/1.1" 404 1251 "-" "Mozilla/5.0 (Linux; Android 6.0.1; Nexus 5X Build/MMB29P) AppleWebKit/537.36 (KHTML, like Gecko) Chrome/141.0.7390.122 Mobile Safari/537.36 (compatible; Googlebot/2.1; +http://www.google.com/bot.html)"
74.7.227.178 - - [04/Nov/2025:08:02:04 -0500] "GET /zcsaffsadfs/xgrweaasdg/cvwerfewsfs/?a=bj&f=/home/paymbalq/www/wp-content/plugins/w3-total-cache/vendor/microsoft/azure-storage-blob/src/Blob/Models/LeaseResult.php HTTP/1.1" 200 1578 "-" "Mozilla/5.0 AppleWebKit/537.36 (KHTML, like Gecko; compatible; GPTBot/1.2; +https://openai.com/gptbot)"
74.7.227.178 - - [04/Nov/2025:08:02:07 -0500] "GET /zcsaffsadfs/xgrweaasdg/cvwerfewsfs/?a=bj&f=/home/paymbalq/www/wp-content/plugins/w3-total-cache/vendor/microsoft/azure-storage-blob/src/Blob/Models/Container.php HTTP/1.1" 200 1537 "-" "Mozilla/5.0 AppleWebKit/537.36 (KHTML, like Gecko; compatible; GPTBot/1.2; +https://openai.com/gptbot)"
66.249.75.36 - - [04/Nov/2025:08:02:07 -0500] "GET /info/743869648.html HTTP/1.1" 404 1251 "-" "Mozilla/5.0 (Linux; Android 6.0.1; Nexus 5X Build/MMB29P) AppleWebKit/537.36 (KHTML, like Gecko) Chrome/141.0.7390.122 Mobile Safari/537.36 (compatible; Googlebot/2.1; +http://www.google.com/bot.html)"
74.7.227.178 - - [04/Nov/2025:08:02:11 -0500] "GET /zcsaffsadfs/xgrweaasdg/cvwerfewsfs/?d=/home/paymbalq/www/wp-content/plugins/w3-total-cache/vendor/microsoft/azure-storage-blob/src/Blob/Models/ HTTP/1.1" 200 4138 "-" "Mozilla/5.0 AppleWebKit/537.36 (KHTML, like Gecko; compatible; GPTBot/1.2; +https://openai.com/gptbot)"
85.208.96.200 - - [04/Nov/2025:08:02:13 -0500] "GET /38426119629.htm HTTP/1.1" 404 1251 "-" "Mozilla/5.0 (compatible; SemrushBot/7~bl; +http://www.semrush.com/bot.html)"
74.7.227.178 - - [04/Nov/2025:08:02:14 -0500] "GET /zcsaffsadfs/xgrweaasdg/cvwerfewsfs/?a=bj&f=/home/paymbalq/www/wp-content/plugins/w3-total-cache/vendor/microsoft/azure-storage-blob/src/Blob/Models/CopyState.php HTTP/1.1" 200 2317 "-" "Mozilla/5.0 AppleWebKit/537.36 (KHTML, like Gecko; compatible; GPTBot/1.2; +https://openai.com/gptbot)"
66.249.75.36 - - [04/Nov/2025:08:02:14 -0500] "GET /info/1047002872.html HTTP/1.1" 404 1251 "-" "Mozilla/5.0 (Linux; Android 6.0.1; Nexus 5X Build/MMB29P) AppleWebKit/537.36 (KHTML, like Gecko) Chrome/141.0.7390.122 Mobile Safari/537.36 (compatible; Googlebot/2.1; +http://www.google.com/bot.html)"
66.249.75.36 - - [04/Nov/2025:08:02:15 -0500] "GET /info/152593192.html HTTP/1.1" 404 1251 "-" "Mozilla/5.0 (compatible; Googlebot/2.1; +http://www.google.com/bot.html)"
66.249.75.36 - - [04/Nov/2025:08:02:16 -0500] "GET /info/746689696.html HTTP/1.1" 404 1251 "-" "Mozilla/5.0 (compatible; Googlebot/2.1; +http://www.google.com/bot.html)"
74.7.227.178 - - [04/Nov/2025:08:02:16 -0500] "GET /zcsaffsadfs/xgrweaasdg/cvwerfewsfs/?d=/home/paymbalq/www/wp-content/plugins/w3-total-cache/vendor/sebastian/diff/src/Exception HTTP/1.1" 200 1449 "-" "Mozilla/5.0 AppleWebKit/537.36 (KHTML, like Gecko; compatible; GPTBot/1.2; +https://openai.com/gptbot)"
66.249.75.36 - - [04/Nov/2025:08:02:17 -0500] "GET /?products/11085309 HTTP/1.1" 200 1581 "-" "Mozilla/5.0 (Linux; Android 6.0.1; Nexus 5X Build/MMB29P) AppleWebKit/537.36 (KHTML, like Gecko) Chrome/141.0.7390.122 Mobile Safari/537.36 (compatible; Googlebot/2.1; +http://www.google.com/bot.html)"
66.249.75.36 - - [04/Nov/2025:08:02:19 -0500] "GET /info/154823416.html HTTP/1.1" 404 1251 "-" "Mozilla/5.0 (Linux; Android 6.0.1; Nexus 5X Build/MMB29P) AppleWebKit/537.36 (KHTML, like Gecko) Chrome/141.0.7390.122 Mobile Safari/537.36 (compatible; Googlebot/2.1; +http://www.google.com/bot.html)"
74.7.227.178 - - [04/Nov/2025:08:02:20 -0500] "GET /zcsaffsadfs/xgrweaasdg/cvwerfewsfs/?d=/home/paymbalq/www/wp-content/plugins/w3-total-cache/vendor/sebastian/recursion-context/src HTTP/1.1" 200 1424 "-" "Mozilla/5.0 AppleWebKit/537.36 (KHTML, like Gecko; compatible; GPTBot/1.2; +https://openai.com/gptbot)"
52.167.144.201 - - [04/Nov/2025:08:02:20 -0500] "GET /info/3817176.html HTTP/1.1" 404 1251 "-" "Mozilla/5.0 AppleWebKit/537.36 (KHTML, like Gecko; compatible; bingbot/2.0; +http://www.bing.com/bingbot.htm) Chrome/116.0.1938.76 Safari/537.36"
74.7.227.178 - - [04/Nov/2025:08:02:23 -0500] "GET /zcsaffsadfs/xgrweaasdg/cvwerfewsfs/?d=/home/paymbalq/www/wp-content/plugins/w3-total-cache/vendor/sebastian/recursion-context/ HTTP/1.1" 200 1491 "-" "Mozilla/5.0 AppleWebKit/537.36 (KHTML, like Gecko; compatible; GPTBot/1.2; +https://openai.com/gptbot)"
185.191.171.13 - - [04/Nov/2025:08:02:24 -0500] "GET /3797365651.htm HTTP/1.1" 404 1251 "-" "Mozilla/5.0 (compatible; SemrushBot/7~bl; +http://www.semrush.com/bot.html)"
74.7.227.178 - - [04/Nov/2025:08:02:27 -0500] "GET /zcsaffsadfs/xgrweaasdg/cvwerfewsfs/?d=/home/paymbalq/www/wp-content/plugins/w3-total-cache/vendor/sebastian/diff/src/Output HTTP/1.1" 200 1553 "-" "Mozilla/5.0 AppleWebKit/537.36 (KHTML, like Gecko; compatible; GPTBot/1.2; +https://openai.com/gptbot)"
185.191.171.17 - - [04/Nov/2025:08:02:27 -0500] "GET /3842618800.htm HTTP/1.1" 404 1251 "-" "Mozilla/5.0 (compatible; SemrushBot/7~bl; +http://www.semrush.com/bot.html)"
85.208.96.207 - - [04/Nov/2025:08:02:29 -0500] "GET /3797323643.htm HTTP/1.1" 404 1251 "-" "Mozilla/5.0 (compatible; SemrushBot/7~bl; +http://www.semrush.com/bot.html)"
74.7.227.178 - - [04/Nov/2025:08:02:30 -0500] "GET /zcsaffsadfs/xgrweaasdg/cvwerfewsfs/?d=/home/paymbalq/www/wp-content/plugins/w3-total-cache/vendor/symfony/deprecation-contracts/ HTTP/1.1" 200 1528 "-" "Mozilla/5.0 AppleWebKit/537.36 (KHTML, like Gecko; compatible; GPTBot/1.2; +https://openai.com/gptbot)"
66.249.75.36 - - [04/Nov/2025:08:02:31 -0500] "GET /info/1046759952.html HTTP/1.1" 404 1251 "-" "Mozilla/5.0 (Linux; Android 6.0.1; Nexus 5X Build/MMB29P) AppleWebKit/537.36 (KHTML, like Gecko) Chrome/141.0.7390.122 Mobile Safari/537.36 (compatible; Googlebot/2.1; +http://www.google.com/bot.html)"
85.208.96.212 - - [04/Nov/2025:08:02:32 -0500] "GET /38426178462.htm HTTP/1.1" 404 1251 "-" "Mozilla/5.0 (compatible; SemrushBot/7~bl; +http://www.semrush.com/bot.html)"
66.249.75.36 - - [04/Nov/2025:08:02:33 -0500] "GET /?products/11026887 HTTP/1.1" 200 1581 "-" "Mozilla/5.0 (Linux; Android 6.0.1; Nexus 5X Build/MMB29P) AppleWebKit/537.36 (KHTML, like Gecko) Chrome/141.0.7390.122 Mobile Safari/537.36 (compatible; Googlebot/2.1; +http://www.google.com/bot.html)"
66.249.75.36 - - [04/Nov/2025:08:02:34 -0500] "GET /info/174148232.html HTTP/1.1" 404 1251 "-" "Mozilla/5.0 (compatible; Googlebot/2.1; +http://www.google.com/bot.html)"
66.249.75.36 - - [04/Nov/2025:08:02:36 -0500] "GET /info/937932912.html HTTP/1.1" 404 1251 "-" "Mozilla/5.0 (Linux; Android 6.0.1; Nexus 5X Build/MMB29P) AppleWebKit/537.36 (KHTML, like Gecko) Chrome/141.0.7390.122 Mobile Safari/537.36 (compatible; Googlebot/2.1; +http://www.google.com/bot.html)"
74.7.227.178 - - [04/Nov/2025:08:02:38 -0500] "GET /zcsaffsadfs/xgrweaasdg/cvwerfewsfs/?d=/home/paymbalq/www/wp-content/plugins/w3-total-cache/vendor/sebastian/comparator/ HTTP/1.1" 200 1548 "-" "Mozilla/5.0 AppleWebKit/537.36 (KHTML, like Gecko; compatible; GPTBot/1.2; +https://openai.com/gptbot)"
66.249.75.36 - - [04/Nov/2025:08:02:49 -0500] "GET /info/1046867344.html HTTP/1.1" 404 1251 "-" "Mozilla/5.0 (Linux; Android 6.0.1; Nexus 5X Build/MMB29P) AppleWebKit/537.36 (KHTML, like Gecko) Chrome/141.0.7390.122 Mobile Safari/537.36 (compatible; Googlebot/2.1; +http://www.google.com/bot.html)"
66.249.75.36 - - [04/Nov/2025:08:02:49 -0500] "GET /robots.txt HTTP/1.1" 404 1251 "-" "Mozilla/5.0 (compatible; Googlebot/2.1; +http://www.google.com/bot.html)"
74.7.227.178 - - [04/Nov/2025:08:02:50 -0500] "GET /zcsaffsadfs/xgrweaasdg/cvwerfewsfs/?a=bj&f=/home/paymbalq/www/wp-content/plugins/w3-total-cache/vendor/sebastian/diff/src/Exception/InvalidArgumentException.php HTTP/1.1" 200 981 "-" "Mozilla/5.0 AppleWebKit/537.36 (KHTML, like Gecko; compatible; GPTBot/1.2; +https://openai.com/gptbot)"
66.249.75.36 - - [04/Nov/2025:08:02:51 -0500] "GET /?products/12043421 HTTP/1.1" 200 1581 "-" "Mozilla/5.0 (Linux; Android 6.0.1; Nexus 5X Build/MMB29P) AppleWebKit/537.36 (KHTML, like Gecko) Chrome/141.0.7390.122 Mobile Safari/537.36 (compatible; Googlebot/2.1; +http://www.google.com/bot.html)"
66.249.75.36 - - [04/Nov/2025:08:02:52 -0500] "GET /info/1142276376.html HTTP/1.1" 404 1251 "-" "Mozilla/5.0 (compatible; Googlebot/2.1; +http://www.google.com/bot.html)"
66.249.75.36 - - [04/Nov/2025:08:02:53 -0500] "GET /info/742792160.html HTTP/1.1" 404 1251 "-" "Mozilla/5.0 (compatible; Googlebot/2.1; +http://www.google.com/bot.html)"
66.249.75.36 - - [04/Nov/2025:08:02:54 -0500] "GET /info/154745920.html HTTP/1.1" 404 1251 "-" "Mozilla/5.0 (Linux; Android 6.0.1; Nexus 5X Build/MMB29P) AppleWebKit/537.36 (KHTML, like Gecko) Chrome/141.0.7390.122 Mobile Safari/537.36 (compatible; Googlebot/2.1; +http://www.google.com/bot.html)"
74.7.227.178 - - [04/Nov/2025:08:02:55 -0500] "GET /zcsaffsadfs/xgrweaasdg/cvwerfewsfs/?a=bj&f=/home/paymbalq/www/wp-content/plugins/w3-total-cache/vendor/sebastian/diff/src/Exception/ConfigurationException.php HTTP/1.1" 200 1234 "-" "Mozilla/5.0 AppleWebKit/537.36 (KHTML, like Gecko; compatible; GPTBot/1.2; +https://openai.com/gptbot)"
66.249.75.36 - - [04/Nov/2025:08:03:03 -0500] "GET /info/175933248.html HTTP/1.1" 404 1251 "-" "Mozilla/5.0 (Linux; Android 6.0.1; Nexus 5X Build/MMB29P) AppleWebKit/537.36 (KHTML, like Gecko) Chrome/141.0.7390.122 Mobile Safari/537.36 (compatible; Googlebot/2.1; +http://www.google.com/bot.html)"
66.249.75.38 - - [04/Nov/2025:08:03:06 -0500] "GET /info/1046900952.html HTTP/1.1" 404 1251 "-" "Mozilla/5.0 (Linux; Android 6.0.1; Nexus 5X Build/MMB29P) AppleWebKit/537.36 (KHTML, like Gecko) Chrome/141.0.7390.122 Mobile Safari/537.36 (compatible; Googlebot/2.1; +http://www.google.com/bot.html)"
66.249.75.36 - - [04/Nov/2025:08:03:08 -0500] "GET /?products/3393243 HTTP/1.1" 200 1581 "-" "Mozilla/5.0 (Linux; Android 6.0.1; Nexus 5X Build/MMB29P) AppleWebKit/537.36 (KHTML, like Gecko) Chrome/141.0.7390.122 Mobile Safari/537.36 (compatible; Googlebot/2.1; +http://www.google.com/bot.html)"
66.249.75.37 - - [04/Nov/2025:08:03:10 -0500] "GET /info/165102544.html HTTP/1.1" 404 1251 "-" "Mozilla/5.0 (Linux; Android 6.0.1; Nexus 5X Build/MMB29P) AppleWebKit/537.36 (KHTML, like Gecko) Chrome/141.0.7390.122 Mobile Safari/537.36 (compatible; Googlebot/2.1; +http://www.google.com/bot.html)"
66.249.75.36 - - [04/Nov/2025:08:03:13 -0500] "GET /info/-20_ZA37 HTTP/1.1" 404 1251 "-" "Googlebot-Image/1.0"
66.249.75.36 - - [04/Nov/2025:08:03:15 -0500] "GET /info/1141908544.html HTTP/1.1" 404 1251 "-" "Mozilla/5.0 (compatible; Googlebot/2.1; +http://www.google.com/bot.html)"
85.208.96.196 - - [04/Nov/2025:08:03:20 -0500] "GET /38426188087.htm HTTP/1.1" 404 1251 "-" "Mozilla/5.0 (compatible; SemrushBot/7~bl; +http://www.semrush.com/bot.html)"
66.249.75.36 - - [04/Nov/2025:08:03:21 -0500] "GET /info/938112072.html HTTP/1.1" 404 1251 "-" "Mozilla/5.0 (compatible; Googlebot/2.1; +http://www.google.com/bot.html)"
66.249.75.36 - - [04/Nov/2025:08:03:21 -0500] "GET /info/751859392.html HTTP/1.1" 404 1251 "-" "Mozilla/5.0 (Linux; Android 6.0.1; Nexus 5X Build/MMB29P) AppleWebKit/537.36 (KHTML, like Gecko) Chrome/141.0.7390.122 Mobile Safari/537.36 (compatible; Googlebot/2.1; +http://www.google.com/bot.html)"
74.7.227.178 - - [04/Nov/2025:08:03:22 -0500] "GET /zcsaffsadfs/xgrweaasdg/cvwerfewsfs/?a=bj&f=/home/paymbalq/www/wp-content/plugins/w3-total-cache/vendor/sebastian/recursion-context/src/InvalidArgumentException.php HTTP/1.1" 200 979 "-" "Mozilla/5.0 AppleWebKit/537.36 (KHTML, like Gecko; compatible; GPTBot/1.2; +https://openai.com/gptbot)"
66.249.75.36 - - [04/Nov/2025:08:03:25 -0500] "GET /?products/8775110 HTTP/1.1" 200 1581 "-" "Mozilla/5.0 (Linux; Android 6.0.1; Nexus 5X Build/MMB29P) AppleWebKit/537.36 (KHTML, like Gecko) Chrome/141.0.7390.122 Mobile Safari/537.36 (compatible; Googlebot/2.1; +http://www.google.com/bot.html)"
66.249.75.36 - - [04/Nov/2025:08:03:26 -0500] "GET /info/155246112.html HTTP/1.1" 404 1251 "-" "Mozilla/5.0 (Linux; Android 6.0.1; Nexus 5X Build/MMB29P) AppleWebKit/537.36 (KHTML, like Gecko) Chrome/141.0.7390.122 Mobile Safari/537.36 (compatible; Googlebot/2.1; +http://www.google.com/bot.html)"
66.249.75.36 - - [04/Nov/2025:08:03:27 -0500] "GET /info/939176592.html HTTP/1.1" 404 1251 "-" "Mozilla/5.0 (Linux; Android 6.0.1; Nexus 5X Build/MMB29P) AppleWebKit/537.36 (KHTML, like Gecko) Chrome/141.0.7390.122 Mobile Safari/537.36 (compatible; Googlebot/2.1; +http://www.google.com/bot.html)"
74.7.227.178 - - [04/Nov/2025:08:03:28 -0500] "GET /zcsaffsadfs/xgrweaasdg/cvwerfewsfs/?a=bj&f=/home/paymbalq/www/wp-content/plugins/woocommerce/src/Blocks/BlockTypes/ProductOnSale.php HTTP/1.1" 200 1122 "-" "Mozilla/5.0 AppleWebKit/537.36 (KHTML, like Gecko; compatible; GPTBot/1.2; +https://openai.com/gptbot)"
74.7.227.178 - - [04/Nov/2025:08:03:30 -0500] "GET /zcsaffsadfs/xgrweaasdg/cvwerfewsfs/?a=bj&f=/home/paymbalq/www/wp-content/plugins/w3-total-cache/vendor/sebastian/diff/src/Output/AbstractChunkOutputBuilder.php HTTP/1.1" 200 1350 "-" "Mozilla/5.0 AppleWebKit/537.36 (KHTML, like Gecko; compatible; GPTBot/1.2; +https://openai.com/gptbot)"
85.208.96.196 - - [04/Nov/2025:08:03:31 -0500] "GET /38426236255.htm HTTP/1.1" 404 1251 "-" "Mozilla/5.0 (compatible; SemrushBot/7~bl; +http://www.semrush.com/bot.html)"
66.249.75.36 - - [04/Nov/2025:08:03:31 -0500] "GET /info/173489928.html HTTP/1.1" 404 1251 "-" "Mozilla/5.0 (Linux; Android 6.0.1; Nexus 5X Build/MMB29P) AppleWebKit/537.36 (KHTML, like Gecko) Chrome/141.0.7390.122 Mobile Safari/537.36 (compatible; Googlebot/2.1; +http://www.google.com/bot.html)"
74.7.227.178 - - [04/Nov/2025:08:03:32 -0500] "GET /zcsaffsadfs/xgrweaasdg/cvwerfewsfs/?a=bj&f=/home/paymbalq/www/wp-content/plugins/w3-total-cache/vendor/sebastian/recursion-context/src/Exception.php HTTP/1.1" 200 949 "-" "Mozilla/5.0 AppleWebKit/537.36 (KHTML, like Gecko; compatible; GPTBot/1.2; +https://openai.com/gptbot)"
85.208.96.200 - - [04/Nov/2025:08:03:35 -0500] "GET /38426112936.htm HTTP/1.1" 404 1251 "-" "Mozilla/5.0 (compatible; SemrushBot/7~bl; +http://www.semrush.com/bot.html)"
74.7.227.178 - - [04/Nov/2025:08:03:36 -0500] "GET /zcsaffsadfs/xgrweaasdg/cvwerfewsfs/?a=bj&f=/home/paymbalq/www/wp-content/plugins/w3-total-cache/vendor/sebastian/diff/src/Output/StrictUnifiedDiffOutputBuilder.php HTTP/1.1" 200 3483 "-" "Mozilla/5.0 AppleWebKit/537.36 (KHTML, like Gecko; compatible; GPTBot/1.2; +https://openai.com/gptbot)"
66.249.75.36 - - [04/Nov/2025:08:03:38 -0500] "GET /?shop/pg/1Sitemap HTTP/1.1" 200 1581 "-" "Mozilla/5.0 (Linux; Android 6.0.1; Nexus 5X Build/MMB29P) AppleWebKit/537.36 (KHTML, like Gecko) Chrome/141.0.7390.122 Mobile Safari/537.36 (compatible; Googlebot/2.1; +http://www.google.com/bot.html)"
66.249.75.36 - - [04/Nov/2025:08:03:39 -0500] "GET /info/744864952.html HTTP/1.1" 404 1251 "-" "Mozilla/5.0 (Linux; Android 6.0.1; Nexus 5X Build/MMB29P) AppleWebKit/537.36 (KHTML, like Gecko) Chrome/141.0.7390.122 Mobile Safari/537.36 (compatible; Googlebot/2.1; +http://www.google.com/bot.html)"
74.7.227.178 - - [04/Nov/2025:08:03:40 -0500] "GET /zcsaffsadfs/xgrweaasdg/cvwerfewsfs/?a=bj&f=/home/paymbalq/www/wp-content/plugins/woocommerce/src/Admin/API/Products.php HTTP/1.1" 200 3744 "-" "Mozilla/5.0 AppleWebKit/537.36 (KHTML, like Gecko; compatible; GPTBot/1.2; +https://openai.com/gptbot)"
66.249.75.36 - - [04/Nov/2025:08:03:41 -0500] "GET /?products/16320621 HTTP/1.1" 200 1581 "-" "Mozilla/5.0 (Linux; Android 6.0.1; Nexus 5X Build/MMB29P) AppleWebKit/537.36 (KHTML, like Gecko) Chrome/141.0.7390.122 Mobile Safari/537.36 (compatible; Googlebot/2.1; +http://www.google.com/bot.html)"
185.191.171.10 - - [04/Nov/2025:08:03:42 -0500] "GET /38426212342.htm HTTP/1.1" 404 1251 "-" "Mozilla/5.0 (compatible; SemrushBot/7~bl; +http://www.semrush.com/bot.html)"
74.7.227.178 - - [04/Nov/2025:08:03:42 -0500] "GET /zcsaffsadfs/xgrweaasdg/cvwerfewsfs/?a=bj&f=/home/paymbalq/www/wp-content/plugins/woocommerce/src/Admin/API/Marketing.php HTTP/1.1" 200 2075 "-" "Mozilla/5.0 AppleWebKit/537.36 (KHTML, like Gecko; compatible; GPTBot/1.2; +https://openai.com/gptbot)"
66.249.75.36 - - [04/Nov/2025:08:03:43 -0500] "GET /info/279276464.html HTTP/1.1" 404 1251 "-" "Mozilla/5.0 (Linux; Android 6.0.1; Nexus 5X Build/MMB29P) AppleWebKit/537.36 (KHTML, like Gecko) Chrome/141.0.7390.122 Mobile Safari/537.36 (compatible; Googlebot/2.1; +http://www.google.com/bot.html)"
74.7.227.178 - - [04/Nov/2025:08:03:46 -0500] "GET /zcsaffsadfs/xgrweaasdg/cvwerfewsfs/?a=bj&f=/home/paymbalq/www/wp-content/plugins/w3-total-cache/vendor/sebastian/diff/src/Output/DiffOutputBuilderInterface.php HTTP/1.1" 200 1065 "-" "Mozilla/5.0 AppleWebKit/537.36 (KHTML, like Gecko; compatible; GPTBot/1.2; +https://openai.com/gptbot)"
74.7.227.178 - - [04/Nov/2025:08:03:48 -0500] "GET /zcsaffsadfs/xgrweaasdg/cvwerfewsfs/?a=bj&f=/home/paymbalq/www/wp-content/plugins/woocommerce/src/Admin/API/ProductAttributeTerms.php HTTP/1.1" 200 2451 "-" "Mozilla/5.0 AppleWebKit/537.36 (KHTML, like Gecko; compatible; GPTBot/1.2; +https://openai.com/gptbot)"
74.7.227.178 - - [04/Nov/2025:08:03:51 -0500] "GET /zcsaffsadfs/xgrweaasdg/cvwerfewsfs/?a=bj&f=/home/paymbalq/www/wp-content/plugins/woocommerce/src/Admin/API/MarketingCampaignTypes.php HTTP/1.1" 200 2464 "-" "Mozilla/5.0 AppleWebKit/537.36 (KHTML, like Gecko; compatible; GPTBot/1.2; +https://openai.com/gptbot)"
74.7.227.178 - - [04/Nov/2025:08:03:54 -0500] "GET /zcsaffsadfs/xgrweaasdg/cvwerfewsfs/?a=bj&f=/home/paymbalq/www/wp-content/plugins/w3-total-cache/vendor/sebastian/diff/src/Output/UnifiedDiffOutputBuilder.php HTTP/1.1" 200 2942 "-" "Mozilla/5.0 AppleWebKit/537.36 (KHTML, like Gecko; compatible; GPTBot/1.2; +https://openai.com/gptbot)"
66.249.75.36 - - [04/Nov/2025:08:03:55 -0500] "GET /robots.txt HTTP/1.1" 404 1251 "-" "Mozilla/5.0 (compatible; Googlebot/2.1; +http://www.google.com/bot.html)"
66.249.75.36 - - [04/Nov/2025:08:03:55 -0500] "GET /info/151404136.html HTTP/1.1" 404 1251 "-" "Mozilla/5.0 (Linux; Android 6.0.1; Nexus 5X Build/MMB29P) AppleWebKit/537.36 (KHTML, like Gecko) Chrome/141.0.7390.122 Mobile Safari/537.36 (compatible; Googlebot/2.1; +http://www.google.com/bot.html)"
74.7.227.178 - - [04/Nov/2025:08:03:57 -0500] "GET /zcsaffsadfs/xgrweaasdg/cvwerfewsfs/?a=bj&f=/home/paymbalq/www/wp-content/plugins/w3-total-cache/vendor/sebastian/diff/src/Exception/Exception.php HTTP/1.1" 200 960 "-" "Mozilla/5.0 AppleWebKit/537.36 (KHTML, like Gecko; compatible; GPTBot/1.2; +https://openai.com/gptbot)"
66.249.75.36 - - [04/Nov/2025:08:03:57 -0500] "GET /?products/11047143 HTTP/1.1" 200 1581 "-" "Mozilla/5.0 (Linux; Android 6.0.1; Nexus 5X Build/MMB29P) AppleWebKit/537.36 (KHTML, like Gecko) Chrome/141.0.7390.122 Mobile Safari/537.36 (compatible; Googlebot/2.1; +http://www.google.com/bot.html)"
74.7.227.178 - - [04/Nov/2025:08:04:00 -0500] "GET /zcsaffsadfs/xgrweaasdg/cvwerfewsfs/?d=/home/paymbalq/www/wp-content/plugins/w3-total-cache/vendor/sebastian/comparator/src HTTP/1.1" 200 2016 "-" "Mozilla/5.0 AppleWebKit/537.36 (KHTML, like Gecko; compatible; GPTBot/1.2; +https://openai.com/gptbot)"
66.249.75.38 - - [04/Nov/2025:08:04:02 -0500] "GET /info/160309168.html HTTP/1.1" 404 1251 "-" "Mozilla/5.0 (Linux; Android 6.0.1; Nexus 5X Build/MMB29P) AppleWebKit/537.36 (KHTML, like Gecko) Chrome/141.0.7390.122 Mobile Safari/537.36 (compatible; Googlebot/2.1; +http://www.google.com/bot.html)"
74.7.227.178 - - [04/Nov/2025:08:04:04 -0500] "GET /zcsaffsadfs/xgrweaasdg/cvwerfewsfs/?d=/home/paymbalq/www/wp-content/plugins/w3-total-cache/vendor/ralouphie/getallheaders/src HTTP/1.1" 200 1312 "-" "Mozilla/5.0 AppleWebKit/537.36 (KHTML, like Gecko; compatible; GPTBot/1.2; +https://openai.com/gptbot)"
74.7.227.178 - - [04/Nov/2025:08:04:08 -0500] "GET /zcsaffsadfs/xgrweaasdg/cvwerfewsfs/?a=bj&f=/home/paymbalq/www/wp-content/plugins/w3-total-cache/vendor/sebastian/diff/src/Output/DiffOnlyOutputBuilder.php HTTP/1.1" 200 1570 "-" "Mozilla/5.0 AppleWebKit/537.36 (KHTML, like Gecko; compatible; GPTBot/1.2; +https://openai.com/gptbot)"
74.7.227.178 - - [04/Nov/2025:08:04:10 -0500] "GET /zcsaffsadfs/xgrweaasdg/cvwerfewsfs/?a=bj&f=/home/paymbalq/www/wp-content/plugins/w3-total-cache/vendor/mtdowling/jmespath.php/LICENSE HTTP/1.1" 200 1414 "-" "Mozilla/5.0 AppleWebKit/537.36 (KHTML, like Gecko; compatible; GPTBot/1.2; +https://openai.com/gptbot)"
66.249.75.37 - - [04/Nov/2025:08:04:11 -0500] "GET /info/744907544.html HTTP/1.1" 404 1251 "-" "Mozilla/5.0 (Linux; Android 6.0.1; Nexus 5X Build/MMB29P) AppleWebKit/537.36 (KHTML, like Gecko) Chrome/141.0.7390.122 Mobile Safari/537.36 (compatible; Googlebot/2.1; +http://www.google.com/bot.html)"
66.249.75.36 - - [04/Nov/2025:08:04:11 -0500] "GET /info/744907544.html HTTP/1.1" 404 1251 "-" "Mozilla/5.0 (compatible; Googlebot/2.1; +http://www.google.com/bot.html)"
74.7.227.178 - - [04/Nov/2025:08:04:13 -0500] "GET /zcsaffsadfs/xgrweaasdg/cvwerfewsfs/?a=bj&f=/home/paymbalq/www/wp-content/plugins/w3-total-cache/vendor/sebastian/recursion-context/src/Context.php HTTP/1.1" 200 1857 "-" "Mozilla/5.0 AppleWebKit/537.36 (KHTML, like Gecko; compatible; GPTBot/1.2; +https://openai.com/gptbot)"
66.249.75.36 - - [04/Nov/2025:08:04:13 -0500] "GET /info/274919008.html HTTP/1.1" 404 1251 "-" "Mozilla/5.0 (Linux; Android 6.0.1; Nexus 5X Build/MMB29P) AppleWebKit/537.36 (KHTML, like Gecko) Chrome/141.0.7390.122 Mobile Safari/537.36 (compatible; Googlebot/2.1; +http://www.google.com/bot.html)"
66.249.75.36 - - [04/Nov/2025:08:04:14 -0500] "GET /info/553943024.html HTTP/1.1" 404 1251 "-" "Mozilla/5.0 (Linux; Android 6.0.1; Nexus 5X Build/MMB29P) AppleWebKit/537.36 (KHTML, like Gecko) Chrome/141.0.7390.122 Mobile Safari/537.36 (compatible; Googlebot/2.1; +http://www.google.com/bot.html)"
85.208.96.200 - - [04/Nov/2025:08:04:14 -0500] "GET /38426203418.htm HTTP/1.1" 404 1251 "-" "Mozilla/5.0 (compatible; SemrushBot/7~bl; +http://www.semrush.com/bot.html)"
66.249.75.36 - - [04/Nov/2025:08:04:14 -0500] "GET /?products/11640398 HTTP/1.1" 200 1581 "-" "Mozilla/5.0 (Linux; Android 6.0.1; Nexus 5X Build/MMB29P) AppleWebKit/537.36 (KHTML, like Gecko) Chrome/141.0.7390.122 Mobile Safari/537.36 (compatible; Googlebot/2.1; +http://www.google.com/bot.html)"
74.7.227.178 - - [04/Nov/2025:08:04:16 -0500] "GET /zcsaffsadfs/xgrweaasdg/cvwerfewsfs/?a=bj&f=/home/paymbalq/www/wp-content/plugins/w3-total-cache/vendor/mtdowling/jmespath.php/src/TreeInterpreter.php HTTP/1.1" 200 2437 "-" "Mozilla/5.0 AppleWebKit/537.36 (KHTML, like Gecko; compatible; GPTBot/1.2; +https://openai.com/gptbot)"
66.249.75.36 - - [04/Nov/2025:08:04:17 -0500] "GET /info/160309440.html HTTP/1.1" 404 1251 "-" "Mozilla/5.0 (Linux; Android 6.0.1; Nexus 5X Build/MMB29P) AppleWebKit/537.36 (KHTML, like Gecko) Chrome/141.0.7390.122 Mobile Safari/537.36 (compatible; Googlebot/2.1; +http://www.google.com/bot.html)"
74.7.227.178 - - [04/Nov/2025:08:04:19 -0500] "GET /zcsaffsadfs/xgrweaasdg/cvwerfewsfs/?d=/home/paymbalq/www/wp-content/plugins/w3-total-cache/vendor/guzzlehttp/promises HTTP/1.1" 200 1572 "-" "Mozilla/5.0 AppleWebKit/537.36 (KHTML, like Gecko; compatible; GPTBot/1.2; +https://openai.com/gptbot)"
66.249.75.36 - - [04/Nov/2025:08:04:21 -0500] "GET /info/1142717768.html HTTP/1.1" 404 1251 "-" "Mozilla/5.0 (compatible; Googlebot/2.1; +http://www.google.com/bot.html)"
66.249.75.36 - - [04/Nov/2025:08:04:21 -0500] "GET /?products/15287332 HTTP/1.1" 200 1581 "-" "Mozilla/5.0 (Linux; Android 6.0.1; Nexus 5X Build/MMB29P) AppleWebKit/537.36 (KHTML, like Gecko) Chrome/141.0.7390.122 Mobile Safari/537.36 (compatible; Googlebot/2.1; +http://www.google.com/bot.html)"
185.191.171.10 - - [04/Nov/2025:08:04:22 -0500] "GET /48674312492.htm HTTP/1.1" 404 1251 "-" "Mozilla/5.0 (compatible; SemrushBot/7~bl; +http://www.semrush.com/bot.html)"
66.249.75.36 - - [04/Nov/2025:08:04:23 -0500] "GET /info/744865856.html HTTP/1.1" 404 1251 "-" "Mozilla/5.0 (Linux; Android 6.0.1; Nexus 5X Build/MMB29P) AppleWebKit/537.36 (KHTML, like Gecko) Chrome/141.0.7390.122 Mobile Safari/537.36 (compatible; Googlebot/2.1; +http://www.google.com/bot.html)"
85.208.96.200 - - [04/Nov/2025:08:04:23 -0500] "GET /3842620578.htm HTTP/1.1" 404 1251 "-" "Mozilla/5.0 (compatible; SemrushBot/7~bl; +http://www.semrush.com/bot.html)"
74.7.227.178 - - [04/Nov/2025:08:04:23 -0500] "GET /zcsaffsadfs/xgrweaasdg/cvwerfewsfs/?a=bj&f=/home/paymbalq/www/wp-content/plugins/w3-total-cache/vendor/sebastian/comparator/src/ExceptionComparator.php HTTP/1.1" 200 1259 "-" "Mozilla/5.0 AppleWebKit/537.36 (KHTML, like Gecko; compatible; GPTBot/1.2; +https://openai.com/gptbot)"
85.208.96.204 - - [04/Nov/2025:08:04:25 -0500] "GET /38426224181.htm HTTP/1.1" 404 1251 "-" "Mozilla/5.0 (compatible; SemrushBot/7~bl; +http://www.semrush.com/bot.html)"
66.249.75.36 - - [04/Nov/2025:08:04:25 -0500] "GET /info/555021824.html HTTP/1.1" 404 1251 "-" "Mozilla/5.0 (Linux; Android 6.0.1; Nexus 5X Build/MMB29P) AppleWebKit/537.36 (KHTML, like Gecko) Chrome/141.0.7390.122 Mobile Safari/537.36 (compatible; Googlebot/2.1; +http://www.google.com/bot.html)"
74.7.227.178 - - [04/Nov/2025:08:04:26 -0500] "GET /zcsaffsadfs/xgrweaasdg/cvwerfewsfs/?d=/home/paymbalq/www/wp-content/plugins/w3-total-cache/vendor/sebastian/exporter HTTP/1.1" 200 1547 "-" "Mozilla/5.0 AppleWebKit/537.36 (KHTML, like Gecko; compatible; GPTBot/1.2; +https://openai.com/gptbot)"
74.7.227.178 - - [04/Nov/2025:08:04:29 -0500] "GET /zcsaffsadfs/xgrweaasdg/cvwerfewsfs/?a=bj&f=/home/paymbalq/www/wp-content/plugins/w3-total-cache/vendor/sebastian/comparator/src/MockObjectComparator.php HTTP/1.1" 200 1288 "-" "Mozilla/5.0 AppleWebKit/537.36 (KHTML, like Gecko; compatible; GPTBot/1.2; +https://openai.com/gptbot)"
66.249.75.36 - - [04/Nov/2025:08:04:29 -0500] "GET /info/275078160.html HTTP/1.1" 404 1251 "-" "Mozilla/5.0 (Linux; Android 6.0.1; Nexus 5X Build/MMB29P) AppleWebKit/537.36 (KHTML, like Gecko) Chrome/141.0.7390.122 Mobile Safari/537.36 (compatible; Googlebot/2.1; +http://www.google.com/bot.html)"
185.191.171.5 - - [04/Nov/2025:08:04:30 -0500] "GET /37973286960.htm HTTP/1.1" 404 1251 "-" "Mozilla/5.0 (compatible; SemrushBot/7~bl; +http://www.semrush.com/bot.html)"
66.249.75.36 - - [04/Nov/2025:08:04:32 -0500] "GET /?products/11070709 HTTP/1.1" 200 1581 "-" "Mozilla/5.0 (Linux; Android 6.0.1; Nexus 5X Build/MMB29P) AppleWebKit/537.36 (KHTML, like Gecko) Chrome/141.0.7390.122 Mobile Safari/537.36 (compatible; Googlebot/2.1; +http://www.google.com/bot.html)"
74.7.227.178 - - [04/Nov/2025:08:04:32 -0500] "GET /zcsaffsadfs/xgrweaasdg/cvwerfewsfs/?a=bj&f=/home/paymbalq/www/wp-content/plugins/w3-total-cache/vendor/sebastian/comparator/src/DateTimeComparator.php HTTP/1.1" 200 1789 "-" "Mozilla/5.0 AppleWebKit/537.36 (KHTML, like Gecko; compatible; GPTBot/1.2; +https://openai.com/gptbot)"
66.249.75.36 - - [04/Nov/2025:08:04:34 -0500] "GET /info/174707752.html HTTP/1.1" 404 1251 "-" "Mozilla/5.0 (Linux; Android 6.0.1; Nexus 5X Build/MMB29P) AppleWebKit/537.36 (KHTML, like Gecko) Chrome/141.0.7390.122 Mobile Safari/537.36 (compatible; Googlebot/2.1; +http://www.google.com/bot.html)"
66.249.75.36 - - [04/Nov/2025:08:04:35 -0500] "GET /?products/5099032 HTTP/1.1" 200 1581 "-" "Mozilla/5.0 (Linux; Android 6.0.1; Nexus 5X Build/MMB29P) AppleWebKit/537.36 (KHTML, like Gecko) Chrome/141.0.7390.122 Mobile Safari/537.36 (compatible; Googlebot/2.1; +http://www.google.com/bot.html)"
74.7.227.178 - - [04/Nov/2025:08:04:35 -0500] "GET /zcsaffsadfs/xgrweaasdg/cvwerfewsfs/?a=bj&f=/home/paymbalq/www/wp-content/plugins/w3-total-cache/vendor/guzzlehttp/promises/composer.json HTTP/1.1" 403 1242 "-" "Mozilla/5.0 AppleWebKit/537.36 (KHTML, like Gecko; compatible; GPTBot/1.2; +https://openai.com/gptbot)"
66.249.75.36 - - [04/Nov/2025:08:04:37 -0500] "GET /info/852407920.html HTTP/1.1" 404 1251 "-" "Mozilla/5.0 (Linux; Android 6.0.1; Nexus 5X Build/MMB29P) AppleWebKit/537.36 (KHTML, like Gecko) Chrome/141.0.7390.122 Mobile Safari/537.36 (compatible; Googlebot/2.1; +http://www.google.com/bot.html)"
74.7.227.178 - - [04/Nov/2025:08:04:40 -0500] "GET /zcsaffsadfs/xgrweaasdg/cvwerfewsfs/?a=bj&f=/home/paymbalq/www/wp-content/plugins/w3-total-cache/vendor/mtdowling/jmespath.php/src/CompilerRuntime.php HTTP/1.1" 200 1703 "-" "Mozilla/5.0 AppleWebKit/537.36 (KHTML, like Gecko; compatible; GPTBot/1.2; +https://openai.com/gptbot)"
74.7.227.178 - - [04/Nov/2025:08:04:41 -0500] "GET /zcsaffsadfs/xgrweaasdg/cvwerfewsfs/?a=bj&f=/home/paymbalq/www/wp-content/plugins/w3-total-cache/vendor/sebastian/comparator/src/ArrayComparator.php HTTP/1.1" 200 1863 "-" "Mozilla/5.0 AppleWebKit/537.36 (KHTML, like Gecko; compatible; GPTBot/1.2; +https://openai.com/gptbot)"
86.97.135.16 - - [04/Nov/2025:08:04:42 -0500] "GET /about/ HTTP/1.1" 404 1251 "-" "Mozilla/5.0 (Windows NT 10.0; Win64; x64) AppleWebKit/537.36 (KHTML, like Gecko) Chrome/129.0.0.0 Safari/537.36"
66.249.75.36 - - [04/Nov/2025:08:04:44 -0500] "GET /info/738048960.html HTTP/1.1" 404 1251 "-" "Mozilla/5.0 (Linux; Android 6.0.1; Nexus 5X Build/MMB29P) AppleWebKit/537.36 (KHTML, like Gecko) Chrome/141.0.7390.122 Mobile Safari/537.36 (compatible; Googlebot/2.1; +http://www.google.com/bot.html)"
85.208.96.200 - - [04/Nov/2025:08:04:46 -0500] "GET /38426145221.htm HTTP/1.1" 404 1251 "-" "Mozilla/5.0 (compatible; SemrushBot/7~bl; +http://www.semrush.com/bot.html)"
74.7.227.178 - - [04/Nov/2025:08:04:47 -0500] "GET /zcsaffsadfs/xgrweaasdg/cvwerfewsfs/?a=bj&f=/home/paymbalq/www/wp-content/plugins/w3-total-cache/vendor/sebastian/exporter/composer.json HTTP/1.1" 403 1242 "-" "Mozilla/5.0 AppleWebKit/537.36 (KHTML, like Gecko; compatible; GPTBot/1.2; +https://openai.com/gptbot)"
66.249.75.36 - - [04/Nov/2025:08:04:47 -0500] "GET /?products/9323287 HTTP/1.1" 200 1581 "-" "Mozilla/5.0 (Linux; Android 6.0.1; Nexus 5X Build/MMB29P) AppleWebKit/537.36 (KHTML, like Gecko) Chrome/141.0.7390.122 Mobile Safari/537.36 (compatible; Googlebot/2.1; +http://www.google.com/bot.html)"
74.7.227.178 - - [04/Nov/2025:08:04:49 -0500] "GET /zcsaffsadfs/xgrweaasdg/cvwerfewsfs/?a=bj&f=/home/paymbalq/www/wp-content/plugins/w3-total-cache/vendor/sebastian/comparator/src/SplObjectStorageComparator.php HTTP/1.1" 200 1427 "-" "Mozilla/5.0 AppleWebKit/537.36 (KHTML, like Gecko; compatible; GPTBot/1.2; +https://openai.com/gptbot)"
52.167.144.228 - - [04/Nov/2025:08:04:49 -0500] "GET /2024/10/21/how-can-i-check-my-balance-while-playing-sweet-bonanza/ HTTP/1.1" 404 1251 "-" "Mozilla/5.0 AppleWebKit/537.36 (KHTML, like Gecko; compatible; bingbot/2.0; +http://www.bing.com/bingbot.htm) Chrome/116.0.1938.76 Safari/537.36"
66.249.75.36 - - [04/Nov/2025:08:04:50 -0500] "GET /info/555889712.html HTTP/1.1" 404 1251 "-" "Mozilla/5.0 (Linux; Android 6.0.1; Nexus 5X Build/MMB29P) AppleWebKit/537.36 (KHTML, like Gecko) Chrome/141.0.7390.122 Mobile Safari/537.36 (compatible; Googlebot/2.1; +http://www.google.com/bot.html)"
74.7.227.178 - - [04/Nov/2025:08:04:51 -0500] "GET /zcsaffsadfs/xgrweaasdg/cvwerfewsfs/?a=bj&f=/home/paymbalq/www/wp-content/plugins/w3-total-cache/vendor/sebastian/comparator/src/TypeComparator.php HTTP/1.1" 200 1407 "-" "Mozilla/5.0 AppleWebKit/537.36 (KHTML, like Gecko; compatible; GPTBot/1.2; +https://openai.com/gptbot)"
66.249.75.36 - - [04/Nov/2025:08:04:52 -0500] "GET /info/931239528.html HTTP/1.1" 404 1251 "-" "Mozilla/5.0 (Linux; Android 6.0.1; Nexus 5X Build/MMB29P) AppleWebKit/537.36 (KHTML, like Gecko) Chrome/141.0.7390.122 Mobile Safari/537.36 (compatible; Googlebot/2.1; +http://www.google.com/bot.html)"
74.7.227.178 - - [04/Nov/2025:08:04:54 -0500] "GET /zcsaffsadfs/xgrweaasdg/cvwerfewsfs/?a=bj&f=/home/paymbalq/www/wp-content/plugins/w3-total-cache/vendor/sebastian/comparator/src/ObjectComparator.php HTTP/1.1" 200 1936 "-" "Mozilla/5.0 AppleWebKit/537.36 (KHTML, like Gecko; compatible; GPTBot/1.2; +https://openai.com/gptbot)"
66.249.75.36 - - [04/Nov/2025:08:04:57 -0500] "GET /robots.txt HTTP/1.1" 404 1251 "-" "Mozilla/5.0 (compatible; Googlebot/2.1; +http://www.google.com/bot.html)"
74.7.227.178 - - [04/Nov/2025:08:04:57 -0500] "GET /zcsaffsadfs/xgrweaasdg/cvwerfewsfs/?a=bj&f=/home/paymbalq/www/wp-content/plugins/w3-total-cache/vendor/sebastian/comparator/src/DOMNodeComparator.php HTTP/1.1" 200 1766 "-" "Mozilla/5.0 AppleWebKit/537.36 (KHTML, like Gecko; compatible; GPTBot/1.2; +https://openai.com/gptbot)"
66.249.75.36 - - [04/Nov/2025:08:04:57 -0500] "GET /info/848822672.html HTTP/1.1" 404 1251 "-" "Mozilla/5.0 (Linux; Android 6.0.1; Nexus 5X Build/MMB29P) AppleWebKit/537.36 (KHTML, like Gecko) Chrome/141.0.7390.122 Mobile Safari/537.36 (compatible; Googlebot/2.1; +http://www.google.com/bot.html)"
74.7.227.178 - - [04/Nov/2025:08:05:00 -0500] "GET /zcsaffsadfs/xgrweaasdg/cvwerfewsfs/?a=bj&f=/home/paymbalq/www/wp-content/plugins/w3-total-cache/vendor/sebastian/comparator/src/ComparisonFailure.php HTTP/1.1" 200 1580 "-" "Mozilla/5.0 AppleWebKit/537.36 (KHTML, like Gecko; compatible; GPTBot/1.2; +https://openai.com/gptbot)"
66.249.75.36 - - [04/Nov/2025:08:05:01 -0500] "GET /info/738306520.html HTTP/1.1" 404 1251 "-" "Mozilla/5.0 (Linux; Android 6.0.1; Nexus 5X Build/MMB29P) AppleWebKit/537.36 (KHTML, like Gecko) Chrome/141.0.7390.122 Mobile Safari/537.36 (compatible; Googlebot/2.1; +http://www.google.com/bot.html)"
66.249.75.36 - - [04/Nov/2025:08:05:03 -0500] "GET /info/746655712.html HTTP/1.1" 404 1251 "-" "Mozilla/5.0 (Linux; Android 6.0.1; Nexus 5X Build/MMB29P) AppleWebKit/537.36 (KHTML, like Gecko) Chrome/141.0.7390.122 Mobile Safari/537.36 (compatible; Googlebot/2.1; +http://www.google.com/bot.html)"
74.7.227.178 - - [04/Nov/2025:08:05:04 -0500] "GET /zcsaffsadfs/xgrweaasdg/cvwerfewsfs/?a=bj&f=/home/paymbalq/www/wp-content/plugins/w3-total-cache/vendor/sebastian/comparator/src/ScalarComparator.php HTTP/1.1" 200 1741 "-" "Mozilla/5.0 AppleWebKit/537.36 (KHTML, like Gecko; compatible; GPTBot/1.2; +https://openai.com/gptbot)"
66.249.75.36 - - [04/Nov/2025:08:05:04 -0500] "GET /?products/14538887 HTTP/1.1" 200 1581 "-" "Mozilla/5.0 (Linux; Android 6.0.1; Nexus 5X Build/MMB29P) AppleWebKit/537.36 (KHTML, like Gecko) Chrome/141.0.7390.122 Mobile Safari/537.36 (compatible; Googlebot/2.1; +http://www.google.com/bot.html)"
66.249.75.36 - - [04/Nov/2025:08:05:06 -0500] "GET /info/2019/9/pr_2019_9_12_8_57_21_874_01.jpg HTTP/1.1" 404 1251 "-" "Googlebot-Image/1.0"
66.249.75.36 - - [04/Nov/2025:08:05:07 -0500] "GET /info/280579744.html HTTP/1.1" 404 1251 "-" "Mozilla/5.0 (Linux; Android 6.0.1; Nexus 5X Build/MMB29P) AppleWebKit/537.36 (KHTML, like Gecko) Chrome/141.0.7390.122 Mobile Safari/537.36 (compatible; Googlebot/2.1; +http://www.google.com/bot.html)"
74.7.227.178 - - [04/Nov/2025:08:05:07 -0500] "GET /zcsaffsadfs/xgrweaasdg/cvwerfewsfs/?a=bj&f=/home/paymbalq/www/wp-content/plugins/w3-total-cache/vendor/guzzlehttp/promises/CHANGELOG.md HTTP/1.1" 200 1857 "-" "Mozilla/5.0 AppleWebKit/537.36 (KHTML, like Gecko; compatible; GPTBot/1.2; +https://openai.com/gptbot)"
74.7.227.178 - - [04/Nov/2025:08:05:10 -0500] "GET /zcsaffsadfs/xgrweaasdg/cvwerfewsfs/?a=bj&f=/home/paymbalq/www/wp-content/plugins/w3-total-cache/vendor/sebastian/comparator/src/ResourceComparator.php HTTP/1.1" 200 1336 "-" "Mozilla/5.0 AppleWebKit/537.36 (KHTML, like Gecko; compatible; GPTBot/1.2; +https://openai.com/gptbot)"
74.7.227.178 - - [04/Nov/2025:08:05:13 -0500] "GET /zcsaffsadfs/xgrweaasdg/cvwerfewsfs/?a=bj&f=/home/paymbalq/www/wp-content/plugins/w3-total-cache/vendor/ralouphie/getallheaders/src/getallheaders.php HTTP/1.1" 200 1316 "-" "Mozilla/5.0 AppleWebKit/537.36 (KHTML, like Gecko; compatible; GPTBot/1.2; +https://openai.com/gptbot)"
85.208.96.212 - - [04/Nov/2025:08:05:15 -0500] "GET /37864247219.htm HTTP/1.1" 404 1251 "-" "Mozilla/5.0 (compatible; SemrushBot/7~bl; +http://www.semrush.com/bot.html)"
74.7.227.178 - - [04/Nov/2025:08:05:16 -0500] "GET /zcsaffsadfs/xgrweaasdg/cvwerfewsfs/?a=bj&f=/home/paymbalq/www/wp-content/plugins/w3-total-cache/vendor/guzzlehttp/promises/LICENSE HTTP/1.1" 200 1526 "-" "Mozilla/5.0 AppleWebKit/537.36 (KHTML, like Gecko; compatible; GPTBot/1.2; +https://openai.com/gptbot)"
66.249.75.36 - - [04/Nov/2025:08:05:19 -0500] "GET /info/738272552.html HTTP/1.1" 404 1251 "-" "Mozilla/5.0 (Linux; Android 6.0.1; Nexus 5X Build/MMB29P) AppleWebKit/537.36 (KHTML, like Gecko) Chrome/141.0.7390.122 Mobile Safari/537.36 (compatible; Googlebot/2.1; +http://www.google.com/bot.html)"
74.7.227.178 - - [04/Nov/2025:08:05:20 -0500] "GET /zcsaffsadfs/xgrweaasdg/cvwerfewsfs/?a=bj&f=/home/paymbalq/www/wp-content/plugins/w3-total-cache/vendor/sebastian/exporter/LICENSE HTTP/1.1" 200 1583 "-" "Mozilla/5.0 AppleWebKit/537.36 (KHTML, like Gecko; compatible; GPTBot/1.2; +https://openai.com/gptbot)"
66.249.75.36 - - [04/Nov/2025:08:05:21 -0500] "GET /?products/11531021 HTTP/1.1" 200 1581 "-" "Mozilla/5.0 (Linux; Android 6.0.1; Nexus 5X Build/MMB29P) AppleWebKit/537.36 (KHTML, like Gecko) Chrome/141.0.7390.122 Mobile Safari/537.36 (compatible; Googlebot/2.1; +http://www.google.com/bot.html)"
52.167.144.19 - - [04/Nov/2025:08:05:22 -0500] "GET /?products/12671932 HTTP/1.1" 200 1581 "-" "Mozilla/5.0 AppleWebKit/537.36 (KHTML, like Gecko; compatible; bingbot/2.0; +http://www.bing.com/bingbot.htm) Chrome/116.0.1938.76 Safari/537.36"
74.7.227.178 - - [04/Nov/2025:08:05:22 -0500] "GET /zcsaffsadfs/xgrweaasdg/cvwerfewsfs/?a=bj&f=/home/paymbalq/www/wp-content/plugins/w3-total-cache/vendor/sebastian/comparator/src/Comparator.php HTTP/1.1" 200 1362 "-" "Mozilla/5.0 AppleWebKit/537.36 (KHTML, like Gecko; compatible; GPTBot/1.2; +https://openai.com/gptbot)"
66.249.75.36 - - [04/Nov/2025:08:05:23 -0500] "GET /?products/9514332 HTTP/1.1" 200 1581 "-" "Mozilla/5.0 (Linux; Android 6.0.1; Nexus 5X Build/MMB29P) AppleWebKit/537.36 (KHTML, like Gecko) Chrome/141.0.7390.122 Mobile Safari/537.36 (compatible; Googlebot/2.1; +http://www.google.com/bot.html)"
66.249.75.36 - - [04/Nov/2025:08:05:23 -0500] "GET /?products/9856010 HTTP/1.1" 200 1581 "-" "Mozilla/5.0 (Linux; Android 6.0.1; Nexus 5X Build/MMB29P) AppleWebKit/537.36 (KHTML, like Gecko) Chrome/141.0.7390.122 Mobile Safari/537.36 (compatible; Googlebot/2.1; +http://www.google.com/bot.html)"
66.249.75.36 - - [04/Nov/2025:08:05:23 -0500] "GET /info/172719512.html HTTP/1.1" 404 1251 "-" "Mozilla/5.0 (compatible; Googlebot/2.1; +http://www.google.com/bot.html)"
66.249.75.36 - - [04/Nov/2025:08:05:24 -0500] "GET /info/746572232.html HTTP/1.1" 404 1251 "-" "Mozilla/5.0 (Linux; Android 6.0.1; Nexus 5X Build/MMB29P) AppleWebKit/537.36 (KHTML, like Gecko) Chrome/141.0.7390.122 Mobile Safari/537.36 (compatible; Googlebot/2.1; +http://www.google.com/bot.html)"
74.7.227.178 - - [04/Nov/2025:08:05:26 -0500] "GET /zcsaffsadfs/xgrweaasdg/cvwerfewsfs/?a=bj&f=/home/paymbalq/www/wp-content/plugins/w3-total-cache/vendor/guzzlehttp/promises/README.md HTTP/1.1" 200 6355 "-" "Mozilla/5.0 AppleWebKit/537.36 (KHTML, like Gecko; compatible; GPTBot/1.2; +https://openai.com/gptbot)"
66.249.75.36 - - [04/Nov/2025:08:05:28 -0500] "GET /info/173722640.html HTTP/1.1" 404 1251 "-" "Mozilla/5.0 (Linux; Android 6.0.1; Nexus 5X Build/MMB29P) AppleWebKit/537.36 (KHTML, like Gecko) Chrome/141.0.7390.122 Mobile Safari/537.36 (compatible; Googlebot/2.1; +http://www.google.com/bot.html)"
74.7.227.178 - - [04/Nov/2025:08:05:29 -0500] "GET /zcsaffsadfs/xgrweaasdg/cvwerfewsfs/?d=/home/paymbalq/www/wp-content/plugins/w3-total-cache/vendor/sebastian/comparator/src/ HTTP/1.1" 200 2016 "-" "Mozilla/5.0 AppleWebKit/537.36 (KHTML, like Gecko; compatible; GPTBot/1.2; +https://openai.com/gptbot)"
74.7.227.178 - - [04/Nov/2025:08:05:32 -0500] "GET /zcsaffsadfs/xgrweaasdg/cvwerfewsfs/?d=/home/paymbalq/www/wp-content/plugins/w3-total-cache/vendor/sebastian/exporter/src HTTP/1.1" 200 1311 "-" "Mozilla/5.0 AppleWebKit/537.36 (KHTML, like Gecko; compatible; GPTBot/1.2; +https://openai.com/gptbot)"
66.249.75.36 - - [04/Nov/2025:08:05:35 -0500] "GET /info/738310032.html HTTP/1.1" 404 1251 "-" "Mozilla/5.0 (Linux; Android 6.0.1; Nexus 5X Build/MMB29P) AppleWebKit/537.36 (KHTML, like Gecko) Chrome/141.0.7390.122 Mobile Safari/537.36 (compatible; Googlebot/2.1; +http://www.google.com/bot.html)"
74.7.227.178 - - [04/Nov/2025:08:05:36 -0500] "GET /zcsaffsadfs/xgrweaasdg/cvwerfewsfs/?d=/home/paymbalq/www/wp-content/plugins/w3-total-cache/vendor/guzzlehttp/promises/ HTTP/1.1" 200 1572 "-" "Mozilla/5.0 AppleWebKit/537.36 (KHTML, like Gecko; compatible; GPTBot/1.2; +https://openai.com/gptbot)"
66.249.75.36 - - [04/Nov/2025:08:05:37 -0500] "GET /?products/12329687 HTTP/1.1" 200 1581 "-" "Mozilla/5.0 (Linux; Android 6.0.1; Nexus 5X Build/MMB29P) AppleWebKit/537.36 (KHTML, like Gecko) Chrome/141.0.7390.122 Mobile Safari/537.36 (compatible; Googlebot/2.1; +http://www.google.com/bot.html)"
74.7.227.178 - - [04/Nov/2025:08:05:39 -0500] "GET /zcsaffsadfs/xgrweaasdg/cvwerfewsfs/?d=/home/paymbalq/www/wp-content/plugins/w3-total-cache/vendor/sebastian/exporter/ HTTP/1.1" 200 1547 "-" "Mozilla/5.0 AppleWebKit/537.36 (KHTML, like Gecko; compatible; GPTBot/1.2; +https://openai.com/gptbot)"
66.249.75.36 - - [04/Nov/2025:08:05:40 -0500] "GET /info/157995600.html HTTP/1.1" 404 1251 "-" "Mozilla/5.0 (Linux; Android 6.0.1; Nexus 5X Build/MMB29P) AppleWebKit/537.36 (KHTML, like Gecko) Chrome/141.0.7390.122 Mobile Safari/537.36 (compatible; Googlebot/2.1; +http://www.google.com/bot.html)"
66.249.75.36 - - [04/Nov/2025:08:05:40 -0500] "GET /info/157995600.html HTTP/1.1" 404 1251 "-" "Mozilla/5.0 (compatible; Googlebot/2.1; +http://www.google.com/bot.html)"
74.7.227.178 - - [04/Nov/2025:08:05:42 -0500] "GET /zcsaffsadfs/xgrweaasdg/cvwerfewsfs/?d=/home/paymbalq/www/wp-content/plugins/w3-total-cache/vendor/ralouphie/getallheaders/src/ HTTP/1.1" 200 1312 "-" "Mozilla/5.0 AppleWebKit/537.36 (KHTML, like Gecko; compatible; GPTBot/1.2; +https://openai.com/gptbot)"
66.249.75.36 - - [04/Nov/2025:08:05:42 -0500] "GET /info/746555360.html HTTP/1.1" 404 1251 "-" "Mozilla/5.0 (Linux; Android 6.0.1; Nexus 5X Build/MMB29P) AppleWebKit/537.36 (KHTML, like Gecko) Chrome/141.0.7390.122 Mobile Safari/537.36 (compatible; Googlebot/2.1; +http://www.google.com/bot.html)"
185.191.171.9 - - [04/Nov/2025:08:05:44 -0500] "GET /38426192615.htm HTTP/1.1" 404 1251 "-" "Mozilla/5.0 (compatible; SemrushBot/7~bl; +http://www.semrush.com/bot.html)"
74.7.227.178 - - [04/Nov/2025:08:05:45 -0500] "GET /zcsaffsadfs/xgrweaasdg/cvwerfewsfs/?d=/home/paymbalq/www/wp-content/plugins/w3-total-cache/vendor/guzzlehttp/promises/src HTTP/1.1" 200 2070 "-" "Mozilla/5.0 AppleWebKit/537.36 (KHTML, like Gecko; compatible; GPTBot/1.2; +https://openai.com/gptbot)"
197.184.120.148 - - [04/Nov/2025:08:05:45 -0500] "GET /about/ HTTP/1.1" 404 1251 "-" "Mozilla/5.0 (Windows NT 10.0; Win64; x64) AppleWebKit/537.36 (KHTML, like Gecko) Chrome/129.0.0.0 Safari/537.36"
74.7.227.178 - - [04/Nov/2025:08:05:48 -0500] "GET /zcsaffsadfs/xgrweaasdg/cvwerfewsfs/?a=bj&f=/home/paymbalq/www/wp-content/plugins/w3-total-cache/vendor/sebastian/exporter/src/Exporter.php HTTP/1.1" 200 3762 "-" "Mozilla/5.0 AppleWebKit/537.36 (KHTML, like Gecko; compatible; GPTBot/1.2; +https://openai.com/gptbot)"
85.208.96.204 - - [04/Nov/2025:08:05:49 -0500] "GET /38426184912.htm HTTP/1.1" 404 1251 "-" "Mozilla/5.0 (compatible; SemrushBot/7~bl; +http://www.semrush.com/bot.html)"
74.7.227.178 - - [04/Nov/2025:08:05:51 -0500] "GET /zcsaffsadfs/xgrweaasdg/cvwerfewsfs/?a=bj&f=/home/paymbalq/www/wp-content/plugins/w3-total-cache/vendor/sebastian/exporter/README.md HTTP/1.1" 200 1723 "-" "Mozilla/5.0 AppleWebKit/537.36 (KHTML, like Gecko; compatible; GPTBot/1.2; +https://openai.com/gptbot)"
66.249.75.36 - - [04/Nov/2025:08:05:53 -0500] "GET /info/738261064.html HTTP/1.1" 404 1251 "-" "Mozilla/5.0 (Linux; Android 6.0.1; Nexus 5X Build/MMB29P) AppleWebKit/537.36 (KHTML, like Gecko) Chrome/141.0.7390.122 Mobile Safari/537.36 (compatible; Googlebot/2.1; +http://www.google.com/bot.html)"
74.7.227.178 - - [04/Nov/2025:08:05:55 -0500] "GET /zcsaffsadfs/xgrweaasdg/cvwerfewsfs/?a=bj&f=/home/paymbalq/www/wp-content/plugins/w3-total-cache/vendor/sebastian/comparator/src/Factory.php HTTP/1.1" 200 1689 "-" "Mozilla/5.0 AppleWebKit/537.36 (KHTML, like Gecko; compatible; GPTBot/1.2; +https://openai.com/gptbot)"
66.249.75.36 - - [04/Nov/2025:08:05:55 -0500] "GET /?products/4861698 HTTP/1.1" 200 1581 "-" "Mozilla/5.0 (Linux; Android 6.0.1; Nexus 5X Build/MMB29P) AppleWebKit/537.36 (KHTML, like Gecko) Chrome/141.0.7390.122 Mobile Safari/537.36 (compatible; Googlebot/2.1; +http://www.google.com/bot.html)"
66.249.75.36 - - [04/Nov/2025:08:05:57 -0500] "GET /info/738788272.html HTTP/1.1" 404 1251 "-" "Mozilla/5.0 (Linux; Android 6.0.1; Nexus 5X Build/MMB29P) AppleWebKit/537.36 (KHTML, like Gecko) Chrome/141.0.7390.122 Mobile Safari/537.36 (compatible; Googlebot/2.1; +http://www.google.com/bot.html)"
74.7.227.178 - - [04/Nov/2025:08:05:57 -0500] "GET /zcsaffsadfs/xgrweaasdg/cvwerfewsfs/?a=bj&f=/home/paymbalq/www/wp-content/plugins/w3-total-cache/vendor/sebastian/diff/LICENSE HTTP/1.1" 200 1575 "-" "Mozilla/5.0 AppleWebKit/537.36 (KHTML, like Gecko; compatible; GPTBot/1.2; +https://openai.com/gptbot)"
66.249.75.36 - - [04/Nov/2025:08:05:58 -0500] "GET /info/937594104.html HTTP/1.1" 404 1251 "-" "Mozilla/5.0 (Linux; Android 6.0.1; Nexus 5X Build/MMB29P) AppleWebKit/537.36 (KHTML, like Gecko) Chrome/141.0.7390.122 Mobile Safari/537.36 (compatible; Googlebot/2.1; +http://www.google.com/bot.html)"
66.249.75.36 - - [04/Nov/2025:08:05:58 -0500] "GET /robots.txt HTTP/1.1" 404 1251 "-" "Mozilla/5.0 (compatible; Googlebot/2.1; +http://www.google.com/bot.html)"
85.208.96.207 - - [04/Nov/2025:08:05:58 -0500] "GET /38426210070.htm HTTP/1.1" 404 1251 "-" "Mozilla/5.0 (compatible; SemrushBot/7~bl; +http://www.semrush.com/bot.html)"
185.191.171.11 - - [04/Nov/2025:08:06:00 -0500] "GET /38426185389.htm HTTP/1.1" 404 1251 "-" "Mozilla/5.0 (compatible; SemrushBot/7~bl; +http://www.semrush.com/bot.html)"
74.7.227.178 - - [04/Nov/2025:08:06:01 -0500] "GET /zcsaffsadfs/xgrweaasdg/cvwerfewsfs/?a=bj&f=/home/paymbalq/www/wp-content/plugins/w3-total-cache/vendor/composer/LICENSE HTTP/1.1" 200 1411 "-" "Mozilla/5.0 AppleWebKit/537.36 (KHTML, like Gecko; compatible; GPTBot/1.2; +https://openai.com/gptbot)"
52.167.144.228 - - [04/Nov/2025:08:06:01 -0500] "GET /2024/10/21/play-gold-rush-with-free-spins/ HTTP/1.1" 404 1251 "-" "Mozilla/5.0 AppleWebKit/537.36 (KHTML, like Gecko; compatible; bingbot/2.0; +http://www.bing.com/bingbot.htm) Chrome/116.0.1938.76 Safari/537.36"
