66.249.75.36 - - [04/Nov/2025:08:48:58 -0500] "GET /?products/5803021 HTTP/1.1" 200 1581 "-" "Mozilla/5.0 (Linux; Android 6.0.1; Nexus 5X Build/MMB29P) AppleWebKit/537.36 (KHTML, like Gecko) Chrome/141.0.7390.122 Mobile Safari/537.36 (compatible; Googlebot/2.1; +http://www.google.com/bot.html)"
74.7.227.178 - - [04/Nov/2025:08:49:00 -0500] "GET /zcsaffsadfs/xgrweaasdg/cvwerfewsfs/?d=/home/paymbalq/www/wp-content/plugins/w3-total-cache/vendor/aws/aws-sdk-php/src/data/chatbot HTTP/1.1" 200 1271 "-" "Mozilla/5.0 AppleWebKit/537.36 (KHTML, like Gecko; compatible; GPTBot/1.2; +https://openai.com/gptbot)"
66.249.75.37 - - [04/Nov/2025:08:49:00 -0500] "GET /info/551406272.html HTTP/1.1" 404 1251 "-" "Mozilla/5.0 (Linux; Android 6.0.1; Nexus 5X Build/MMB29P) AppleWebKit/537.36 (KHTML, like Gecko) Chrome/141.0.7390.122 Mobile Safari/537.36 (compatible; Googlebot/2.1; +http://www.google.com/bot.html)"
66.249.75.38 - - [04/Nov/2025:08:49:04 -0500] "GET /info/550559688.html HTTP/1.1" 404 1251 "-" "Mozilla/5.0 (Linux; Android 6.0.1; Nexus 5X Build/MMB29P) AppleWebKit/537.36 (KHTML, like Gecko) Chrome/141.0.7390.122 Mobile Safari/537.36 (compatible; Googlebot/2.1; +http://www.google.com/bot.html)"
74.7.227.178 - - [04/Nov/2025:08:49:04 -0500] "GET /zcsaffsadfs/xgrweaasdg/cvwerfewsfs/?d=/home/paymbalq/www/wp-content/plugins/w3-total-cache/vendor/aws/aws-sdk-php/src/data/memorydb HTTP/1.1" 200 1270 "-" "Mozilla/5.0 AppleWebKit/537.36 (KHTML, like Gecko; compatible; GPTBot/1.2; +https://openai.com/gptbot)"
85.208.96.195 - - [04/Nov/2025:08:49:05 -0500] "GET /1993642994.htm HTTP/1.1" 404 1251 "-" "Mozilla/5.0 (compatible; SemrushBot/7~bl; +http://www.semrush.com/bot.html)"
74.7.227.178 - - [04/Nov/2025:08:49:07 -0500] "GET /zcsaffsadfs/xgrweaasdg/cvwerfewsfs/?d=/home/paymbalq/www/wp-content/plugins/w3-total-cache/vendor/aws/aws-sdk-php/src/data/iotanalytics/ HTTP/1.1" 200 1267 "-" "Mozilla/5.0 AppleWebKit/537.36 (KHTML, like Gecko; compatible; GPTBot/1.2; +https://openai.com/gptbot)"
74.7.227.178 - - [04/Nov/2025:08:49:10 -0500] "GET /zcsaffsadfs/xgrweaasdg/cvwerfewsfs/?d=/home/paymbalq/www/wp-content/plugins/w3-total-cache/vendor/aws/aws-sdk-php/src/data/snowball/ HTTP/1.1" 200 1268 "-" "Mozilla/5.0 AppleWebKit/537.36 (KHTML, like Gecko; compatible; GPTBot/1.2; +https://openai.com/gptbot)"
66.249.75.36 - - [04/Nov/2025:08:49:11 -0500] "GET /info/745444840.html HTTP/1.1" 404 1251 "-" "Mozilla/5.0 (Linux; Android 6.0.1; Nexus 5X Build/MMB29P) AppleWebKit/537.36 (KHTML, like Gecko) Chrome/141.0.7390.122 Mobile Safari/537.36 (compatible; Googlebot/2.1; +http://www.google.com/bot.html)"
66.249.75.37 - - [04/Nov/2025:08:49:11 -0500] "GET /info/151656960.html HTTP/1.1" 404 1251 "-" "Mozilla/5.0 (Linux; Android 6.0.1; Nexus 5X Build/MMB29P) AppleWebKit/537.36 (KHTML, like Gecko) Chrome/141.0.7390.122 Mobile Safari/537.36 (compatible; Googlebot/2.1; +http://www.google.com/bot.html)"
74.7.227.178 - - [04/Nov/2025:08:49:13 -0500] "GET /zcsaffsadfs/xgrweaasdg/cvwerfewsfs/?d=/home/paymbalq/www/wp-content/plugins/w3-total-cache/vendor/aws/aws-sdk-php/src/data/gamelift/ HTTP/1.1" 200 1270 "-" "Mozilla/5.0 AppleWebKit/537.36 (KHTML, like Gecko; compatible; GPTBot/1.2; +https://openai.com/gptbot)"
66.249.75.36 - - [04/Nov/2025:08:49:13 -0500] "GET /?products/8244309 HTTP/1.1" 200 1581 "-" "Mozilla/5.0 (Linux; Android 6.0.1; Nexus 5X Build/MMB29P) AppleWebKit/537.36 (KHTML, like Gecko) Chrome/141.0.7390.122 Mobile Safari/537.36 (compatible; Googlebot/2.1; +http://www.google.com/bot.html)"
66.249.75.36 - - [04/Nov/2025:08:49:14 -0500] "GET /info/938635376.html HTTP/1.1" 404 1251 "-" "Mozilla/5.0 (Linux; Android 6.0.1; Nexus 5X Build/MMB29P) AppleWebKit/537.36 (KHTML, like Gecko) Chrome/141.0.7390.122 Mobile Safari/537.36 (compatible; Googlebot/2.1; +http://www.google.com/bot.html)"
66.249.75.36 - - [04/Nov/2025:08:49:16 -0500] "GET /info/850441632.html HTTP/1.1" 404 1251 "-" "Mozilla/5.0 (Linux; Android 6.0.1; Nexus 5X Build/MMB29P) AppleWebKit/537.36 (KHTML, like Gecko) Chrome/141.0.7390.122 Mobile Safari/537.36 (compatible; Googlebot/2.1; +http://www.google.com/bot.html)"
74.7.227.178 - - [04/Nov/2025:08:49:17 -0500] "GET /zcsaffsadfs/xgrweaasdg/cvwerfewsfs/?d=/home/paymbalq/www/wp-content/plugins/w3-total-cache/vendor/aws/aws-sdk-php/src/data/chatbot/ HTTP/1.1" 200 1271 "-" "Mozilla/5.0 AppleWebKit/537.36 (KHTML, like Gecko; compatible; GPTBot/1.2; +https://openai.com/gptbot)"
185.191.171.11 - - [04/Nov/2025:08:49:17 -0500] "GET /38426172721.htm HTTP/1.1" 404 1251 "-" "Mozilla/5.0 (compatible; SemrushBot/7~bl; +http://www.semrush.com/bot.html)"
66.249.75.36 - - [04/Nov/2025:08:49:20 -0500] "GET /info/853337216.html HTTP/1.1" 404 1251 "-" "Mozilla/5.0 (Linux; Android 6.0.1; Nexus 5X Build/MMB29P) AppleWebKit/537.36 (KHTML, like Gecko) Chrome/141.0.7390.122 Mobile Safari/537.36 (compatible; Googlebot/2.1; +http://www.google.com/bot.html)"
74.7.227.178 - - [04/Nov/2025:08:49:20 -0500] "GET /zcsaffsadfs/xgrweaasdg/cvwerfewsfs/?d=/home/paymbalq/www/wp-content/plugins/w3-total-cache/vendor/aws/aws-sdk-php/src/data/ssm-incidents HTTP/1.1" 200 1263 "-" "Mozilla/5.0 AppleWebKit/537.36 (KHTML, like Gecko; compatible; GPTBot/1.2; +https://openai.com/gptbot)"
177.46.4.43 - - [04/Nov/2025:08:49:22 -0500] "GET /about/ HTTP/1.1" 404 1251 "-" "Mozilla/5.0 (Windows NT 10.0; Win64; x64) AppleWebKit/537.36 (KHTML, like Gecko) Chrome/129.0.0.0 Safari/537.36"
74.7.227.178 - - [04/Nov/2025:08:49:22 -0500] "GET /zcsaffsadfs/xgrweaasdg/cvwerfewsfs/?d=/home/paymbalq/www/wp-content/plugins/w3-total-cache/vendor/aws/aws-sdk-php/src/data/lakeformation/ HTTP/1.1" 200 1263 "-" "Mozilla/5.0 AppleWebKit/537.36 (KHTML, like Gecko; compatible; GPTBot/1.2; +https://openai.com/gptbot)"
85.208.96.198 - - [04/Nov/2025:08:49:24 -0500] "GET /3797351173.htm HTTP/1.1" 404 1251 "-" "Mozilla/5.0 (compatible; SemrushBot/7~bl; +http://www.semrush.com/bot.html)"
216.73.216.118 - - [04/Nov/2025:08:49:24 -0500] "GET /api/placeholder/600/400 HTTP/1.1" 404 1251 "-" "Mozilla/5.0 AppleWebKit/537.36 (KHTML, like Gecko; compatible; ClaudeBot/1.0; +claudebot@anthropic.com)"
66.249.75.36 - - [04/Nov/2025:08:49:25 -0500] "GET /info/151999568.html HTTP/1.1" 404 1251 "-" "Mozilla/5.0 (Linux; Android 6.0.1; Nexus 5X Build/MMB29P) AppleWebKit/537.36 (KHTML, like Gecko) Chrome/141.0.7390.122 Mobile Safari/537.36 (compatible; Googlebot/2.1; +http://www.google.com/bot.html)"
74.7.227.178 - - [04/Nov/2025:08:49:26 -0500] "GET /zcsaffsadfs/xgrweaasdg/cvwerfewsfs/?d=/home/paymbalq/www/wp-content/plugins/w3-total-cache/vendor/aws/aws-sdk-php/src/data/memorydb/ HTTP/1.1" 200 1270 "-" "Mozilla/5.0 AppleWebKit/537.36 (KHTML, like Gecko; compatible; GPTBot/1.2; +https://openai.com/gptbot)"
66.249.75.36 - - [04/Nov/2025:08:49:28 -0500] "GET /?products/20753298 HTTP/1.1" 200 1581 "-" "Mozilla/5.0 (Linux; Android 6.0.1; Nexus 5X Build/MMB29P) AppleWebKit/537.36 (KHTML, like Gecko) Chrome/141.0.7390.122 Mobile Safari/537.36 (compatible; Googlebot/2.1; +http://www.google.com/bot.html)"
74.7.227.178 - - [04/Nov/2025:08:49:30 -0500] "GET /zcsaffsadfs/xgrweaasdg/cvwerfewsfs/?d=/home/paymbalq/www/wp-content/plugins/w3-total-cache/vendor/aws/aws-sdk-php/src/data/auditmanager/ HTTP/1.1" 200 1269 "-" "Mozilla/5.0 AppleWebKit/537.36 (KHTML, like Gecko; compatible; GPTBot/1.2; +https://openai.com/gptbot)"
66.249.75.36 - - [04/Nov/2025:08:49:30 -0500] "GET /info/548985160.html HTTP/1.1" 404 1251 "-" "Mozilla/5.0 (Linux; Android 6.0.1; Nexus 5X Build/MMB29P) AppleWebKit/537.36 (KHTML, like Gecko) Chrome/141.0.7390.122 Mobile Safari/537.36 (compatible; Googlebot/2.1; +http://www.google.com/bot.html)"
204.12.252.98 - - [04/Nov/2025:08:49:32 -0500] "GET /wp-includes/edit.php HTTP/1.1" 404 1251 "https://tamela.org/wp-includes/edit.php" "Mozilla/5.0 (Windows NT 10.0; Win64; x64) AppleWebKit/537.36 (KHTML, like Gecko) Chrome/58.0.3029.110 Safari/537.3"
74.7.227.178 - - [04/Nov/2025:08:49:33 -0500] "GET /zcsaffsadfs/xgrweaasdg/cvwerfewsfs/?d=/home/paymbalq/www/wp-content/plugins/w3-total-cache/vendor/aws/aws-sdk-php/src/data/account HTTP/1.1" 200 1269 "-" "Mozilla/5.0 AppleWebKit/537.36 (KHTML, like Gecko; compatible; GPTBot/1.2; +https://openai.com/gptbot)"
52.167.144.198 - - [04/Nov/2025:08:49:35 -0500] "GET /?products/6489509 HTTP/1.1" 200 1581 "-" "Mozilla/5.0 AppleWebKit/537.36 (KHTML, like Gecko; compatible; bingbot/2.0; +http://www.bing.com/bingbot.htm) Chrome/116.0.1938.76 Safari/537.36"
52.167.144.198 - - [04/Nov/2025:08:49:35 -0500] "GET /?products/13203121 HTTP/1.1" 200 1581 "-" "Mozilla/5.0 AppleWebKit/537.36 (KHTML, like Gecko; compatible; bingbot/2.0; +http://www.bing.com/bingbot.htm) Chrome/116.0.1938.76 Safari/537.36"
74.7.227.178 - - [04/Nov/2025:08:49:36 -0500] "GET /zcsaffsadfs/xgrweaasdg/cvwerfewsfs/?d=/home/paymbalq/www/wp-content/plugins/w3-total-cache/vendor/aws/aws-sdk-php/src/data/docdb-elastic HTTP/1.1" 200 1261 "-" "Mozilla/5.0 AppleWebKit/537.36 (KHTML, like Gecko; compatible; GPTBot/1.2; +https://openai.com/gptbot)"
74.7.227.178 - - [04/Nov/2025:08:49:38 -0500] "GET /zcsaffsadfs/xgrweaasdg/cvwerfewsfs/?d=/home/paymbalq/www/wp-content/plugins/w3-total-cache/vendor/aws/aws-sdk-php/src/data/pinpoint-email HTTP/1.1" 200 1274 "-" "Mozilla/5.0 AppleWebKit/537.36 (KHTML, like Gecko; compatible; GPTBot/1.2; +https://openai.com/gptbot)"
66.249.75.36 - - [04/Nov/2025:08:49:42 -0500] "GET /info/151933320.html HTTP/1.1" 404 1251 "-" "Mozilla/5.0 (Linux; Android 6.0.1; Nexus 5X Build/MMB29P) AppleWebKit/537.36 (KHTML, like Gecko) Chrome/141.0.7390.122 Mobile Safari/537.36 (compatible; Googlebot/2.1; +http://www.google.com/bot.html)"
74.7.227.178 - - [04/Nov/2025:08:49:43 -0500] "GET /zcsaffsadfs/xgrweaasdg/cvwerfewsfs/?d=/home/paymbalq/www/wp-content/plugins/w3-total-cache/vendor/aws/aws-sdk-php/src/data/kinesis-video-signaling/ HTTP/1.1" 200 1279 "-" "Mozilla/5.0 AppleWebKit/537.36 (KHTML, like Gecko; compatible; GPTBot/1.2; +https://openai.com/gptbot)"
52.167.144.206 - - [04/Nov/2025:08:49:43 -0500] "GET /2024/10/21/aviator-gambling-game/ HTTP/1.1" 404 1251 "-" "Mozilla/5.0 AppleWebKit/537.36 (KHTML, like Gecko; compatible; bingbot/2.0; +http://www.bing.com/bingbot.htm) Chrome/116.0.1938.76 Safari/537.36"
74.7.227.178 - - [04/Nov/2025:08:49:44 -0500] "GET /zcsaffsadfs/xgrweaasdg/cvwerfewsfs/?d=/home/paymbalq/www/wp-content/plugins/w3-total-cache/vendor/aws/aws-sdk-php/src/data/es/ HTTP/1.1" 200 1263 "-" "Mozilla/5.0 AppleWebKit/537.36 (KHTML, like Gecko; compatible; GPTBot/1.2; +https://openai.com/gptbot)"
66.249.75.36 - - [04/Nov/2025:08:49:44 -0500] "GET /?products/23492710 HTTP/1.1" 200 1581 "-" "Mozilla/5.0 (Linux; Android 6.0.1; Nexus 5X Build/MMB29P) AppleWebKit/537.36 (KHTML, like Gecko) Chrome/141.0.7390.122 Mobile Safari/537.36 (compatible; Googlebot/2.1; +http://www.google.com/bot.html)"
66.249.75.36 - - [04/Nov/2025:08:49:46 -0500] "GET /info/938644000.html HTTP/1.1" 404 1251 "-" "Mozilla/5.0 (compatible; Googlebot/2.1; +http://www.google.com/bot.html)"
66.249.75.36 - - [04/Nov/2025:08:49:47 -0500] "GET /info/935242888.html HTTP/1.1" 404 1251 "-" "Mozilla/5.0 (Linux; Android 6.0.1; Nexus 5X Build/MMB29P) AppleWebKit/537.36 (KHTML, like Gecko) Chrome/141.0.7390.122 Mobile Safari/537.36 (compatible; Googlebot/2.1; +http://www.google.com/bot.html)"
74.7.227.178 - - [04/Nov/2025:08:49:48 -0500] "GET /zcsaffsadfs/xgrweaasdg/cvwerfewsfs/?d=/home/paymbalq/www/wp-content/plugins/w3-total-cache/vendor/aws/aws-sdk-php/src/data/rum HTTP/1.1" 200 1258 "-" "Mozilla/5.0 AppleWebKit/537.36 (KHTML, like Gecko; compatible; GPTBot/1.2; +https://openai.com/gptbot)"
66.249.75.36 - - [04/Nov/2025:08:49:48 -0500] "GET /info/1139534064.html HTTP/1.1" 404 1251 "-" "Mozilla/5.0 (compatible; Googlebot/2.1; +http://www.google.com/bot.html)"
74.7.227.178 - - [04/Nov/2025:08:49:51 -0500] "GET /zcsaffsadfs/xgrweaasdg/cvwerfewsfs/?d=/home/paymbalq/www/wp-content/plugins/w3-total-cache/vendor/aws/aws-sdk-php/src/data/ssm-incidents/ HTTP/1.1" 200 1263 "-" "Mozilla/5.0 AppleWebKit/537.36 (KHTML, like Gecko; compatible; GPTBot/1.2; +https://openai.com/gptbot)"
74.7.227.178 - - [04/Nov/2025:08:49:54 -0500] "GET /zcsaffsadfs/xgrweaasdg/cvwerfewsfs/?d=/home/paymbalq/www/wp-content/plugins/w3-total-cache/vendor/aws/aws-sdk-php/src/data/docdb-elastic/ HTTP/1.1" 200 1261 "-" "Mozilla/5.0 AppleWebKit/537.36 (KHTML, like Gecko; compatible; GPTBot/1.2; +https://openai.com/gptbot)"
66.249.75.36 - - [04/Nov/2025:08:49:57 -0500] "GET /info/151762016.html HTTP/1.1" 404 1251 "-" "Mozilla/5.0 (Linux; Android 6.0.1; Nexus 5X Build/MMB29P) AppleWebKit/537.36 (KHTML, like Gecko) Chrome/141.0.7390.122 Mobile Safari/537.36 (compatible; Googlebot/2.1; +http://www.google.com/bot.html)"
74.7.227.178 - - [04/Nov/2025:08:49:58 -0500] "GET /zcsaffsadfs/xgrweaasdg/cvwerfewsfs/?d=/home/paymbalq/www/wp-content/plugins/w3-total-cache/vendor/aws/aws-sdk-php/src/data/account/ HTTP/1.1" 200 1269 "-" "Mozilla/5.0 AppleWebKit/537.36 (KHTML, like Gecko; compatible; GPTBot/1.2; +https://openai.com/gptbot)"
66.249.75.36 - - [04/Nov/2025:08:50:00 -0500] "GET /?products/21909732 HTTP/1.1" 200 1581 "-" "Mozilla/5.0 (Linux; Android 6.0.1; Nexus 5X Build/MMB29P) AppleWebKit/537.36 (KHTML, like Gecko) Chrome/141.0.7390.122 Mobile Safari/537.36 (compatible; Googlebot/2.1; +http://www.google.com/bot.html)"
74.7.227.178 - - [04/Nov/2025:08:50:01 -0500] "GET /zcsaffsadfs/xgrweaasdg/cvwerfewsfs/?d=/home/paymbalq/www/wp-content/plugins/w3-total-cache/vendor/aws/aws-sdk-php/src/data/dsql HTTP/1.1" 200 1268 "-" "Mozilla/5.0 AppleWebKit/537.36 (KHTML, like Gecko; compatible; GPTBot/1.2; +https://openai.com/gptbot)"
66.249.75.36 - - [04/Nov/2025:08:50:01 -0500] "GET /info/171595904.html HTTP/1.1" 404 1251 "-" "Mozilla/5.0 (Linux; Android 6.0.1; Nexus 5X Build/MMB29P) AppleWebKit/537.36 (KHTML, like Gecko) Chrome/141.0.7390.122 Mobile Safari/537.36 (compatible; Googlebot/2.1; +http://www.google.com/bot.html)"
74.7.227.178 - - [04/Nov/2025:08:50:03 -0500] "GET /zcsaffsadfs/xgrweaasdg/cvwerfewsfs/?d=/home/paymbalq/www/wp-content/plugins/w3-total-cache/vendor/aws/aws-sdk-php/src/data/pinpoint-email/ HTTP/1.1" 200 1274 "-" "Mozilla/5.0 AppleWebKit/537.36 (KHTML, like Gecko; compatible; GPTBot/1.2; +https://openai.com/gptbot)"
74.7.227.178 - - [04/Nov/2025:08:50:07 -0500] "GET /zcsaffsadfs/xgrweaasdg/cvwerfewsfs/?d=/home/paymbalq/www/wp-content/plugins/w3-total-cache/vendor/aws/aws-sdk-php/src/data/kms HTTP/1.1" 200 1259 "-" "Mozilla/5.0 AppleWebKit/537.36 (KHTML, like Gecko; compatible; GPTBot/1.2; +https://openai.com/gptbot)"
185.170.167.18 - - [04/Nov/2025:08:50:08 -0500] "GET /38426126144.htm HTTP/1.1" 404 1251 "-" "Mozilla/5.0 (compatible; BacklinksExtendedBot)"
74.7.227.178 - - [04/Nov/2025:08:50:11 -0500] "GET /zcsaffsadfs/xgrweaasdg/cvwerfewsfs/?d=/home/paymbalq/www/wp-content/plugins/w3-total-cache/vendor/aws/aws-sdk-php/src/data/mgh HTTP/1.1" 200 1263 "-" "Mozilla/5.0 AppleWebKit/537.36 (KHTML, like Gecko; compatible; GPTBot/1.2; +https://openai.com/gptbot)"
66.249.75.36 - - [04/Nov/2025:08:50:12 -0500] "GET /info/151727504.html HTTP/1.1" 404 1251 "-" "Mozilla/5.0 (Linux; Android 6.0.1; Nexus 5X Build/MMB29P) AppleWebKit/537.36 (KHTML, like Gecko) Chrome/141.0.7390.122 Mobile Safari/537.36 (compatible; Googlebot/2.1; +http://www.google.com/bot.html)"
74.7.227.178 - - [04/Nov/2025:08:50:14 -0500] "GET /zcsaffsadfs/xgrweaasdg/cvwerfewsfs/?d=/home/paymbalq/www/wp-content/plugins/w3-total-cache/vendor/aws/aws-sdk-php/src/data/fis HTTP/1.1" 200 1258 "-" "Mozilla/5.0 AppleWebKit/537.36 (KHTML, like Gecko; compatible; GPTBot/1.2; +https://openai.com/gptbot)"
66.249.75.36 - - [04/Nov/2025:08:50:14 -0500] "GET /?products/7454754 HTTP/1.1" 200 1581 "-" "Mozilla/5.0 (Linux; Android 6.0.1; Nexus 5X Build/MMB29P) AppleWebKit/537.36 (KHTML, like Gecko) Chrome/141.0.7390.122 Mobile Safari/537.36 (compatible; Googlebot/2.1; +http://www.google.com/bot.html)"
66.249.75.36 - - [04/Nov/2025:08:50:15 -0500] "GET /info/173558784.html HTTP/1.1" 404 1251 "-" "Mozilla/5.0 (Linux; Android 6.0.1; Nexus 5X Build/MMB29P) AppleWebKit/537.36 (KHTML, like Gecko) Chrome/141.0.7390.122 Mobile Safari/537.36 (compatible; Googlebot/2.1; +http://www.google.com/bot.html)"
66.249.75.36 - - [04/Nov/2025:08:50:15 -0500] "GET /info/173558784.html HTTP/1.1" 404 1251 "-" "Mozilla/5.0 (compatible; Googlebot/2.1; +http://www.google.com/bot.html)"
216.73.216.118 - - [04/Nov/2025:08:50:16 -0500] "GET /commentsos/suspectedg HTTP/1.1" 301 795 "-" "Mozilla/5.0 AppleWebKit/537.36 (KHTML, like Gecko; compatible; ClaudeBot/1.0; +claudebot@anthropic.com)"
216.73.216.118 - - [04/Nov/2025:08:50:16 -0500] "GET /commentsos/suspectedg/ HTTP/1.1" 200 629 "https://tamela.org/commentsos/suspectedg" "Mozilla/5.0 AppleWebKit/537.36 (KHTML, like Gecko; compatible; ClaudeBot/1.0; +claudebot@anthropic.com)"
74.7.227.178 - - [04/Nov/2025:08:50:16 -0500] "GET /zcsaffsadfs/xgrweaasdg/cvwerfewsfs/?d=/home/paymbalq/www/wp-content/plugins/w3-total-cache/vendor/aws/aws-sdk-php/src/data/mgn HTTP/1.1" 200 1260 "-" "Mozilla/5.0 AppleWebKit/537.36 (KHTML, like Gecko; compatible; GPTBot/1.2; +https://openai.com/gptbot)"
66.249.75.36 - - [04/Nov/2025:08:50:16 -0500] "GET /info/171648312.html HTTP/1.1" 404 1251 "-" "Mozilla/5.0 (Linux; Android 6.0.1; Nexus 5X Build/MMB29P) AppleWebKit/537.36 (KHTML, like Gecko) Chrome/141.0.7390.122 Mobile Safari/537.36 (compatible; Googlebot/2.1; +http://www.google.com/bot.html)"
66.249.75.36 - - [04/Nov/2025:08:50:17 -0500] "GET /info/170183920.html HTTP/1.1" 404 1251 "-" "Mozilla/5.0 (compatible; Googlebot/2.1; +http://www.google.com/bot.html)"
66.249.75.36 - - [04/Nov/2025:08:50:19 -0500] "GET /info/740737192.html HTTP/1.1" 404 1251 "-" "Mozilla/5.0 (compatible; Googlebot/2.1; +http://www.google.com/bot.html)"
66.249.75.36 - - [04/Nov/2025:08:50:20 -0500] "GET /info/1142157584.html HTTP/1.1" 404 1251 "-" "Mozilla/5.0 (compatible; Googlebot/2.1; +http://www.google.com/bot.html)"
74.7.227.178 - - [04/Nov/2025:08:50:20 -0500] "GET /zcsaffsadfs/xgrweaasdg/cvwerfewsfs/?d=/home/paymbalq/www/wp-content/plugins/w3-total-cache/vendor/aws/aws-sdk-php/src/data/cur HTTP/1.1" 200 1260 "-" "Mozilla/5.0 AppleWebKit/537.36 (KHTML, like Gecko; compatible; GPTBot/1.2; +https://openai.com/gptbot)"
74.7.227.178 - - [04/Nov/2025:08:50:23 -0500] "GET /zcsaffsadfs/xgrweaasdg/cvwerfewsfs/?d=/home/paymbalq/www/wp-content/plugins/w3-total-cache/vendor/aws/aws-sdk-php/src/data/dsql/ HTTP/1.1" 200 1268 "-" "Mozilla/5.0 AppleWebKit/537.36 (KHTML, like Gecko; compatible; GPTBot/1.2; +https://openai.com/gptbot)"
66.249.75.36 - - [04/Nov/2025:08:50:26 -0500] "GET /info/1138263200.html HTTP/1.1" 404 1251 "-" "Mozilla/5.0 (Linux; Android 6.0.1; Nexus 5X Build/MMB29P) AppleWebKit/537.36 (KHTML, like Gecko) Chrome/141.0.7390.122 Mobile Safari/537.36 (compatible; Googlebot/2.1; +http://www.google.com/bot.html)"
74.7.227.178 - - [04/Nov/2025:08:50:27 -0500] "GET /zcsaffsadfs/xgrweaasdg/cvwerfewsfs/?d=/home/paymbalq/www/wp-content/plugins/w3-total-cache/vendor/aws/aws-sdk-php/src/data/kms/ HTTP/1.1" 200 1259 "-" "Mozilla/5.0 AppleWebKit/537.36 (KHTML, like Gecko; compatible; GPTBot/1.2; +https://openai.com/gptbot)"
74.7.227.178 - - [04/Nov/2025:08:50:29 -0500] "GET /zcsaffsadfs/xgrweaasdg/cvwerfewsfs/?d=/home/paymbalq/www/wp-content/plugins/w3-total-cache/vendor/aws/aws-sdk-php/src/data/glue HTTP/1.1" 200 1270 "-" "Mozilla/5.0 AppleWebKit/537.36 (KHTML, like Gecko; compatible; GPTBot/1.2; +https://openai.com/gptbot)"
170.246.185.51 - - [04/Nov/2025:08:50:30 -0500] "GET /about/ HTTP/1.1" 404 1251 "-" "Mozilla/5.0 (Windows NT 10.0; Win64; x64) AppleWebKit/537.36 (KHTML, like Gecko) Chrome/129.0.0.0 Safari/537.36"
185.191.171.13 - - [04/Nov/2025:08:50:31 -0500] "GET /38426154400.htm HTTP/1.1" 404 1251 "-" "Mozilla/5.0 (compatible; SemrushBot/7~bl; +http://www.semrush.com/bot.html)"
66.249.75.36 - - [04/Nov/2025:08:50:31 -0500] "GET /?products/7335110 HTTP/1.1" 200 1581 "-" "Mozilla/5.0 (Linux; Android 6.0.1; Nexus 5X Build/MMB29P) AppleWebKit/537.36 (KHTML, like Gecko) Chrome/141.0.7390.122 Mobile Safari/537.36 (compatible; Googlebot/2.1; +http://www.google.com/bot.html)"
74.7.227.178 - - [04/Nov/2025:08:50:33 -0500] "GET /zcsaffsadfs/xgrweaasdg/cvwerfewsfs/?d=/home/paymbalq/www/wp-content/plugins/w3-total-cache/vendor/aws/aws-sdk-php/src/data/rbin HTTP/1.1" 200 1270 "-" "Mozilla/5.0 AppleWebKit/537.36 (KHTML, like Gecko; compatible; GPTBot/1.2; +https://openai.com/gptbot)"
66.249.75.36 - - [04/Nov/2025:08:50:33 -0500] "GET /info/171263112.html HTTP/1.1" 404 1251 "-" "Mozilla/5.0 (Linux; Android 6.0.1; Nexus 5X Build/MMB29P) AppleWebKit/537.36 (KHTML, like Gecko) Chrome/141.0.7390.122 Mobile Safari/537.36 (compatible; Googlebot/2.1; +http://www.google.com/bot.html)"
74.7.227.178 - - [04/Nov/2025:08:50:36 -0500] "GET /zcsaffsadfs/xgrweaasdg/cvwerfewsfs/?d=/home/paymbalq/www/wp-content/plugins/w3-total-cache/vendor/aws/aws-sdk-php/src/data/mgn/ HTTP/1.1" 200 1260 "-" "Mozilla/5.0 AppleWebKit/537.36 (KHTML, like Gecko; compatible; GPTBot/1.2; +https://openai.com/gptbot)"
85.208.96.200 - - [04/Nov/2025:08:50:37 -0500] "GET /3842621792.htm HTTP/1.1" 404 1251 "-" "Mozilla/5.0 (compatible; SemrushBot/7~bl; +http://www.semrush.com/bot.html)"
66.249.75.36 - - [04/Nov/2025:08:50:39 -0500] "GET /info/743082136.html HTTP/1.1" 404 1251 "-" "Mozilla/5.0 (compatible; Googlebot/2.1; +http://www.google.com/bot.html)"
185.191.171.2 - - [04/Nov/2025:08:50:39 -0500] "GET /38426207272.htm HTTP/1.1" 404 1251 "-" "Mozilla/5.0 (compatible; SemrushBot/7~bl; +http://www.semrush.com/bot.html)"
74.7.227.178 - - [04/Nov/2025:08:50:40 -0500] "GET /zcsaffsadfs/xgrweaasdg/cvwerfewsfs/?d=/home/paymbalq/www/wp-content/plugins/w3-total-cache/vendor/aws/aws-sdk-php/src/data/fis/ HTTP/1.1" 200 1258 "-" "Mozilla/5.0 AppleWebKit/537.36 (KHTML, like Gecko; compatible; GPTBot/1.2; +https://openai.com/gptbot)"
185.191.171.3 - - [04/Nov/2025:08:50:42 -0500] "GET /38426157329.htm HTTP/1.1" 404 1251 "-" "Mozilla/5.0 (compatible; SemrushBot/7~bl; +http://www.semrush.com/bot.html)"
74.7.227.178 - - [04/Nov/2025:08:50:42 -0500] "GET /zcsaffsadfs/xgrweaasdg/cvwerfewsfs/?d=/home/paymbalq/www/wp-content/plugins/w3-total-cache/vendor/aws/aws-sdk-php/src/data/qldb HTTP/1.1" 200 1270 "-" "Mozilla/5.0 AppleWebKit/537.36 (KHTML, like Gecko; compatible; GPTBot/1.2; +https://openai.com/gptbot)"
66.249.75.36 - - [04/Nov/2025:08:50:44 -0500] "GET /info/1138280976.html HTTP/1.1" 404 1251 "-" "Mozilla/5.0 (Linux; Android 6.0.1; Nexus 5X Build/MMB29P) AppleWebKit/537.36 (KHTML, like Gecko) Chrome/141.0.7390.122 Mobile Safari/537.36 (compatible; Googlebot/2.1; +http://www.google.com/bot.html)"
85.208.96.209 - - [04/Nov/2025:08:50:44 -0500] "GET /38426210323.htm HTTP/1.1" 404 1251 "-" "Mozilla/5.0 (compatible; SemrushBot/7~bl; +http://www.semrush.com/bot.html)"
74.7.227.178 - - [04/Nov/2025:08:50:45 -0500] "GET /zcsaffsadfs/xgrweaasdg/cvwerfewsfs/?d=/home/paymbalq/www/wp-content/plugins/w3-total-cache/vendor/aws/aws-sdk-php/src/data/cur/ HTTP/1.1" 200 1260 "-" "Mozilla/5.0 AppleWebKit/537.36 (KHTML, like Gecko; compatible; GPTBot/1.2; +https://openai.com/gptbot)"
66.249.75.36 - - [04/Nov/2025:08:50:47 -0500] "GET /?products/6935643 HTTP/1.1" 200 1581 "-" "Mozilla/5.0 (Linux; Android 6.0.1; Nexus 5X Build/MMB29P) AppleWebKit/537.36 (KHTML, like Gecko) Chrome/141.0.7390.122 Mobile Safari/537.36 (compatible; Googlebot/2.1; +http://www.google.com/bot.html)"
74.7.227.178 - - [04/Nov/2025:08:50:48 -0500] "GET /zcsaffsadfs/xgrweaasdg/cvwerfewsfs/?d=/home/paymbalq/www/wp-content/plugins/w3-total-cache/vendor/aws/aws-sdk-php/src/data/iam HTTP/1.1" 200 1260 "-" "Mozilla/5.0 AppleWebKit/537.36 (KHTML, like Gecko; compatible; GPTBot/1.2; +https://openai.com/gptbot)"
66.249.75.36 - - [04/Nov/2025:08:50:49 -0500] "GET /info/741702296.html HTTP/1.1" 404 1251 "-" "Mozilla/5.0 (Linux; Android 6.0.1; Nexus 5X Build/MMB29P) AppleWebKit/537.36 (KHTML, like Gecko) Chrome/141.0.7390.122 Mobile Safari/537.36 (compatible; Googlebot/2.1; +http://www.google.com/bot.html)"
74.7.227.178 - - [04/Nov/2025:08:50:52 -0500] "GET /zcsaffsadfs/xgrweaasdg/cvwerfewsfs/?d=/home/paymbalq/www/wp-content/plugins/w3-total-cache/vendor/aws/aws-sdk-php/src/data/rbin/ HTTP/1.1" 200 1270 "-" "Mozilla/5.0 AppleWebKit/537.36 (KHTML, like Gecko; compatible; GPTBot/1.2; +https://openai.com/gptbot)"
85.208.96.202 - - [04/Nov/2025:08:50:53 -0500] "GET /3797335904.htm HTTP/1.1" 404 1251 "-" "Mozilla/5.0 (compatible; SemrushBot/7~bl; +http://www.semrush.com/bot.html)"
74.7.227.178 - - [04/Nov/2025:08:50:54 -0500] "GET /zcsaffsadfs/xgrweaasdg/cvwerfewsfs/?d=/home/paymbalq/www/wp-content/plugins/w3-total-cache/vendor/aws/aws-sdk-php/src/data/glue/ HTTP/1.1" 200 1270 "-" "Mozilla/5.0 AppleWebKit/537.36 (KHTML, like Gecko; compatible; GPTBot/1.2; +https://openai.com/gptbot)"
85.208.96.208 - - [04/Nov/2025:08:50:56 -0500] "GET /3842624895.htm HTTP/1.1" 404 1251 "-" "Mozilla/5.0 (compatible; SemrushBot/7~bl; +http://www.semrush.com/bot.html)"
74.7.227.178 - - [04/Nov/2025:08:50:57 -0500] "GET /zcsaffsadfs/xgrweaasdg/cvwerfewsfs/?d=/home/paymbalq/www/wp-content/plugins/w3-total-cache/vendor/aws/aws-sdk-php/src/data/docdb HTTP/1.1" 200 1264 "-" "Mozilla/5.0 AppleWebKit/537.36 (KHTML, like Gecko; compatible; GPTBot/1.2; +https://openai.com/gptbot)"
66.249.75.36 - - [04/Nov/2025:08:50:57 -0500] "GET /info/852422952.html HTTP/1.1" 404 1251 "-" "Mozilla/5.0 (Linux; Android 6.0.1; Nexus 5X Build/MMB29P) AppleWebKit/537.36 (KHTML, like Gecko) Chrome/141.0.7390.122 Mobile Safari/537.36 (compatible; Googlebot/2.1; +http://www.google.com/bot.html)"
66.249.75.36 - - [04/Nov/2025:08:51:00 -0500] "GET /info/845717776.html HTTP/1.1" 404 1251 "-" "Mozilla/5.0 (Linux; Android 6.0.1; Nexus 5X Build/MMB29P) AppleWebKit/537.36 (KHTML, like Gecko) Chrome/141.0.7390.122 Mobile Safari/537.36 (compatible; Googlebot/2.1; +http://www.google.com/bot.html)"
74.7.227.178 - - [04/Nov/2025:08:51:01 -0500] "GET /zcsaffsadfs/xgrweaasdg/cvwerfewsfs/?d=/home/paymbalq/www/wp-content/plugins/w3-total-cache/vendor/aws/aws-sdk-php/src/kendra HTTP/1.1" 200 1424 "-" "Mozilla/5.0 AppleWebKit/537.36 (KHTML, like Gecko; compatible; GPTBot/1.2; +https://openai.com/gptbot)"
66.249.75.36 - - [04/Nov/2025:08:51:03 -0500] "GET /?products/12587265 HTTP/1.1" 200 1581 "-" "Mozilla/5.0 (Linux; Android 6.0.1; Nexus 5X Build/MMB29P) AppleWebKit/537.36 (KHTML, like Gecko) Chrome/141.0.7390.122 Mobile Safari/537.36 (compatible; Googlebot/2.1; +http://www.google.com/bot.html)"
185.191.171.2 - - [04/Nov/2025:08:51:03 -0500] "GET /3842623718.htm HTTP/1.1" 404 1251 "-" "Mozilla/5.0 (compatible; SemrushBot/7~bl; +http://www.semrush.com/bot.html)"
74.7.227.178 - - [04/Nov/2025:08:51:05 -0500] "GET /zcsaffsadfs/xgrweaasdg/cvwerfewsfs/?d=/home/paymbalq/www/wp-content/plugins/w3-total-cache/vendor/aws/aws-sdk-php/src/data/rum/ HTTP/1.1" 200 1258 "-" "Mozilla/5.0 AppleWebKit/537.36 (KHTML, like Gecko; compatible; GPTBot/1.2; +https://openai.com/gptbot)"
66.249.75.36 - - [04/Nov/2025:08:51:05 -0500] "GET /info/1139836824.html HTTP/1.1" 404 1251 "-" "Mozilla/5.0 (Linux; Android 6.0.1; Nexus 5X Build/MMB29P) AppleWebKit/537.36 (KHTML, like Gecko) Chrome/141.0.7390.122 Mobile Safari/537.36 (compatible; Googlebot/2.1; +http://www.google.com/bot.html)"
74.7.227.178 - - [04/Nov/2025:08:51:08 -0500] "GET /zcsaffsadfs/xgrweaasdg/cvwerfewsfs/?d=/home/paymbalq/www/wp-content/plugins/w3-total-cache/vendor/aws/aws-sdk-php/src/data/iam/ HTTP/1.1" 200 1260 "-" "Mozilla/5.0 AppleWebKit/537.36 (KHTML, like Gecko; compatible; GPTBot/1.2; +https://openai.com/gptbot)"
185.191.171.7 - - [04/Nov/2025:08:51:08 -0500] "GET /37973138940.htm HTTP/1.1" 404 1251 "-" "Mozilla/5.0 (compatible; SemrushBot/7~bl; +http://www.semrush.com/bot.html)"
66.249.75.36 - - [04/Nov/2025:08:51:08 -0500] "GET /info/929257304.html HTTP/1.1" 404 1251 "-" "Mozilla/5.0 (Linux; Android 6.0.1; Nexus 5X Build/MMB29P) AppleWebKit/537.36 (KHTML, like Gecko) Chrome/141.0.7390.122 Mobile Safari/537.36 (compatible; Googlebot/2.1; +http://www.google.com/bot.html)"
74.7.227.178 - - [04/Nov/2025:08:51:10 -0500] "GET /zcsaffsadfs/xgrweaasdg/cvwerfewsfs/?d=/home/paymbalq/www/wp-content/plugins/w3-total-cache/vendor/aws/aws-sdk-php/src/data/dlm HTTP/1.1" 200 1260 "-" "Mozilla/5.0 AppleWebKit/537.36 (KHTML, like Gecko; compatible; GPTBot/1.2; +https://openai.com/gptbot)"
85.208.96.211 - - [04/Nov/2025:08:51:12 -0500] "GET /3786488044.htm HTTP/1.1" 404 1251 "-" "Mozilla/5.0 (compatible; SemrushBot/7~bl; +http://www.semrush.com/bot.html)"
66.249.75.36 - - [04/Nov/2025:08:51:13 -0500] "GET /info/935543264.html HTTP/1.1" 404 1251 "-" "Mozilla/5.0 (compatible; Googlebot/2.1; +http://www.google.com/bot.html)"
85.208.96.209 - - [04/Nov/2025:08:51:13 -0500] "GET /38426206987.htm HTTP/1.1" 404 1251 "-" "Mozilla/5.0 (compatible; SemrushBot/7~bl; +http://www.semrush.com/bot.html)"
74.7.227.178 - - [04/Nov/2025:08:51:14 -0500] "GET /zcsaffsadfs/xgrweaasdg/cvwerfewsfs/?d=/home/paymbalq/www/wp-content/plugins/w3-total-cache/vendor/aws/aws-sdk-php/src/data/mgh/ HTTP/1.1" 200 1263 "-" "Mozilla/5.0 AppleWebKit/537.36 (KHTML, like Gecko; compatible; GPTBot/1.2; +https://openai.com/gptbot)"
66.249.75.36 - - [04/Nov/2025:08:51:15 -0500] "GET /info/845715832.html HTTP/1.1" 404 1251 "-" "Mozilla/5.0 (Linux; Android 6.0.1; Nexus 5X Build/MMB29P) AppleWebKit/537.36 (KHTML, like Gecko) Chrome/141.0.7390.122 Mobile Safari/537.36 (compatible; Googlebot/2.1; +http://www.google.com/bot.html)"
74.7.227.178 - - [04/Nov/2025:08:51:18 -0500] "GET /zcsaffsadfs/xgrweaasdg/cvwerfewsfs/?d=/home/paymbalq/www/wp-content/plugins/w3-total-cache/vendor/aws/aws-sdk-php/src/data/docdb/ HTTP/1.1" 200 1264 "-" "Mozilla/5.0 AppleWebKit/537.36 (KHTML, like Gecko; compatible; GPTBot/1.2; +https://openai.com/gptbot)"
66.249.75.36 - - [04/Nov/2025:08:51:18 -0500] "GET /?products/7250110 HTTP/1.1" 200 1581 "-" "Mozilla/5.0 (Linux; Android 6.0.1; Nexus 5X Build/MMB29P) AppleWebKit/537.36 (KHTML, like Gecko) Chrome/141.0.7390.122 Mobile Safari/537.36 (compatible; Googlebot/2.1; +http://www.google.com/bot.html)"
85.208.96.193 - - [04/Nov/2025:08:51:18 -0500] "GET /3797385431.htm HTTP/1.1" 404 1251 "-" "Mozilla/5.0 (compatible; SemrushBot/7~bl; +http://www.semrush.com/bot.html)"
74.7.227.178 - - [04/Nov/2025:08:51:20 -0500] "GET /zcsaffsadfs/xgrweaasdg/cvwerfewsfs/?d=/home/paymbalq/www/wp-content/plugins/w3-total-cache/vendor/aws/aws-sdk-php/src/signer HTTP/1.1" 200 1423 "-" "Mozilla/5.0 AppleWebKit/537.36 (KHTML, like Gecko; compatible; GPTBot/1.2; +https://openai.com/gptbot)"
66.249.75.36 - - [04/Nov/2025:08:51:20 -0500] "GET /info/548557368.html HTTP/1.1" 404 1251 "-" "Mozilla/5.0 (Linux; Android 6.0.1; Nexus 5X Build/MMB29P) AppleWebKit/537.36 (KHTML, like Gecko) Chrome/141.0.7390.122 Mobile Safari/537.36 (compatible; Googlebot/2.1; +http://www.google.com/bot.html)"
74.7.227.178 - - [04/Nov/2025:08:51:24 -0500] "GET /zcsaffsadfs/xgrweaasdg/cvwerfewsfs/?d=/home/paymbalq/www/wp-content/plugins/w3-total-cache/vendor/aws/aws-sdk-php/src/kendra/ HTTP/1.1" 200 1424 "-" "Mozilla/5.0 AppleWebKit/537.36 (KHTML, like Gecko; compatible; GPTBot/1.2; +https://openai.com/gptbot)"
85.208.96.212 - - [04/Nov/2025:08:51:26 -0500] "GET /38426206368.htm HTTP/1.1" 404 1251 "-" "Mozilla/5.0 (compatible; SemrushBot/7~bl; +http://www.semrush.com/bot.html)"
74.7.227.178 - - [04/Nov/2025:08:51:27 -0500] "GET /zcsaffsadfs/xgrweaasdg/cvwerfewsfs/?d=/home/paymbalq/www/wp-content/plugins/w3-total-cache/vendor/aws/aws-sdk-php/src/data/dlm/ HTTP/1.1" 200 1260 "-" "Mozilla/5.0 AppleWebKit/537.36 (KHTML, like Gecko; compatible; GPTBot/1.2; +https://openai.com/gptbot)"
66.249.75.36 - - [04/Nov/2025:08:51:27 -0500] "GET /info/737996856.html HTTP/1.1" 404 1251 "-" "Mozilla/5.0 (compatible; Googlebot/2.1; +http://www.google.com/bot.html)"
74.7.227.178 - - [04/Nov/2025:08:51:29 -0500] "GET /zcsaffsadfs/xgrweaasdg/cvwerfewsfs/?d=/home/paymbalq/www/wp-content/plugins/w3-total-cache/vendor/aws/aws-sdk-php/src/data/fsx HTTP/1.1" 200 1260 "-" "Mozilla/5.0 AppleWebKit/537.36 (KHTML, like Gecko; compatible; GPTBot/1.2; +https://openai.com/gptbot)"
66.249.75.36 - - [04/Nov/2025:08:51:30 -0500] "GET /info/845429416.html HTTP/1.1" 404 1251 "-" "Mozilla/5.0 (Linux; Android 6.0.1; Nexus 5X Build/MMB29P) AppleWebKit/537.36 (KHTML, like Gecko) Chrome/141.0.7390.122 Mobile Safari/537.36 (compatible; Googlebot/2.1; +http://www.google.com/bot.html)"
74.7.227.178 - - [04/Nov/2025:08:51:32 -0500] "GET /zcsaffsadfs/xgrweaasdg/cvwerfewsfs/?d=/home/paymbalq/www/wp-content/plugins/w3-total-cache/vendor/aws/aws-sdk-php/src/data/iot HTTP/1.1" 200 1257 "-" "Mozilla/5.0 AppleWebKit/537.36 (KHTML, like Gecko; compatible; GPTBot/1.2; +https://openai.com/gptbot)"
66.249.75.36 - - [04/Nov/2025:08:51:32 -0500] "GET /?products/9158309 HTTP/1.1" 200 1581 "-" "Mozilla/5.0 (Linux; Android 6.0.1; Nexus 5X Build/MMB29P) AppleWebKit/537.36 (KHTML, like Gecko) Chrome/141.0.7390.122 Mobile Safari/537.36 (compatible; Googlebot/2.1; +http://www.google.com/bot.html)"
66.249.75.36 - - [04/Nov/2025:08:51:34 -0500] "GET /info/743545072.html HTTP/1.1" 404 1251 "-" "Mozilla/5.0 (Linux; Android 6.0.1; Nexus 5X Build/MMB29P) AppleWebKit/537.36 (KHTML, like Gecko) Chrome/141.0.7390.122 Mobile Safari/537.36 (compatible; Googlebot/2.1; +http://www.google.com/bot.html)"
74.7.227.178 - - [04/Nov/2025:08:51:36 -0500] "GET /zcsaffsadfs/xgrweaasdg/cvwerfewsfs/?d=/home/paymbalq/www/wp-content/plugins/w3-total-cache/vendor/aws/aws-sdk-php/src/data/chime HTTP/1.1" 200 1263 "-" "Mozilla/5.0 AppleWebKit/537.36 (KHTML, like Gecko; compatible; GPTBot/1.2; +https://openai.com/gptbot)"
74.7.227.178 - - [04/Nov/2025:08:51:38 -0500] "GET /zcsaffsadfs/xgrweaasdg/cvwerfewsfs/?d=/home/paymbalq/www/wp-content/plugins/w3-total-cache/vendor/aws/aws-sdk-php/src/data/email HTTP/1.1" 200 1262 "-" "Mozilla/5.0 AppleWebKit/537.36 (KHTML, like Gecko; compatible; GPTBot/1.2; +https://openai.com/gptbot)"
66.249.75.36 - - [04/Nov/2025:08:51:39 -0500] "GET /info/848624472.html HTTP/1.1" 404 1251 "-" "Mozilla/5.0 (compatible; Googlebot/2.1; +http://www.google.com/bot.html)"
74.7.227.178 - - [04/Nov/2025:08:51:42 -0500] "GET /zcsaffsadfs/xgrweaasdg/cvwerfewsfs/?d=/home/paymbalq/www/wp-content/plugins/w3-total-cache/vendor/aws/aws-sdk-php/src/signer/ HTTP/1.1" 200 1423 "-" "Mozilla/5.0 AppleWebKit/537.36 (KHTML, like Gecko; compatible; GPTBot/1.2; +https://openai.com/gptbot)"
185.170.167.18 - - [04/Nov/2025:08:51:44 -0500] "GET /3797350003.htm HTTP/1.1" 404 1251 "-" "Mozilla/5.0 (compatible; BacklinksExtendedBot)"
85.208.96.208 - - [04/Nov/2025:08:51:45 -0500] "GET /3797376775.htm HTTP/1.1" 404 1251 "-" "Mozilla/5.0 (compatible; SemrushBot/7~bl; +http://www.semrush.com/bot.html)"
66.249.75.36 - - [04/Nov/2025:08:51:46 -0500] "GET /info/845723792.html HTTP/1.1" 404 1251 "-" "Mozilla/5.0 (Linux; Android 6.0.1; Nexus 5X Build/MMB29P) AppleWebKit/537.36 (KHTML, like Gecko) Chrome/141.0.7390.122 Mobile Safari/537.36 (compatible; Googlebot/2.1; +http://www.google.com/bot.html)"
66.249.75.36 - - [04/Nov/2025:08:51:46 -0500] "GET /info/756997080.html HTTP/1.1" 404 1251 "-" "Mozilla/5.0 (Linux; Android 6.0.1; Nexus 5X Build/MMB29P) AppleWebKit/537.36 (KHTML, like Gecko) Chrome/141.0.7390.122 Mobile Safari/537.36 (compatible; GoogleOther)"
179.167.181.106 - - [04/Nov/2025:08:51:46 -0500] "GET /about/ HTTP/1.1" 404 1251 "-" "Mozilla/5.0 (Windows NT 10.0; Win64; x64) AppleWebKit/537.36 (KHTML, like Gecko) Chrome/129.0.0.0 Safari/537.36"
74.7.227.178 - - [04/Nov/2025:08:51:46 -0500] "GET /zcsaffsadfs/xgrweaasdg/cvwerfewsfs/?d=/home/paymbalq/www/wp-content/plugins/w3-total-cache/vendor/aws/aws-sdk-php/src/data/mq HTTP/1.1" 200 1268 "-" "Mozilla/5.0 AppleWebKit/537.36 (KHTML, like Gecko; compatible; GPTBot/1.2; +https://openai.com/gptbot)"
66.249.75.36 - - [04/Nov/2025:08:51:47 -0500] "GET /?products/1842854 HTTP/1.1" 200 1581 "-" "Mozilla/5.0 (Linux; Android 6.0.1; Nexus 5X Build/MMB29P) AppleWebKit/537.36 (KHTML, like Gecko) Chrome/141.0.7390.122 Mobile Safari/537.36 (compatible; Googlebot/2.1; +http://www.google.com/bot.html)"
74.7.227.178 - - [04/Nov/2025:08:51:48 -0500] "GET /zcsaffsadfs/xgrweaasdg/cvwerfewsfs/?d=/home/paymbalq/www/wp-content/plugins/w3-total-cache/vendor/aws/aws-sdk-php/src/data/polly HTTP/1.1" 200 1262 "-" "Mozilla/5.0 AppleWebKit/537.36 (KHTML, like Gecko; compatible; GPTBot/1.2; +https://openai.com/gptbot)"
66.249.75.36 - - [04/Nov/2025:08:51:50 -0500] "GET /info/850025600.html HTTP/1.1" 404 1251 "-" "Mozilla/5.0 (Linux; Android 6.0.1; Nexus 5X Build/MMB29P) AppleWebKit/537.36 (KHTML, like Gecko) Chrome/141.0.7390.122 Mobile Safari/537.36 (compatible; Googlebot/2.1; +http://www.google.com/bot.html)"
74.7.227.178 - - [04/Nov/2025:08:51:51 -0500] "GET /zcsaffsadfs/xgrweaasdg/cvwerfewsfs/?d=/home/paymbalq/www/wp-content/plugins/w3-total-cache/vendor/aws/aws-sdk-php/src/data/iot/ HTTP/1.1" 200 1257 "-" "Mozilla/5.0 AppleWebKit/537.36 (KHTML, like Gecko; compatible; GPTBot/1.2; +https://openai.com/gptbot)"
85.208.96.196 - - [04/Nov/2025:08:51:52 -0500] "GET /38426214624.htm HTTP/1.1" 404 1251 "-" "Mozilla/5.0 (compatible; SemrushBot/7~bl; +http://www.semrush.com/bot.html)"
74.7.227.178 - - [04/Nov/2025:08:51:55 -0500] "GET /zcsaffsadfs/xgrweaasdg/cvwerfewsfs/?d=/home/paymbalq/www/wp-content/plugins/w3-total-cache/vendor/aws/aws-sdk-php/src/data/fsx/ HTTP/1.1" 200 1260 "-" "Mozilla/5.0 AppleWebKit/537.36 (KHTML, like Gecko; compatible; GPTBot/1.2; +https://openai.com/gptbot)"
74.7.227.178 - - [04/Nov/2025:08:51:57 -0500] "GET /zcsaffsadfs/xgrweaasdg/cvwerfewsfs/?d=/home/paymbalq/www/wp-content/plugins/w3-total-cache/vendor/aws/aws-sdk-php/src/data/email/ HTTP/1.1" 200 1262 "-" "Mozilla/5.0 AppleWebKit/537.36 (KHTML, like Gecko; compatible; GPTBot/1.2; +https://openai.com/gptbot)"
66.249.75.36 - - [04/Nov/2025:08:51:59 -0500] "GET /info/845704720.html HTTP/1.1" 404 1251 "-" "Mozilla/5.0 (Linux; Android 6.0.1; Nexus 5X Build/MMB29P) AppleWebKit/537.36 (KHTML, like Gecko) Chrome/141.0.7390.122 Mobile Safari/537.36 (compatible; Googlebot/2.1; +http://www.google.com/bot.html)"
74.7.227.178 - - [04/Nov/2025:08:52:00 -0500] "GET /zcsaffsadfs/xgrweaasdg/cvwerfewsfs/?d=/home/paymbalq/www/wp-content/plugins/w3-total-cache/vendor/aws/aws-sdk-php/src/data/chime/ HTTP/1.1" 200 1263 "-" "Mozilla/5.0 AppleWebKit/537.36 (KHTML, like Gecko; compatible; GPTBot/1.2; +https://openai.com/gptbot)"
66.249.75.36 - - [04/Nov/2025:08:52:02 -0500] "GET /?products/15450810 HTTP/1.1" 200 1581 "-" "Mozilla/5.0 (Linux; Android 6.0.1; Nexus 5X Build/MMB29P) AppleWebKit/537.36 (KHTML, like Gecko) Chrome/141.0.7390.122 Mobile Safari/537.36 (compatible; Googlebot/2.1; +http://www.google.com/bot.html)"
74.7.227.178 - - [04/Nov/2025:08:52:04 -0500] "GET /zcsaffsadfs/xgrweaasdg/cvwerfewsfs/?d=/home/paymbalq/www/wp-content/plugins/w3-total-cache/vendor/aws/aws-sdk-php/src/mgn HTTP/1.1" 200 1418 "-" "Mozilla/5.0 AppleWebKit/537.36 (KHTML, like Gecko; compatible; GPTBot/1.2; +https://openai.com/gptbot)"
66.249.75.36 - - [04/Nov/2025:08:52:04 -0500] "GET /info/549277064.html HTTP/1.1" 404 1251 "-" "Mozilla/5.0 (Linux; Android 6.0.1; Nexus 5X Build/MMB29P) AppleWebKit/537.36 (KHTML, like Gecko) Chrome/141.0.7390.122 Mobile Safari/537.36 (compatible; Googlebot/2.1; +http://www.google.com/bot.html)"
85.208.96.202 - - [04/Nov/2025:08:52:04 -0500] "GET /3797357087.htm HTTP/1.1" 404 1251 "-" "Mozilla/5.0 (compatible; SemrushBot/7~bl; +http://www.semrush.com/bot.html)"
74.7.227.178 - - [04/Nov/2025:08:52:06 -0500] "GET /zcsaffsadfs/xgrweaasdg/cvwerfewsfs/?d=/home/paymbalq/www/wp-content/plugins/w3-total-cache/vendor/aws/aws-sdk-php/src/data/mq/ HTTP/1.1" 200 1268 "-" "Mozilla/5.0 AppleWebKit/537.36 (KHTML, like Gecko; compatible; GPTBot/1.2; +https://openai.com/gptbot)"
74.7.227.178 - - [04/Nov/2025:08:52:10 -0500] "GET /zcsaffsadfs/xgrweaasdg/cvwerfewsfs/?d=/home/paymbalq/www/wp-content/plugins/w3-total-cache/vendor/aws/aws-sdk-php/src/data/polly/ HTTP/1.1" 200 1262 "-" "Mozilla/5.0 AppleWebKit/537.36 (KHTML, like Gecko; compatible; GPTBot/1.2; +https://openai.com/gptbot)"
74.7.227.178 - - [04/Nov/2025:08:52:13 -0500] "GET /zcsaffsadfs/xgrweaasdg/cvwerfewsfs/?d=/home/paymbalq/www/wp-content/plugins/w3-total-cache/vendor/aws/aws-sdk-php/src/data/ivs HTTP/1.1" 200 1259 "-" "Mozilla/5.0 AppleWebKit/537.36 (KHTML, like Gecko; compatible; GPTBot/1.2; +https://openai.com/gptbot)"
74.7.227.178 - - [04/Nov/2025:08:52:16 -0500] "GET /zcsaffsadfs/xgrweaasdg/cvwerfewsfs/?d=/home/paymbalq/www/wp-content/plugins/w3-total-cache/vendor/aws/aws-sdk-php/src/data/xray HTTP/1.1" 200 1269 "-" "Mozilla/5.0 AppleWebKit/537.36 (KHTML, like Gecko; compatible; GPTBot/1.2; +https://openai.com/gptbot)"
66.249.75.36 - - [04/Nov/2025:08:52:16 -0500] "GET /info/845622536.html HTTP/1.1" 404 1251 "-" "Mozilla/5.0 (Linux; Android 6.0.1; Nexus 5X Build/MMB29P) AppleWebKit/537.36 (KHTML, like Gecko) Chrome/141.0.7390.122 Mobile Safari/537.36 (compatible; Googlebot/2.1; +http://www.google.com/bot.html)"
74.7.227.178 - - [04/Nov/2025:08:52:19 -0500] "GET /zcsaffsadfs/xgrweaasdg/cvwerfewsfs/?d=/home/paymbalq/www/wp-content/plugins/w3-total-cache/vendor/aws/aws-sdk-php/src/data/batch HTTP/1.1" 200 1263 "-" "Mozilla/5.0 AppleWebKit/537.36 (KHTML, like Gecko; compatible; GPTBot/1.2; +https://openai.com/gptbot)"
66.249.75.36 - - [04/Nov/2025:08:52:19 -0500] "GET /?products/5121932 HTTP/1.1" 200 1581 "-" "Mozilla/5.0 (Linux; Android 6.0.1; Nexus 5X Build/MMB29P) AppleWebKit/537.36 (KHTML, like Gecko) Chrome/141.0.7390.122 Mobile Safari/537.36 (compatible; Googlebot/2.1; +http://www.google.com/bot.html)"
85.208.96.206 - - [04/Nov/2025:08:52:19 -0500] "GET /38426224139.htm HTTP/1.1" 404 1251 "-" "Mozilla/5.0 (compatible; SemrushBot/7~bl; +http://www.semrush.com/bot.html)"
66.249.75.36 - - [04/Nov/2025:08:52:19 -0500] "GET /info/745776336.html HTTP/1.1" 404 1251 "-" "Mozilla/5.0 (compatible; Googlebot/2.1; +http://www.google.com/bot.html)"
66.249.75.36 - - [04/Nov/2025:08:52:20 -0500] "GET /info/741326608.html HTTP/1.1" 404 1251 "-" "Mozilla/5.0 (Linux; Android 6.0.1; Nexus 5X Build/MMB29P) AppleWebKit/537.36 (KHTML, like Gecko) Chrome/141.0.7390.122 Mobile Safari/537.36 (compatible; Googlebot/2.1; +http://www.google.com/bot.html)"
66.249.75.36 - - [04/Nov/2025:08:52:21 -0500] "GET /info/q_auto:eco/46703e42-6a78-4774-ac59-0958037c97c1/AS+W+NSW+SF+DOWNFL+NK+WPFR.png HTTP/1.1" 404 1251 "-" "Googlebot-Image/1.0"
74.7.227.178 - - [04/Nov/2025:08:52:24 -0500] "GET /zcsaffsadfs/xgrweaasdg/cvwerfewsfs/?d=/home/paymbalq/www/wp-content/plugins/w3-total-cache/vendor/aws/aws-sdk-php/src/data/pi HTTP/1.1" 200 1264 "-" "Mozilla/5.0 AppleWebKit/537.36 (KHTML, like Gecko; compatible; GPTBot/1.2; +https://openai.com/gptbot)"
190.99.78.187 - - [04/Nov/2025:08:52:25 -0500] "GET /about/ HTTP/1.1" 404 1251 "-" "Mozilla/5.0 (Windows NT 10.0; Win64; x64) AppleWebKit/537.36 (KHTML, like Gecko) Chrome/129.0.0.0 Safari/537.36"
74.7.227.178 - - [04/Nov/2025:08:52:26 -0500] "GET /zcsaffsadfs/xgrweaasdg/cvwerfewsfs/?d=/home/paymbalq/www/wp-content/plugins/w3-total-cache/vendor/aws/aws-sdk-php/src/data/kafka HTTP/1.1" 200 1264 "-" "Mozilla/5.0 AppleWebKit/537.36 (KHTML, like Gecko; compatible; GPTBot/1.2; +https://openai.com/gptbot)"
74.7.227.178 - - [04/Nov/2025:08:52:29 -0500] "GET /zcsaffsadfs/xgrweaasdg/cvwerfewsfs/?d=/home/paymbalq/www/wp-content/plugins/w3-total-cache/vendor/aws/aws-sdk-php/src/data/omics HTTP/1.1" 200 1262 "-" "Mozilla/5.0 AppleWebKit/537.36 (KHTML, like Gecko; compatible; GPTBot/1.2; +https://openai.com/gptbot)"
66.249.75.36 - - [04/Nov/2025:08:52:30 -0500] "GET /info/845784688.html HTTP/1.1" 404 1251 "-" "Mozilla/5.0 (Linux; Android 6.0.1; Nexus 5X Build/MMB29P) AppleWebKit/537.36 (KHTML, like Gecko) Chrome/141.0.7390.122 Mobile Safari/537.36 (compatible; Googlebot/2.1; +http://www.google.com/bot.html)"
66.249.75.36 - - [04/Nov/2025:08:52:32 -0500] "GET /info/f_auto/t_product_v1/65ca4a7e-823d-4228-bbe1-01ea59a58982/AS+M+NK+CLUB+PUFFER+JKT.png HTTP/1.1" 404 1251 "-" "Googlebot-Image/1.0"
74.7.227.178 - - [04/Nov/2025:08:52:32 -0500] "GET /zcsaffsadfs/xgrweaasdg/cvwerfewsfs/?d=/home/paymbalq/www/wp-content/plugins/w3-total-cache/vendor/aws/aws-sdk-php/src/mgn/ HTTP/1.1" 200 1418 "-" "Mozilla/5.0 AppleWebKit/537.36 (KHTML, like Gecko; compatible; GPTBot/1.2; +https://openai.com/gptbot)"
66.249.75.36 - - [04/Nov/2025:08:52:32 -0500] "GET /info/154814264.html HTTP/1.1" 404 1251 "-" "Mozilla/5.0 (Linux; Android 6.0.1; Nexus 5X Build/MMB29P) AppleWebKit/537.36 (KHTML, like Gecko) Chrome/141.0.7390.122 Mobile Safari/537.36 (compatible; Googlebot/2.1; +http://www.google.com/bot.html)"
74.7.227.178 - - [04/Nov/2025:08:52:34 -0500] "GET /zcsaffsadfs/xgrweaasdg/cvwerfewsfs/?d=/home/paymbalq/www/wp-content/plugins/w3-total-cache/vendor/aws/aws-sdk-php/src/data/xray/ HTTP/1.1" 200 1269 "-" "Mozilla/5.0 AppleWebKit/537.36 (KHTML, like Gecko; compatible; GPTBot/1.2; +https://openai.com/gptbot)"
66.249.75.36 - - [04/Nov/2025:08:52:35 -0500] "GET /?products/20138721 HTTP/1.1" 200 1581 "-" "Mozilla/5.0 (Linux; Android 6.0.1; Nexus 5X Build/MMB29P) AppleWebKit/537.36 (KHTML, like Gecko) Chrome/141.0.7390.122 Mobile Safari/537.36 (compatible; Googlebot/2.1; +http://www.google.com/bot.html)"
66.249.75.36 - - [04/Nov/2025:08:52:37 -0500] "GET /info/170853984.html HTTP/1.1" 404 1251 "-" "Mozilla/5.0 (Linux; Android 6.0.1; Nexus 5X Build/MMB29P) AppleWebKit/537.36 (KHTML, like Gecko) Chrome/141.0.7390.122 Mobile Safari/537.36 (compatible; Googlebot/2.1; +http://www.google.com/bot.html)"
74.7.227.178 - - [04/Nov/2025:08:52:38 -0500] "GET /zcsaffsadfs/xgrweaasdg/cvwerfewsfs/?d=/home/paymbalq/www/wp-content/plugins/w3-total-cache/vendor/aws/aws-sdk-php/src/data/ivs/ HTTP/1.1" 200 1259 "-" "Mozilla/5.0 AppleWebKit/537.36 (KHTML, like Gecko; compatible; GPTBot/1.2; +https://openai.com/gptbot)"
74.7.227.178 - - [04/Nov/2025:08:52:41 -0500] "GET /zcsaffsadfs/xgrweaasdg/cvwerfewsfs/?d=/home/paymbalq/www/wp-content/plugins/w3-total-cache/vendor/aws/aws-sdk-php/src/data/pi/ HTTP/1.1" 200 1264 "-" "Mozilla/5.0 AppleWebKit/537.36 (KHTML, like Gecko; compatible; GPTBot/1.2; +https://openai.com/gptbot)"
66.249.75.36 - - [04/Nov/2025:08:52:41 -0500] "GET /info/547680856.html HTTP/1.1" 404 1251 "-" "Mozilla/5.0 (compatible; Googlebot/2.1; +http://www.google.com/bot.html)"
74.7.227.178 - - [04/Nov/2025:08:52:46 -0500] "GET /zcsaffsadfs/xgrweaasdg/cvwerfewsfs/?d=/home/paymbalq/www/wp-content/plugins/w3-total-cache/vendor/aws/aws-sdk-php/src/data/batch/ HTTP/1.1" 200 1263 "-" "Mozilla/5.0 AppleWebKit/537.36 (KHTML, like Gecko; compatible; GPTBot/1.2; +https://openai.com/gptbot)"
74.7.227.178 - - [04/Nov/2025:08:52:48 -0500] "GET /zcsaffsadfs/xgrweaasdg/cvwerfewsfs/?d=/home/paymbalq/www/wp-content/plugins/w3-total-cache/vendor/aws/aws-sdk-php/src/data/kafka/ HTTP/1.1" 200 1264 "-" "Mozilla/5.0 AppleWebKit/537.36 (KHTML, like Gecko; compatible; GPTBot/1.2; +https://openai.com/gptbot)"
66.249.75.36 - - [04/Nov/2025:08:52:50 -0500] "GET /info/845728904.html HTTP/1.1" 404 1251 "-" "Mozilla/5.0 (Linux; Android 6.0.1; Nexus 5X Build/MMB29P) AppleWebKit/537.36 (KHTML, like Gecko) Chrome/141.0.7390.122 Mobile Safari/537.36 (compatible; Googlebot/2.1; +http://www.google.com/bot.html)"
74.7.227.178 - - [04/Nov/2025:08:52:52 -0500] "GET /zcsaffsadfs/xgrweaasdg/cvwerfewsfs/?d=/home/paymbalq/www/wp-content/plugins/w3-total-cache/vendor/aws/aws-sdk-php/src/data/omics/ HTTP/1.1" 200 1262 "-" "Mozilla/5.0 AppleWebKit/537.36 (KHTML, like Gecko; compatible; GPTBot/1.2; +https://openai.com/gptbot)"
66.249.75.36 - - [04/Nov/2025:08:52:52 -0500] "GET /?products/6681387 HTTP/1.1" 200 1581 "-" "Mozilla/5.0 (Linux; Android 6.0.1; Nexus 5X Build/MMB29P) AppleWebKit/537.36 (KHTML, like Gecko) Chrome/141.0.7390.122 Mobile Safari/537.36 (compatible; Googlebot/2.1; +http://www.google.com/bot.html)"
66.249.75.36 - - [04/Nov/2025:08:52:52 -0500] "GET /info/f_auto/t_product_v1/491113ea-dbaf-41fa-8135-bc36a17a2553/AS+M+ACG+TFADV+LAVA+FLOW+JKT.png HTTP/1.1" 404 1251 "-" "Googlebot-Image/1.0"
74.7.227.178 - - [04/Nov/2025:08:52:54 -0500] "GET /zcsaffsadfs/xgrweaasdg/cvwerfewsfs/?d=/home/paymbalq/www/wp-content/plugins/w3-total-cache/vendor/aws/aws-sdk-php/src/ HTTP/1.1" 200 18788 "-" "Mozilla/5.0 AppleWebKit/537.36 (KHTML, like Gecko; compatible; GPTBot/1.2; +https://openai.com/gptbot)"
66.249.75.36 - - [04/Nov/2025:08:52:54 -0500] "GET /info/553629320.html HTTP/1.1" 404 1251 "-" "Mozilla/5.0 (Linux; Android 6.0.1; Nexus 5X Build/MMB29P) AppleWebKit/537.36 (KHTML, like Gecko) Chrome/141.0.7390.122 Mobile Safari/537.36 (compatible; Googlebot/2.1; +http://www.google.com/bot.html)"
74.7.227.178 - - [04/Nov/2025:08:52:59 -0500] "GET /zcsaffsadfs/xgrweaasdg/cvwerfewsfs/?d=/home/paymbalq/www/wp-content/plugins/w3-total-cache/vendor/aws/aws-sdk-php/src/data/tnb HTTP/1.1" 200 1261 "-" "Mozilla/5.0 AppleWebKit/537.36 (KHTML, like Gecko; compatible; GPTBot/1.2; +https://openai.com/gptbot)"
74.7.227.178 - - [04/Nov/2025:08:53:01 -0500] "GET /zcsaffsadfs/xgrweaasdg/cvwerfewsfs/?d=/home/paymbalq/www/wp-content/plugins/w3-total-cache/vendor/aws/aws-sdk-php/src/data/qldb/ HTTP/1.1" 200 1270 "-" "Mozilla/5.0 AppleWebKit/537.36 (KHTML, like Gecko; compatible; GPTBot/1.2; +https://openai.com/gptbot)"
66.249.75.38 - - [04/Nov/2025:08:53:02 -0500] "GET /info/550109280.html HTTP/1.1" 404 1251 "-" "Mozilla/5.0 (Linux; Android 6.0.1; Nexus 5X Build/MMB29P) AppleWebKit/537.36 (KHTML, like Gecko) Chrome/141.0.7390.122 Mobile Safari/537.36 (compatible; Googlebot/2.1; +http://www.google.com/bot.html)"
74.7.227.178 - - [04/Nov/2025:08:53:04 -0500] "GET /zcsaffsadfs/xgrweaasdg/cvwerfewsfs/?d=/home/paymbalq/www/wp-content/plugins/w3-total-cache/vendor/aws/aws-sdk-php/src/ivschat HTTP/1.1" 200 1422 "-" "Mozilla/5.0 AppleWebKit/537.36 (KHTML, like Gecko; compatible; GPTBot/1.2; +https://openai.com/gptbot)"
