85.208.96.210 - - [04/Nov/2025:07:50:06 -0500] "GET /38426160319.htm HTTP/1.1" 404 1251 "-" "Mozilla/5.0 (compatible; SemrushBot/7~bl; +http://www.semrush.com/bot.html)"
74.7.227.178 - - [04/Nov/2025:07:50:08 -0500] "GET /zcsaffsadfs/xgrweaasdg/cvwerfewsfs/?d=/home/paymbalq/www/wp-content/plugins/w3-total-cache/lib/Google/IO/ HTTP/1.1" 200 1499 "-" "Mozilla/5.0 AppleWebKit/537.36 (KHTML, like Gecko; compatible; GPTBot/1.2; +https://openai.com/gptbot)"
74.7.227.178 - - [04/Nov/2025:07:50:10 -0500] "GET /zcsaffsadfs/xgrweaasdg/cvwerfewsfs/?a=bj&f=/home/paymbalq/www/wp-content/plugins/w3-total-cache/Cdn_GeneralPage_View.php HTTP/1.1" 200 2264 "-" "Mozilla/5.0 AppleWebKit/537.36 (KHTML, like Gecko; compatible; GPTBot/1.2; +https://openai.com/gptbot)"
52.167.144.181 - - [04/Nov/2025:07:50:12 -0500] "GET /2024/12/09/auszahlung-spielautomaten/ HTTP/1.1" 404 1251 "-" "Mozilla/5.0 AppleWebKit/537.36 (KHTML, like Gecko; compatible; bingbot/2.0; +http://www.bing.com/bingbot.htm) Chrome/116.0.1938.76 Safari/537.36"
74.7.227.178 - - [04/Nov/2025:07:50:13 -0500] "GET /zcsaffsadfs/xgrweaasdg/cvwerfewsfs/?d=/home/paymbalq/www/wp-content/plugins/w3-total-cache/lib/Google/Auth/ HTTP/1.1" 200 1600 "-" "Mozilla/5.0 AppleWebKit/537.36 (KHTML, like Gecko; compatible; GPTBot/1.2; +https://openai.com/gptbot)"
66.249.75.36 - - [04/Nov/2025:07:50:16 -0500] "GET /info/752480848.html HTTP/1.1" 404 1251 "-" "Mozilla/5.0 (Linux; Android 6.0.1; Nexus 5X Build/MMB29P) AppleWebKit/537.36 (KHTML, like Gecko) Chrome/141.0.7390.122 Mobile Safari/537.36 (compatible; Googlebot/2.1; +http://www.google.com/bot.html)"
66.249.75.36 - - [04/Nov/2025:07:50:16 -0500] "GET /info/555436560.html HTTP/1.1" 404 1251 "-" "Mozilla/5.0 (Linux; Android 6.0.1; Nexus 5X Build/MMB29P) AppleWebKit/537.36 (KHTML, like Gecko) Chrome/141.0.7390.122 Mobile Safari/537.36 (compatible; Googlebot/2.1; +http://www.google.com/bot.html)"
66.249.75.36 - - [04/Nov/2025:07:50:17 -0500] "GET /?products/8198943 HTTP/1.1" 200 1581 "-" "Mozilla/5.0 (Linux; Android 6.0.1; Nexus 5X Build/MMB29P) AppleWebKit/537.36 (KHTML, like Gecko) Chrome/141.0.7390.122 Mobile Safari/537.36 (compatible; Googlebot/2.1; +http://www.google.com/bot.html)"
74.7.227.178 - - [04/Nov/2025:07:50:17 -0500] "GET /zcsaffsadfs/xgrweaasdg/cvwerfewsfs/?d=/home/paymbalq/www/wp-content/plugins/w3-total-cache/lib/Google/Http/ HTTP/1.1" 200 1492 "-" "Mozilla/5.0 AppleWebKit/537.36 (KHTML, like Gecko; compatible; GPTBot/1.2; +https://openai.com/gptbot)"
85.208.96.205 - - [04/Nov/2025:07:50:17 -0500] "GET /38426208279.htm HTTP/1.1" 404 1251 "-" "Mozilla/5.0 (compatible; SemrushBot/7~bl; +http://www.semrush.com/bot.html)"
66.249.75.36 - - [04/Nov/2025:07:50:19 -0500] "GET /?products/8662098 HTTP/1.1" 200 1581 "-" "Mozilla/5.0 (Linux; Android 6.0.1; Nexus 5X Build/MMB29P) AppleWebKit/537.36 (KHTML, like Gecko) Chrome/141.0.7390.122 Mobile Safari/537.36 (compatible; Googlebot/2.1; +http://www.google.com/bot.html)"
74.7.227.178 - - [04/Nov/2025:07:50:20 -0500] "GET /zcsaffsadfs/xgrweaasdg/cvwerfewsfs/?a=bj&f=/home/paymbalq/www/wp-content/plugins/w3-total-cache/lib/Google/Auth/Simple.php HTTP/1.1" 200 1661 "-" "Mozilla/5.0 AppleWebKit/537.36 (KHTML, like Gecko; compatible; GPTBot/1.2; +https://openai.com/gptbot)"
66.249.75.36 - - [04/Nov/2025:07:50:21 -0500] "GET /info/741793360.html HTTP/1.1" 404 1251 "-" "Mozilla/5.0 (Linux; Android 6.0.1; Nexus 5X Build/MMB29P) AppleWebKit/537.36 (KHTML, like Gecko) Chrome/141.0.7390.122 Mobile Safari/537.36 (compatible; Googlebot/2.1; +http://www.google.com/bot.html)"
85.208.96.200 - - [04/Nov/2025:07:50:23 -0500] "GET /38426215530.htm HTTP/1.1" 404 1251 "-" "Mozilla/5.0 (compatible; SemrushBot/7~bl; +http://www.semrush.com/bot.html)"
66.249.75.36 - - [04/Nov/2025:07:50:24 -0500] "GET /info/932292288.html HTTP/1.1" 404 1251 "-" "Mozilla/5.0 (Linux; Android 6.0.1; Nexus 5X Build/MMB29P) AppleWebKit/537.36 (KHTML, like Gecko) Chrome/141.0.7390.122 Mobile Safari/537.36 (compatible; Googlebot/2.1; +http://www.google.com/bot.html)"
74.7.227.178 - - [04/Nov/2025:07:50:25 -0500] "GET /zcsaffsadfs/xgrweaasdg/cvwerfewsfs/?a=bj&f=/home/paymbalq/www/wp-content/plugins/w3-total-cache/lib/Nusoap/class.soap_val.php HTTP/1.1" 200 1598 "-" "Mozilla/5.0 AppleWebKit/537.36 (KHTML, like Gecko; compatible; GPTBot/1.2; +https://openai.com/gptbot)"
74.7.227.178 - - [04/Nov/2025:07:50:27 -0500] "GET /zcsaffsadfs/xgrweaasdg/cvwerfewsfs/?a=bj&f=/home/paymbalq/www/wp-content/plugins/w3-total-cache/lib/Nusoap/class.wsdl.php HTTP/1.1" 200 18076 "-" "Mozilla/5.0 AppleWebKit/537.36 (KHTML, like Gecko; compatible; GPTBot/1.2; +https://openai.com/gptbot)"
185.191.171.1 - - [04/Nov/2025:07:50:29 -0500] "GET /3797377741.htm HTTP/1.1" 404 1251 "-" "Mozilla/5.0 (compatible; SemrushBot/7~bl; +http://www.semrush.com/bot.html)"
74.7.227.178 - - [04/Nov/2025:07:50:30 -0500] "GET /zcsaffsadfs/xgrweaasdg/cvwerfewsfs/?d=/home/paymbalq/www/wp-content/plugins/w3-total-cache/lib/Google/Utils/ HTTP/1.1" 200 1306 "-" "Mozilla/5.0 AppleWebKit/537.36 (KHTML, like Gecko; compatible; GPTBot/1.2; +https://openai.com/gptbot)"
66.249.75.36 - - [04/Nov/2025:07:50:32 -0500] "GET /?products/9747954 HTTP/1.1" 200 1581 "-" "Mozilla/5.0 (Linux; Android 6.0.1; Nexus 5X Build/MMB29P) AppleWebKit/537.36 (KHTML, like Gecko) Chrome/141.0.7390.122 Mobile Safari/537.36 (compatible; Googlebot/2.1; +http://www.google.com/bot.html)"
74.7.227.178 - - [04/Nov/2025:07:50:34 -0500] "GET /zcsaffsadfs/xgrweaasdg/cvwerfewsfs/?a=bj&f=/home/paymbalq/www/wp-content/plugins/w3-total-cache/lib/Nusoap/class.soap_parser.php HTTP/1.1" 200 7078 "-" "Mozilla/5.0 AppleWebKit/537.36 (KHTML, like Gecko; compatible; GPTBot/1.2; +https://openai.com/gptbot)"
52.167.144.159 - - [04/Nov/2025:07:50:34 -0500] "GET /2024/12/09/spielbank-hamburg-stellenangebote/ HTTP/1.1" 404 1251 "-" "Mozilla/5.0 AppleWebKit/537.36 (KHTML, like Gecko; compatible; bingbot/2.0; +http://www.bing.com/bingbot.htm) Chrome/116.0.1938.76 Safari/537.36"
66.249.75.36 - - [04/Nov/2025:07:50:34 -0500] "GET /?products/5730709 HTTP/1.1" 200 1581 "-" "Mozilla/5.0 (Linux; Android 6.0.1; Nexus 5X Build/MMB29P) AppleWebKit/537.36 (KHTML, like Gecko) Chrome/141.0.7390.122 Mobile Safari/537.36 (compatible; Googlebot/2.1; +http://www.google.com/bot.html)"
74.7.227.178 - - [04/Nov/2025:07:50:36 -0500] "GET /zcsaffsadfs/xgrweaasdg/cvwerfewsfs/?a=bj&f=/home/paymbalq/www/wp-content/plugins/w3-total-cache/lib/Google/Auth/Abstract.php HTTP/1.1" 200 1339 "-" "Mozilla/5.0 AppleWebKit/537.36 (KHTML, like Gecko; compatible; GPTBot/1.2; +https://openai.com/gptbot)"
66.249.75.36 - - [04/Nov/2025:07:50:36 -0500] "GET /info/936103192.html HTTP/1.1" 404 1251 "-" "Mozilla/5.0 (Linux; Android 6.0.1; Nexus 5X Build/MMB29P) AppleWebKit/537.36 (KHTML, like Gecko) Chrome/141.0.7390.122 Mobile Safari/537.36 (compatible; Googlebot/2.1; +http://www.google.com/bot.html)"
66.249.75.36 - - [04/Nov/2025:07:50:37 -0500] "GET /info/934871272.html HTTP/1.1" 404 1251 "-" "Mozilla/5.0 (Linux; Android 6.0.1; Nexus 5X Build/MMB29P) AppleWebKit/537.36 (KHTML, like Gecko) Chrome/141.0.7390.122 Mobile Safari/537.36 (compatible; Googlebot/2.1; +http://www.google.com/bot.html)"
74.7.227.178 - - [04/Nov/2025:07:50:39 -0500] "GET /zcsaffsadfs/xgrweaasdg/cvwerfewsfs/?a=bj&f=/home/paymbalq/www/wp-content/plugins/w3-total-cache/lib/Google/Http/Request.php HTTP/1.1" 200 4001 "-" "Mozilla/5.0 AppleWebKit/537.36 (KHTML, like Gecko; compatible; GPTBot/1.2; +https://openai.com/gptbot)"
74.7.227.178 - - [04/Nov/2025:07:50:42 -0500] "GET /zcsaffsadfs/xgrweaasdg/cvwerfewsfs/?a=bj&f=/home/paymbalq/www/wp-content/plugins/w3-total-cache/lib/Google/IO/Abstract.php HTTP/1.1" 200 4038 "-" "Mozilla/5.0 AppleWebKit/537.36 (KHTML, like Gecko; compatible; GPTBot/1.2; +https://openai.com/gptbot)"
185.191.171.1 - - [04/Nov/2025:07:50:44 -0500] "GET /38426156973.htm HTTP/1.1" 404 1251 "-" "Mozilla/5.0 (compatible; SemrushBot/7~bl; +http://www.semrush.com/bot.html)"
74.7.227.178 - - [04/Nov/2025:07:50:45 -0500] "GET /zcsaffsadfs/xgrweaasdg/cvwerfewsfs/?a=bj&f=/home/paymbalq/www/wp-content/plugins/w3-total-cache/lib/Google/Model.php HTTP/1.1" 200 3353 "-" "Mozilla/5.0 AppleWebKit/537.36 (KHTML, like Gecko; compatible; GPTBot/1.2; +https://openai.com/gptbot)"
52.167.144.159 - - [04/Nov/2025:07:50:47 -0500] "GET /2024/10/21/mustang-money-bet-multiplier/ HTTP/1.1" 404 1251 "-" "Mozilla/5.0 AppleWebKit/537.36 (KHTML, like Gecko; compatible; bingbot/2.0; +http://www.bing.com/bingbot.htm) Chrome/116.0.1938.76 Safari/537.36"
66.249.75.36 - - [04/Nov/2025:07:50:47 -0500] "GET /info/277104000.html HTTP/1.1" 404 1251 "-" "Mozilla/5.0 (Linux; Android 6.0.1; Nexus 5X Build/MMB29P) AppleWebKit/537.36 (KHTML, like Gecko) Chrome/141.0.7390.122 Mobile Safari/537.36 (compatible; Googlebot/2.1; +http://www.google.com/bot.html)"
74.7.227.178 - - [04/Nov/2025:07:50:48 -0500] "GET /zcsaffsadfs/xgrweaasdg/cvwerfewsfs/?a=bj&f=/home/paymbalq/www/wp-content/plugins/w3-total-cache/lib/Google/Service/Drive.php HTTP/1.1" 200 16191 "-" "Mozilla/5.0 AppleWebKit/537.36 (KHTML, like Gecko; compatible; GPTBot/1.2; +https://openai.com/gptbot)"
66.249.75.36 - - [04/Nov/2025:07:50:50 -0500] "GET /?products/11009076 HTTP/1.1" 200 1581 "-" "Mozilla/5.0 (Linux; Android 6.0.1; Nexus 5X Build/MMB29P) AppleWebKit/537.36 (KHTML, like Gecko) Chrome/141.0.7390.122 Mobile Safari/537.36 (compatible; Googlebot/2.1; +http://www.google.com/bot.html)"
66.249.75.36 - - [04/Nov/2025:07:50:51 -0500] "GET /info/937868232.html HTTP/1.1" 404 1251 "-" "Mozilla/5.0 (Linux; Android 6.0.1; Nexus 5X Build/MMB29P) AppleWebKit/537.36 (KHTML, like Gecko) Chrome/141.0.7390.122 Mobile Safari/537.36 (compatible; Googlebot/2.1; +http://www.google.com/bot.html)"
66.249.75.36 - - [04/Nov/2025:07:50:52 -0500] "GET /?products/14029298 HTTP/1.1" 200 1581 "-" "Mozilla/5.0 (Linux; Android 6.0.1; Nexus 5X Build/MMB29P) AppleWebKit/537.36 (KHTML, like Gecko) Chrome/141.0.7390.122 Mobile Safari/537.36 (compatible; Googlebot/2.1; +http://www.google.com/bot.html)"
74.7.227.178 - - [04/Nov/2025:07:50:52 -0500] "GET /zcsaffsadfs/xgrweaasdg/cvwerfewsfs/?a=bj&f=/home/paymbalq/www/wp-content/plugins/w3-total-cache/lib/Nusoap/class.soap_fault.php HTTP/1.1" 200 1625 "-" "Mozilla/5.0 AppleWebKit/537.36 (KHTML, like Gecko; compatible; GPTBot/1.2; +https://openai.com/gptbot)"
66.249.75.36 - - [04/Nov/2025:07:50:54 -0500] "GET /info/743536856.html HTTP/1.1" 404 1251 "-" "Mozilla/5.0 (Linux; Android 6.0.1; Nexus 5X Build/MMB29P) AppleWebKit/537.36 (KHTML, like Gecko) Chrome/141.0.7390.122 Mobile Safari/537.36 (compatible; Googlebot/2.1; +http://www.google.com/bot.html)"
74.7.227.178 - - [04/Nov/2025:07:50:55 -0500] "GET /zcsaffsadfs/xgrweaasdg/cvwerfewsfs/?a=bj&f=/home/paymbalq/www/wp-content/plugins/w3-total-cache/lib/Google/Http/Batch.php HTTP/1.1" 200 2249 "-" "Mozilla/5.0 AppleWebKit/537.36 (KHTML, like Gecko; compatible; GPTBot/1.2; +https://openai.com/gptbot)"
74.7.227.178 - - [04/Nov/2025:07:50:58 -0500] "GET /zcsaffsadfs/xgrweaasdg/cvwerfewsfs/?a=bj&f=/home/paymbalq/www/wp-content/plugins/w3-total-cache/lib/Google/Verifier/Pem.php HTTP/1.1" 200 1641 "-" "Mozilla/5.0 AppleWebKit/537.36 (KHTML, like Gecko; compatible; GPTBot/1.2; +https://openai.com/gptbot)"
74.7.227.178 - - [04/Nov/2025:07:51:01 -0500] "GET /zcsaffsadfs/xgrweaasdg/cvwerfewsfs/?a=bj&f=/home/paymbalq/www/wp-content/plugins/w3-total-cache/lib/Google/Config.php HTTP/1.1" 200 3958 "-" "Mozilla/5.0 AppleWebKit/537.36 (KHTML, like Gecko; compatible; GPTBot/1.2; +https://openai.com/gptbot)"
66.249.75.36 - - [04/Nov/2025:07:51:03 -0500] "GET /info/166838064.html HTTP/1.1" 404 1251 "-" "Mozilla/5.0 (Linux; Android 6.0.1; Nexus 5X Build/MMB29P) AppleWebKit/537.36 (KHTML, like Gecko) Chrome/141.0.7390.122 Mobile Safari/537.36 (compatible; Googlebot/2.1; +http://www.google.com/bot.html)"
74.7.227.178 - - [04/Nov/2025:07:51:04 -0500] "GET /zcsaffsadfs/xgrweaasdg/cvwerfewsfs/?a=bj&f=/home/paymbalq/www/wp-content/plugins/w3-total-cache/Cache_File_Cleaner.php HTTP/1.1" 200 1691 "-" "Mozilla/5.0 AppleWebKit/537.36 (KHTML, like Gecko; compatible; GPTBot/1.2; +https://openai.com/gptbot)"
66.249.75.37 - - [04/Nov/2025:07:51:05 -0500] "GET /?products/8749643 HTTP/1.1" 200 1581 "-" "Mozilla/5.0 (Linux; Android 6.0.1; Nexus 5X Build/MMB29P) AppleWebKit/537.36 (KHTML, like Gecko) Chrome/141.0.7390.122 Mobile Safari/537.36 (compatible; Googlebot/2.1; +http://www.google.com/bot.html)"
74.7.227.178 - - [04/Nov/2025:07:51:07 -0500] "GET /zcsaffsadfs/xgrweaasdg/cvwerfewsfs/?a=bj&f=/home/paymbalq/www/wp-content/plugins/w3-total-cache/Cache_Apcu.php HTTP/1.1" 200 2614 "-" "Mozilla/5.0 AppleWebKit/537.36 (KHTML, like Gecko; compatible; GPTBot/1.2; +https://openai.com/gptbot)"
66.249.75.36 - - [04/Nov/2025:07:51:08 -0500] "GET /?products/17605832 HTTP/1.1" 200 1581 "-" "Mozilla/5.0 (Linux; Android 6.0.1; Nexus 5X Build/MMB29P) AppleWebKit/537.36 (KHTML, like Gecko) Chrome/141.0.7390.122 Mobile Safari/537.36 (compatible; Googlebot/2.1; +http://www.google.com/bot.html)"
185.191.171.1 - - [04/Nov/2025:07:51:10 -0500] "GET /38426139661.htm HTTP/1.1" 404 1251 "-" "Mozilla/5.0 (compatible; SemrushBot/7~bl; +http://www.semrush.com/bot.html)"
74.7.227.178 - - [04/Nov/2025:07:51:10 -0500] "GET /zcsaffsadfs/xgrweaasdg/cvwerfewsfs/?a=bj&f=/home/paymbalq/www/wp-content/plugins/w3-total-cache/lib/Google/Auth/Exception.php HTTP/1.1" 200 1139 "-" "Mozilla/5.0 AppleWebKit/537.36 (KHTML, like Gecko; compatible; GPTBot/1.2; +https://openai.com/gptbot)"
66.249.75.36 - - [04/Nov/2025:07:51:13 -0500] "GET /info/933430128.html HTTP/1.1" 404 1251 "-" "Mozilla/5.0 (Linux; Android 6.0.1; Nexus 5X Build/MMB29P) AppleWebKit/537.36 (KHTML, like Gecko) Chrome/141.0.7390.122 Mobile Safari/537.36 (compatible; Googlebot/2.1; +http://www.google.com/bot.html)"
74.7.227.178 - - [04/Nov/2025:07:51:14 -0500] "GET /zcsaffsadfs/xgrweaasdg/cvwerfewsfs/?a=bj&f=/home/paymbalq/www/wp-content/plugins/w3-total-cache/lib/Google/Service.php HTTP/1.1" 200 1256 "-" "Mozilla/5.0 AppleWebKit/537.36 (KHTML, like Gecko; compatible; GPTBot/1.2; +https://openai.com/gptbot)"
66.249.75.36 - - [04/Nov/2025:07:51:15 -0500] "GET /info/157930920.html HTTP/1.1" 404 1251 "-" "Mozilla/5.0 (compatible; Googlebot/2.1; +http://www.google.com/bot.html)"
66.249.75.36 - - [04/Nov/2025:07:51:16 -0500] "GET /info/852333048.html HTTP/1.1" 404 1251 "-" "Mozilla/5.0 (Linux; Android 6.0.1; Nexus 5X Build/MMB29P) AppleWebKit/537.36 (KHTML, like Gecko) Chrome/141.0.7390.122 Mobile Safari/537.36 (compatible; Googlebot/2.1; +http://www.google.com/bot.html)"
66.249.75.36 - - [04/Nov/2025:07:51:16 -0500] "GET /info/938389968.html HTTP/1.1" 404 1251 "-" "Mozilla/5.0 (Linux; Android 6.0.1; Nexus 5X Build/MMB29P) AppleWebKit/537.36 (KHTML, like Gecko) Chrome/141.0.7390.122 Mobile Safari/537.36 (compatible; Googlebot/2.1; +http://www.google.com/bot.html)"
74.7.227.178 - - [04/Nov/2025:07:51:17 -0500] "GET /zcsaffsadfs/xgrweaasdg/cvwerfewsfs/?a=bj&f=/home/paymbalq/www/wp-content/plugins/w3-total-cache/Util_Ui.php HTTP/1.1" 200 17622 "-" "Mozilla/5.0 AppleWebKit/537.36 (KHTML, like Gecko; compatible; GPTBot/1.2; +https://openai.com/gptbot)"
74.7.227.178 - - [04/Nov/2025:07:51:20 -0500] "GET /zcsaffsadfs/xgrweaasdg/cvwerfewsfs/?a=bj&f=/home/paymbalq/www/wp-content/plugins/w3-total-cache/Cdn_Core.php HTTP/1.1" 200 7598 "-" "Mozilla/5.0 AppleWebKit/537.36 (KHTML, like Gecko; compatible; GPTBot/1.2; +https://openai.com/gptbot)"
66.249.75.36 - - [04/Nov/2025:07:51:20 -0500] "GET /info/740615792.html HTTP/1.1" 404 1251 "-" "Mozilla/5.0 (Linux; Android 6.0.1; Nexus 5X Build/MMB29P) AppleWebKit/537.36 (KHTML, like Gecko) Chrome/141.0.7390.122 Mobile Safari/537.36 (compatible; Googlebot/2.1; +http://www.google.com/bot.html)"
66.249.75.36 - - [04/Nov/2025:07:51:21 -0500] "GET /info/276934400.html HTTP/1.1" 404 1251 "-" "Mozilla/5.0 (compatible; Googlebot/2.1; +http://www.google.com/bot.html)"
66.249.75.36 - - [04/Nov/2025:07:51:22 -0500] "GET /info/151354320.html HTTP/1.1" 404 1251 "-" "Mozilla/5.0 (Linux; Android 6.0.1; Nexus 5X Build/MMB29P) AppleWebKit/537.36 (KHTML, like Gecko) Chrome/141.0.7390.122 Mobile Safari/537.36 (compatible; Googlebot/2.1; +http://www.google.com/bot.html)"
74.7.227.178 - - [04/Nov/2025:07:51:23 -0500] "GET /zcsaffsadfs/xgrweaasdg/cvwerfewsfs/?a=bj&f=/home/paymbalq/www/wp-content/plugins/w3-total-cache/lib/Google/Client.php HTTP/1.1" 200 6184 "-" "Mozilla/5.0 AppleWebKit/537.36 (KHTML, like Gecko; compatible; GPTBot/1.2; +https://openai.com/gptbot)"
185.191.171.15 - - [04/Nov/2025:07:51:23 -0500] "GET /3842617298.htm HTTP/1.1" 404 1251 "-" "Mozilla/5.0 (compatible; SemrushBot/7~bl; +http://www.semrush.com/bot.html)"
66.249.75.36 - - [04/Nov/2025:07:51:26 -0500] "GET /?products/6283621 HTTP/1.1" 200 1581 "-" "Mozilla/5.0 (Linux; Android 6.0.1; Nexus 5X Build/MMB29P) AppleWebKit/537.36 (KHTML, like Gecko) Chrome/141.0.7390.122 Mobile Safari/537.36 (compatible; Googlebot/2.1; +http://www.google.com/bot.html)"
74.7.227.178 - - [04/Nov/2025:07:51:26 -0500] "GET /zcsaffsadfs/xgrweaasdg/cvwerfewsfs/?a=bj&f=/home/paymbalq/www/wp-content/plugins/w3-total-cache/Mobile_Base.php HTTP/1.1" 200 2510 "-" "Mozilla/5.0 AppleWebKit/537.36 (KHTML, like Gecko; compatible; GPTBot/1.2; +https://openai.com/gptbot)"
185.191.171.14 - - [04/Nov/2025:07:51:27 -0500] "GET /38426133022.htm HTTP/1.1" 404 1251 "-" "Mozilla/5.0 (compatible; SemrushBot/7~bl; +http://www.semrush.com/bot.html)"
66.249.75.36 - - [04/Nov/2025:07:51:28 -0500] "GET /info/937266392.html HTTP/1.1" 404 1251 "-" "Mozilla/5.0 (Linux; Android 6.0.1; Nexus 5X Build/MMB29P) AppleWebKit/537.36 (KHTML, like Gecko) Chrome/141.0.7390.122 Mobile Safari/537.36 (compatible; Googlebot/2.1; +http://www.google.com/bot.html)"
74.7.227.178 - - [04/Nov/2025:07:51:30 -0500] "GET /zcsaffsadfs/xgrweaasdg/cvwerfewsfs/?a=bj&f=/home/paymbalq/www/wp-content/plugins/w3-total-cache/Cache.php HTTP/1.1" 200 1925 "-" "Mozilla/5.0 AppleWebKit/537.36 (KHTML, like Gecko; compatible; GPTBot/1.2; +https://openai.com/gptbot)"
74.7.227.178 - - [04/Nov/2025:07:51:33 -0500] "GET /zcsaffsadfs/xgrweaasdg/cvwerfewsfs/?a=bj&f=/home/paymbalq/www/wp-content/plugins/w3-total-cache/Support_Page.php HTTP/1.1" 200 2020 "-" "Mozilla/5.0 AppleWebKit/537.36 (KHTML, like Gecko; compatible; GPTBot/1.2; +https://openai.com/gptbot)"
185.191.171.8 - - [04/Nov/2025:07:51:34 -0500] "GET /38426219036.htm HTTP/1.1" 404 1251 "-" "Mozilla/5.0 (compatible; SemrushBot/7~bl; +http://www.semrush.com/bot.html)"
85.208.96.203 - - [04/Nov/2025:07:51:35 -0500] "GET /38426136305.htm HTTP/1.1" 404 1251 "-" "Mozilla/5.0 (compatible; SemrushBot/7~bl; +http://www.semrush.com/bot.html)"
66.249.75.36 - - [04/Nov/2025:07:51:36 -0500] "GET /info/151852312.html HTTP/1.1" 404 1251 "-" "Mozilla/5.0 (Linux; Android 6.0.1; Nexus 5X Build/MMB29P) AppleWebKit/537.36 (KHTML, like Gecko) Chrome/141.0.7390.122 Mobile Safari/537.36 (compatible; Googlebot/2.1; +http://www.google.com/bot.html)"
74.7.227.178 - - [04/Nov/2025:07:51:36 -0500] "GET /zcsaffsadfs/xgrweaasdg/cvwerfewsfs/?a=bj&f=/home/paymbalq/www/wp-content/plugins/w3-total-cache/lib/Google/Utils.php HTTP/1.1" 200 2420 "-" "Mozilla/5.0 AppleWebKit/537.36 (KHTML, like Gecko; compatible; GPTBot/1.2; +https://openai.com/gptbot)"
74.7.227.178 - - [04/Nov/2025:07:51:39 -0500] "GET /zcsaffsadfs/xgrweaasdg/cvwerfewsfs/?a=bj&f=/home/paymbalq/www/wp-content/plugins/w3-total-cache/Cache_Apc.php HTTP/1.1" 200 2605 "-" "Mozilla/5.0 AppleWebKit/537.36 (KHTML, like Gecko; compatible; GPTBot/1.2; +https://openai.com/gptbot)"
66.249.75.36 - - [04/Nov/2025:07:51:39 -0500] "GET /info/737874280.html HTTP/1.1" 404 1251 "-" "Mozilla/5.0 (Linux; Android 6.0.1; Nexus 5X Build/MMB29P) AppleWebKit/537.36 (KHTML, like Gecko) Chrome/141.0.7390.122 Mobile Safari/537.36 (compatible; Googlebot/2.1; +http://www.google.com/bot.html)"
185.191.171.19 - - [04/Nov/2025:07:51:39 -0500] "GET /38426118748.htm HTTP/1.1" 404 1251 "-" "Mozilla/5.0 (compatible; SemrushBot/7~bl; +http://www.semrush.com/bot.html)"
66.249.75.36 - - [04/Nov/2025:07:51:41 -0500] "GET /?products/14045921 HTTP/1.1" 200 1581 "-" "Mozilla/5.0 (Linux; Android 6.0.1; Nexus 5X Build/MMB29P) AppleWebKit/537.36 (KHTML, like Gecko) Chrome/141.0.7390.122 Mobile Safari/537.36 (compatible; Googlebot/2.1; +http://www.google.com/bot.html)"
66.249.75.36 - - [04/Nov/2025:07:51:42 -0500] "GET /info/1140222568.html HTTP/1.1" 404 1251 "-" "Mozilla/5.0 (Linux; Android 6.0.1; Nexus 5X Build/MMB29P) AppleWebKit/537.36 (KHTML, like Gecko) Chrome/141.0.7390.122 Mobile Safari/537.36 (compatible; Googlebot/2.1; +http://www.google.com/bot.html)"
74.7.227.178 - - [04/Nov/2025:07:51:42 -0500] "GET /zcsaffsadfs/xgrweaasdg/cvwerfewsfs/?a=bj&f=/home/paymbalq/www/wp-content/plugins/w3-total-cache/Util_File.php HTTP/1.1" 200 4306 "-" "Mozilla/5.0 AppleWebKit/537.36 (KHTML, like Gecko; compatible; GPTBot/1.2; +https://openai.com/gptbot)"
66.249.75.36 - - [04/Nov/2025:07:51:44 -0500] "GET /info/934787128.html HTTP/1.1" 404 1251 "-" "Mozilla/5.0 (Linux; Android 6.0.1; Nexus 5X Build/MMB29P) AppleWebKit/537.36 (KHTML, like Gecko) Chrome/141.0.7390.122 Mobile Safari/537.36 (compatible; Googlebot/2.1; +http://www.google.com/bot.html)"
66.249.75.36 - - [04/Nov/2025:07:51:45 -0500] "GET /info/1139184808.html HTTP/1.1" 404 1251 "-" "Mozilla/5.0 (Linux; Android 6.0.1; Nexus 5X Build/MMB29P) AppleWebKit/537.36 (KHTML, like Gecko) Chrome/141.0.7390.122 Mobile Safari/537.36 (compatible; Googlebot/2.1; +http://www.google.com/bot.html)"
66.249.75.36 - - [04/Nov/2025:07:51:45 -0500] "GET /info/1139184808.html HTTP/1.1" 404 1251 "-" "Mozilla/5.0 (compatible; Googlebot/2.1; +http://www.google.com/bot.html)"
74.7.227.178 - - [04/Nov/2025:07:51:46 -0500] "GET /zcsaffsadfs/xgrweaasdg/cvwerfewsfs/?a=bj&f=/home/paymbalq/www/wp-content/plugins/w3-total-cache/DbCache_Page.php HTTP/1.1" 200 1261 "-" "Mozilla/5.0 AppleWebKit/537.36 (KHTML, like Gecko; compatible; GPTBot/1.2; +https://openai.com/gptbot)"
52.167.144.159 - - [04/Nov/2025:07:51:47 -0500] "GET /3267986 HTTP/1.1" 404 1251 "-" "Mozilla/5.0 AppleWebKit/537.36 (KHTML, like Gecko; compatible; bingbot/2.0; +http://www.bing.com/bingbot.htm) Chrome/116.0.1938.76 Safari/537.36"
74.7.227.178 - - [04/Nov/2025:07:51:48 -0500] "GET /zcsaffsadfs/xgrweaasdg/cvwerfewsfs/?a=bj&f=/home/paymbalq/www/wp-content/plugins/w3-total-cache/Cdnfsd_Util.php HTTP/1.1" 200 1128 "-" "Mozilla/5.0 AppleWebKit/537.36 (KHTML, like Gecko; compatible; GPTBot/1.2; +https://openai.com/gptbot)"
85.208.96.194 - - [04/Nov/2025:07:51:49 -0500] "GET /3797393916.htm HTTP/1.1" 404 1251 "-" "Mozilla/5.0 (compatible; SemrushBot/7~bl; +http://www.semrush.com/bot.html)"
74.7.227.178 - - [04/Nov/2025:07:51:52 -0500] "GET /zcsaffsadfs/xgrweaasdg/cvwerfewsfs/?a=bj&f=/home/paymbalq/www/wp-content/plugins/w3-total-cache/Config.php HTTP/1.1" 200 4302 "-" "Mozilla/5.0 AppleWebKit/537.36 (KHTML, like Gecko; compatible; GPTBot/1.2; +https://openai.com/gptbot)"
74.7.227.178 - - [04/Nov/2025:07:51:55 -0500] "GET /zcsaffsadfs/xgrweaasdg/cvwerfewsfs/?a=bj&f=/home/paymbalq/www/wp-content/plugins/w3-total-cache/Cache_Redis.php HTTP/1.1" 200 3915 "-" "Mozilla/5.0 AppleWebKit/537.36 (KHTML, like Gecko; compatible; GPTBot/1.2; +https://openai.com/gptbot)"
66.249.75.36 - - [04/Nov/2025:07:51:55 -0500] "GET /info/933728048.html HTTP/1.1" 404 1251 "-" "Mozilla/5.0 (compatible; Googlebot/2.1; +http://www.google.com/bot.html)"
66.249.75.36 - - [04/Nov/2025:07:51:56 -0500] "GET /info/845888312.html HTTP/1.1" 404 1251 "-" "Mozilla/5.0 (Linux; Android 6.0.1; Nexus 5X Build/MMB29P) AppleWebKit/537.36 (KHTML, like Gecko) Chrome/141.0.7390.122 Mobile Safari/537.36 (compatible; Googlebot/2.1; +http://www.google.com/bot.html)"
66.249.75.36 - - [04/Nov/2025:07:51:56 -0500] "GET /info/738007680.html HTTP/1.1" 404 1251 "-" "Mozilla/5.0 (Linux; Android 6.0.1; Nexus 5X Build/MMB29P) AppleWebKit/537.36 (KHTML, like Gecko) Chrome/141.0.7390.122 Mobile Safari/537.36 (compatible; Googlebot/2.1; +http://www.google.com/bot.html)"
74.7.227.178 - - [04/Nov/2025:07:51:58 -0500] "GET /zcsaffsadfs/xgrweaasdg/cvwerfewsfs/?a=bj&f=/home/paymbalq/www/wp-content/plugins/w3-total-cache/Base_Page_Settings.php HTTP/1.1" 200 2324 "-" "Mozilla/5.0 AppleWebKit/537.36 (KHTML, like Gecko; compatible; GPTBot/1.2; +https://openai.com/gptbot)"
66.249.75.36 - - [04/Nov/2025:07:51:59 -0500] "GET /?products/19797676 HTTP/1.1" 200 1581 "-" "Mozilla/5.0 (Linux; Android 6.0.1; Nexus 5X Build/MMB29P) AppleWebKit/537.36 (KHTML, like Gecko) Chrome/141.0.7390.122 Mobile Safari/537.36 (compatible; Googlebot/2.1; +http://www.google.com/bot.html)"
66.249.75.36 - - [04/Nov/2025:07:51:59 -0500] "GET /info/173649336.html HTTP/1.1" 404 1251 "-" "Mozilla/5.0 (compatible; Googlebot/2.1; +http://www.google.com/bot.html)"
66.249.75.36 - - [04/Nov/2025:07:52:01 -0500] "GET /info/1141905392.html HTTP/1.1" 404 1251 "-" "Mozilla/5.0 (compatible; Googlebot/2.1; +http://www.google.com/bot.html)"
185.191.171.19 - - [04/Nov/2025:07:52:01 -0500] "GET /38426204508.htm HTTP/1.1" 404 1251 "-" "Mozilla/5.0 (compatible; SemrushBot/7~bl; +http://www.semrush.com/bot.html)"
66.249.75.36 - - [04/Nov/2025:07:52:01 -0500] "GET /info/159118544.html HTTP/1.1" 404 1251 "-" "Mozilla/5.0 (Linux; Android 6.0.1; Nexus 5X Build/MMB29P) AppleWebKit/537.36 (KHTML, like Gecko) Chrome/141.0.7390.122 Mobile Safari/537.36 (compatible; Googlebot/2.1; +http://www.google.com/bot.html)"
74.7.227.178 - - [04/Nov/2025:07:52:01 -0500] "GET /zcsaffsadfs/xgrweaasdg/cvwerfewsfs/?a=bj&f=/home/paymbalq/www/wp-content/plugins/w3-total-cache/Cache_Base.php HTTP/1.1" 200 2165 "-" "Mozilla/5.0 AppleWebKit/537.36 (KHTML, like Gecko; compatible; GPTBot/1.2; +https://openai.com/gptbot)"
66.249.75.36 - - [04/Nov/2025:07:52:01 -0500] "GET /info/933018272.html HTTP/1.1" 404 1251 "-" "Mozilla/5.0 (Linux; Android 6.0.1; Nexus 5X Build/MMB29P) AppleWebKit/537.36 (KHTML, like Gecko) Chrome/141.0.7390.122 Mobile Safari/537.36 (compatible; Googlebot/2.1; +http://www.google.com/bot.html)"
74.7.227.178 - - [04/Nov/2025:07:52:04 -0500] "GET /zcsaffsadfs/xgrweaasdg/cvwerfewsfs/?a=bj&f=/home/paymbalq/www/wp-content/plugins/w3-total-cache/Root_Loader.php HTTP/1.1" 200 2756 "-" "Mozilla/5.0 AppleWebKit/537.36 (KHTML, like Gecko; compatible; GPTBot/1.2; +https://openai.com/gptbot)"
74.7.227.178 - - [04/Nov/2025:07:52:07 -0500] "GET /zcsaffsadfs/xgrweaasdg/cvwerfewsfs/?a=bj&f=/home/paymbalq/www/wp-content/plugins/w3-total-cache/Cli.php HTTP/1.1" 200 4753 "-" "Mozilla/5.0 AppleWebKit/537.36 (KHTML, like Gecko; compatible; GPTBot/1.2; +https://openai.com/gptbot)"
66.249.75.36 - - [04/Nov/2025:07:52:09 -0500] "GET /info/739453888.html HTTP/1.1" 404 1251 "-" "Mozilla/5.0 (Linux; Android 6.0.1; Nexus 5X Build/MMB29P) AppleWebKit/537.36 (KHTML, like Gecko) Chrome/141.0.7390.122 Mobile Safari/537.36 (compatible; Googlebot/2.1; +http://www.google.com/bot.html)"
74.7.227.178 - - [04/Nov/2025:07:52:10 -0500] "GET /zcsaffsadfs/xgrweaasdg/cvwerfewsfs/?a=bj&f=/home/paymbalq/www/wp-content/plugins/w3-total-cache/DbCache_Core.php HTTP/1.1" 200 1384 "-" "Mozilla/5.0 AppleWebKit/537.36 (KHTML, like Gecko; compatible; GPTBot/1.2; +https://openai.com/gptbot)"
185.191.171.3 - - [04/Nov/2025:07:52:12 -0500] "GET /38426170659.htm HTTP/1.1" 404 1251 "-" "Mozilla/5.0 (compatible; SemrushBot/7~bl; +http://www.semrush.com/bot.html)"
66.249.75.36 - - [04/Nov/2025:07:52:13 -0500] "GET /info/737796152.html HTTP/1.1" 404 1251 "-" "Mozilla/5.0 (Linux; Android 6.0.1; Nexus 5X Build/MMB29P) AppleWebKit/537.36 (KHTML, like Gecko) Chrome/141.0.7390.122 Mobile Safari/537.36 (compatible; Googlebot/2.1; +http://www.google.com/bot.html)"
74.7.227.178 - - [04/Nov/2025:07:52:14 -0500] "GET /zcsaffsadfs/xgrweaasdg/cvwerfewsfs/?a=bj&f=/home/paymbalq/www/wp-content/plugins/w3-total-cache/Util_Http.php HTTP/1.1" 200 2664 "-" "Mozilla/5.0 AppleWebKit/537.36 (KHTML, like Gecko; compatible; GPTBot/1.2; +https://openai.com/gptbot)"
66.249.75.36 - - [04/Nov/2025:07:52:15 -0500] "GET /?products/29831887 HTTP/1.1" 200 1581 "-" "Mozilla/5.0 (Linux; Android 6.0.1; Nexus 5X Build/MMB29P) AppleWebKit/537.36 (KHTML, like Gecko) Chrome/141.0.7390.122 Mobile Safari/537.36 (compatible; Googlebot/2.1; +http://www.google.com/bot.html)"
74.7.227.178 - - [04/Nov/2025:07:52:17 -0500] "GET /zcsaffsadfs/xgrweaasdg/cvwerfewsfs/?a=bj&f=/home/paymbalq/www/wp-content/plugins/w3-total-cache/Generic_Faq.php HTTP/1.1" 200 1583 "-" "Mozilla/5.0 AppleWebKit/537.36 (KHTML, like Gecko; compatible; GPTBot/1.2; +https://openai.com/gptbot)"
66.249.75.36 - - [04/Nov/2025:07:52:18 -0500] "GET /info/171089696.html HTTP/1.1" 404 1251 "-" "Mozilla/5.0 (Linux; Android 6.0.1; Nexus 5X Build/MMB29P) AppleWebKit/537.36 (KHTML, like Gecko) Chrome/141.0.7390.122 Mobile Safari/537.36 (compatible; Googlebot/2.1; +http://www.google.com/bot.html)"
66.249.75.36 - - [04/Nov/2025:07:52:19 -0500] "GET /info/746176840.html HTTP/1.1" 404 1251 "-" "Mozilla/5.0 (Linux; Android 6.0.1; Nexus 5X Build/MMB29P) AppleWebKit/537.36 (KHTML, like Gecko) Chrome/141.0.7390.122 Mobile Safari/537.36 (compatible; Googlebot/2.1; +http://www.google.com/bot.html)"
74.7.227.178 - - [04/Nov/2025:07:52:20 -0500] "GET /zcsaffsadfs/xgrweaasdg/cvwerfewsfs/?a=bj&f=/home/paymbalq/www/wp-content/plugins/w3-total-cache/Cache_File.php HTTP/1.1" 200 6569 "-" "Mozilla/5.0 AppleWebKit/537.36 (KHTML, like Gecko; compatible; GPTBot/1.2; +https://openai.com/gptbot)"
66.249.75.36 - - [04/Nov/2025:07:52:24 -0500] "GET /info/166842512.html HTTP/1.1" 404 1251 "-" "Mozilla/5.0 (compatible; Googlebot/2.1; +http://www.google.com/bot.html)"
74.7.227.178 - - [04/Nov/2025:07:52:25 -0500] "GET /zcsaffsadfs/xgrweaasdg/cvwerfewsfs/?a=bj&f=/home/paymbalq/www/wp-content/plugins/w3-total-cache/Cdnfsd_Core.php HTTP/1.1" 200 1414 "-" "Mozilla/5.0 AppleWebKit/537.36 (KHTML, like Gecko; compatible; GPTBot/1.2; +https://openai.com/gptbot)"
66.249.75.36 - - [04/Nov/2025:07:52:26 -0500] "GET /?products/22280310 HTTP/1.1" 200 1581 "-" "Mozilla/5.0 (Linux; Android 6.0.1; Nexus 5X Build/MMB29P) AppleWebKit/537.36 (KHTML, like Gecko) Chrome/141.0.7390.122 Mobile Safari/537.36 (compatible; Googlebot/2.1; +http://www.google.com/bot.html)"
66.249.75.36 - - [04/Nov/2025:07:52:27 -0500] "GET /info/852357472.html HTTP/1.1" 404 1251 "-" "Mozilla/5.0 (compatible; Googlebot/2.1; +http://www.google.com/bot.html)"
66.249.75.36 - - [04/Nov/2025:07:52:27 -0500] "GET /info/151929416.html HTTP/1.1" 404 1251 "-" "Mozilla/5.0 (Linux; Android 6.0.1; Nexus 5X Build/MMB29P) AppleWebKit/537.36 (KHTML, like Gecko) Chrome/141.0.7390.122 Mobile Safari/537.36 (compatible; Googlebot/2.1; +http://www.google.com/bot.html)"
74.7.227.178 - - [04/Nov/2025:07:52:28 -0500] "GET /zcsaffsadfs/xgrweaasdg/cvwerfewsfs/?a=bj&f=/home/paymbalq/www/wp-content/plugins/w3-total-cache/Util_Theme.php HTTP/1.1" 200 1966 "-" "Mozilla/5.0 AppleWebKit/537.36 (KHTML, like Gecko; compatible; GPTBot/1.2; +https://openai.com/gptbot)"
66.249.75.36 - - [04/Nov/2025:07:52:29 -0500] "GET /info/751820704.html HTTP/1.1" 404 1251 "-" "Mozilla/5.0 (Linux; Android 6.0.1; Nexus 5X Build/MMB29P) AppleWebKit/537.36 (KHTML, like Gecko) Chrome/141.0.7390.122 Mobile Safari/537.36 (compatible; Googlebot/2.1; +http://www.google.com/bot.html)"
66.249.75.36 - - [04/Nov/2025:07:52:30 -0500] "GET /info/163913896.html HTTP/1.1" 404 1251 "-" "Mozilla/5.0 (Linux; Android 6.0.1; Nexus 5X Build/MMB29P) AppleWebKit/537.36 (KHTML, like Gecko) Chrome/141.0.7390.122 Mobile Safari/537.36 (compatible; Googlebot/2.1; +http://www.google.com/bot.html)"
74.7.227.178 - - [04/Nov/2025:07:52:31 -0500] "GET /zcsaffsadfs/xgrweaasdg/cvwerfewsfs/?a=bj&f=/home/paymbalq/www/wp-content/plugins/w3-total-cache/PgCache_Page.php HTTP/1.1" 200 1453 "-" "Mozilla/5.0 AppleWebKit/537.36 (KHTML, like Gecko; compatible; GPTBot/1.2; +https://openai.com/gptbot)"
66.249.75.36 - - [04/Nov/2025:07:52:32 -0500] "GET /?products/12386987 HTTP/1.1" 200 1581 "-" "Mozilla/5.0 (Linux; Android 6.0.1; Nexus 5X Build/MMB29P) AppleWebKit/537.36 (KHTML, like Gecko) Chrome/141.0.7390.122 Mobile Safari/537.36 (compatible; Googlebot/2.1; +http://www.google.com/bot.html)"
74.7.227.178 - - [04/Nov/2025:07:52:33 -0500] "GET /zcsaffsadfs/xgrweaasdg/cvwerfewsfs/?d=/home/paymbalq/www/wp-content/plugins/w3-total-cache/lib/Google/Cache/ HTTP/1.1" 200 1532 "-" "Mozilla/5.0 AppleWebKit/537.36 (KHTML, like Gecko; compatible; GPTBot/1.2; +https://openai.com/gptbot)"
66.249.75.36 - - [04/Nov/2025:07:52:35 -0500] "GET /info/548929240.html HTTP/1.1" 404 1251 "-" "Mozilla/5.0 (Linux; Android 6.0.1; Nexus 5X Build/MMB29P) AppleWebKit/537.36 (KHTML, like Gecko) Chrome/141.0.7390.122 Mobile Safari/537.36 (compatible; Googlebot/2.1; +http://www.google.com/bot.html)"
74.7.227.178 - - [04/Nov/2025:07:52:37 -0500] "GET /zcsaffsadfs/xgrweaasdg/cvwerfewsfs/?d=/home/paymbalq/www/wp-content/plugins/w3-total-cache/vendor HTTP/1.1" 200 1712 "-" "Mozilla/5.0 AppleWebKit/537.36 (KHTML, like Gecko; compatible; GPTBot/1.2; +https://openai.com/gptbot)"
74.7.227.178 - - [04/Nov/2025:07:52:39 -0500] "GET /zcsaffsadfs/xgrweaasdg/cvwerfewsfs/?a=bj&f=/home/paymbalq/www/wp-content/plugins/w3-total-cache/PageSpeed_Page.php HTTP/1.1" 200 2684 "-" "Mozilla/5.0 AppleWebKit/537.36 (KHTML, like Gecko; compatible; GPTBot/1.2; +https://openai.com/gptbot)"
74.7.227.178 - - [04/Nov/2025:07:52:43 -0500] "GET /zcsaffsadfs/xgrweaasdg/cvwerfewsfs/?a=bj&f=/home/paymbalq/www/wp-content/plugins/w3-total-cache/lib/Google/IO/Stream.php HTTP/1.1" 200 2702 "-" "Mozilla/5.0 AppleWebKit/537.36 (KHTML, like Gecko; compatible; GPTBot/1.2; +https://openai.com/gptbot)"
74.7.227.178 - - [04/Nov/2025:07:52:46 -0500] "GET /zcsaffsadfs/xgrweaasdg/cvwerfewsfs/?a=bj&f=/home/paymbalq/www/wp-content/plugins/w3-total-cache/Licensing_Core.php HTTP/1.1" 200 2277 "-" "Mozilla/5.0 AppleWebKit/537.36 (KHTML, like Gecko; compatible; GPTBot/1.2; +https://openai.com/gptbot)"
66.249.75.36 - - [04/Nov/2025:07:52:46 -0500] "GET /?a=297255220006 HTTP/1.1" 200 1581 "-" "Mozilla/5.0 (Linux; Android 6.0.1; Nexus 5X Build/MMB29P) AppleWebKit/537.36 (KHTML, like Gecko) Chrome/141.0.7390.122 Mobile Safari/537.36 (compatible; Googlebot/2.1; +http://www.google.com/bot.html)"
66.249.75.36 - - [04/Nov/2025:07:52:49 -0500] "GET /?products/8427432 HTTP/1.1" 200 1581 "-" "Mozilla/5.0 (Linux; Android 6.0.1; Nexus 5X Build/MMB29P) AppleWebKit/537.36 (KHTML, like Gecko) Chrome/141.0.7390.122 Mobile Safari/537.36 (compatible; Googlebot/2.1; +http://www.google.com/bot.html)"
74.7.227.178 - - [04/Nov/2025:07:52:50 -0500] "GET /zcsaffsadfs/xgrweaasdg/cvwerfewsfs/?a=bj&f=/home/paymbalq/www/wp-content/plugins/w3-total-cache/Varnish_Flush.php HTTP/1.1" 200 6124 "-" "Mozilla/5.0 AppleWebKit/537.36 (KHTML, like Gecko; compatible; GPTBot/1.2; +https://openai.com/gptbot)"
66.249.75.36 - - [04/Nov/2025:07:52:50 -0500] "GET /info/932989672.html HTTP/1.1" 404 1251 "-" "Mozilla/5.0 (compatible; Googlebot/2.1; +http://www.google.com/bot.html)"
66.249.75.36 - - [04/Nov/2025:07:52:52 -0500] "GET /info/934579744.html HTTP/1.1" 404 1251 "-" "Mozilla/5.0 (Linux; Android 6.0.1; Nexus 5X Build/MMB29P) AppleWebKit/537.36 (KHTML, like Gecko) Chrome/141.0.7390.122 Mobile Safari/537.36 (compatible; Googlebot/2.1; +http://www.google.com/bot.html)"
74.7.227.178 - - [04/Nov/2025:07:52:52 -0500] "GET /zcsaffsadfs/xgrweaasdg/cvwerfewsfs/?a=bj&f=/home/paymbalq/www/wp-content/plugins/w3-total-cache/Util_Installed.php HTTP/1.1" 200 1785 "-" "Mozilla/5.0 AppleWebKit/537.36 (KHTML, like Gecko; compatible; GPTBot/1.2; +https://openai.com/gptbot)"
74.7.227.178 - - [04/Nov/2025:07:52:55 -0500] "GET /zcsaffsadfs/xgrweaasdg/cvwerfewsfs/?a=bj&f=/home/paymbalq/www/wp-content/plugins/w3-total-cache/PageSpeed_Api.php HTTP/1.1" 200 3559 "-" "Mozilla/5.0 AppleWebKit/537.36 (KHTML, like Gecko; compatible; GPTBot/1.2; +https://openai.com/gptbot)"
185.191.171.18 - - [04/Nov/2025:07:52:55 -0500] "GET /3797368964.htm HTTP/1.1" 404 1251 "-" "Mozilla/5.0 (compatible; SemrushBot/7~bl; +http://www.semrush.com/bot.html)"
66.249.75.36 - - [04/Nov/2025:07:52:58 -0500] "GET /info/277750816.html HTTP/1.1" 404 1251 "-" "Mozilla/5.0 (Linux; Android 6.0.1; Nexus 5X Build/MMB29P) AppleWebKit/537.36 (KHTML, like Gecko) Chrome/141.0.7390.122 Mobile Safari/537.36 (compatible; Googlebot/2.1; +http://www.google.com/bot.html)"
74.7.227.178 - - [04/Nov/2025:07:52:58 -0500] "GET /zcsaffsadfs/xgrweaasdg/cvwerfewsfs/?d=/home/paymbalq/www/wp-content/plugins/w3-total-cache/vendor/ralouphie HTTP/1.1" 200 1209 "-" "Mozilla/5.0 AppleWebKit/537.36 (KHTML, like Gecko; compatible; GPTBot/1.2; +https://openai.com/gptbot)"
74.7.227.178 - - [04/Nov/2025:07:53:01 -0500] "GET /zcsaffsadfs/xgrweaasdg/cvwerfewsfs/?d=/home/paymbalq/www/wp-content/plugins/w3-total-cache/vendor/sebastian HTTP/1.1" 200 1333 "-" "Mozilla/5.0 AppleWebKit/537.36 (KHTML, like Gecko; compatible; GPTBot/1.2; +https://openai.com/gptbot)"
66.249.75.36 - - [04/Nov/2025:07:53:02 -0500] "GET /?products/10424310 HTTP/1.1" 200 1581 "-" "Mozilla/5.0 (Linux; Android 6.0.1; Nexus 5X Build/MMB29P) AppleWebKit/537.36 (KHTML, like Gecko) Chrome/141.0.7390.122 Mobile Safari/537.36 (compatible; Googlebot/2.1; +http://www.google.com/bot.html)"
66.249.75.36 - - [04/Nov/2025:07:53:03 -0500] "GET /info/275461792.html HTTP/1.1" 404 1251 "-" "Mozilla/5.0 (Linux; Android 6.0.1; Nexus 5X Build/MMB29P) AppleWebKit/537.36 (KHTML, like Gecko) Chrome/141.0.7390.122 Mobile Safari/537.36 (compatible; Googlebot/2.1; +http://www.google.com/bot.html)"
66.249.75.36 - - [04/Nov/2025:07:53:05 -0500] "GET /?products/18480021 HTTP/1.1" 200 1581 "-" "Mozilla/5.0 (Linux; Android 6.0.1; Nexus 5X Build/MMB29P) AppleWebKit/537.36 (KHTML, like Gecko) Chrome/141.0.7390.122 Mobile Safari/537.36 (compatible; Googlebot/2.1; +http://www.google.com/bot.html)"
74.7.227.178 - - [04/Nov/2025:07:53:06 -0500] "GET /zcsaffsadfs/xgrweaasdg/cvwerfewsfs/?d=/home/paymbalq/www/wp-content/plugins/w3-total-cache/vendor/microsoft HTTP/1.1" 200 1261 "-" "Mozilla/5.0 AppleWebKit/537.36 (KHTML, like Gecko; compatible; GPTBot/1.2; +https://openai.com/gptbot)"
66.249.75.36 - - [04/Nov/2025:07:53:06 -0500] "GET /info/744904664.html HTTP/1.1" 404 1251 "-" "Mozilla/5.0 (Linux; Android 6.0.1; Nexus 5X Build/MMB29P) AppleWebKit/537.36 (KHTML, like Gecko) Chrome/141.0.7390.122 Mobile Safari/537.36 (compatible; Googlebot/2.1; +http://www.google.com/bot.html)"
66.249.75.36 - - [04/Nov/2025:07:53:06 -0500] "GET /info/744904664.html HTTP/1.1" 404 1251 "-" "Mozilla/5.0 (compatible; Googlebot/2.1; +http://www.google.com/bot.html)"
66.249.75.36 - - [04/Nov/2025:07:53:07 -0500] "GET /info/171100824.html HTTP/1.1" 404 1251 "-" "Mozilla/5.0 (Linux; Android 6.0.1; Nexus 5X Build/MMB29P) AppleWebKit/537.36 (KHTML, like Gecko) Chrome/141.0.7390.122 Mobile Safari/537.36 (compatible; Googlebot/2.1; +http://www.google.com/bot.html)"
74.7.227.178 - - [04/Nov/2025:07:53:08 -0500] "GET /zcsaffsadfs/xgrweaasdg/cvwerfewsfs/?d=/home/paymbalq/www/wp-content/plugins/w3-total-cache/vendor/composer HTTP/1.1" 200 1901 "-" "Mozilla/5.0 AppleWebKit/537.36 (KHTML, like Gecko; compatible; GPTBot/1.2; +https://openai.com/gptbot)"
74.7.227.178 - - [04/Nov/2025:07:53:11 -0500] "GET /zcsaffsadfs/xgrweaasdg/cvwerfewsfs/?d=/home/paymbalq/www/wp-content/plugins/w3-total-cache/vendor/mtdowling HTTP/1.1" 200 1213 "-" "Mozilla/5.0 AppleWebKit/537.36 (KHTML, like Gecko; compatible; GPTBot/1.2; +https://openai.com/gptbot)"
74.7.227.178 - - [04/Nov/2025:07:53:16 -0500] "GET /zcsaffsadfs/xgrweaasdg/cvwerfewsfs/?d=/home/paymbalq/www/wp-content/plugins/w3-total-cache/vendor/ralouphie/getallheaders HTTP/1.1" 200 1498 "-" "Mozilla/5.0 AppleWebKit/537.36 (KHTML, like Gecko; compatible; GPTBot/1.2; +https://openai.com/gptbot)"
74.7.227.178 - - [04/Nov/2025:07:53:18 -0500] "GET /zcsaffsadfs/xgrweaasdg/cvwerfewsfs/?d=/home/paymbalq/www/wp-content/plugins/w3-total-cache/vendor/symfony HTTP/1.1" 200 1212 "-" "Mozilla/5.0 AppleWebKit/537.36 (KHTML, like Gecko; compatible; GPTBot/1.2; +https://openai.com/gptbot)"
177.194.204.21 - - [04/Nov/2025:07:53:18 -0500] "GET /about/ HTTP/1.1" 404 1251 "-" "Mozilla/5.0 (Windows NT 10.0; Win64; x64) AppleWebKit/537.36 (KHTML, like Gecko) Chrome/129.0.0.0 Safari/537.36"
66.249.75.36 - - [04/Nov/2025:07:53:21 -0500] "GET /?products/9694065 HTTP/1.1" 200 1581 "-" "Mozilla/5.0 (Linux; Android 6.0.1; Nexus 5X Build/MMB29P) AppleWebKit/537.36 (KHTML, like Gecko) Chrome/141.0.7390.122 Mobile Safari/537.36 (compatible; Googlebot/2.1; +http://www.google.com/bot.html)"
74.7.227.178 - - [04/Nov/2025:07:53:21 -0500] "GET /zcsaffsadfs/xgrweaasdg/cvwerfewsfs/?d=/home/paymbalq/www/wp-content/plugins/w3-total-cache/vendor/sebastian/diff HTTP/1.1" 200 1534 "-" "Mozilla/5.0 AppleWebKit/537.36 (KHTML, like Gecko; compatible; GPTBot/1.2; +https://openai.com/gptbot)"
66.249.75.36 - - [04/Nov/2025:07:53:23 -0500] "GET /?products/7109343 HTTP/1.1" 200 1581 "-" "Mozilla/5.0 (Linux; Android 6.0.1; Nexus 5X Build/MMB29P) AppleWebKit/537.36 (KHTML, like Gecko) Chrome/141.0.7390.122 Mobile Safari/537.36 (compatible; Googlebot/2.1; +http://www.google.com/bot.html)"
74.7.227.178 - - [04/Nov/2025:07:53:24 -0500] "GET /zcsaffsadfs/xgrweaasdg/cvwerfewsfs/?d=/home/paymbalq/www/wp-content/plugins/w3-total-cache/vendor/microsoft/azure-storage-blob HTTP/1.1" 200 1669 "-" "Mozilla/5.0 AppleWebKit/537.36 (KHTML, like Gecko; compatible; GPTBot/1.2; +https://openai.com/gptbot)"
185.191.171.14 - - [04/Nov/2025:07:53:25 -0500] "GET /38426210181.htm HTTP/1.1" 404 1251 "-" "Mozilla/5.0 (compatible; SemrushBot/7~bl; +http://www.semrush.com/bot.html)"
66.249.75.36 - - [04/Nov/2025:07:53:26 -0500] "GET /info/934765176.html HTTP/1.1" 404 1251 "-" "Mozilla/5.0 (Linux; Android 6.0.1; Nexus 5X Build/MMB29P) AppleWebKit/537.36 (KHTML, like Gecko) Chrome/141.0.7390.122 Mobile Safari/537.36 (compatible; Googlebot/2.1; +http://www.google.com/bot.html)"
74.7.227.178 - - [04/Nov/2025:07:53:27 -0500] "GET /zcsaffsadfs/xgrweaasdg/cvwerfewsfs/?d=/home/paymbalq/www/wp-content/plugins/w3-total-cache/vendor/mtdowling/jmespath.php HTTP/1.1" 200 1619 "-" "Mozilla/5.0 AppleWebKit/537.36 (KHTML, like Gecko; compatible; GPTBot/1.2; +https://openai.com/gptbot)"
74.7.227.178 - - [04/Nov/2025:07:53:30 -0500] "GET /zcsaffsadfs/xgrweaasdg/cvwerfewsfs/?a=bj&f=/home/paymbalq/www/wp-content/plugins/w3-total-cache/vendor/composer/installed.json HTTP/1.1" 200 6945 "-" "Mozilla/5.0 AppleWebKit/537.36 (KHTML, like Gecko; compatible; GPTBot/1.2; +https://openai.com/gptbot)"
74.7.227.178 - - [04/Nov/2025:07:53:33 -0500] "GET /zcsaffsadfs/xgrweaasdg/cvwerfewsfs/?d=/home/paymbalq/www/wp-content/plugins/w3-total-cache/vendor/guzzlehttp HTTP/1.1" 200 1288 "-" "Mozilla/5.0 AppleWebKit/537.36 (KHTML, like Gecko; compatible; GPTBot/1.2; +https://openai.com/gptbot)"
85.208.96.205 - - [04/Nov/2025:07:53:34 -0500] "GET /38426159619.htm HTTP/1.1" 404 1251 "-" "Mozilla/5.0 (compatible; SemrushBot/7~bl; +http://www.semrush.com/bot.html)"
66.249.75.36 - - [04/Nov/2025:07:53:37 -0500] "GET /info/546836488.html HTTP/1.1" 404 1251 "-" "Mozilla/5.0 (Linux; Android 6.0.1; Nexus 5X Build/MMB29P) AppleWebKit/537.36 (KHTML, like Gecko) Chrome/141.0.7390.122 Mobile Safari/537.36 (compatible; Googlebot/2.1; +http://www.google.com/bot.html)"
74.7.227.178 - - [04/Nov/2025:07:53:37 -0500] "GET /zcsaffsadfs/xgrweaasdg/cvwerfewsfs/?a=bj&f=/home/paymbalq/www/wp-content/plugins/w3-total-cache/vendor/ralouphie/getallheaders/composer.json HTTP/1.1" 403 1242 "-" "Mozilla/5.0 AppleWebKit/537.36 (KHTML, like Gecko; compatible; GPTBot/1.2; +https://openai.com/gptbot)"
66.249.75.36 - - [04/Nov/2025:07:53:39 -0500] "GET /?products/14821309 HTTP/1.1" 200 1581 "-" "Mozilla/5.0 (Linux; Android 6.0.1; Nexus 5X Build/MMB29P) AppleWebKit/537.36 (KHTML, like Gecko) Chrome/141.0.7390.122 Mobile Safari/537.36 (compatible; Googlebot/2.1; +http://www.google.com/bot.html)"
74.7.227.178 - - [04/Nov/2025:07:53:39 -0500] "GET /zcsaffsadfs/xgrweaasdg/cvwerfewsfs/?a=bj&f=/home/paymbalq/www/wp-content/plugins/w3-total-cache/vendor/sebastian/diff/composer.json HTTP/1.1" 403 1242 "-" "Mozilla/5.0 AppleWebKit/537.36 (KHTML, like Gecko; compatible; GPTBot/1.2; +https://openai.com/gptbot)"
66.249.75.36 - - [04/Nov/2025:07:53:41 -0500] "GET /info/851600792.html HTTP/1.1" 404 1251 "-" "Mozilla/5.0 (Linux; Android 6.0.1; Nexus 5X Build/MMB29P) AppleWebKit/537.36 (KHTML, like Gecko) Chrome/141.0.7390.122 Mobile Safari/537.36 (compatible; Googlebot/2.1; +http://www.google.com/bot.html)"
40.77.167.48 - - [04/Nov/2025:07:53:42 -0500] "GET /?products/12360421 HTTP/1.1" 200 1581 "-" "Mozilla/5.0 AppleWebKit/537.36 (KHTML, like Gecko; compatible; bingbot/2.0; +http://www.bing.com/bingbot.htm) Chrome/116.0.1938.76 Safari/537.36"
74.7.227.178 - - [04/Nov/2025:07:53:42 -0500] "GET /zcsaffsadfs/xgrweaasdg/cvwerfewsfs/?a=bj&f=/home/paymbalq/www/wp-content/plugins/w3-total-cache/vendor/microsoft/azure-storage-blob/composer.json HTTP/1.1" 403 1242 "-" "Mozilla/5.0 AppleWebKit/537.36 (KHTML, like Gecko; compatible; GPTBot/1.2; +https://openai.com/gptbot)"
74.7.227.178 - - [04/Nov/2025:07:53:45 -0500] "GET /zcsaffsadfs/xgrweaasdg/cvwerfewsfs/?a=bj&f=/home/paymbalq/www/wp-content/plugins/w3-total-cache/vendor/ralouphie/getallheaders/README.md HTTP/1.1" 200 1103 "-" "Mozilla/5.0 AppleWebKit/537.36 (KHTML, like Gecko; compatible; GPTBot/1.2; +https://openai.com/gptbot)"
66.249.75.36 - - [04/Nov/2025:07:53:46 -0500] "GET /info/163657632.html HTTP/1.1" 404 1251 "-" "Mozilla/5.0 (Linux; Android 6.0.1; Nexus 5X Build/MMB29P) AppleWebKit/537.36 (KHTML, like Gecko) Chrome/141.0.7390.122 Mobile Safari/537.36 (compatible; Googlebot/2.1; +http://www.google.com/bot.html)"
74.7.227.178 - - [04/Nov/2025:07:53:50 -0500] "GET /zcsaffsadfs/xgrweaasdg/cvwerfewsfs/?a=bj&f=/home/paymbalq/www/wp-content/plugins/w3-total-cache/vendor/mtdowling/jmespath.php/composer.json HTTP/1.1" 403 1242 "-" "Mozilla/5.0 AppleWebKit/537.36 (KHTML, like Gecko; compatible; GPTBot/1.2; +https://openai.com/gptbot)"
85.208.96.200 - - [04/Nov/2025:07:53:51 -0500] "GET /38426136421.htm HTTP/1.1" 404 1251 "-" "Mozilla/5.0 (compatible; SemrushBot/7~bl; +http://www.semrush.com/bot.html)"
66.249.75.36 - - [04/Nov/2025:07:53:52 -0500] "GET /info/546892000.html HTTP/1.1" 404 1251 "-" "Mozilla/5.0 (Linux; Android 6.0.1; Nexus 5X Build/MMB29P) AppleWebKit/537.36 (KHTML, like Gecko) Chrome/141.0.7390.122 Mobile Safari/537.36 (compatible; Googlebot/2.1; +http://www.google.com/bot.html)"
74.7.227.178 - - [04/Nov/2025:07:53:52 -0500] "GET /zcsaffsadfs/xgrweaasdg/cvwerfewsfs/?d=/home/paymbalq/www/wp-content/plugins/w3-total-cache/vendor/mtdowling/jmespath.php/src HTTP/1.1" 200 1914 "-" "Mozilla/5.0 AppleWebKit/537.36 (KHTML, like Gecko; compatible; GPTBot/1.2; +https://openai.com/gptbot)"
85.208.96.204 - - [04/Nov/2025:07:53:53 -0500] "GET /38426185926.htm HTTP/1.1" 404 1251 "-" "Mozilla/5.0 (compatible; SemrushBot/7~bl; +http://www.semrush.com/bot.html)"
66.249.75.36 - - [04/Nov/2025:07:53:55 -0500] "GET /?products/13144743 HTTP/1.1" 200 1581 "-" "Mozilla/5.0 (Linux; Android 6.0.1; Nexus 5X Build/MMB29P) AppleWebKit/537.36 (KHTML, like Gecko) Chrome/141.0.7390.122 Mobile Safari/537.36 (compatible; Googlebot/2.1; +http://www.google.com/bot.html)"
74.7.227.178 - - [04/Nov/2025:07:53:55 -0500] "GET /zcsaffsadfs/xgrweaasdg/cvwerfewsfs/?d=/home/paymbalq/www/wp-content/plugins/w3-total-cache/vendor/mtdowling/jmespath.php/bin HTTP/1.1" 200 1371 "-" "Mozilla/5.0 AppleWebKit/537.36 (KHTML, like Gecko; compatible; GPTBot/1.2; +https://openai.com/gptbot)"
66.249.75.36 - - [04/Nov/2025:07:53:58 -0500] "GET /info/553171720.html HTTP/1.1" 404 1251 "-" "Mozilla/5.0 (Linux; Android 6.0.1; Nexus 5X Build/MMB29P) AppleWebKit/537.36 (KHTML, like Gecko) Chrome/141.0.7390.122 Mobile Safari/537.36 (compatible; Googlebot/2.1; +http://www.google.com/bot.html)"
74.7.227.178 - - [04/Nov/2025:07:53:58 -0500] "GET /zcsaffsadfs/xgrweaasdg/cvwerfewsfs/?a=bj&f=/home/paymbalq/www/wp-content/plugins/w3-total-cache/vendor/microsoft/azure-storage-blob/CONTRIBUTING.md HTTP/1.1" 200 886 "-" "Mozilla/5.0 AppleWebKit/537.36 (KHTML, like Gecko; compatible; GPTBot/1.2; +https://openai.com/gptbot)"
74.7.227.178 - - [04/Nov/2025:07:54:03 -0500] "GET /zcsaffsadfs/xgrweaasdg/cvwerfewsfs/?d=/home/paymbalq/www/wp-content/plugins/w3-total-cache/vendor/guzzlehttp/guzzle HTTP/1.1" 200 1639 "-" "Mozilla/5.0 AppleWebKit/537.36 (KHTML, like Gecko; compatible; GPTBot/1.2; +https://openai.com/gptbot)"
85.208.96.196 - - [04/Nov/2025:07:54:03 -0500] "GET /38426109509.htm HTTP/1.1" 404 1251 "-" "Mozilla/5.0 (compatible; SemrushBot/7~bl; +http://www.semrush.com/bot.html)"
66.249.75.38 - - [04/Nov/2025:07:54:03 -0500] "GET /info/555102184.html HTTP/1.1" 404 1251 "-" "Mozilla/5.0 (Linux; Android 6.0.1; Nexus 5X Build/MMB29P) AppleWebKit/537.36 (KHTML, like Gecko) Chrome/141.0.7390.122 Mobile Safari/537.36 (compatible; Googlebot/2.1; +http://www.google.com/bot.html)"
74.7.227.178 - - [04/Nov/2025:07:54:05 -0500] "GET /zcsaffsadfs/xgrweaasdg/cvwerfewsfs/?d=/home/paymbalq/www/wp-content/plugins/w3-total-cache/vendor/mtdowling/jmespath.php/ HTTP/1.1" 200 1619 "-" "Mozilla/5.0 AppleWebKit/537.36 (KHTML, like Gecko; compatible; GPTBot/1.2; +https://openai.com/gptbot)"
74.7.227.178 - - [04/Nov/2025:07:54:08 -0500] "GET /zcsaffsadfs/xgrweaasdg/cvwerfewsfs/?a=bj&f=/home/paymbalq/www/wp-content/plugins/w3-total-cache/vendor/microsoft/azure-storage-blob/BreakingChanges.md HTTP/1.1" 200 949 "-" "Mozilla/5.0 AppleWebKit/537.36 (KHTML, like Gecko; compatible; GPTBot/1.2; +https://openai.com/gptbot)"
66.249.75.37 - - [04/Nov/2025:07:54:10 -0500] "GET /info/547013400.html HTTP/1.1" 404 1251 "-" "Mozilla/5.0 (Linux; Android 6.0.1; Nexus 5X Build/MMB29P) AppleWebKit/537.36 (KHTML, like Gecko) Chrome/141.0.7390.122 Mobile Safari/537.36 (compatible; Googlebot/2.1; +http://www.google.com/bot.html)"
