芝麻web文件管理V1.00
编辑当前文件:/home/paymbalq/access-logs/kalibotics.com.paymaker.africa-ssl_log
66.249.75.70 - - [04/Nov/2025:07:11:20 -0500] "GET /special/height=323/img/x/product/details/20230314/sd2_1799ac2b2b8c236222ad51f8ed454bcbbb81013d.jpg HTTP/1.1" 404 1251 "-" "Googlebot-Image/1.0"
66.249.75.70 - - [04/Nov/2025:07:11:25 -0500] "GET /special/15834548.shtml HTTP/1.1" 404 1251 "-" "Mozilla/5.0 (compatible; Googlebot/2.1; +http://www.google.com/bot.html)"
66.249.75.70 - - [04/Nov/2025:07:11:25 -0500] "GET /special/height=323/img/x/product/details/20241127/sd1_dffac3bd79ea6b925ccc46e1bd22632bfec20597.jpg HTTP/1.1" 404 1251 "-" "Googlebot-Image/1.0"
66.249.75.70 - - [04/Nov/2025:07:11:28 -0500] "GET /special/height=323/img/x/product/details/20250428/pd_66ac9cfc93dc08a2b2826f363789efdbb0d335e1.jpg HTTP/1.1" 404 1251 "-" "Googlebot-Image/1.0"
66.249.75.70 - - [04/Nov/2025:07:11:28 -0500] "GET /special/height=323/img/x/product/details/20250616/sd1_0aa85f2e4f9a1a8a11e15bc305b8772ec29fe436.jpg HTTP/1.1" 404 1251 "-" "Googlebot-Image/1.0"
66.249.75.70 - - [04/Nov/2025:07:12:18 -0500] "GET /special/height=323/img/x/product/details/20200821/sd2_b8bf3aae36b1ad27c7509f3c048fafafb26a408e.jpg HTTP/1.1" 404 1251 "-" "Googlebot-Image/1.0"
66.249.75.70 - - [04/Nov/2025:07:12:20 -0500] "GET /special/height=323/img/x/product/details/20200821/sd3_418f0652d02abab84bf75c932b419b7cd839012c.jpg HTTP/1.1" 404 1251 "-" "Googlebot-Image/1.0"
66.249.75.70 - - [04/Nov/2025:07:12:23 -0500] "GET /special/height=323/img/x/product/details/20231215/sd2_655fa1846db6d7e6e3d0580009be4f8174cd3e8b.jpg HTTP/1.1" 404 1251 "-" "Googlebot-Image/1.0"
66.249.75.70 - - [04/Nov/2025:07:12:23 -0500] "GET /special/height=323/img/x/product/details/20231212/sd3_245028aafde8d96a4dc04848914fcc30f3347ffb.jpg HTTP/1.1" 404 1251 "-" "Googlebot-Image/1.0"
66.249.75.70 - - [04/Nov/2025:07:12:26 -0500] "GET /special/height=323/img/x/product/details/20200821/sd4_7b294fae505463380520aedfb6c13e83a7dab3f7.jpg HTTP/1.1" 404 1251 "-" "Googlebot-Image/1.0"
66.249.75.70 - - [04/Nov/2025:07:12:45 -0500] "GET /special/116493056.shtml HTTP/1.1" 404 1251 "-" "Mozilla/5.0 (Linux; Android 6.0.1; Nexus 5X Build/MMB29P) AppleWebKit/537.36 (KHTML, like Gecko) Chrome/141.0.7390.122 Mobile Safari/537.36 (compatible; Googlebot/2.1; +http://www.google.com/bot.html)"
66.249.75.70 - - [04/Nov/2025:07:12:53 -0500] "GET /special/t_image_sp_entry/v1/user_image/7d/e3/8c125e496111efd3a03ac56bb344250a.jpg HTTP/1.1" 404 1251 "-" "Googlebot-Image/1.0"
66.249.75.70 - - [04/Nov/2025:07:12:54 -0500] "GET /special/t_image_sp_entry/v1/user_image/52/44/f70c89849b1e49a5012ba33b3f01852e.jpg HTTP/1.1" 404 1251 "-" "Googlebot-Image/1.0"
66.249.75.70 - - [04/Nov/2025:07:12:55 -0500] "GET /special/q_50/editorial/people/ladies/2025-26/Lauren_James_profile_2025-26_avatar-removebg.png HTTP/1.1" 404 1251 "-" "Googlebot-Image/1.0"
66.249.75.70 - - [04/Nov/2025:07:12:55 -0500] "GET /special/h_860 HTTP/1.1" 404 1251 "-" "Googlebot-Image/1.0"
66.249.75.70 - - [04/Nov/2025:07:12:58 -0500] "GET /special/t_image_sp_entry/v1/user_image/66/7d/a4c7f0cb1813c598cec3e43ec435370d.jpg HTTP/1.1" 404 1251 "-" "Googlebot-Image/1.0"
66.249.75.70 - - [04/Nov/2025:07:13:02 -0500] "GET /special/t_image_sp_entry/v1/user_image/3e/8a/19bccdf8ac1a40b91e34f2a43d2f9866.jpg HTTP/1.1" 404 1251 "-" "Googlebot-Image/1.0"
66.249.75.70 - - [04/Nov/2025:07:13:11 -0500] "GET /special/7015708.shtml HTTP/1.1" 404 1251 "-" "Mozilla/5.0 (Linux; Android 6.0.1; Nexus 5X Build/MMB29P) AppleWebKit/537.36 (KHTML, like Gecko) Chrome/141.0.7390.122 Mobile Safari/537.36 (compatible; Googlebot/2.1; +http://www.google.com/bot.html)"
40.77.167.41 - - [04/Nov/2025:07:14:59 -0500] "GET /598439 HTTP/1.1" 404 1251 "-" "Mozilla/5.0 AppleWebKit/537.36 (KHTML, like Gecko; compatible; bingbot/2.0; +http://www.bing.com/bingbot.htm) Chrome/116.0.1938.76 Safari/537.36"
40.77.167.121 - - [04/Nov/2025:07:15:17 -0500] "GET /285743 HTTP/1.1" 404 1251 "-" "Mozilla/5.0 AppleWebKit/537.36 (KHTML, like Gecko; compatible; bingbot/2.0; +http://www.bing.com/bingbot.htm) Chrome/116.0.1938.76 Safari/537.36"
66.249.75.70 - - [04/Nov/2025:07:17:56 -0500] "GET /special/131553362.shtml HTTP/1.1" 404 1251 "-" "Mozilla/5.0 (Linux; Android 6.0.1; Nexus 5X Build/MMB29P) AppleWebKit/537.36 (KHTML, like Gecko) Chrome/141.0.7390.122 Mobile Safari/537.36 (compatible; Googlebot/2.1; +http://www.google.com/bot.html)"
66.249.75.71 - - [04/Nov/2025:07:19:49 -0500] "GET /special/131559050.shtml HTTP/1.1" 404 1251 "-" "Mozilla/5.0 (Linux; Android 6.0.1; Nexus 5X Build/MMB29P) AppleWebKit/537.36 (KHTML, like Gecko) Chrome/141.0.7390.122 Mobile Safari/537.36 (compatible; Googlebot/2.1; +http://www.google.com/bot.html)"
66.249.75.70 - - [04/Nov/2025:07:21:53 -0500] "GET /products/12945923/ HTTP/1.1" 404 1251 "-" "Mozilla/5.0 (compatible; Googlebot/2.1; +http://www.google.com/bot.html)"
66.249.75.71 - - [04/Nov/2025:07:22:08 -0500] "GET /special/130831364.shtml HTTP/1.1" 404 1251 "-" "Mozilla/5.0 (Linux; Android 6.0.1; Nexus 5X Build/MMB29P) AppleWebKit/537.36 (KHTML, like Gecko) Chrome/141.0.7390.122 Mobile Safari/537.36 (compatible; Googlebot/2.1; +http://www.google.com/bot.html)"
66.249.75.70 - - [04/Nov/2025:07:22:36 -0500] "GET /products/12945923/ HTTP/1.1" 404 1251 "-" "Mozilla/5.0 (Linux; Android 6.0.1; Nexus 5X Build/MMB29P) AppleWebKit/537.36 (KHTML, like Gecko) Chrome/141.0.7390.122 Mobile Safari/537.36 (compatible; Googlebot/2.1; +http://www.google.com/bot.html)"
66.249.75.70 - - [04/Nov/2025:07:22:55 -0500] "GET /special/81676290.shtml HTTP/1.1" 404 1251 "-" "Mozilla/5.0 (compatible; Googlebot/2.1; +http://www.google.com/bot.html)"
40.77.167.121 - - [04/Nov/2025:07:22:56 -0500] "GET /2713293 HTTP/1.1" 404 1251 "-" "Mozilla/5.0 AppleWebKit/537.36 (KHTML, like Gecko; compatible; bingbot/2.0; +http://www.bing.com/bingbot.htm) Chrome/116.0.1938.76 Safari/537.36"
66.249.75.70 - - [04/Nov/2025:07:22:57 -0500] "GET /special/-20_ZJPHNwYW4gZm9yZWdyb3VuZD0iIzU2NTk1OSIgZm9udD0iQW1hem9uRW1iZXIgNTAiID4yLDI4NDwvc3Bhbj4%3D HTTP/1.1" 404 1251 "-" "Googlebot-Image/1.0"
66.249.75.70 - - [04/Nov/2025:07:24:13 -0500] "GET /special/height=323/img/x/product/details/20211129/sd1_7779b48053a8a9d6becbcd96ca278bf3c9a887ae.png HTTP/1.1" 404 1251 "-" "Googlebot-Image/1.0"
66.249.75.70 - - [04/Nov/2025:07:24:19 -0500] "GET /special/height=323/img/x/product/details/20250804/sd1_6aafbbe7c91f1a0c87216c5f251490593b30f6f6.jpg HTTP/1.1" 404 1251 "-" "Googlebot-Image/1.0"
66.249.75.70 - - [04/Nov/2025:07:24:24 -0500] "GET /special/-20_ZJPHNwYW4gZm9yZWdyb3VuZD0iIzU2NTk1OSIgZm9udD0iQW1hem9uRW1iZXIgNTAiID4yMDY8L3NwYW4%2B HTTP/1.1" 404 1251 "-" "Googlebot-Image/1.0"
66.249.75.70 - - [04/Nov/2025:07:24:35 -0500] "GET /special/130875122.shtml HTTP/1.1" 404 1251 "-" "Mozilla/5.0 (Linux; Android 6.0.1; Nexus 5X Build/MMB29P) AppleWebKit/537.36 (KHTML, like Gecko) Chrome/141.0.7390.122 Mobile Safari/537.36 (compatible; Googlebot/2.1; +http://www.google.com/bot.html)"
66.249.75.70 - - [04/Nov/2025:07:25:05 -0500] "GET /special/height=323/img/x/product/details/20240723/sd4_b388a87bbfa99cffa9ef6683d73284fbecab3d8b.jpg HTTP/1.1" 404 1251 "-" "Googlebot-Image/1.0"
66.249.75.70 - - [04/Nov/2025:07:25:13 -0500] "GET /products/19098590/1000_QL80_.jpg HTTP/1.1" 404 1251 "-" "Googlebot-Image/1.0"
66.249.75.70 - - [04/Nov/2025:07:25:18 -0500] "GET /special/height=323/img/x/product/details/20230714/pd_76656f7ee991b8987d9f1285372caa6596a72e44.jpg HTTP/1.1" 404 1251 "-" "Googlebot-Image/1.0"
66.249.75.70 - - [04/Nov/2025:07:25:23 -0500] "GET /special/height=323/img/x/product/details/20230801/sd3_943f2cdfe6c66c3c742f57d59894acaac1090e81.jpg HTTP/1.1" 404 1251 "-" "Googlebot-Image/1.0"
66.249.75.70 - - [04/Nov/2025:07:25:32 -0500] "GET /special/ir=auto/uploads/product_image/image/2399736/image.jpg HTTP/1.1" 404 1251 "-" "Googlebot-Image/1.0"
40.77.167.62 - - [04/Nov/2025:07:26:05 -0500] "GET /701788 HTTP/1.1" 404 1251 "-" "Mozilla/5.0 AppleWebKit/537.36 (KHTML, like Gecko; compatible; bingbot/2.0; +http://www.bing.com/bingbot.htm) Chrome/116.0.1938.76 Safari/537.36"
66.249.75.70 - - [04/Nov/2025:07:26:10 -0500] "GET /special/height=323/img/x/product/details/20240206/sd1_3be681a366a9f4926abc95575cb7138e40da8ffd.jpg HTTP/1.1" 404 1251 "-" "Googlebot-Image/1.0"
66.249.75.70 - - [04/Nov/2025:07:26:10 -0500] "GET /special/ir=auto/uploads/product_image/image/2372014/image.jpg HTTP/1.1" 404 1251 "-" "Googlebot-Image/1.0"
66.249.75.70 - - [04/Nov/2025:07:26:10 -0500] "GET /special/height=323/img/x/product/details/20230501/sd1_8fe25c82480670a019a2e3f96150b2127eb9f8d6.jpg HTTP/1.1" 404 1251 "-" "Googlebot-Image/1.0"
66.249.75.70 - - [04/Nov/2025:07:26:10 -0500] "GET /special/height=323/img/x/product/details/20230119/sd1_aec4805b1d569c09b28eb0082cc36c3f067922bb.jpg HTTP/1.1" 404 1251 "-" "Googlebot-Image/1.0"
66.249.75.70 - - [04/Nov/2025:07:26:15 -0500] "GET /special/q_auto/products/25/1/5059680322594_FRONT_1.JPG HTTP/1.1" 404 1251 "-" "Googlebot-Image/1.0"
66.249.75.70 - - [04/Nov/2025:07:26:17 -0500] "GET /special/ir=auto/uploads/product_image/image/2975255/image.jpg HTTP/1.1" 404 1251 "-" "Googlebot-Image/1.0"
66.249.75.70 - - [04/Nov/2025:07:26:18 -0500] "GET /special/ir=auto/uploads/product_image/image/1068732/image.jpg HTTP/1.1" 404 1251 "-" "Googlebot-Image/1.0"
66.249.75.70 - - [04/Nov/2025:07:26:35 -0500] "GET /special/pr_2013_8_9_8_27_59_956.jpg HTTP/1.1" 404 1251 "-" "Googlebot-Image/1.0"
66.249.75.70 - - [04/Nov/2025:07:26:56 -0500] "GET /special/ir=auto/uploads/product_image/image/2642306/image.jpg HTTP/1.1" 404 1251 "-" "Googlebot-Image/1.0"
66.249.75.70 - - [04/Nov/2025:07:27:10 -0500] "GET /special/ir=auto/uploads/product_image/image/2642309/image.jpg HTTP/1.1" 404 1251 "-" "Googlebot-Image/1.0"
66.249.75.70 - - [04/Nov/2025:07:28:40 -0500] "GET /special/125125034.shtml HTTP/1.1" 404 1251 "-" "Mozilla/5.0 (compatible; Googlebot/2.1; +http://www.google.com/bot.html)"
66.249.75.70 - - [04/Nov/2025:07:28:52 -0500] "GET /special/966_PT0_SX300__.png HTTP/1.1" 404 1251 "-" "Googlebot-Image/1.0"
66.249.75.72 - - [04/Nov/2025:07:29:07 -0500] "GET /special/114250408.shtml HTTP/1.1" 404 1251 "-" "Mozilla/5.0 (Linux; Android 6.0.1; Nexus 5X Build/MMB29P) AppleWebKit/537.36 (KHTML, like Gecko) Chrome/141.0.7390.122 Mobile Safari/537.36 (compatible; Googlebot/2.1; +http://www.google.com/bot.html)"
66.249.75.71 - - [04/Nov/2025:07:29:21 -0500] "GET /special/10207264.shtml HTTP/1.1" 404 1251 "-" "Mozilla/5.0 (compatible; Googlebot/2.1; +http://www.google.com/bot.html)"
66.249.75.70 - - [04/Nov/2025:07:29:41 -0500] "GET /special/76952732.shtml HTTP/1.1" 404 1251 "-" "Mozilla/5.0 (compatible; Googlebot/2.1; +http://www.google.com/bot.html)"
66.249.75.70 - - [04/Nov/2025:07:29:50 -0500] "GET /special/height=323/img/x/product/details/20230125/pd_4da569bc6301a9317ab4fd249ff58d0a447dfa31.jpg HTTP/1.1" 404 1251 "-" "Googlebot-Image/1.0"
66.249.75.70 - - [04/Nov/2025:07:29:55 -0500] "GET /special/10207264.shtml HTTP/1.1" 404 1251 "-" "Mozilla/5.0 (Linux; Android 6.0.1; Nexus 5X Build/MMB29P) AppleWebKit/537.36 (KHTML, like Gecko) Chrome/141.0.7390.122 Mobile Safari/537.36 (compatible; Googlebot/2.1; +http://www.google.com/bot.html)"
40.77.167.44 - - [04/Nov/2025:07:30:43 -0500] "GET /3696216 HTTP/1.1" 404 1251 "-" "Mozilla/5.0 AppleWebKit/537.36 (KHTML, like Gecko; compatible; bingbot/2.0; +http://www.bing.com/bingbot.htm) Chrome/116.0.1938.76 Safari/537.36"
66.249.75.70 - - [04/Nov/2025:07:30:51 -0500] "GET /special/height=323/img/x/product/details/20250526/pd_b2d6fddaa2f707337ccb0973d6c5416d7239d58f.jpg HTTP/1.1" 404 1251 "-" "Googlebot-Image/1.0"
66.249.75.70 - - [04/Nov/2025:07:30:54 -0500] "GET /special/height=323/img/x/product/details/20250415/sd2_4a9ee5a31ddaef7440ddc626824420d37d444b5d.jpg HTTP/1.1" 404 1251 "-" "Googlebot-Image/1.0"
66.249.75.72 - - [04/Nov/2025:07:31:01 -0500] "GET /special/87764914.shtml HTTP/1.1" 404 1251 "-" "Mozilla/5.0 (Linux; Android 6.0.1; Nexus 5X Build/MMB29P) AppleWebKit/537.36 (KHTML, like Gecko) Chrome/141.0.7390.122 Mobile Safari/537.36 (compatible; Googlebot/2.1; +http://www.google.com/bot.html)"
66.249.75.70 - - [04/Nov/2025:07:31:49 -0500] "GET /special/c_limit/toyota-yaris-1.jpg HTTP/1.1" 404 1251 "-" "Googlebot-Image/1.0"
66.249.75.70 - - [04/Nov/2025:07:31:50 -0500] "GET /special/120997366.shtml HTTP/1.1" 404 1251 "-" "Mozilla/5.0 (Linux; Android 6.0.1; Nexus 5X Build/MMB29P) AppleWebKit/537.36 (KHTML, like Gecko) Chrome/141.0.7390.122 Mobile Safari/537.36 (compatible; Googlebot/2.1; +http://www.google.com/bot.html)"
40.77.167.47 - - [04/Nov/2025:07:32:18 -0500] "GET /3237330 HTTP/1.1" 404 1251 "-" "Mozilla/5.0 AppleWebKit/537.36 (KHTML, like Gecko; compatible; bingbot/2.0; +http://www.bing.com/bingbot.htm) Chrome/116.0.1938.76 Safari/537.36"
40.77.167.62 - - [04/Nov/2025:07:32:57 -0500] "GET /82564 HTTP/1.1" 404 1251 "-" "Mozilla/5.0 AppleWebKit/537.36 (KHTML, like Gecko; compatible; bingbot/2.0; +http://www.bing.com/bingbot.htm) Chrome/116.0.1938.76 Safari/537.36"
66.249.75.70 - - [04/Nov/2025:07:33:31 -0500] "GET /special/height=323/img/x/product/details/20231230/sd4_96461bd488984ee05f0f2c6254649cc3af77e58d.jpg HTTP/1.1" 404 1251 "-" "Googlebot-Image/1.0"
66.249.75.70 - - [04/Nov/2025:07:33:35 -0500] "GET /special/height=323/img/x/product/details/20210403/sd2_2707218ce85cab58ad06c034c09a7f3dc9f3eead.jpg HTTP/1.1" 404 1251 "-" "Googlebot-Image/1.0"
66.249.75.70 - - [04/Nov/2025:07:33:54 -0500] "GET /special/height=323/img/x/product/details/20230714/sd8_33d36dce0cc7a09c74cef478826c877b92a87225.jpg HTTP/1.1" 404 1251 "-" "Googlebot-Image/1.0"
66.249.75.70 - - [04/Nov/2025:07:33:55 -0500] "GET /special/height=323/img/x/product/details/20230807/pd_3cc77a9acaa7fea6522fb9378bad62290833050a.jpg HTTP/1.1" 404 1251 "-" "Googlebot-Image/1.0"
40.77.167.47 - - [04/Nov/2025:07:34:08 -0500] "GET /2349242 HTTP/1.1" 404 1251 "-" "Mozilla/5.0 AppleWebKit/537.36 (KHTML, like Gecko; compatible; bingbot/2.0; +http://www.bing.com/bingbot.htm) Chrome/116.0.1938.76 Safari/537.36"
66.249.75.70 - - [04/Nov/2025:07:34:44 -0500] "GET /special/height=323/img/x/product/details/20211002/sd3_53182d94ba8d7d72a5d160e8c48c65d52f8a027c.jpg HTTP/1.1" 404 1251 "-" "Googlebot-Image/1.0"
66.249.75.70 - - [04/Nov/2025:07:34:45 -0500] "GET /special/height=323/img/x/product/details/20211002/sd2_244b91085f1d68ceaadd74406b48a1c0ca8e4cc8.jpg HTTP/1.1" 404 1251 "-" "Googlebot-Image/1.0"
66.249.75.70 - - [04/Nov/2025:07:34:47 -0500] "GET /special/height=323/img/x/product/details/20220902/sd1_c4f19f8c66f88627b6c47db159d344e456504b8d.jpg HTTP/1.1" 404 1251 "-" "Googlebot-Image/1.0"
66.249.75.72 - - [04/Nov/2025:07:35:06 -0500] "GET /special/75444518.shtml HTTP/1.1" 404 1251 "-" "Mozilla/5.0 (Linux; Android 6.0.1; Nexus 5X Build/MMB29P) AppleWebKit/537.36 (KHTML, like Gecko) Chrome/141.0.7390.122 Mobile Safari/537.36 (compatible; Googlebot/2.1; +http://www.google.com/bot.html)"
66.249.75.71 - - [04/Nov/2025:07:35:08 -0500] "GET /special/75444518.shtml HTTP/1.1" 404 1251 "-" "Mozilla/5.0 (compatible; Googlebot/2.1; +http://www.google.com/bot.html)"
106.146.84.186 - - [04/Nov/2025:07:35:28 -0500] "GET /special/75444518.shtml HTTP/1.1" 404 1251 "https://www.google.com/" "Mozilla/5.0 (Linux; Android 10; K) AppleWebKit/537.36 (KHTML, like Gecko) Chrome/138.0.0.0 Mobile Safari/537.36"
198.232.216.111 - - [04/Nov/2025:07:35:28 -0500] "GET /special/27418206.shtml HTTP/1.1" 404 1251 "-" "BrightEdge Crawler/1.0 (crawler@brightedge.com)"
106.146.84.186 - - [04/Nov/2025:07:35:29 -0500] "GET /favicon.ico HTTP/1.1" 404 1251 "https://kalibotics.com/special/75444518.shtml" "Mozilla/5.0 (Linux; Android 10; K) AppleWebKit/537.36 (KHTML, like Gecko) Chrome/138.0.0.0 Mobile Safari/537.36"
66.249.75.70 - - [04/Nov/2025:07:35:44 -0500] "GET /special/f_auto/products/Gaming-Keyboards/CH-9206015-TR/Gallery/K55_RGB_01.webp HTTP/1.1" 404 1251 "-" "Googlebot-Image/1.0"
66.249.75.70 - - [04/Nov/2025:07:35:44 -0500] "GET /special/q_auto/v1/akamai/pdp/loops/K55RGBPROXT_RainbowWave.gif HTTP/1.1" 404 1251 "-" "Googlebot-Image/1.0"
66.249.75.70 - - [04/Nov/2025:07:36:10 -0500] "GET /special/114818978.shtml HTTP/1.1" 404 1251 "-" "Mozilla/5.0 (Linux; Android 6.0.1; Nexus 5X Build/MMB29P) AppleWebKit/537.36 (KHTML, like Gecko) Chrome/141.0.7390.122 Mobile Safari/537.36 (compatible; Googlebot/2.1; +http://www.google.com/bot.html)"
66.249.75.70 - - [04/Nov/2025:07:36:20 -0500] "GET /special/height=323/img/x/product/details/20241111/sd1_50e7413932656ad334200aa461409da279b38f25.jpg HTTP/1.1" 404 1251 "-" "Googlebot-Image/1.0"
66.249.75.70 - - [04/Nov/2025:07:36:43 -0500] "GET /special/-20_ZJPHNwYW4gZm9yZWdyb3VuZD0iIzU2NTk1OSIgZm9udD0iQW1hem9uRW1iZXIgNTAiID4xMTg8L3NwYW4%2B HTTP/1.1" 404 1251 "-" "Googlebot-Image/1.0"
66.249.75.70 - - [04/Nov/2025:07:36:46 -0500] "GET /special/68446336.shtml HTTP/1.1" 404 1251 "-" "Mozilla/5.0 (Linux; Android 6.0.1; Nexus 5X Build/MMB29P) AppleWebKit/537.36 (KHTML, like Gecko) Chrome/141.0.7390.122 Mobile Safari/537.36 (compatible; Googlebot/2.1; +http://www.google.com/bot.html)"
66.249.75.70 - - [04/Nov/2025:07:37:22 -0500] "GET /special/q=75/203140/IMG_1708854618838.jpg HTTP/1.1" 404 1251 "-" "Googlebot-Image/1.0"
66.249.75.70 - - [04/Nov/2025:07:37:46 -0500] "GET /special/49894670.shtml HTTP/1.1" 404 1251 "-" "Mozilla/5.0 (Linux; Android 6.0.1; Nexus 5X Build/MMB29P) AppleWebKit/537.36 (KHTML, like Gecko) Chrome/141.0.7390.122 Mobile Safari/537.36 (compatible; Googlebot/2.1; +http://www.google.com/bot.html)"
66.249.75.70 - - [04/Nov/2025:07:38:08 -0500] "GET /products/15623301/-20_ZJPHNwYW4gZm9yZWdyb3VuZD0iIzU2NTk1OSIgZm9udD0iQW1hem9uRW1iZXIgNTAiID4xNTwvc3Bhbj4%3D HTTP/1.1" 404 1251 "-" "Googlebot-Image/1.0"
66.249.75.70 - - [04/Nov/2025:07:38:09 -0500] "GET /products/15623301/255_UF900 HTTP/1.1" 404 1251 "-" "Googlebot-Image/1.0"
66.249.75.70 - - [04/Nov/2025:07:38:31 -0500] "GET /special/f_auto/v1698916348/Products/10GAK9901/above-the-fold/desktop/Key%20Light%20MK.2%20ATF%20Layout/KL_MK2_ATF_3.jpg HTTP/1.1" 404 1251 "-" "Googlebot-Image/1.0"
66.249.75.70 - - [04/Nov/2025:07:38:33 -0500] "GET /special/16925248.shtml HTTP/1.1" 404 1251 "-" "Mozilla/5.0 (compatible; Googlebot/2.1; +http://www.google.com/bot.html)"
66.249.75.70 - - [04/Nov/2025:07:38:47 -0500] "GET /special/height=323/img/x/product/details/20240306/pd_dbd846d577c3498f45f8ab7932075218be36c8e4.png HTTP/1.1" 404 1251 "-" "Googlebot-Image/1.0"
52.167.144.142 - - [04/Nov/2025:07:39:06 -0500] "GET /594224 HTTP/1.1" 404 1251 "-" "Mozilla/5.0 AppleWebKit/537.36 (KHTML, like Gecko; compatible; bingbot/2.0; +http://www.bing.com/bingbot.htm) Chrome/116.0.1938.76 Safari/537.36"
66.249.75.72 - - [04/Nov/2025:07:39:10 -0500] "GET /special/97241490.shtml HTTP/1.1" 404 1251 "-" "Mozilla/5.0 (Linux; Android 6.0.1; Nexus 5X Build/MMB29P) AppleWebKit/537.36 (KHTML, like Gecko) Chrome/141.0.7390.122 Mobile Safari/537.36 (compatible; Googlebot/2.1; +http://www.google.com/bot.html)"
66.249.75.70 - - [04/Nov/2025:07:39:16 -0500] "GET /special/626_PT0_SX800_V1___.jpg HTTP/1.1" 404 1251 "-" "Googlebot-Image/1.0"
52.167.144.20 - - [04/Nov/2025:07:39:21 -0500] "GET /3073575 HTTP/1.1" 404 1251 "-" "Mozilla/5.0 AppleWebKit/537.36 (KHTML, like Gecko; compatible; bingbot/2.0; +http://www.bing.com/bingbot.htm) Chrome/116.0.1938.76 Safari/537.36"
66.249.75.70 - - [04/Nov/2025:07:39:23 -0500] "GET /images__456b06e/?SA HTTP/1.1" 200 547 "-" "Mozilla/5.0 (Linux; Android 6.0.1; Nexus 5X Build/MMB29P) AppleWebKit/537.36 (KHTML, like Gecko) Chrome/141.0.7390.122 Mobile Safari/537.36 (compatible; Googlebot/2.1; +http://www.google.com/bot.html)"
66.249.75.70 - - [04/Nov/2025:07:39:29 -0500] "GET /images__456b06e/?NA HTTP/1.1" 200 544 "-" "Mozilla/5.0 (Linux; Android 6.0.1; Nexus 5X Build/MMB29P) AppleWebKit/537.36 (KHTML, like Gecko) Chrome/141.0.7390.122 Mobile Safari/537.36 (compatible; Googlebot/2.1; +http://www.google.com/bot.html)"
66.249.75.70 - - [04/Nov/2025:07:39:31 -0500] "GET /_autoindex/assets/icons/corner-left-up.svg HTTP/1.1" 200 328 "https://kalibotics.com/images__456b06e/?NA" "Mozilla/5.0 (Linux; Android 6.0.1; Nexus 5X Build/MMB29P) AppleWebKit/537.36 (KHTML, like Gecko) Chrome/141.0.7390.122 Mobile Safari/537.36 (compatible; Googlebot/2.1; +http://www.google.com/bot.html)"
66.249.75.70 - - [04/Nov/2025:07:39:31 -0500] "GET /_autoindex/assets/js/tablesort.number.js HTTP/1.1" 200 322 "https://kalibotics.com/images__456b06e/?NA" "Mozilla/5.0 (Linux; Android 6.0.1; Nexus 5X Build/MMB29P) AppleWebKit/537.36 (KHTML, like Gecko) Chrome/141.0.7390.122 Mobile Safari/537.36 (compatible; Googlebot/2.1; +http://www.google.com/bot.html)"
66.249.75.70 - - [04/Nov/2025:07:39:32 -0500] "GET /_autoindex/assets/js/tablesort.js HTTP/1.1" 200 2137 "https://kalibotics.com/images__456b06e/?NA" "Mozilla/5.0 (Linux; Android 6.0.1; Nexus 5X Build/MMB29P) AppleWebKit/537.36 (KHTML, like Gecko) Chrome/141.0.7390.122 Mobile Safari/537.36 (compatible; Googlebot/2.1; +http://www.google.com/bot.html)"
66.249.75.70 - - [04/Nov/2025:07:39:33 -0500] "GET /products/12873212 HTTP/1.1" 404 1251 "-" "Mozilla/5.0 (Linux; Android 6.0.1; Nexus 5X Build/MMB29P) AppleWebKit/537.36 (KHTML, like Gecko) Chrome/141.0.7390.122 Mobile Safari/537.36 (compatible; Googlebot/2.1; +http://www.google.com/bot.html)"
66.249.75.70 - - [04/Nov/2025:07:39:33 -0500] "GET /_autoindex/assets/css/autoindex.css HTTP/1.1" 200 1170 "https://kalibotics.com/images__456b06e/?NA" "Mozilla/5.0 (Linux; Android 6.0.1; Nexus 5X Build/MMB29P) AppleWebKit/537.36 (KHTML, like Gecko) Chrome/141.0.7390.122 Mobile Safari/537.36 (compatible; Googlebot/2.1; +http://www.google.com/bot.html)"
66.249.75.70 - - [04/Nov/2025:07:39:37 -0500] "GET /products/22716045 HTTP/1.1" 404 1251 "-" "Mozilla/5.0 (Linux; Android 6.0.1; Nexus 5X Build/MMB29P) AppleWebKit/537.36 (KHTML, like Gecko) Chrome/141.0.7390.122 Mobile Safari/537.36 (compatible; Googlebot/2.1; +http://www.google.com/bot.html)"
66.249.75.70 - - [04/Nov/2025:07:39:42 -0500] "GET /products/16990389 HTTP/1.1" 404 1251 "-" "Mozilla/5.0 (Linux; Android 6.0.1; Nexus 5X Build/MMB29P) AppleWebKit/537.36 (KHTML, like Gecko) Chrome/141.0.7390.122 Mobile Safari/537.36 (compatible; Googlebot/2.1; +http://www.google.com/bot.html)"
40.77.167.116 - - [04/Nov/2025:07:40:17 -0500] "GET /1981135 HTTP/1.1" 404 1251 "-" "Mozilla/5.0 AppleWebKit/537.36 (KHTML, like Gecko; compatible; bingbot/2.0; +http://www.bing.com/bingbot.htm) Chrome/116.0.1938.76 Safari/537.36"
66.249.75.72 - - [04/Nov/2025:07:40:19 -0500] "GET /special/92360738.shtml HTTP/1.1" 404 1251 "-" "Mozilla/5.0 (Linux; Android 6.0.1; Nexus 5X Build/MMB29P) AppleWebKit/537.36 (KHTML, like Gecko) Chrome/141.0.7390.122 Mobile Safari/537.36 (compatible; Googlebot/2.1; +http://www.google.com/bot.html)"
66.249.75.70 - - [04/Nov/2025:07:40:41 -0500] "GET /special/126497486.shtml HTTP/1.1" 404 1251 "-" "Mozilla/5.0 (Linux; Android 6.0.1; Nexus 5X Build/MMB29P) AppleWebKit/537.36 (KHTML, like Gecko) Chrome/141.0.7390.122 Mobile Safari/537.36 (compatible; Googlebot/2.1; +http://www.google.com/bot.html)"
40.77.167.116 - - [04/Nov/2025:07:40:57 -0500] "GET /852759 HTTP/1.1" 404 1251 "-" "Mozilla/5.0 AppleWebKit/537.36 (KHTML, like Gecko; compatible; bingbot/2.0; +http://www.bing.com/bingbot.htm) Chrome/116.0.1938.76 Safari/537.36"
66.249.75.70 - - [04/Nov/2025:07:40:57 -0500] "GET /special/126496426.shtml HTTP/1.1" 404 1251 "-" "Mozilla/5.0 (Linux; Android 6.0.1; Nexus 5X Build/MMB29P) AppleWebKit/537.36 (KHTML, like Gecko) Chrome/141.0.7390.122 Mobile Safari/537.36 (compatible; Googlebot/2.1; +http://www.google.com/bot.html)"
66.249.75.70 - - [04/Nov/2025:07:41:04 -0500] "GET /special/71574726.shtml HTTP/1.1" 404 1251 "-" "Mozilla/5.0 (compatible; Googlebot/2.1; +http://www.google.com/bot.html)"
40.77.167.116 - - [04/Nov/2025:07:41:27 -0500] "GET /240141 HTTP/1.1" 404 1251 "-" "Mozilla/5.0 AppleWebKit/537.36 (KHTML, like Gecko; compatible; bingbot/2.0; +http://www.bing.com/bingbot.htm) Chrome/116.0.1938.76 Safari/537.36"
66.249.75.70 - - [04/Nov/2025:07:41:55 -0500] "GET /special/height=323/img/x/product/details/20240719/sd1_6350a1de54dc36331eb49f78632695f80f804f7a.jpg HTTP/1.1" 404 1251 "-" "Googlebot-Image/1.0"
52.167.144.20 - - [04/Nov/2025:07:42:20 -0500] "GET /3406170 HTTP/1.1" 404 1251 "-" "Mozilla/5.0 AppleWebKit/537.36 (KHTML, like Gecko; compatible; bingbot/2.0; +http://www.bing.com/bingbot.htm) Chrome/116.0.1938.76 Safari/537.36"
66.249.75.70 - - [04/Nov/2025:07:43:36 -0500] "GET /special/h_333/https://www.japan-spare-parts.com/wp-content/uploads/04465-YZZDY-500x333.jpg HTTP/1.1" 404 1251 "-" "Googlebot-Image/1.0"
66.249.75.70 - - [04/Nov/2025:07:43:50 -0500] "GET /special/f_auto/products/Memory/CMW32GX4M2D3600C18/Gallery/Vengeance_RGB_Pro_04.webp HTTP/1.1" 404 1251 "-" "Googlebot-Image/1.0"
66.249.75.70 - - [04/Nov/2025:07:43:52 -0500] "GET /special/f_auto/products/Memory/CMH32GX4M2Z3600C18/Gallery/VENGEANCE_RGB_PRO_SL_BLACK_01.webp HTTP/1.1" 404 1251 "-" "Googlebot-Image/1.0"
66.249.75.70 - - [04/Nov/2025:07:43:53 -0500] "GET /special/height=323/img/x/product/details/20240911/sd2_0743b8071597d8dec15cae50f6eaff9900b59225.jpg HTTP/1.1" 404 1251 "-" "Googlebot-Image/1.0"
66.249.75.72 - - [04/Nov/2025:07:44:07 -0500] "GET /special/94964144.shtml HTTP/1.1" 404 1251 "-" "Mozilla/5.0 (Linux; Android 6.0.1; Nexus 5X Build/MMB29P) AppleWebKit/537.36 (KHTML, like Gecko) Chrome/141.0.7390.122 Mobile Safari/537.36 (compatible; Googlebot/2.1; +http://www.google.com/bot.html)"
185.100.157.84 - - [04/Nov/2025:07:44:20 -0500] "POST /wp-admin/admin-ajax.php HTTP/1.1" 404 1251 "-" "Mozilla/5.0 (Windows NT 10.0; Win64; x64) AppleWebKit/537.36 (KHTML, like Gecko) Chrome/120.0.0.0 Safari/537.36"
66.249.75.70 - - [04/Nov/2025:07:44:20 -0500] "GET /special/dh=1440/item_images/003/735/130/4dfbe3304fccebac02528f1a8cfa98a4d0606758.jpg HTTP/1.1" 404 1251 "-" "Googlebot-Image/1.0"
185.100.157.84 - - [04/Nov/2025:07:44:21 -0500] "HEAD /wp-content/plugins/suretriggers/assets/images/STLogo.svg HTTP/1.1" 404 0 "-" "Mozilla/5.0 (Windows NT 10.0; Win64; x64) AppleWebKit/537.36 (KHTML, like Gecko) Chrome/120.0.0.0 Safari/537.36"
66.249.75.70 - - [04/Nov/2025:07:44:42 -0500] "GET /special/30553368.shtml HTTP/1.1" 404 1251 "-" "Mozilla/5.0 (Linux; Android 6.0.1; Nexus 5X Build/MMB29P) AppleWebKit/537.36 (KHTML, like Gecko) Chrome/141.0.7390.122 Mobile Safari/537.36 (compatible; Googlebot/2.1; +http://www.google.com/bot.html)"
66.249.75.70 - - [04/Nov/2025:07:44:42 -0500] "GET /special/height=323/img/x/product/details/20250710/pd_8bb0d27d35262f617fe270eed2db1288365d8ceb.jpg HTTP/1.1" 404 1251 "-" "Googlebot-Image/1.0"
66.249.75.70 - - [04/Nov/2025:07:46:13 -0500] "GET /special/q=75/208084/IMG_1731739815214.jpg HTTP/1.1" 404 1251 "-" "Googlebot-Image/1.0"
66.249.75.70 - - [04/Nov/2025:07:46:34 -0500] "GET /special/quality_auto/sm-ff-06.jpg HTTP/1.1" 404 1251 "-" "Googlebot-Image/1.0"
66.249.75.70 - - [04/Nov/2025:07:46:34 -0500] "GET /special/h_176 HTTP/1.1" 404 1251 "-" "Googlebot-Image/1.0"
66.249.75.70 - - [04/Nov/2025:07:46:36 -0500] "GET /special/h_187 HTTP/1.1" 404 1251 "-" "Googlebot-Image/1.0"
66.249.75.70 - - [04/Nov/2025:07:46:39 -0500] "GET /special/22336728.shtml HTTP/1.1" 404 1251 "-" "Mozilla/5.0 (Linux; Android 6.0.1; Nexus 5X Build/MMB29P) AppleWebKit/537.36 (KHTML, like Gecko) Chrome/141.0.7390.122 Mobile Safari/537.36 (compatible; Googlebot/2.1; +http://www.google.com/bot.html)"
66.249.75.70 - - [04/Nov/2025:07:46:45 -0500] "GET /special/8918262.shtml HTTP/1.1" 404 1251 "-" "Mozilla/5.0 (compatible; Googlebot/2.1; +http://www.google.com/bot.html)"
66.249.75.70 - - [04/Nov/2025:07:47:27 -0500] "GET /special/68019658.shtml HTTP/1.1" 404 1251 "-" "Mozilla/5.0 (Linux; Android 6.0.1; Nexus 5X Build/MMB29P) AppleWebKit/537.36 (KHTML, like Gecko) Chrome/141.0.7390.122 Mobile Safari/537.36 (compatible; Googlebot/2.1; +http://www.google.com/bot.html)"
66.249.75.70 - - [04/Nov/2025:07:48:48 -0500] "GET /special/60433630.shtml HTTP/1.1" 404 1251 "-" "Mozilla/5.0 (Linux; Android 6.0.1; Nexus 5X Build/MMB29P) AppleWebKit/537.36 (KHTML, like Gecko) Chrome/141.0.7390.122 Mobile Safari/537.36 (compatible; Googlebot/2.1; +http://www.google.com/bot.html)"
66.249.75.70 - - [04/Nov/2025:07:48:55 -0500] "GET /special/16156722.shtml HTTP/1.1" 404 1251 "-" "Mozilla/5.0 (Linux; Android 6.0.1; Nexus 5X Build/MMB29P) AppleWebKit/537.36 (KHTML, like Gecko) Chrome/141.0.7390.122 Mobile Safari/537.36 (compatible; Googlebot/2.1; +http://www.google.com/bot.html)"
66.249.75.70 - - [04/Nov/2025:07:48:55 -0500] "GET /special/quality_auto/c30c8c_5ccbf65361c64e899631767e98f0de67~mv2.jpg HTTP/1.1" 404 1251 "-" "Googlebot-Image/1.0"
40.77.167.41 - - [04/Nov/2025:07:48:57 -0500] "GET /3573267 HTTP/1.1" 404 1251 "-" "Mozilla/5.0 AppleWebKit/537.36 (KHTML, like Gecko; compatible; bingbot/2.0; +http://www.bing.com/bingbot.htm) Chrome/116.0.1938.76 Safari/537.36"
66.249.75.70 - - [04/Nov/2025:07:50:41 -0500] "GET /special/quality_auto/NAZCA%20J%20%E3%83%96%E3%83%A9%E3%83%83%E3%82%AF%20(2)%2072dpi.jpg HTTP/1.1" 404 1251 "-" "Googlebot-Image/1.0"
5.39.109.187 - - [04/Nov/2025:07:50:59 -0500] "GET / HTTP/1.1" 200 1797 "-" "Mozilla/5.0 (compatible; AhrefsBot/7.0; +http://ahrefs.com/robot/)"
66.249.75.70 - - [04/Nov/2025:07:51:20 -0500] "GET /special/height=323/img/x/product/details/20240620/sd3_4a9a81c0dc09c045a2628386ab061269243e1763.jpg HTTP/1.1" 404 1251 "-" "Googlebot-Image/1.0"
66.249.75.70 - - [04/Nov/2025:07:51:27 -0500] "GET /special/height=323/img/x/product/details/20250418/pd_4407264bb2900f2f50260da85b24f2aae343787f.jpg HTTP/1.1" 404 1251 "-" "Googlebot-Image/1.0"
66.249.75.70 - - [04/Nov/2025:07:51:28 -0500] "GET /special/t_image_sp_entry/v1/user_image/17/6f/4eccd787b28357edc29835315fe222a2.jpg HTTP/1.1" 404 1251 "-" "Googlebot-Image/1.0"
66.249.75.70 - - [04/Nov/2025:07:51:32 -0500] "GET /special/height=323/img/x/product/details/20250509/sd1_afe3885de04267660716cfa0c4d5e24561088485.jpg HTTP/1.1" 404 1251 "-" "Googlebot-Image/1.0"
66.249.75.70 - - [04/Nov/2025:07:51:32 -0500] "GET /special/height=323/img/x/product/details/20250804/sd2_f423ebf85cae80c9ed6d79b18610ddb20b0494ea.jpg HTTP/1.1" 404 1251 "-" "Googlebot-Image/1.0"
66.249.75.70 - - [04/Nov/2025:07:51:37 -0500] "GET /special/height=323/img/x/product/details/20250909/pd_b3e38c21a637af7e64847b2fed0ef8a93a4e7fce.jpg HTTP/1.1" 404 1251 "-" "Googlebot-Image/1.0"
66.249.75.70 - - [04/Nov/2025:07:51:37 -0500] "GET /special/height=323/img/x/product/details/20240806/sd1_e5c23ceeecd3213627e1bf60c4ee068539126320.jpg HTTP/1.1" 404 1251 "-" "Googlebot-Image/1.0"
66.249.75.70 - - [04/Nov/2025:07:51:37 -0500] "GET /special/height=323/img/x/product/details/20250929/sd1_0a58cb59efe9a6dbe9c2f0c01682dfd776a0537f.jpg HTTP/1.1" 404 1251 "-" "Googlebot-Image/1.0"
66.249.75.70 - - [04/Nov/2025:07:51:38 -0500] "GET /special/height=323/img/x/product/details/20250930/sd2_8aee605d89bc606c7ef07108b0ba77d82b52c6e9.jpg HTTP/1.1" 404 1251 "-" "Googlebot-Image/1.0"
66.249.75.70 - - [04/Nov/2025:07:51:43 -0500] "GET /special/height=323/img/x/product/details/20250314/pd_7fd9071deceef0844c12041448c4124e8f4779e0.jpg HTTP/1.1" 404 1251 "-" "Googlebot-Image/1.0"
66.249.75.70 - - [04/Nov/2025:07:52:15 -0500] "GET /products/23575523/290_.jpg HTTP/1.1" 404 1251 "-" "Googlebot-Image/1.0"
66.249.75.70 - - [04/Nov/2025:07:52:56 -0500] "GET /special/94150604.shtml HTTP/1.1" 404 1251 "-" "Mozilla/5.0 (compatible; Googlebot/2.1; +http://www.google.com/bot.html)"
40.77.167.41 - - [04/Nov/2025:07:53:08 -0500] "GET /1401043 HTTP/1.1" 404 1251 "-" "Mozilla/5.0 AppleWebKit/537.36 (KHTML, like Gecko; compatible; bingbot/2.0; +http://www.bing.com/bingbot.htm) Chrome/116.0.1938.76 Safari/537.36"
66.249.75.70 - - [04/Nov/2025:07:53:09 -0500] "GET /produit/grey-wool-daniele-alessandrini-knitwear-sweatshirt-40062197-1_2.jpg HTTP/1.1" 404 1251 "-" "Googlebot-Image/1.0"
66.249.75.70 - - [04/Nov/2025:07:53:12 -0500] "GET /produit/grey-wool-daniele-alessandrini-knitwear-sweatshirt-40062197-3_2.jpg HTTP/1.1" 404 1251 "-" "Googlebot-Image/1.0"
66.249.75.70 - - [04/Nov/2025:07:53:13 -0500] "GET /special/q/u003d75 HTTP/1.1" 404 1251 "-" "Googlebot-Image/1.0"
66.249.75.70 - - [04/Nov/2025:07:53:13 -0500] "GET /products/14106501/ HTTP/1.1" 404 1251 "-" "Mozilla/5.0 (compatible; Googlebot/2.1; +http://www.google.com/bot.html)"
66.249.75.70 - - [04/Nov/2025:07:55:19 -0500] "GET /special/71120294.shtml HTTP/1.1" 404 1251 "-" "Mozilla/5.0 (Linux; Android 6.0.1; Nexus 5X Build/MMB29P) AppleWebKit/537.36 (KHTML, like Gecko) Chrome/141.0.7390.122 Mobile Safari/537.36 (compatible; Googlebot/2.1; +http://www.google.com/bot.html)"
66.249.75.70 - - [04/Nov/2025:07:55:29 -0500] "GET /special/-20_ZA776 HTTP/1.1" 404 1251 "-" "Googlebot-Image/1.0"
66.249.75.70 - - [04/Nov/2025:07:55:43 -0500] "GET /special/70037602.shtml HTTP/1.1" 404 1251 "-" "Mozilla/5.0 (Linux; Android 6.0.1; Nexus 5X Build/MMB29P) AppleWebKit/537.36 (KHTML, like Gecko) Chrome/141.0.7390.122 Mobile Safari/537.36 (compatible; Googlebot/2.1; +http://www.google.com/bot.html)"
66.249.75.71 - - [04/Nov/2025:07:56:26 -0500] "GET /special/66529628.shtml HTTP/1.1" 404 1251 "-" "Mozilla/5.0 (Linux; Android 6.0.1; Nexus 5X Build/MMB29P) AppleWebKit/537.36 (KHTML, like Gecko) Chrome/141.0.7390.122 Mobile Safari/537.36 (compatible; Googlebot/2.1; +http://www.google.com/bot.html)"
66.249.75.72 - - [04/Nov/2025:07:57:21 -0500] "GET /special/71760560.shtml HTTP/1.1" 404 1251 "-" "Mozilla/5.0 (compatible; Googlebot/2.1; +http://www.google.com/bot.html)"
66.249.75.70 - - [04/Nov/2025:07:57:55 -0500] "GET /products/7881478/1000_QL80_.jpg HTTP/1.1" 404 1251 "-" "Googlebot-Image/1.0"
66.249.75.71 - - [04/Nov/2025:07:58:22 -0500] "GET /special/12589744.shtml HTTP/1.1" 404 1251 "-" "Mozilla/5.0 (compatible; Googlebot/2.1; +http://www.google.com/bot.html)"
66.249.75.71 - - [04/Nov/2025:07:59:26 -0500] "GET /special/110149992.shtml HTTP/1.1" 404 1251 "-" "Mozilla/5.0 (Linux; Android 6.0.1; Nexus 5X Build/MMB29P) AppleWebKit/537.36 (KHTML, like Gecko) Chrome/141.0.7390.122 Mobile Safari/537.36 (compatible; Googlebot/2.1; +http://www.google.com/bot.html)"
66.249.75.70 - - [04/Nov/2025:07:59:30 -0500] "GET /special/62442314.shtml HTTP/1.1" 404 1251 "-" "Mozilla/5.0 (compatible; Googlebot/2.1; +http://www.google.com/bot.html)"
66.249.91.166 - - [04/Nov/2025:07:59:50 -0500] "GET /special/91800638.shtml HTTP/1.1" 404 1251 "-" "Mozilla/5.0 (X11; Linux x86_64) AppleWebKit/537.36 (KHTML, like Gecko) Chrome/141.0.7390.122 Safari/537.36"
52.167.144.208 - - [04/Nov/2025:08:00:20 -0500] "GET /2243801 HTTP/1.1" 404 1251 "-" "Mozilla/5.0 AppleWebKit/537.36 (KHTML, like Gecko; compatible; bingbot/2.0; +http://www.bing.com/bingbot.htm) Chrome/116.0.1938.76 Safari/537.36"
52.167.144.187 - - [04/Nov/2025:08:00:59 -0500] "GET /3634292 HTTP/1.1" 404 1251 "-" "Mozilla/5.0 AppleWebKit/537.36 (KHTML, like Gecko; compatible; bingbot/2.0; +http://www.bing.com/bingbot.htm) Chrome/116.0.1938.76 Safari/537.36"
95.141.212.209 - - [04/Nov/2025:08:01:19 -0500] "GET /special/69282596.shtml HTTP/1.1" 404 1251 "-" "Mozilla/5.0 (iPhone; CPU iPhone OS 15_6_1 like Mac OS X) AppleWebKit/605.1.15 (KHTML, like Gecko) Version/15.6.1 Mobile/15E148 Safari/604.1"
52.167.144.208 - - [04/Nov/2025:08:02:01 -0500] "GET /1091470 HTTP/1.1" 404 1251 "-" "Mozilla/5.0 AppleWebKit/537.36 (KHTML, like Gecko; compatible; bingbot/2.0; +http://www.bing.com/bingbot.htm) Chrome/116.0.1938.76 Safari/537.36"
66.249.75.72 - - [04/Nov/2025:08:02:04 -0500] "GET /special/61790202.shtml HTTP/1.1" 404 1251 "-" "Mozilla/5.0 (Linux; Android 6.0.1; Nexus 5X Build/MMB29P) AppleWebKit/537.36 (KHTML, like Gecko) Chrome/141.0.7390.122 Mobile Safari/537.36 (compatible; Googlebot/2.1; +http://www.google.com/bot.html)"
52.167.144.147 - - [04/Nov/2025:08:03:01 -0500] "GET /490283 HTTP/1.1" 404 1251 "-" "Mozilla/5.0 AppleWebKit/537.36 (KHTML, like Gecko; compatible; bingbot/2.0; +http://www.bing.com/bingbot.htm) Chrome/116.0.1938.76 Safari/537.36"
66.249.75.70 - - [04/Nov/2025:08:03:01 -0500] "GET /special/height=323/img/x/product/details/20250730/sd1_fab24f977de559d4efdd52cd6b38996a75a3ffd5.jpg HTTP/1.1" 404 1251 "-" "Googlebot-Image/1.0"
66.249.75.70 - - [04/Nov/2025:08:03:04 -0500] "GET /special/height=323/img/x/product/details/20240802/sd1_b3d6bc484e355297b02db7810b43f70d308cc825.jpg HTTP/1.1" 404 1251 "-" "Googlebot-Image/1.0"
66.249.75.70 - - [04/Nov/2025:08:03:05 -0500] "GET /special/height=323/img/x/product/details/20241028/sd4_9e6aa7e92ff5e0d9df2c49201e71852f2b41183e.jpg HTTP/1.1" 404 1251 "-" "Googlebot-Image/1.0"
66.249.68.38 - - [04/Nov/2025:08:03:06 -0500] "GET /special/height=323/img/x/product/details/20241030/sd9_42abc43eb716254449df7c1fd5b44ca75f080ddc.jpg HTTP/1.1" 404 1251 "-" "Googlebot-Image/1.0"
66.249.75.70 - - [04/Nov/2025:08:03:09 -0500] "GET /special/height=323/img/x/product/details/20241030/sd8_0112b70469df3104b26245e512ce9c3bf8dc206c.jpg HTTP/1.1" 404 1251 "-" "Googlebot-Image/1.0"
52.167.144.187 - - [04/Nov/2025:08:04:20 -0500] "GET /plinko-rtp-returntoplayer/ HTTP/1.1" 404 1251 "-" "Mozilla/5.0 AppleWebKit/537.36 (KHTML, like Gecko; compatible; bingbot/2.0; +http://www.bing.com/bingbot.htm) Chrome/116.0.1938.76 Safari/537.36"
66.249.75.70 - - [04/Nov/2025:08:04:49 -0500] "GET /special/w_600/prod/products/cr/models/409945-full-size-desktops-dell-xps-8960-7879blk-10035562.jpg HTTP/1.1" 404 1251 "-" "Googlebot-Image/1.0"
66.249.75.71 - - [04/Nov/2025:08:05:20 -0500] "GET /special/81013894.shtml HTTP/1.1" 404 1251 "-" "Mozilla/5.0 (compatible; Googlebot/2.1; +http://www.google.com/bot.html)"
66.249.75.71 - - [04/Nov/2025:08:05:24 -0500] "GET /products/4974823/350_QL80_.jpg HTTP/1.1" 404 1251 "-" "Googlebot-Image/1.0"
52.167.144.187 - - [04/Nov/2025:08:06:19 -0500] "GET /3542420 HTTP/1.1" 404 1251 "-" "Mozilla/5.0 AppleWebKit/537.36 (KHTML, like Gecko; compatible; bingbot/2.0; +http://www.bing.com/bingbot.htm) Chrome/116.0.1938.76 Safari/537.36"
51.75.236.152 - - [04/Nov/2025:08:07:12 -0500] "GET /sitemap.xml HTTP/1.1" 404 1251 "-" "Mozilla/5.0 (compatible; AhrefsBot/7.0; +http://ahrefs.com/robot/)"
66.249.75.71 - - [04/Nov/2025:08:07:38 -0500] "GET /special/50901852.shtml HTTP/1.1" 404 1251 "-" "Mozilla/5.0 (compatible; Googlebot/2.1; +http://www.google.com/bot.html)"
66.249.75.70 - - [04/Nov/2025:08:09:36 -0500] "GET /special/93348604.shtml HTTP/1.1" 404 1251 "-" "Mozilla/5.0 (compatible; Googlebot/2.1; +http://www.google.com/bot.html)"
52.167.144.136 - - [04/Nov/2025:08:09:41 -0500] "GET /3121985 HTTP/1.1" 404 1251 "-" "Mozilla/5.0 AppleWebKit/537.36 (KHTML, like Gecko; compatible; bingbot/2.0; +http://www.bing.com/bingbot.htm) Chrome/116.0.1938.76 Safari/537.36"
52.167.144.136 - - [04/Nov/2025:08:10:01 -0500] "GET /products/6862101/ HTTP/1.1" 404 1251 "-" "Mozilla/5.0 AppleWebKit/537.36 (KHTML, like Gecko; compatible; bingbot/2.0; +http://www.bing.com/bingbot.htm) Chrome/116.0.1938.76 Safari/537.36"
52.167.144.142 - - [04/Nov/2025:08:10:44 -0500] "GET /1790685 HTTP/1.1" 404 1251 "-" "Mozilla/5.0 AppleWebKit/537.36 (KHTML, like Gecko; compatible; bingbot/2.0; +http://www.bing.com/bingbot.htm) Chrome/116.0.1938.76 Safari/537.36"
52.167.144.197 - - [04/Nov/2025:08:10:50 -0500] "GET /1317433 HTTP/1.1" 404 1251 "-" "Mozilla/5.0 AppleWebKit/537.36 (KHTML, like Gecko; compatible; bingbot/2.0; +http://www.bing.com/bingbot.htm) Chrome/116.0.1938.76 Safari/537.36"
66.249.75.70 - - [04/Nov/2025:08:11:16 -0500] "GET /special/107835118.shtml HTTP/1.1" 404 1251 "-" "Mozilla/5.0 (Linux; Android 6.0.1; Nexus 5X Build/MMB29P) AppleWebKit/537.36 (KHTML, like Gecko) Chrome/141.0.7390.122 Mobile Safari/537.36 (compatible; Googlebot/2.1; +http://www.google.com/bot.html)"
52.167.144.136 - - [04/Nov/2025:08:11:51 -0500] "GET /1510474 HTTP/1.1" 404 1251 "-" "Mozilla/5.0 AppleWebKit/537.36 (KHTML, like Gecko; compatible; bingbot/2.0; +http://www.bing.com/bingbot.htm) Chrome/116.0.1938.76 Safari/537.36"
52.167.144.136 - - [04/Nov/2025:08:12:21 -0500] "GET /3063737 HTTP/1.1" 404 1251 "-" "Mozilla/5.0 AppleWebKit/537.36 (KHTML, like Gecko; compatible; bingbot/2.0; +http://www.bing.com/bingbot.htm) Chrome/116.0.1938.76 Safari/537.36"
66.249.75.70 - - [04/Nov/2025:08:12:57 -0500] "GET /special/q_auto/v1/akamai/pdp/darkcore-rgb-pro/images/dark_core_pro_top.png HTTP/1.1" 404 1251 "-" "Googlebot-Image/1.0"
66.249.75.70 - - [04/Nov/2025:08:13:09 -0500] "GET /special/f_auto/products/Gaming-Mice/CH-9315411-NA/Gallery/DARK_CORE_RGB_PRO_20.webp HTTP/1.1" 404 1251 "-" "Googlebot-Image/1.0"
66.249.75.70 - - [04/Nov/2025:08:13:25 -0500] "GET /special/height=323/img/x/product/details/20240420/sd3_148d3674068fe73b10cb1218a5e0a82b776870d9.jpg HTTP/1.1" 404 1251 "-" "Googlebot-Image/1.0"
66.249.75.70 - - [04/Nov/2025:08:13:27 -0500] "GET /products/9243012/1000_QL80_.jpg HTTP/1.1" 404 1251 "-" "Googlebot-Image/1.0"
66.249.75.70 - - [04/Nov/2025:08:13:44 -0500] "GET /products/8073434/ HTTP/1.1" 404 1251 "-" "Mozilla/5.0 (Linux; Android 6.0.1; Nexus 5X Build/MMB29P) AppleWebKit/537.36 (KHTML, like Gecko) Chrome/141.0.7390.122 Mobile Safari/537.36 (compatible; Googlebot/2.1; +http://www.google.com/bot.html)"
66.249.75.70 - - [04/Nov/2025:08:14:12 -0500] "GET /special/93035068.shtml HTTP/1.1" 404 1251 "-" "Mozilla/5.0 (compatible; Googlebot/2.1; +http://www.google.com/bot.html)"
66.249.75.70 - - [04/Nov/2025:08:14:41 -0500] "GET /special/79569240.shtml HTTP/1.1" 404 1251 "-" "Mozilla/5.0 (compatible; Googlebot/2.1; +http://www.google.com/bot.html)"
110.249.201.63 - - [04/Nov/2025:08:14:45 -0500] "GET /robots.txt HTTP/1.1" 404 1251 "-" "Mozilla/5.0 (Linux; Android 5.0) AppleWebKit/537.36 (KHTML, like Gecko) Mobile Safari/537.36 (compatible; Bytespider; https://zhanzhang.toutiao.com/)"
66.249.75.71 - - [04/Nov/2025:08:16:13 -0500] "GET /special/108635492.shtml HTTP/1.1" 404 1251 "-" "Mozilla/5.0 (Linux; Android 6.0.1; Nexus 5X Build/MMB29P) AppleWebKit/537.36 (KHTML, like Gecko) Chrome/141.0.7390.122 Mobile Safari/537.36 (compatible; Googlebot/2.1; +http://www.google.com/bot.html)"
66.249.75.70 - - [04/Nov/2025:08:16:52 -0500] "GET /special/125960106.shtml HTTP/1.1" 404 1251 "-" "Mozilla/5.0 (Linux; Android 6.0.1; Nexus 5X Build/MMB29P) AppleWebKit/537.36 (KHTML, like Gecko) Chrome/141.0.7390.122 Mobile Safari/537.36 (compatible; Googlebot/2.1; +http://www.google.com/bot.html)"
52.167.144.136 - - [04/Nov/2025:08:19:43 -0500] "GET /272022 HTTP/1.1" 404 1251 "-" "Mozilla/5.0 AppleWebKit/537.36 (KHTML, like Gecko; compatible; bingbot/2.0; +http://www.bing.com/bingbot.htm) Chrome/116.0.1938.76 Safari/537.36"
66.249.75.70 - - [04/Nov/2025:08:19:52 -0500] "GET /special/f=webp:auto/img/program/f2ll/episode/f2ll110004_ac4ee3045fa2ff6588c5a7ea5e3035da9.jpg HTTP/1.1" 404 1251 "-" "Googlebot-Image/1.0"
52.167.144.235 - - [04/Nov/2025:08:20:20 -0500] "GET /426858 HTTP/1.1" 404 1251 "-" "Mozilla/5.0 AppleWebKit/537.36 (KHTML, like Gecko; compatible; bingbot/2.0; +http://www.bing.com/bingbot.htm) Chrome/116.0.1938.76 Safari/537.36"
92.222.108.98 - - [04/Nov/2025:08:20:46 -0500] "GET /special/31324346.shtml HTTP/1.1" 404 1251 "-" "Mozilla/5.0 (compatible; AhrefsBot/7.0; +http://ahrefs.com/robot/)"
66.249.75.70 - - [04/Nov/2025:08:20:50 -0500] "GET /special/109569356.shtml HTTP/1.1" 404 1251 "-" "Mozilla/5.0 (Linux; Android 6.0.1; Nexus 5X Build/MMB29P) AppleWebKit/537.36 (KHTML, like Gecko) Chrome/141.0.7390.122 Mobile Safari/537.36 (compatible; Googlebot/2.1; +http://www.google.com/bot.html)"
66.249.75.70 - - [04/Nov/2025:08:20:55 -0500] "GET /products/23645167/600_.jpg HTTP/1.1" 404 1251 "-" "Googlebot-Image/1.0"
66.249.75.72 - - [04/Nov/2025:08:22:42 -0500] "GET /special/52080662.shtml HTTP/1.1" 404 1251 "-" "Mozilla/5.0 (compatible; Googlebot/2.1; +http://www.google.com/bot.html)"
66.249.75.70 - - [04/Nov/2025:08:23:28 -0500] "GET /special/height=323/img/x/product/details/20250801/pd_a89911c04c80ef9104ae3f7b040439b45f3873cc.jpg HTTP/1.1" 404 1251 "-" "Googlebot-Image/1.0"
66.249.75.70 - - [04/Nov/2025:08:23:40 -0500] "GET /special/height=323/img/x/product/details/20230923/pd_50e5790b3eb1926c39202f097326463e3a3e4729.jpg HTTP/1.1" 404 1251 "-" "Googlebot-Image/1.0"
66.249.75.70 - - [04/Nov/2025:08:23:41 -0500] "GET /special/height=323/img/x/product/details/20240226/pd_1686807ec164c8b51936b57a2b9965e25b034b0a.jpg HTTP/1.1" 404 1251 "-" "Googlebot-Image/1.0"
66.249.75.70 - - [04/Nov/2025:08:23:44 -0500] "GET /special/height=323/img/x/product/details/20200601/sd4_0d1446be1503e18004551e46153bfdea24632071.jpg HTTP/1.1" 404 1251 "-" "Googlebot-Image/1.0"
66.249.75.70 - - [04/Nov/2025:08:23:47 -0500] "GET /special/height=323/img/x/product/details/20200601/sd5_1418c3c857227a27e8a203f339438c0c9fce13cd.jpg HTTP/1.1" 404 1251 "-" "Googlebot-Image/1.0"
66.249.75.70 - - [04/Nov/2025:08:23:58 -0500] "GET /special/height=323/img/x/product/details/20250818/pd_0e5d8a2b3b17ebf2ab45c179eef5e424da0d65e0.jpg HTTP/1.1" 404 1251 "-" "Googlebot-Image/1.0"
66.249.75.70 - - [04/Nov/2025:08:24:01 -0500] "GET /special/quality=95/https://www.bhphotovideo.com/images/images500x500/Bushnell_157050_H2O_7x50_Binocular_1566401819_844950.jpg HTTP/1.1" 404 1251 "-" "Googlebot-Image/1.0"
66.249.75.70 - - [04/Nov/2025:08:24:18 -0500] "GET /products/8318601/350_QL80_.jpg HTTP/1.1" 404 1251 "-" "Googlebot-Image/1.0"
66.249.75.70 - - [04/Nov/2025:08:24:27 -0500] "GET /products/8318601/450_PT0_SX600_V1___.png HTTP/1.1" 404 1251 "-" "Googlebot-Image/1.0"
66.249.75.70 - - [04/Nov/2025:08:24:28 -0500] "GET /special/q%3D85 HTTP/1.1" 404 1251 "-" "Googlebot-Image/1.0"
66.249.75.70 - - [04/Nov/2025:08:24:53 -0500] "GET /special/height=323/img/x/product/details/20250909/sd7_7107a7ca911d2c04400ccbf7dae8cddd4d617e32.jpg HTTP/1.1" 404 1251 "-" "Googlebot-Image/1.0"
66.249.75.70 - - [04/Nov/2025:08:24:58 -0500] "GET /special/65947932.shtml HTTP/1.1" 404 1251 "-" "Mozilla/5.0 (compatible; Googlebot/2.1; +http://www.google.com/bot.html)"
66.249.75.70 - - [04/Nov/2025:08:25:44 -0500] "GET /spielautomaten-app/ HTTP/1.1" 404 1251 "-" "Mozilla/5.0 (Linux; Android 6.0.1; Nexus 5X Build/MMB29P) AppleWebKit/537.36 (KHTML, like Gecko) Chrome/141.0.7390.122 Mobile Safari/537.36 (compatible; Googlebot/2.1; +http://www.google.com/bot.html)"
66.249.75.70 - - [04/Nov/2025:08:25:48 -0500] "GET /special/104932194.shtml HTTP/1.1" 404 1251 "-" "Mozilla/5.0 (Linux; Android 6.0.1; Nexus 5X Build/MMB29P) AppleWebKit/537.36 (KHTML, like Gecko) Chrome/141.0.7390.122 Mobile Safari/537.36 (compatible; Googlebot/2.1; +http://www.google.com/bot.html)"
66.249.75.72 - - [04/Nov/2025:08:28:22 -0500] "GET /special/93133828.shtml HTTP/1.1" 404 1251 "-" "Mozilla/5.0 (Linux; Android 6.0.1; Nexus 5X Build/MMB29P) AppleWebKit/537.36 (KHTML, like Gecko) Chrome/141.0.7390.122 Mobile Safari/537.36 (compatible; Googlebot/2.1; +http://www.google.com/bot.html)"
66.249.75.71 - - [04/Nov/2025:08:30:05 -0500] "GET /special/94964144.shtml HTTP/1.1" 404 1251 "-" "Mozilla/5.0 (compatible; Googlebot/2.1; +http://www.google.com/bot.html)"
66.249.75.71 - - [04/Nov/2025:08:30:35 -0500] "GET /special/94964144.shtml HTTP/1.1" 404 1251 "-" "Mozilla/5.0 (Linux; Android 6.0.1; Nexus 5X Build/MMB29P) AppleWebKit/537.36 (KHTML, like Gecko) Chrome/141.0.7390.122 Mobile Safari/537.36 (compatible; Googlebot/2.1; +http://www.google.com/bot.html)"
66.249.75.71 - - [04/Nov/2025:08:30:36 -0500] "GET /special/108075360.shtml HTTP/1.1" 404 1251 "-" "Mozilla/5.0 (Linux; Android 6.0.1; Nexus 5X Build/MMB29P) AppleWebKit/537.36 (KHTML, like Gecko) Chrome/141.0.7390.122 Mobile Safari/537.36 (compatible; Googlebot/2.1; +http://www.google.com/bot.html)"
66.249.75.72 - - [04/Nov/2025:08:31:24 -0500] "GET /special/106084736.shtml HTTP/1.1" 404 1251 "-" "Mozilla/5.0 (Linux; Android 6.0.1; Nexus 5X Build/MMB29P) AppleWebKit/537.36 (KHTML, like Gecko) Chrome/141.0.7390.122 Mobile Safari/537.36 (compatible; Googlebot/2.1; +http://www.google.com/bot.html)"
66.249.75.72 - - [04/Nov/2025:08:32:13 -0500] "GET /special/80962762.shtml HTTP/1.1" 404 1251 "-" "Mozilla/5.0 (Linux; Android 6.0.1; Nexus 5X Build/MMB29P) AppleWebKit/537.36 (KHTML, like Gecko) Chrome/141.0.7390.122 Mobile Safari/537.36 (compatible; Googlebot/2.1; +http://www.google.com/bot.html)"
52.167.144.198 - - [04/Nov/2025:08:32:42 -0500] "GET /3422450 HTTP/1.1" 404 1251 "-" "Mozilla/5.0 AppleWebKit/537.36 (KHTML, like Gecko; compatible; bingbot/2.0; +http://www.bing.com/bingbot.htm) Chrome/116.0.1938.76 Safari/537.36"
66.249.75.71 - - [04/Nov/2025:08:33:40 -0500] "GET /special/69412614.shtml HTTP/1.1" 404 1251 "-" "Mozilla/5.0 (compatible; Googlebot/2.1; +http://www.google.com/bot.html)"
5.39.1.226 - - [04/Nov/2025:08:33:55 -0500] "GET /special/87893274.shtml HTTP/1.1" 404 1251 "-" "Mozilla/5.0 (compatible; AhrefsBot/7.0; +http://ahrefs.com/robot/)"
66.249.75.71 - - [04/Nov/2025:08:34:18 -0500] "GET /special/48906270.shtml HTTP/1.1" 404 1251 "-" "Mozilla/5.0 (compatible; Googlebot/2.1; +http://www.google.com/bot.html)"
66.249.75.70 - - [04/Nov/2025:08:35:09 -0500] "GET /special/103456948.shtml HTTP/1.1" 404 1251 "-" "Mozilla/5.0 (Linux; Android 6.0.1; Nexus 5X Build/MMB29P) AppleWebKit/537.36 (KHTML, like Gecko) Chrome/141.0.7390.122 Mobile Safari/537.36 (compatible; Googlebot/2.1; +http://www.google.com/bot.html)"
40.77.167.70 - - [04/Nov/2025:08:37:23 -0500] "GET /3564079 HTTP/1.1" 404 1251 "-" "Mozilla/5.0 AppleWebKit/537.36 (KHTML, like Gecko; compatible; bingbot/2.0; +http://www.bing.com/bingbot.htm) Chrome/116.0.1938.76 Safari/537.36"
66.249.75.72 - - [04/Nov/2025:08:37:40 -0500] "GET /special/31971958.shtml HTTP/1.1" 404 1251 "-" "Mozilla/5.0 (Linux; Android 6.0.1; Nexus 5X Build/MMB29P) AppleWebKit/537.36 (KHTML, like Gecko) Chrome/141.0.7390.122 Mobile Safari/537.36 (compatible; Googlebot/2.1; +http://www.google.com/bot.html)"
66.249.75.70 - - [04/Nov/2025:08:37:51 -0500] "GET /special/106082520.shtml HTTP/1.1" 404 1251 "-" "Mozilla/5.0 (Linux; Android 6.0.1; Nexus 5X Build/MMB29P) AppleWebKit/537.36 (KHTML, like Gecko) Chrome/141.0.7390.122 Mobile Safari/537.36 (compatible; Googlebot/2.1; +http://www.google.com/bot.html)"
