66.249.75.70 - - [04/Nov/2025:15:53:04 -0500] "GET /special/width=950/images/large/snw/snw107a54622a_1.jpg HTTP/1.1" 404 1251 "-" "Googlebot-Image/1.0"
66.249.75.70 - - [04/Nov/2025:15:53:10 -0500] "GET /special/q=75/208001/20240725_112857.jpg HTTP/1.1" 404 1251 "-" "Googlebot-Image/1.0"
66.249.75.70 - - [04/Nov/2025:15:53:16 -0500] "GET /special/resizemode-4/tech-life/et-review-lg-g-flex2.jpg HTTP/1.1" 404 1251 "-" "Googlebot-Image/1.0"
52.167.144.211 - - [04/Nov/2025:15:53:31 -0500] "GET /444142 HTTP/1.1" 404 1251 "-" "Mozilla/5.0 AppleWebKit/537.36 (KHTML, like Gecko; compatible; bingbot/2.0; +http://www.bing.com/bingbot.htm) Chrome/116.0.1938.76 Safari/537.36"
66.249.75.70 - - [04/Nov/2025:15:53:50 -0500] "GET /special/height=323/img/x/product/details/20210401/sd3_2d1f1ecd67822b38e1161442dca34c4fe64dd37e.jpg HTTP/1.1" 404 1251 "-" "Googlebot-Image/1.0"
66.249.75.70 - - [04/Nov/2025:15:53:56 -0500] "GET /special/285_.jpg HTTP/1.1" 404 1251 "-" "Googlebot-Image/1.0"
66.249.75.70 - - [04/Nov/2025:15:54:12 -0500] "GET /special/600_PT0_SX300_V1___.png HTTP/1.1" 404 1251 "-" "Googlebot-Image/1.0"
142.44.220.34 - - [04/Nov/2025:15:54:12 -0500] "GET / HTTP/1.1" 200 1824 "-" "Mozilla/5.0 (compatible; AhrefsBot/7.0; +http://ahrefs.com/robot/)"
66.249.75.70 - - [04/Nov/2025:15:54:18 -0500] "GET /special/height=323/img/x/product/details/20250416/sd5_eadc67f6ce57ffe65a8462519fc7c868dc3e5d6f.jpg HTTP/1.1" 404 1251 "-" "Googlebot-Image/1.0"
66.249.75.70 - - [04/Nov/2025:15:54:34 -0500] "GET /special/h_9000 HTTP/1.1" 404 1251 "-" "Googlebot-Image/1.0"
66.249.75.70 - - [04/Nov/2025:15:54:57 -0500] "GET /special/426_PT0_SX600_V1___.png HTTP/1.1" 404 1251 "-" "Googlebot-Image/1.0"
66.249.75.70 - - [04/Nov/2025:15:55:06 -0500] "GET /special/height=323/img/x/product/details/20230403/pd_08bf29bfbddc37fb75eeb6d1c60e090369856715.jpg HTTP/1.1" 404 1251 "-" "Googlebot-Image/1.0"
66.249.75.70 - - [04/Nov/2025:15:55:18 -0500] "GET /special/h_480 HTTP/1.1" 404 1251 "-" "Googlebot-Image/1.0"
66.249.75.70 - - [04/Nov/2025:15:55:18 -0500] "GET /special/1440_SR684 HTTP/1.1" 404 1251 "-" "Googlebot-Image/1.0"
66.249.75.70 - - [04/Nov/2025:15:55:36 -0500] "GET /special/638_SR684 HTTP/1.1" 404 1251 "-" "Googlebot-Image/1.0"
66.249.75.70 - - [04/Nov/2025:15:55:53 -0500] "GET /special/q=75/208037/IMG_1726734132697.jpg HTTP/1.1" 404 1251 "-" "Googlebot-Image/1.0"
66.249.75.70 - - [04/Nov/2025:15:56:10 -0500] "GET /special/metadata=none/master/2560-00182-0246_det-grey_268166.jpg HTTP/1.1" 404 1251 "-" "Googlebot-Image/1.0"
66.249.75.70 - - [04/Nov/2025:15:56:27 -0500] "GET /special/height=323/img/x/product/details/20230119/pd_ea35effd57d6684b25dbb5d509c883daea0a79c0.jpg HTTP/1.1" 404 1251 "-" "Googlebot-Image/1.0"
66.249.75.70 - - [04/Nov/2025:15:56:31 -0500] "GET /products/20066367/q=75/208098/2aaf847533f1b2cc833eaf6920847924.jpg HTTP/1.1" 404 1251 "-" "Googlebot-Image/1.0"
66.249.75.70 - - [04/Nov/2025:15:56:39 -0500] "GET /special/u%3D1 HTTP/1.1" 404 1251 "-" "Googlebot-Image/1.0"
66.249.75.70 - - [04/Nov/2025:15:56:40 -0500] "GET /special/31869694.shtml HTTP/1.1" 404 1251 "-" "Mozilla/5.0 (compatible; Googlebot/2.1; +http://www.google.com/bot.html)"
66.249.75.70 - - [04/Nov/2025:15:56:59 -0500] "GET /special/height=323/img/x/product/details/20210401/sd6_abe8a0fc7c6d0bdea132d5f6edc16cf6048b088b.jpg HTTP/1.1" 404 1251 "-" "Googlebot-Image/1.0"
66.249.75.72 - - [04/Nov/2025:15:57:03 -0500] "GET /special/h_296 HTTP/1.1" 404 1251 "-" "Googlebot-Image/1.0"
66.249.75.70 - - [04/Nov/2025:15:57:19 -0500] "GET /special/93917768.shtml HTTP/1.1" 404 1251 "-" "Mozilla/5.0 (Linux; Android 6.0.1; Nexus 5X Build/MMB29P) AppleWebKit/537.36 (KHTML, like Gecko) Chrome/141.0.7390.122 Mobile Safari/537.36 (compatible; Googlebot/2.1; +http://www.google.com/bot.html)"
66.249.75.70 - - [04/Nov/2025:15:57:43 -0500] "GET /special/height=323/img/x/product/details/20240330/sd3_486b863b3826c3a0cd29e8f4d5e2ffcafd849dbf.jpg HTTP/1.1" 404 1251 "-" "Googlebot-Image/1.0"
66.249.75.70 - - [04/Nov/2025:15:57:55 -0500] "GET /special/67836260.shtml HTTP/1.1" 404 1251 "-" "Mozilla/5.0 (compatible; Googlebot/2.1; +http://www.google.com/bot.html)"
66.249.75.70 - - [04/Nov/2025:15:57:55 -0500] "GET /special/height=323/img/x/product/details/20230119/sd1_7dd3535c9ee3bc472b95e9301cf0627388422693.jpg HTTP/1.1" 404 1251 "-" "Googlebot-Image/1.0"
66.249.75.70 - - [04/Nov/2025:15:57:57 -0500] "GET /special/height=323/img/x/product/details/20230119/sd1_f5fb70d6285cab86432d6af5e46051266c47157e.jpg HTTP/1.1" 404 1251 "-" "Googlebot-Image/1.0"
66.249.75.70 - - [04/Nov/2025:15:58:02 -0500] "GET /special/height=323/img/x/product/details/20250903/sd1_a0c8a9b336f41869fac0a0bcf2e8d21a6683dcb6.png HTTP/1.1" 404 1251 "-" "Googlebot-Image/1.0"
66.249.75.70 - - [04/Nov/2025:15:58:02 -0500] "GET /products/17794401/255_UF900 HTTP/1.1" 404 1251 "-" "Googlebot-Image/1.0"
66.249.75.70 - - [04/Nov/2025:15:58:06 -0500] "GET /special/enc_auto/452cb4_55a9924e3207462da77330777c98896e~mv2.jpg HTTP/1.1" 404 1251 "-" "Googlebot-Image/1.0"
66.249.75.70 - - [04/Nov/2025:15:58:08 -0500] "GET /special/ir=auto/uploads/product_image/image/2885513/image.jpg HTTP/1.1" 404 1251 "-" "Googlebot-Image/1.0"
66.249.75.70 - - [04/Nov/2025:15:58:10 -0500] "GET /special/ir=auto/uploads/product_image/image/3356040/image.jpg HTTP/1.1" 404 1251 "-" "Googlebot-Image/1.0"
66.249.75.70 - - [04/Nov/2025:15:58:10 -0500] "GET /special/h_960 HTTP/1.1" 404 1251 "-" "Googlebot-Image/1.0"
66.249.75.70 - - [04/Nov/2025:15:58:12 -0500] "GET /special/height=323/img/x/product/details/20231211/sd1_069355d48618f373a71ff99072da552d06b3d988.jpg HTTP/1.1" 404 1251 "-" "Googlebot-Image/1.0"
66.249.75.70 - - [04/Nov/2025:15:58:21 -0500] "GET /special/height=323/img/x/product/details/20250606/sd1_5ca5170dd042822da827f850484f35b275303e27.jpg HTTP/1.1" 404 1251 "-" "Googlebot-Image/1.0"
66.249.75.70 - - [04/Nov/2025:15:58:25 -0500] "GET /special/89197526.shtml HTTP/1.1" 404 1251 "-" "Mozilla/5.0 (Linux; Android 6.0.1; Nexus 5X Build/MMB29P) AppleWebKit/537.36 (KHTML, like Gecko) Chrome/141.0.7390.122 Mobile Safari/537.36 (compatible; Googlebot/2.1; +http://www.google.com/bot.html)"
66.249.75.70 - - [04/Nov/2025:15:58:40 -0500] "GET /special/quality_auto/230500_189a909d883646f69d1f99a06c3ef76d~mv2.png HTTP/1.1" 404 1251 "-" "Googlebot-Image/1.0"
66.249.75.70 - - [04/Nov/2025:15:58:47 -0500] "GET /special/h_390 HTTP/1.1" 404 1251 "-" "Googlebot-Image/1.0"
66.249.91.166 - - [04/Nov/2025:15:58:51 -0500] "GET /special/81325772.shtml HTTP/1.1" 404 1251 "-" "Mozilla/5.0 (X11; Linux x86_64) AppleWebKit/537.36 (KHTML, like Gecko) Chrome/141.0.7390.122 Safari/537.36"
52.167.144.211 - - [04/Nov/2025:15:58:52 -0500] "GET /2882069 HTTP/1.1" 404 1251 "-" "Mozilla/5.0 AppleWebKit/537.36 (KHTML, like Gecko; compatible; bingbot/2.0; +http://www.bing.com/bingbot.htm) Chrome/116.0.1938.76 Safari/537.36"
66.249.75.70 - - [04/Nov/2025:15:59:06 -0500] "GET /special/height=323/img/x/product/details/20230119/sd1_acca3077297039bf8cfe7df2c21014dd560d8533.jpg HTTP/1.1" 404 1251 "-" "Googlebot-Image/1.0"
66.249.75.70 - - [04/Nov/2025:15:59:16 -0500] "GET /special/f=webp:auto/img/program/b01p/episode/b01p110010_ac6cb815a47615d1bd1917f2a2eae9ace.jpg HTTP/1.1" 404 1251 "-" "Googlebot-Image/1.0"
66.249.75.70 - - [04/Nov/2025:15:59:27 -0500] "GET /products/7411323/400_PT0_SX300__.jpg HTTP/1.1" 404 1251 "-" "Googlebot-Image/1.0"
66.249.75.70 - - [04/Nov/2025:15:59:27 -0500] "GET /special/height=323/img/x/product/details/20240307/sd8_aeaf0a5aaef8ea36cae753d5bd1d6d0c57d06887.jpg HTTP/1.1" 404 1251 "-" "Googlebot-Image/1.0"
66.249.75.70 - - [04/Nov/2025:15:59:34 -0500] "GET /products/600_.jpg HTTP/1.1" 404 1251 "-" "Googlebot-Image/1.0"
52.167.144.211 - - [04/Nov/2025:15:59:51 -0500] "GET /aviator-tumble-functionality/ HTTP/1.1" 404 1251 "-" "Mozilla/5.0 AppleWebKit/537.36 (KHTML, like Gecko; compatible; bingbot/2.0; +http://www.bing.com/bingbot.htm) Chrome/116.0.1938.76 Safari/537.36"
66.249.75.70 - - [04/Nov/2025:16:00:01 -0500] "GET /special/height=323/img/x/product/details/20220909/sd4_ed253dc66446a88dfea11ade68305f6f27e03747.jpg HTTP/1.1" 404 1251 "-" "Googlebot-Image/1.0"
66.249.75.71 - - [04/Nov/2025:16:00:06 -0500] "GET /special/ds%3Ds HTTP/1.1" 404 1251 "-" "Googlebot-Image/1.0"
66.249.75.70 - - [04/Nov/2025:16:00:14 -0500] "GET /special/dpr_2.0 HTTP/1.1" 404 1251 "-" "Googlebot-Image/1.0"
66.249.75.70 - - [04/Nov/2025:16:00:30 -0500] "GET /special/1152_PT0_SX300_V1___.jpeg HTTP/1.1" 404 1251 "-" "Googlebot-Image/1.0"
64.71.131.243 - - [04/Nov/2025:16:00:59 -0500] "GET /ads.txt HTTP/1.1" 404 1251 "-" "Mozilla/5.0 (compatible; ev-crawler/1.0; +https://headline.com/legal/crawler)"
66.249.75.71 - - [04/Nov/2025:16:01:02 -0500] "GET /special/height=323/img/x/product/details/20250218/pd_801a1d22019bc2741cf28d26f2a05e07c6ad1a9e.jpg HTTP/1.1" 404 1251 "-" "Googlebot-Image/1.0"
66.249.75.72 - - [04/Nov/2025:16:01:03 -0500] "GET /special/cc=FFFFFF)/picture_07bbbae0-0eac-4a87-8747-8d0394fca86c.webp HTTP/1.1" 404 1251 "-" "Googlebot-Image/1.0"
66.249.75.70 - - [04/Nov/2025:16:01:11 -0500] "GET /special/1812_PT0_SX362_V1___.jpg HTTP/1.1" 404 1251 "-" "Googlebot-Image/1.0"
170.254.179.21 - - [04/Nov/2025:16:01:19 -0500] "GET /special/69282596.shtml HTTP/1.1" 404 1251 "-" "Mozilla/5.0 (Macintosh; Intel Mac OS X 10_15_6) AppleWebKit/605.1.15 (KHTML, like Gecko) Version/15.6.1 Safari/605.1.15"
66.249.75.70 - - [04/Nov/2025:16:01:40 -0500] "GET /products/24365367/350_QL80_.jpg HTTP/1.1" 404 1251 "-" "Googlebot-Image/1.0"
66.249.75.70 - - [04/Nov/2025:16:01:40 -0500] "GET /special/134701156.shtml HTTP/1.1" 404 1251 "-" "Mozilla/5.0 (Linux; Android 6.0.1; Nexus 5X Build/MMB29P) AppleWebKit/537.36 (KHTML, like Gecko) Chrome/141.0.7390.122 Mobile Safari/537.36 (compatible; GoogleOther)"
66.249.75.70 - - [04/Nov/2025:16:02:20 -0500] "GET /products/17111667/350_QL80_.jpg HTTP/1.1" 404 1251 "-" "Googlebot-Image/1.0"
66.249.75.70 - - [04/Nov/2025:16:02:27 -0500] "GET /special/q_auto/https://www.thebookpc.com/v/vspfiles/photos/RNUC14MNK150000U-2.png HTTP/1.1" 404 1251 "-" "Googlebot-Image/1.0"
66.249.75.70 - - [04/Nov/2025:16:02:30 -0500] "GET /special/693_.jpg HTTP/1.1" 404 1251 "-" "Googlebot-Image/1.0"
66.249.75.70 - - [04/Nov/2025:16:02:33 -0500] "GET /special/60740976.shtml HTTP/1.1" 404 1251 "-" "Mozilla/5.0 (compatible; Googlebot/2.1; +http://www.google.com/bot.html)"
66.249.75.70 - - [04/Nov/2025:16:02:43 -0500] "GET /special/32652446.shtml HTTP/1.1" 404 1251 "-" "Mozilla/5.0 (compatible; Googlebot/2.1; +http://www.google.com/bot.html)"
40.77.167.16 - - [04/Nov/2025:16:02:52 -0500] "GET /786424 HTTP/1.1" 404 1251 "-" "Mozilla/5.0 AppleWebKit/537.36 (KHTML, like Gecko; compatible; bingbot/2.0; +http://www.bing.com/bingbot.htm) Chrome/116.0.1938.76 Safari/537.36"
66.249.75.70 - - [04/Nov/2025:16:02:55 -0500] "GET /special/h_1330 HTTP/1.1" 404 1251 "-" "Googlebot-Image/1.0"
66.249.75.72 - - [04/Nov/2025:16:03:01 -0500] "GET /products/6688590/850_SR1910 HTTP/1.1" 404 1251 "-" "Googlebot-Image/1.0"
66.249.75.71 - - [04/Nov/2025:16:03:13 -0500] "GET /special/cw=640/item_images/001/200/014/2e33cf75a70d3e3792c6305acf0b5390a2cb23c8.jpg HTTP/1.1" 404 1251 "-" "Googlebot-Image/1.0"
66.249.75.70 - - [04/Nov/2025:16:03:15 -0500] "GET /special/dh=480/item_images/002/504/679/8fea58de822a827b58f19df681068e6b74867c2b.jpg HTTP/1.1" 404 1251 "-" "Googlebot-Image/1.0"
66.249.75.70 - - [04/Nov/2025:16:03:29 -0500] "GET /special/cw=640/item_images/002/419/071/3f772c0d3474cec572a8bc126eafdcad23573460.jpg HTTP/1.1" 404 1251 "-" "Googlebot-Image/1.0"
66.249.75.70 - - [04/Nov/2025:16:03:32 -0500] "GET /special/dh=480/item_images/002/504/673/6e6f7840dbce1957afaa5547aa40b9faa771409b.jpg HTTP/1.1" 404 1251 "-" "Googlebot-Image/1.0"
66.249.75.70 - - [04/Nov/2025:16:03:38 -0500] "GET /special/72924518.shtml HTTP/1.1" 404 1251 "-" "Mozilla/5.0 (Linux; Android 6.0.1; Nexus 5X Build/MMB29P) AppleWebKit/537.36 (KHTML, like Gecko) Chrome/141.0.7390.122 Mobile Safari/537.36 (compatible; Googlebot/2.1; +http://www.google.com/bot.html)"
66.249.75.70 - - [04/Nov/2025:16:03:39 -0500] "GET /special/metadata=none/master/1017-06460-1288_mod-back-grey_281232.jpg HTTP/1.1" 404 1251 "-" "Googlebot-Image/1.0"
66.249.75.70 - - [04/Nov/2025:16:03:51 -0500] "GET /special/da%3Ds HTTP/1.1" 404 1251 "-" "Googlebot-Image/1.0"
66.249.75.70 - - [04/Nov/2025:16:03:59 -0500] "GET /special/cw=640/item_images/005/123/307/5bc8dacc7e37e6ce8cf395c71bc8a013cf42280c.jpg HTTP/1.1" 404 1251 "-" "Googlebot-Image/1.0"
66.249.75.70 - - [04/Nov/2025:16:04:01 -0500] "GET /special/52302154.shtml HTTP/1.1" 404 1251 "-" "Mozilla/5.0 (compatible; Googlebot/2.1; +http://www.google.com/bot.html)"
66.249.75.70 - - [04/Nov/2025:16:04:06 -0500] "GET /special/height=323/img/x/product/details/20230906/pd_9d256457d29ccb0302f79f22c9e3d5e6afcfa3a0.jpg HTTP/1.1" 404 1251 "-" "Googlebot-Image/1.0"
66.249.75.70 - - [04/Nov/2025:16:04:16 -0500] "GET /special/quality_auto/9f5a95_10a530f5067e45558d1fa8073712c142~mv2.jpg HTTP/1.1" 404 1251 "-" "Googlebot-Image/1.0"
66.249.75.70 - - [04/Nov/2025:16:04:19 -0500] "GET /special/height=323/img/x/product/details/20250424/pd_8bb400daf31d7a8954bd05d98798e6c0ea1c76c0.jpg HTTP/1.1" 404 1251 "-" "Googlebot-Image/1.0"
66.249.75.70 - - [04/Nov/2025:16:04:21 -0500] "GET /special/t_image_sp_entry/v1/user_image/4a/ef/3ca68a3c1f9254b0c49a5cfa545318c7.jpg HTTP/1.1" 404 1251 "-" "Googlebot-Image/1.0"
66.249.75.70 - - [04/Nov/2025:16:04:23 -0500] "GET /special/ar_16:9/MjEzOTA1NTM0NjQ0OTIxODA3/timex-waterbury-heritage-chronograph-watches.jpg HTTP/1.1" 404 1251 "-" "Googlebot-Image/1.0"
66.249.75.70 - - [04/Nov/2025:16:04:45 -0500] "GET /products/13426845/255_UF900 HTTP/1.1" 404 1251 "-" "Googlebot-Image/1.0"
66.249.75.70 - - [04/Nov/2025:16:04:53 -0500] "GET /special/dpr_1.5/jackets/9781841769509.jpg HTTP/1.1" 404 1251 "-" "Googlebot-Image/1.0"
66.249.75.70 - - [04/Nov/2025:16:04:55 -0500] "GET /special/e_webp/b2.6a.00.ART10061502ABRKraftstoffpumpeH1.JPG HTTP/1.1" 404 1251 "-" "Googlebot-Image/1.0"
66.249.75.70 - - [04/Nov/2025:16:04:56 -0500] "GET /special/h_549/https://phucthinhautomation.vn/wp-content/uploads/2023/02/servo-SGDV-1R6A01B002000.jpg HTTP/1.1" 404 1251 "-" "Googlebot-Image/1.0"
207.46.13.156 - - [04/Nov/2025:16:05:04 -0500] "GET /436530 HTTP/1.1" 404 1251 "-" "Mozilla/5.0 AppleWebKit/537.36 (KHTML, like Gecko; compatible; bingbot/2.0; +http://www.bing.com/bingbot.htm) Chrome/116.0.1938.76 Safari/537.36"
66.249.75.70 - - [04/Nov/2025:16:05:48 -0500] "GET /special/1001_PT0_SX300_V1___.jpg HTTP/1.1" 404 1251 "-" "Googlebot-Image/1.0"
66.249.75.70 - - [04/Nov/2025:16:05:56 -0500] "GET /special/750_PT0_SX300_V1___.jpg HTTP/1.1" 404 1251 "-" "Googlebot-Image/1.0"
66.249.75.70 - - [04/Nov/2025:16:06:05 -0500] "GET /special/a=0/store/reviewattachmentfile/53/4246/file/abf7d5dc17e88ea41886f154d61440fe.jpeg HTTP/1.1" 404 1251 "-" "Googlebot-Image/1.0"
66.249.75.70 - - [04/Nov/2025:16:06:23 -0500] "GET /special/w_360/shop-emea-prod/files/imu1e1b2s26g4ch7xd8m_ad055489-f11c-48f8-9f6d-e55a587efc18.jpg HTTP/1.1" 404 1251 "-" "Googlebot-Image/1.0"
66.249.75.70 - - [04/Nov/2025:16:06:28 -0500] "GET /special/f=webp:auto/image/image/724874350548861645/DSCN2410.JPG HTTP/1.1" 404 1251 "-" "Googlebot-Image/1.0"
66.249.75.70 - - [04/Nov/2025:16:06:30 -0500] "GET /special/113811262.shtml HTTP/1.1" 404 1251 "-" "Mozilla/5.0 (compatible; Googlebot/2.1; +http://www.google.com/bot.html)"
66.249.75.70 - - [04/Nov/2025:16:06:35 -0500] "GET /special/c_pad/shop-emea-prod/products/kruvyhtams0y5l2wie2m_ae1a8af2-68a3-41c4-a442-76ed91cc5cde.jpg HTTP/1.1" 404 1251 "-" "Googlebot-Image/1.0"
66.249.75.70 - - [04/Nov/2025:16:06:38 -0500] "GET /special/500_PT0_SX300_V1___.jpg HTTP/1.1" 404 1251 "-" "Googlebot-Image/1.0"
66.249.75.70 - - [04/Nov/2025:16:06:40 -0500] "GET /products/22129645/495_.jpg HTTP/1.1" 404 1251 "-" "Googlebot-Image/1.0"
66.249.75.70 - - [04/Nov/2025:16:07:03 -0500] "GET /products/24620912/1000_QL80_.jpg HTTP/1.1" 404 1251 "-" "Googlebot-Image/1.0"
66.249.75.70 - - [04/Nov/2025:16:07:07 -0500] "GET /products/al_c HTTP/1.1" 404 1251 "-" "Googlebot-Image/1.0"
66.249.75.70 - - [04/Nov/2025:16:07:10 -0500] "GET /products/3177_PT0_SX300_V1___.jpg HTTP/1.1" 404 1251 "-" "Googlebot-Image/1.0"
66.249.75.70 - - [04/Nov/2025:16:07:11 -0500] "GET /special/height=323/img/x/product/details/20230118/sd6_0e5212cf13cff5595dd005684772671bc321fe0a.jpg HTTP/1.1" 404 1251 "-" "Googlebot-Image/1.0"
66.249.75.70 - - [04/Nov/2025:16:07:18 -0500] "GET /products/16037078/1000_QL80_.jpg HTTP/1.1" 404 1251 "-" "Googlebot-Image/1.0"
66.249.75.70 - - [04/Nov/2025:16:07:29 -0500] "GET /products/9209578/3177_PT0_SX300_V1___.jpg HTTP/1.1" 404 1251 "-" "Googlebot-Image/1.0"
66.249.75.70 - - [04/Nov/2025:16:07:30 -0500] "GET /products/1653978/1000_QL80_.jpg HTTP/1.1" 404 1251 "-" "Googlebot-Image/1.0"
66.249.75.70 - - [04/Nov/2025:16:07:31 -0500] "GET /products/600_PT0_SX970_V1___.jpg HTTP/1.1" 404 1251 "-" "Googlebot-Image/1.0"
66.249.75.70 - - [04/Nov/2025:16:07:36 -0500] "GET /products/23250267/1000_QL80_.jpg HTTP/1.1" 404 1251 "-" "Googlebot-Image/1.0"
52.167.144.25 - - [04/Nov/2025:16:07:39 -0500] "GET /718883 HTTP/1.1" 404 1251 "-" "Mozilla/5.0 AppleWebKit/537.36 (KHTML, like Gecko; compatible; bingbot/2.0; +http://www.bing.com/bingbot.htm) Chrome/116.0.1938.76 Safari/537.36"
52.167.144.25 - - [04/Nov/2025:16:07:40 -0500] "GET /651565 HTTP/1.1" 404 1251 "-" "Mozilla/5.0 AppleWebKit/537.36 (KHTML, like Gecko; compatible; bingbot/2.0; +http://www.bing.com/bingbot.htm) Chrome/116.0.1938.76 Safari/537.36"
66.249.75.70 - - [04/Nov/2025:16:07:40 -0500] "GET /products/9209578/1000_QL80_.jpg HTTP/1.1" 404 1251 "-" "Googlebot-Image/1.0"
66.249.75.70 - - [04/Nov/2025:16:07:41 -0500] "GET /products/9633590/495_.jpg HTTP/1.1" 404 1251 "-" "Googlebot-Image/1.0"
66.249.75.70 - - [04/Nov/2025:16:07:48 -0500] "GET /products/9209578/350_QL80_.jpg HTTP/1.1" 404 1251 "-" "Googlebot-Image/1.0"
66.249.75.70 - - [04/Nov/2025:16:07:50 -0500] "GET /special/g_center/w_1024 HTTP/1.1" 404 1251 "-" "Googlebot-Image/1.0"
66.249.75.70 - - [04/Nov/2025:16:07:54 -0500] "GET /special/92303284.shtml HTTP/1.1" 404 1251 "-" "Mozilla/5.0 (compatible; Googlebot/2.1; +http://www.google.com/bot.html)"
207.46.13.150 - - [04/Nov/2025:16:07:55 -0500] "GET /3207813 HTTP/1.1" 404 1251 "-" "Mozilla/5.0 AppleWebKit/537.36 (KHTML, like Gecko; compatible; bingbot/2.0; +http://www.bing.com/bingbot.htm) Chrome/116.0.1938.76 Safari/537.36"
66.249.75.70 - - [04/Nov/2025:16:08:14 -0500] "GET /special/900_PT0_SX600_V1___.jpg HTTP/1.1" 404 1251 "-" "Googlebot-Image/1.0"
66.249.75.70 - - [04/Nov/2025:16:08:19 -0500] "GET /special/93698488.shtml HTTP/1.1" 404 1251 "-" "Mozilla/5.0 (compatible; Googlebot/2.1; +http://www.google.com/bot.html)"
66.249.75.70 - - [04/Nov/2025:16:08:30 -0500] "GET /special/1536_PT0_SX300_V1___.jpg HTTP/1.1" 404 1251 "-" "Googlebot-Image/1.0"
17.246.23.230 - - [04/Nov/2025:16:08:35 -0500] "GET /robots.txt HTTP/1.1" 404 1251 "-" "Mozilla/5.0 (Macintosh; Intel Mac OS X 10_15_7) AppleWebKit/605.1.15 (KHTML, like Gecko) Version/17.4 Safari/605.1.15 (Applebot/0.1; +http://www.apple.com/go/applebot)"
17.246.23.230 - - [04/Nov/2025:16:08:35 -0500] "GET /feed/ HTTP/1.1" 404 1251 "-" "Mozilla/5.0 (Macintosh; Intel Mac OS X 10_15_7) AppleWebKit/605.1.15 (KHTML, like Gecko) Version/17.4 Safari/605.1.15 (Applebot/0.1; +http://www.apple.com/go/applebot)"
66.249.75.70 - - [04/Nov/2025:16:08:36 -0500] "GET /special/1920_PT0_SX300_V1___.jpg HTTP/1.1" 404 1251 "-" "Googlebot-Image/1.0"
66.249.75.70 - - [04/Nov/2025:16:08:39 -0500] "GET /products/6774189/-20_QL100_.jpg HTTP/1.1" 404 1251 "-" "Googlebot-Image/1.0"
66.249.75.70 - - [04/Nov/2025:16:08:50 -0500] "GET /products/enc_avif HTTP/1.1" 404 1251 "-" "Googlebot-Image/1.0"
66.249.75.70 - - [04/Nov/2025:16:08:59 -0500] "GET /special/dpr_2 HTTP/1.1" 404 1251 "-" "Googlebot-Image/1.0"
66.249.75.70 - - [04/Nov/2025:16:09:03 -0500] "GET /special/80301622.shtml HTTP/1.1" 404 1251 "-" "Mozilla/5.0 (Linux; Android 6.0.1; Nexus 5X Build/MMB29P) AppleWebKit/537.36 (KHTML, like Gecko) Chrome/141.0.7390.122 Mobile Safari/537.36 (compatible; Googlebot/2.1; +http://www.google.com/bot.html)"
66.249.75.70 - - [04/Nov/2025:16:09:05 -0500] "GET /special/e_webp/19.a8.5b.D1AlpinestarsCRXDSschwarzcamorot20245233020.JPG HTTP/1.1" 404 1251 "-" "Googlebot-Image/1.0"
66.249.75.70 - - [04/Nov/2025:16:09:10 -0500] "GET /products/quality_auto/P1034221.jpg HTTP/1.1" 404 1251 "-" "Googlebot-Image/1.0"
66.249.75.70 - - [04/Nov/2025:16:09:11 -0500] "GET /products/15446167/1000_QL80_.jpg HTTP/1.1" 404 1251 "-" "Googlebot-Image/1.0"
66.249.75.70 - - [04/Nov/2025:16:09:12 -0500] "GET /products/quality_auto/%E5%86%92%E9%A0%AD%E8%A3%BD%E5%93%81%E3%82%B9%E3%83%9A%E3%83%83%E3%82%AF.jpg HTTP/1.1" 404 1251 "-" "Googlebot-Image/1.0"
207.46.13.150 - - [04/Nov/2025:16:09:35 -0500] "GET /2390486 HTTP/1.1" 404 1251 "-" "Mozilla/5.0 AppleWebKit/537.36 (KHTML, like Gecko; compatible; bingbot/2.0; +http://www.bing.com/bingbot.htm) Chrome/116.0.1938.76 Safari/537.36"
66.249.75.70 - - [04/Nov/2025:16:09:39 -0500] "GET /special/600_PT0_SX1464_V1___.png HTTP/1.1" 404 1251 "-" "Googlebot-Image/1.0"
66.249.75.70 - - [04/Nov/2025:16:09:51 -0500] "GET /special/1080_SR684 HTTP/1.1" 404 1251 "-" "Googlebot-Image/1.0"
66.249.75.70 - - [04/Nov/2025:16:09:52 -0500] "GET /products/15171589/1000_QL80_.jpg HTTP/1.1" 404 1251 "-" "Googlebot-Image/1.0"
66.249.75.70 - - [04/Nov/2025:16:09:57 -0500] "GET /products/h_1201 HTTP/1.1" 404 1251 "-" "Googlebot-Image/1.0"
66.249.75.70 - - [04/Nov/2025:16:10:04 -0500] "GET /products/11278601/1000_QL80_.jpg HTTP/1.1" 404 1251 "-" "Googlebot-Image/1.0"
66.249.75.70 - - [04/Nov/2025:16:10:24 -0500] "GET /special/80939408.shtml HTTP/1.1" 404 1251 "-" "Mozilla/5.0 (compatible; Googlebot/2.1; +http://www.google.com/bot.html)"
66.249.75.70 - - [04/Nov/2025:16:10:26 -0500] "GET /products/17883756/BottomLeft HTTP/1.1" 404 1251 "-" "Googlebot-Image/1.0"
66.249.75.70 - - [04/Nov/2025:16:10:40 -0500] "GET /special/height=323/img/x/product/details/20221003/sd1_59385001dbec585653b86fc175f6b93474fe4d7f.jpg HTTP/1.1" 404 1251 "-" "Googlebot-Image/1.0"
66.249.75.70 - - [04/Nov/2025:16:10:40 -0500] "GET /special/117117912.shtml HTTP/1.1" 404 1251 "-" "Mozilla/5.0 (compatible; Googlebot/2.1; +http://www.google.com/bot.html)"
66.249.75.70 - - [04/Nov/2025:16:10:40 -0500] "GET /products/usm_0.66_1.00_0.01 HTTP/1.1" 404 1251 "-" "Googlebot-Image/1.0"
66.249.75.70 - - [04/Nov/2025:16:11:11 -0500] "GET /products/h_548 HTTP/1.1" 404 1251 "-" "Googlebot-Image/1.0"
66.249.75.70 - - [04/Nov/2025:16:11:24 -0500] "GET /special/81556360.shtml HTTP/1.1" 404 1251 "-" "Mozilla/5.0 (Linux; Android 6.0.1; Nexus 5X Build/MMB29P) AppleWebKit/537.36 (KHTML, like Gecko) Chrome/141.0.7390.122 Mobile Safari/537.36 (compatible; Googlebot/2.1; +http://www.google.com/bot.html)"
66.249.75.70 - - [04/Nov/2025:16:11:31 -0500] "GET /special/600_PT0_SX600_V1___.png HTTP/1.1" 404 1251 "-" "Googlebot-Image/1.0"
66.249.75.70 - - [04/Nov/2025:16:11:40 -0500] "GET /products/14069490/1000_QL80_.jpg HTTP/1.1" 404 1251 "-" "Googlebot-Image/1.0"
66.249.75.70 - - [04/Nov/2025:16:11:41 -0500] "GET /special/height=323/img/x/product/details/20210622/pd_e44d2f42a31a6fb0c2f5c2b1a1ebb22871a37f3d.jpg HTTP/1.1" 404 1251 "-" "Googlebot-Image/1.0"
66.249.75.70 - - [04/Nov/2025:16:11:50 -0500] "GET /special/281_.jpg HTTP/1.1" 404 1251 "-" "Googlebot-Image/1.0"
66.249.75.70 - - [04/Nov/2025:16:11:56 -0500] "GET /products/24365367/850_SR1910 HTTP/1.1" 404 1251 "-" "Googlebot-Image/1.0"
66.249.75.70 - - [04/Nov/2025:16:12:03 -0500] "GET /special/300_.png HTTP/1.1" 404 1251 "-" "Googlebot-Image/1.0"
66.249.75.70 - - [04/Nov/2025:16:12:22 -0500] "GET /special/height=650/images/original/312240-011-3097-337300001.jpg HTTP/1.1" 404 1251 "-" "Googlebot-Image/1.0"
66.249.75.70 - - [04/Nov/2025:16:12:28 -0500] "GET /special/q=75/201113/IMG20240504153447.jpg HTTP/1.1" 404 1251 "-" "Googlebot-Image/1.0"
66.249.75.70 - - [04/Nov/2025:16:12:33 -0500] "GET /products/7335767/350_QL80_.jpg HTTP/1.1" 404 1251 "-" "Googlebot-Image/1.0"
66.249.75.70 - - [04/Nov/2025:16:13:04 -0500] "GET /products/2507878/1000_QL80_.jpg HTTP/1.1" 404 1251 "-" "Googlebot-Image/1.0"
66.249.75.70 - - [04/Nov/2025:16:13:07 -0500] "GET /special/h_300 HTTP/1.1" 404 1251 "-" "Googlebot-Image/1.0"
66.249.75.70 - - [04/Nov/2025:16:13:14 -0500] "GET /special/69451868.shtml HTTP/1.1" 404 1251 "-" "Mozilla/5.0 (Linux; Android 6.0.1; Nexus 5X Build/MMB29P) AppleWebKit/537.36 (KHTML, like Gecko) Chrome/141.0.7390.122 Mobile Safari/537.36 (compatible; Googlebot/2.1; +http://www.google.com/bot.html)"
40.77.167.44 - - [04/Nov/2025:16:13:23 -0500] "GET /3779783 HTTP/1.1" 404 1251 "-" "Mozilla/5.0 AppleWebKit/537.36 (KHTML, like Gecko; compatible; bingbot/2.0; +http://www.bing.com/bingbot.htm) Chrome/116.0.1938.76 Safari/537.36"
66.249.75.70 - - [04/Nov/2025:16:13:26 -0500] "GET /special/93536534.shtml HTTP/1.1" 404 1251 "-" "Mozilla/5.0 (Linux; Android 6.0.1; Nexus 5X Build/MMB29P) AppleWebKit/537.36 (KHTML, like Gecko) Chrome/141.0.7390.122 Mobile Safari/537.36 (compatible; Googlebot/2.1; +http://www.google.com/bot.html)"
66.249.75.70 - - [04/Nov/2025:16:13:39 -0500] "GET /special/height=323/img/x/product/details/20201020/sd2_71d58ffa4e942a6db5d7ec236c6d7db0184fdf3f.jpg HTTP/1.1" 404 1251 "-" "Googlebot-Image/1.0"
66.249.75.70 - - [04/Nov/2025:16:13:56 -0500] "GET /special/74942888.shtml HTTP/1.1" 404 1251 "-" "Mozilla/5.0 (Linux; Android 6.0.1; Nexus 5X Build/MMB29P) AppleWebKit/537.36 (KHTML, like Gecko) Chrome/141.0.7390.122 Mobile Safari/537.36 (compatible; Googlebot/2.1; +http://www.google.com/bot.html)"
66.249.75.70 - - [04/Nov/2025:16:13:59 -0500] "GET /special/68089636.shtml HTTP/1.1" 404 1251 "-" "Mozilla/5.0 (Linux; Android 6.0.1; Nexus 5X Build/MMB29P) AppleWebKit/537.36 (KHTML, like Gecko) Chrome/141.0.7390.122 Mobile Safari/537.36 (compatible; Googlebot/2.1; +http://www.google.com/bot.html)"
66.249.75.70 - - [04/Nov/2025:16:14:00 -0500] "GET /special/154_QL85_.jpg HTTP/1.1" 404 1251 "-" "Googlebot-Image/1.0"
66.249.75.70 - - [04/Nov/2025:16:14:18 -0500] "GET /special/133683754.shtml HTTP/1.1" 404 1251 "-" "Mozilla/5.0 (Linux; Android 6.0.1; Nexus 5X Build/MMB29P) AppleWebKit/537.36 (KHTML, like Gecko) Chrome/141.0.7390.122 Mobile Safari/537.36 (compatible; GoogleOther)"
66.249.75.70 - - [04/Nov/2025:16:14:48 -0500] "GET /special/dh=1440/item_images/002/800/803/52114701cc1bb5c05e1398e589d7697930603716.jpg HTTP/1.1" 404 1251 "-" "Googlebot-Image/1.0"
66.249.75.70 - - [04/Nov/2025:16:14:52 -0500] "GET /products/22180101/-20_ZA59 HTTP/1.1" 404 1251 "-" "Googlebot-Image/1.0"
52.167.144.192 - - [04/Nov/2025:16:14:53 -0500] "GET /2040848 HTTP/1.1" 404 1251 "-" "Mozilla/5.0 AppleWebKit/537.36 (KHTML, like Gecko; compatible; bingbot/2.0; +http://www.bing.com/bingbot.htm) Chrome/116.0.1938.76 Safari/537.36"
66.249.75.70 - - [04/Nov/2025:16:14:56 -0500] "GET /special/76b8a92b.jpg HTTP/1.1" 404 1251 "-" "Googlebot-Image/1.0"
66.249.75.70 - - [04/Nov/2025:16:15:06 -0500] "GET /special/w_1200/f_auto/q_auto/wmmedia/watch_images/large/br0392ghstsca_1639583731.jpg HTTP/1.1" 404 1251 "-" "Googlebot-Image/1.0"
52.167.144.192 - - [04/Nov/2025:16:15:34 -0500] "GET /1192406 HTTP/1.1" 404 1251 "-" "Mozilla/5.0 AppleWebKit/537.36 (KHTML, like Gecko; compatible; bingbot/2.0; +http://www.bing.com/bingbot.htm) Chrome/116.0.1938.76 Safari/537.36"
66.249.75.70 - - [04/Nov/2025:16:16:57 -0500] "GET /special/71061194.shtml HTTP/1.1" 404 1251 "-" "Mozilla/5.0 (Linux; Android 6.0.1; Nexus 5X Build/MMB29P) AppleWebKit/537.36 (KHTML, like Gecko) Chrome/141.0.7390.122 Mobile Safari/537.36 (compatible; Googlebot/2.1; +http://www.google.com/bot.html)"
66.249.75.70 - - [04/Nov/2025:16:17:41 -0500] "GET /special/height=323/img/x/product/details/20220623/sd2_85e4f8d141de66e3fcf22b3bc9bc231f9509c4cb.jpg HTTP/1.1" 404 1251 "-" "Googlebot-Image/1.0"
66.249.75.70 - - [04/Nov/2025:16:17:52 -0500] "GET /special/95054474.shtml HTTP/1.1" 404 1251 "-" "Mozilla/5.0 (compatible; Googlebot/2.1; +http://www.google.com/bot.html)"
66.249.75.70 - - [04/Nov/2025:16:17:56 -0500] "GET /special/f=webp:auto/image/image/1303187333646074204/item1.jpg HTTP/1.1" 404 1251 "-" "Googlebot-Image/1.0"
66.249.75.71 - - [04/Nov/2025:16:18:03 -0500] "GET /special/f=webp:auto/image/image/1090597057140922650/18081001-04.jpg HTTP/1.1" 404 1251 "-" "Googlebot-Image/1.0"
66.249.75.71 - - [04/Nov/2025:16:18:44 -0500] "GET /special/31174294.shtml HTTP/1.1" 404 1251 "-" "Mozilla/5.0 (Linux; Android 6.0.1; Nexus 5X Build/MMB29P) AppleWebKit/537.36 (KHTML, like Gecko) Chrome/141.0.7390.122 Mobile Safari/537.36 (compatible; Googlebot/2.1; +http://www.google.com/bot.html)"
148.113.128.79 - - [04/Nov/2025:16:19:09 -0500] "GET /special/31324346.shtml HTTP/1.1" 404 1251 "-" "Mozilla/5.0 (compatible; AhrefsBot/7.0; +http://ahrefs.com/robot/)"
66.249.75.70 - - [04/Nov/2025:16:20:32 -0500] "GET /special/dpr_1.0/d_transparent.gif/content/dam/logitech/en/products/mice/mx-anywhere-3s-for-business/gallery/mx-anywhere-3s-portable-business-mouse-gallery-graphite-2.png HTTP/1.1" 404 1251 "-" "Googlebot-Image/1.0"
66.249.75.71 - - [04/Nov/2025:16:22:01 -0500] "GET /special/94715432.shtml HTTP/1.1" 404 1251 "-" "Mozilla/5.0 (Linux; Android 6.0.1; Nexus 5X Build/MMB29P) AppleWebKit/537.36 (KHTML, like Gecko) Chrome/141.0.7390.122 Mobile Safari/537.36 (compatible; Googlebot/2.1; +http://www.google.com/bot.html)"
66.249.75.72 - - [04/Nov/2025:16:22:02 -0500] "GET /special/112568198.shtml HTTP/1.1" 404 1251 "-" "Mozilla/5.0 (compatible; Googlebot/2.1; +http://www.google.com/bot.html)"
66.249.75.71 - - [04/Nov/2025:16:22:08 -0500] "GET /special/65027664.shtml HTTP/1.1" 404 1251 "-" "Mozilla/5.0 (compatible; Googlebot/2.1; +http://www.google.com/bot.html)"
66.249.75.71 - - [04/Nov/2025:16:22:11 -0500] "GET /products/24443612/1000_QL80_.jpg HTTP/1.1" 404 1251 "-" "Googlebot-Image/1.0"
66.249.75.70 - - [04/Nov/2025:16:22:21 -0500] "GET /special/113295318.shtml HTTP/1.1" 404 1251 "-" "Mozilla/5.0 (compatible; Googlebot/2.1; +http://www.google.com/bot.html)"
66.249.75.70 - - [04/Nov/2025:16:22:36 -0500] "GET /special/62628714.shtml HTTP/1.1" 404 1251 "-" "Mozilla/5.0 (Linux; Android 6.0.1; Nexus 5X Build/MMB29P) AppleWebKit/537.36 (KHTML, like Gecko) Chrome/141.0.7390.122 Mobile Safari/537.36 (compatible; Googlebot/2.1; +http://www.google.com/bot.html)"
40.77.167.13 - - [04/Nov/2025:16:22:51 -0500] "GET /p=2648178 HTTP/1.1" 404 1251 "-" "Mozilla/5.0 AppleWebKit/537.36 (KHTML, like Gecko; compatible; bingbot/2.0; +http://www.bing.com/bingbot.htm) Chrome/116.0.1938.76 Safari/537.36"
66.249.75.70 - - [04/Nov/2025:16:23:29 -0500] "GET /special/71780310.shtml HTTP/1.1" 404 1251 "-" "Mozilla/5.0 (Linux; Android 6.0.1; Nexus 5X Build/MMB29P) AppleWebKit/537.36 (KHTML, like Gecko) Chrome/141.0.7390.122 Mobile Safari/537.36 (compatible; Googlebot/2.1; +http://www.google.com/bot.html)"
40.77.167.13 - - [04/Nov/2025:16:24:42 -0500] "GET /3032675 HTTP/1.1" 404 1251 "-" "Mozilla/5.0 AppleWebKit/537.36 (KHTML, like Gecko; compatible; bingbot/2.0; +http://www.bing.com/bingbot.htm) Chrome/116.0.1938.76 Safari/537.36"
45.134.225.122 - - [04/Nov/2025:16:26:06 -0500] "GET /special/74834936.shtml/wp-login.php HTTP/1.1" 404 1251 "-" "Mozilla/5.0 (X11; Linux x86_64) AppleWebKit/537.36 (KHTML, like Gecko) Chrome/118.0.5993.88 Safari/537.36"
45.134.225.122 - - [04/Nov/2025:16:26:08 -0500] "GET /administrator/ HTTP/1.1" 404 1251 "-" "Mozilla/5.0 (Windows NT 11.0; Win64; x64) AppleWebKit/537.36 (KHTML, like Gecko) Chrome/118.0.5993.88 Safari/537.36"
66.249.75.70 - - [04/Nov/2025:16:26:21 -0500] "GET /special/65642364.shtml HTTP/1.1" 404 1251 "-" "Mozilla/5.0 (Linux; Android 6.0.1; Nexus 5X Build/MMB29P) AppleWebKit/537.36 (KHTML, like Gecko) Chrome/141.0.7390.122 Mobile Safari/537.36 (compatible; Googlebot/2.1; +http://www.google.com/bot.html)"
66.249.75.70 - - [04/Nov/2025:16:26:51 -0500] "GET /special/134052320.shtml HTTP/1.1" 404 1251 "-" "Mozilla/5.0 (Linux; Android 6.0.1; Nexus 5X Build/MMB29P) AppleWebKit/537.36 (KHTML, like Gecko) Chrome/141.0.7390.122 Mobile Safari/537.36 (compatible; GoogleOther)"
66.249.75.70 - - [04/Nov/2025:16:27:00 -0500] "GET /special/74964488.shtml HTTP/1.1" 404 1251 "-" "Mozilla/5.0 (compatible; Googlebot/2.1; +http://www.google.com/bot.html)"
66.249.75.70 - - [04/Nov/2025:16:28:10 -0500] "GET /special/q_auto/v1/akamai/pdp/vengeance-ddr5/images/DDR5_Vengeance_headerloop_v01.jpg HTTP/1.1" 404 1251 "-" "Googlebot-Image/1.0"
66.249.75.70 - - [04/Nov/2025:16:28:11 -0500] "GET /special/70336354.shtml HTTP/1.1" 404 1251 "-" "Mozilla/5.0 (Linux; Android 6.0.1; Nexus 5X Build/MMB29P) AppleWebKit/537.36 (KHTML, like Gecko) Chrome/141.0.7390.122 Mobile Safari/537.36 (compatible; Googlebot/2.1; +http://www.google.com/bot.html)"
66.249.75.72 - - [04/Nov/2025:16:29:21 -0500] "GET /special/93059908.shtml HTTP/1.1" 404 1251 "-" "Mozilla/5.0 (Linux; Android 6.0.1; Nexus 5X Build/MMB29P) AppleWebKit/537.36 (KHTML, like Gecko) Chrome/141.0.7390.122 Mobile Safari/537.36 (compatible; Googlebot/2.1; +http://www.google.com/bot.html)"
66.249.75.71 - - [04/Nov/2025:16:29:54 -0500] "GET /special/94756180.shtml HTTP/1.1" 404 1251 "-" "Mozilla/5.0 (Linux; Android 6.0.1; Nexus 5X Build/MMB29P) AppleWebKit/537.36 (KHTML, like Gecko) Chrome/141.0.7390.122 Mobile Safari/537.36 (compatible; Googlebot/2.1; +http://www.google.com/bot.html)"
66.249.75.70 - - [04/Nov/2025:16:31:11 -0500] "GET /products/14554289/1000_QL80_.jpg HTTP/1.1" 404 1251 "-" "Googlebot-Image/1.0"
66.249.75.70 - - [04/Nov/2025:16:31:11 -0500] "GET /special/96017870.shtml HTTP/1.1" 404 1251 "-" "Mozilla/5.0 (Linux; Android 6.0.1; Nexus 5X Build/MMB29P) AppleWebKit/537.36 (KHTML, like Gecko) Chrome/141.0.7390.122 Mobile Safari/537.36 (compatible; Googlebot/2.1; +http://www.google.com/bot.html)"
207.46.13.18 - - [04/Nov/2025:16:32:07 -0500] "GET /715852 HTTP/1.1" 404 1251 "-" "Mozilla/5.0 AppleWebKit/537.36 (KHTML, like Gecko; compatible; bingbot/2.0; +http://www.bing.com/bingbot.htm) Chrome/116.0.1938.76 Safari/537.36"
66.249.75.70 - - [04/Nov/2025:16:32:30 -0500] "GET /products/23189378/1000_QL80_.jpg HTTP/1.1" 404 1251 "-" "Googlebot-Image/1.0"
66.249.75.70 - - [04/Nov/2025:16:32:34 -0500] "GET /special/320_PT0_SX300_V1___.jpg HTTP/1.1" 404 1251 "-" "Googlebot-Image/1.0"
207.46.13.18 - - [04/Nov/2025:16:32:48 -0500] "GET /161022 HTTP/1.1" 404 1251 "-" "Mozilla/5.0 AppleWebKit/537.36 (KHTML, like Gecko; compatible; bingbot/2.0; +http://www.bing.com/bingbot.htm) Chrome/116.0.1938.76 Safari/537.36"
207.46.13.18 - - [04/Nov/2025:16:33:48 -0500] "GET /was-kostet-es-eine-spielothek-zu-er%C3%B6ffnen/ HTTP/1.1" 404 1251 "-" "Mozilla/5.0 AppleWebKit/537.36 (KHTML, like Gecko; compatible; bingbot/2.0; +http://www.bing.com/bingbot.htm) Chrome/116.0.1938.76 Safari/537.36"
66.249.75.72 - - [04/Nov/2025:16:34:25 -0500] "GET /special/73892012.shtml HTTP/1.1" 404 1251 "-" "Mozilla/5.0 (Linux; Android 6.0.1; Nexus 5X Build/MMB29P) AppleWebKit/537.36 (KHTML, like Gecko) Chrome/141.0.7390.122 Mobile Safari/537.36 (compatible; Googlebot/2.1; +http://www.google.com/bot.html)"
66.249.75.70 - - [04/Nov/2025:16:35:22 -0500] "GET /special/cw=640/item_images/002/167/632/30a00eb1da68cb6f52f311c32878b0917ac55bb3.jpg HTTP/1.1" 404 1251 "-" "Googlebot-Image/1.0"
66.249.75.70 - - [04/Nov/2025:16:35:26 -0500] "GET /special/dh=480/item_images/002/021/508/e8764bc31b0781abba7f8333d7ba2ec1055fed9f.jpg HTTP/1.1" 404 1251 "-" "Googlebot-Image/1.0"
66.249.75.70 - - [04/Nov/2025:16:35:45 -0500] "GET /special/dh=480/item_images/002/885/630/21c3db387ebc15f847cb7fbce45bf86659a5a04a.jpg HTTP/1.1" 404 1251 "-" "Googlebot-Image/1.0"
66.249.75.70 - - [04/Nov/2025:16:35:49 -0500] "GET /special/cw=640/item_images/004/225/824/bbf7d20265843589de748e3f3f1e0c40d24bcb2b.jpg HTTP/1.1" 404 1251 "-" "Googlebot-Image/1.0"
66.249.75.70 - - [04/Nov/2025:16:35:54 -0500] "GET /special/cw=640/item_images/002/885/635/c27032a99704dd5f1dfb753a22e02f99f29b0b36.jpg HTTP/1.1" 404 1251 "-" "Googlebot-Image/1.0"
66.249.75.70 - - [04/Nov/2025:16:35:59 -0500] "GET /special/cw=640/item_images/002/885/654/02daea367fd80e8b01096dc9aa593a2072147c75.jpg HTTP/1.1" 404 1251 "-" "Googlebot-Image/1.0"
66.249.75.70 - - [04/Nov/2025:16:36:33 -0500] "GET /special/ds=s/item_images/002/021/497/270d53326eb3398dc681ad5a1b3899fe95bcb05f.jpg HTTP/1.1" 404 1251 "-" "Googlebot-Image/1.0"
66.249.75.70 - - [04/Nov/2025:16:36:41 -0500] "GET /special/79931756.shtml HTTP/1.1" 404 1251 "-" "Mozilla/5.0 (Linux; Android 6.0.1; Nexus 5X Build/MMB29P) AppleWebKit/537.36 (KHTML, like Gecko) Chrome/141.0.7390.122 Mobile Safari/537.36 (compatible; Googlebot/2.1; +http://www.google.com/bot.html)"
40.77.167.48 - - [04/Nov/2025:16:38:26 -0500] "GET /202257 HTTP/1.1" 404 1251 "-" "Mozilla/5.0 AppleWebKit/537.36 (KHTML, like Gecko; compatible; bingbot/2.0; +http://www.bing.com/bingbot.htm) Chrome/116.0.1938.76 Safari/537.36"
66.249.75.70 - - [04/Nov/2025:16:38:52 -0500] "GET /special/113363016.shtml HTTP/1.1" 404 1251 "-" "Mozilla/5.0 (Linux; Android 6.0.1; Nexus 5X Build/MMB29P) AppleWebKit/537.36 (KHTML, like Gecko) Chrome/141.0.7390.122 Mobile Safari/537.36 (compatible; Googlebot/2.1; +http://www.google.com/bot.html)"
66.249.75.71 - - [04/Nov/2025:16:39:24 -0500] "GET /special/139472274.shtml HTTP/1.1" 404 1251 "-" "Mozilla/5.0 (Linux; Android 6.0.1; Nexus 5X Build/MMB29P) AppleWebKit/537.36 (KHTML, like Gecko) Chrome/141.0.7390.122 Mobile Safari/537.36 (compatible; GoogleOther)"
66.249.75.71 - - [04/Nov/2025:16:40:02 -0500] "GET /special/93929112.shtml HTTP/1.1" 404 1251 "-" "Mozilla/5.0 (compatible; Googlebot/2.1; +http://www.google.com/bot.html)"
40.77.167.3 - - [04/Nov/2025:16:40:14 -0500] "GET /280986 HTTP/1.1" 404 1251 "-" "Mozilla/5.0 AppleWebKit/537.36 (KHTML, like Gecko; compatible; bingbot/2.0; +http://www.bing.com/bingbot.htm) Chrome/116.0.1938.76 Safari/537.36"
207.46.13.18 - - [04/Nov/2025:16:41:29 -0500] "GET /3495752 HTTP/1.1" 404 1251 "-" "Mozilla/5.0 AppleWebKit/537.36 (KHTML, like Gecko; compatible; bingbot/2.0; +http://www.bing.com/bingbot.htm) Chrome/116.0.1938.76 Safari/537.36"
66.249.75.70 - - [04/Nov/2025:16:41:44 -0500] "GET /products/20773790/1000_QL80_.jpg HTTP/1.1" 404 1251 "-" "Googlebot-Image/1.0"
40.77.167.48 - - [04/Nov/2025:16:43:35 -0500] "GET /991239 HTTP/1.1" 404 1251 "-" "Mozilla/5.0 AppleWebKit/537.36 (KHTML, like Gecko; compatible; bingbot/2.0; +http://www.bing.com/bingbot.htm) Chrome/116.0.1938.76 Safari/537.36"
66.249.75.70 - - [04/Nov/2025:16:43:37 -0500] "GET /special/30421110.shtml HTTP/1.1" 404 1251 "-" "Mozilla/5.0 (Linux; Android 6.0.1; Nexus 5X Build/MMB29P) AppleWebKit/537.36 (KHTML, like Gecko) Chrome/141.0.7390.122 Mobile Safari/537.36 (compatible; Googlebot/2.1; +http://www.google.com/bot.html)"
207.46.13.18 - - [04/Nov/2025:16:44:08 -0500] "GET /2951352 HTTP/1.1" 404 1251 "-" "Mozilla/5.0 AppleWebKit/537.36 (KHTML, like Gecko; compatible; bingbot/2.0; +http://www.bing.com/bingbot.htm) Chrome/116.0.1938.76 Safari/537.36"
52.167.144.177 - - [04/Nov/2025:16:45:02 -0500] "GET /1904792 HTTP/1.1" 404 1251 "-" "Mozilla/5.0 AppleWebKit/537.36 (KHTML, like Gecko; compatible; bingbot/2.0; +http://www.bing.com/bingbot.htm) Chrome/116.0.1938.76 Safari/537.36"
52.167.144.177 - - [04/Nov/2025:16:45:22 -0500] "GET /813979 HTTP/1.1" 404 1251 "-" "Mozilla/5.0 AppleWebKit/537.36 (KHTML, like Gecko; compatible; bingbot/2.0; +http://www.bing.com/bingbot.htm) Chrome/116.0.1938.76 Safari/537.36"
66.249.75.72 - - [04/Nov/2025:16:45:26 -0500] "GET /special/23304656.shtml HTTP/1.1" 404 1251 "-" "Mozilla/5.0 (Linux; Android 6.0.1; Nexus 5X Build/MMB29P) AppleWebKit/537.36 (KHTML, like Gecko) Chrome/141.0.7390.122 Mobile Safari/537.36 (compatible; Googlebot/2.1; +http://www.google.com/bot.html)"
66.249.75.71 - - [04/Nov/2025:16:45:59 -0500] "GET /special/87921782.shtml HTTP/1.1" 404 1251 "-" "Mozilla/5.0 (Linux; Android 6.0.1; Nexus 5X Build/MMB29P) AppleWebKit/537.36 (KHTML, like Gecko) Chrome/141.0.7390.122 Mobile Safari/537.36 (compatible; Googlebot/2.1; +http://www.google.com/bot.html)"
66.249.75.70 - - [04/Nov/2025:16:46:09 -0500] "GET /special/240.jpg HTTP/1.1" 404 1251 "-" "Googlebot-Image/1.0"
66.249.75.70 - - [04/Nov/2025:16:47:04 -0500] "GET /special/750_PT0_SX600_V1___.jpg HTTP/1.1" 404 1251 "-" "Googlebot-Image/1.0"
66.249.75.70 - - [04/Nov/2025:16:47:19 -0500] "GET /special/quality_auto/9ad2fc_d99b702961fa42d79393335cbe049737~mv2.jpg HTTP/1.1" 404 1251 "-" "Googlebot-Image/1.0"
66.249.75.70 - - [04/Nov/2025:16:48:39 -0500] "GET /special/height=323/img/x/product/details/20240911/sd6_4d925ef1480fe973c81b4dd37dca3db285abd92c.jpg HTTP/1.1" 404 1251 "-" "Googlebot-Image/1.0"
66.249.75.70 - - [04/Nov/2025:16:48:39 -0500] "GET /special/94565380.shtml HTTP/1.1" 404 1251 "-" "Mozilla/5.0 (compatible; Googlebot/2.1; +http://www.google.com/bot.html)"
66.249.75.70 - - [04/Nov/2025:16:48:42 -0500] "GET /special/93496846.shtml HTTP/1.1" 404 1251 "-" "Mozilla/5.0 (compatible; Googlebot/2.1; +http://www.google.com/bot.html)"
66.249.75.70 - - [04/Nov/2025:16:49:23 -0500] "GET /special/f=webp:auto/sqr/3e/3eb3033585dcec48e99fd4f9d67696ab_640x640_w.jpg HTTP/1.1" 404 1251 "-" "Googlebot-Image/1.0"
66.249.75.71 - - [04/Nov/2025:16:50:07 -0500] "GET /special/66032036.shtml HTTP/1.1" 404 1251 "-" "Mozilla/5.0 (Linux; Android 6.0.1; Nexus 5X Build/MMB29P) AppleWebKit/537.36 (KHTML, like Gecko) Chrome/141.0.7390.122 Mobile Safari/537.36 (compatible; Googlebot/2.1; +http://www.google.com/bot.html)"
66.249.75.71 - - [04/Nov/2025:16:50:13 -0500] "GET /special/height=323/img/x/product/details/20240807/sd1_5a54d627dc32fc19ea81c0795351afe2f0d28676.jpg HTTP/1.1" 404 1251 "-" "Googlebot-Image/1.0"
66.249.75.70 - - [04/Nov/2025:16:50:21 -0500] "GET /special/height=323/img/x/product/details/20230119/sd1_508810fc0011ba636b5dcd4de7a0812c984eeea8.jpg HTTP/1.1" 404 1251 "-" "Googlebot-Image/1.0"
66.249.75.70 - - [04/Nov/2025:16:50:22 -0500] "GET /special/height=323/img/x/product/details/20230119/sd2_cedd6ece9d180500be39253c99f9bcdccb580d41.jpg HTTP/1.1" 404 1251 "-" "Googlebot-Image/1.0"
66.249.75.70 - - [04/Nov/2025:16:50:53 -0500] "GET /products/17891001/1000_QL80_.jpg HTTP/1.1" 404 1251 "-" "Googlebot-Image/1.0"
66.249.75.72 - - [04/Nov/2025:16:51:00 -0500] "GET /special/507x507-pad HTTP/1.1" 404 1251 "-" "Googlebot-Image/1.0"
52.167.144.177 - - [04/Nov/2025:16:51:13 -0500] "GET /300133 HTTP/1.1" 404 1251 "-" "Mozilla/5.0 AppleWebKit/537.36 (KHTML, like Gecko; compatible; bingbot/2.0; +http://www.bing.com/bingbot.htm) Chrome/116.0.1938.76 Safari/537.36"
66.249.75.70 - - [04/Nov/2025:16:51:59 -0500] "GET /special/134147214.shtml HTTP/1.1" 404 1251 "-" "Mozilla/5.0 (Linux; Android 6.0.1; Nexus 5X Build/MMB29P) AppleWebKit/537.36 (KHTML, like Gecko) Chrome/141.0.7390.122 Mobile Safari/537.36 (compatible; GoogleOther)"
66.249.75.70 - - [04/Nov/2025:16:53:34 -0500] "GET /special/height=323/img/x/product/details/20230410/pd_d0fd962e5d0e65a0d32d13c3c48b1076ad2fe9ca.jpg HTTP/1.1" 404 1251 "-" "Googlebot-Image/1.0"
66.249.75.70 - - [04/Nov/2025:16:54:54 -0500] "GET /special/74694076.shtml HTTP/1.1" 404 1251 "-" "Mozilla/5.0 (Linux; Android 6.0.1; Nexus 5X Build/MMB29P) AppleWebKit/537.36 (KHTML, like Gecko) Chrome/141.0.7390.122 Mobile Safari/537.36 (compatible; Googlebot/2.1; +http://www.google.com/bot.html)"
66.249.75.70 - - [04/Nov/2025:16:55:32 -0500] "GET /special/al_c/958419_b9eaecf6678645cca9a1c87e55952e4a~mv2.jpg HTTP/1.1" 404 1251 "-" "Googlebot-Image/1.0"
66.249.75.70 - - [04/Nov/2025:16:55:44 -0500] "GET /products/5793156/ HTTP/1.1" 404 1251 "-" "Mozilla/5.0 (Linux; Android 6.0.1; Nexus 5X Build/MMB29P) AppleWebKit/537.36 (KHTML, like Gecko) Chrome/141.0.7390.122 Mobile Safari/537.36 (compatible; Googlebot/2.1; +http://www.google.com/bot.html)"
207.46.13.130 - - [04/Nov/2025:16:57:19 -0500] "GET /1318129 HTTP/1.1" 404 1251 "-" "Mozilla/5.0 AppleWebKit/537.36 (KHTML, like Gecko; compatible; bingbot/2.0; +http://www.bing.com/bingbot.htm) Chrome/116.0.1938.76 Safari/537.36"
52.167.144.204 - - [04/Nov/2025:16:59:17 -0500] "GET /239649 HTTP/1.1" 404 1251 "-" "Mozilla/5.0 AppleWebKit/537.36 (KHTML, like Gecko; compatible; bingbot/2.0; +http://www.bing.com/bingbot.htm) Chrome/116.0.1938.76 Safari/537.36"
66.249.75.72 - - [04/Nov/2025:17:00:20 -0500] "GET /special/76032994.shtml HTTP/1.1" 404 1251 "-" "Mozilla/5.0 (Linux; Android 6.0.1; Nexus 5X Build/MMB29P) AppleWebKit/537.36 (KHTML, like Gecko) Chrome/141.0.7390.122 Mobile Safari/537.36 (compatible; Googlebot/2.1; +http://www.google.com/bot.html)"
66.249.75.70 - - [04/Nov/2025:17:00:40 -0500] "GET /special/90654740.shtml HTTP/1.1" 404 1251 "-" "Mozilla/5.0 (compatible; Googlebot/2.1; +http://www.google.com/bot.html)"
132.255.133.122 - - [04/Nov/2025:17:01:15 -0500] "GET /special/69282596.shtml HTTP/1.1" 404 1251 "-" "Mozilla/5.0 (Linux; Android 9; SM-G950F) AppleWebKit/537.36 (KHTML, like Gecko) Chrome/108.0.0.0 Mobile Safari/537.36"
40.77.167.70 - - [04/Nov/2025:17:01:55 -0500] "GET /1379466 HTTP/1.1" 404 1251 "-" "Mozilla/5.0 AppleWebKit/537.36 (KHTML, like Gecko; compatible; bingbot/2.0; +http://www.bing.com/bingbot.htm) Chrome/116.0.1938.76 Safari/537.36"
66.249.75.71 - - [04/Nov/2025:17:02:11 -0500] "GET /special/63320044.shtml HTTP/1.1" 404 1251 "-" "Mozilla/5.0 (Linux; Android 6.0.1; Nexus 5X Build/MMB29P) AppleWebKit/537.36 (KHTML, like Gecko) Chrome/141.0.7390.122 Mobile Safari/537.36 (compatible; Googlebot/2.1; +http://www.google.com/bot.html)"
66.249.75.70 - - [04/Nov/2025:17:02:30 -0500] "GET /special/q=75/108032/20240829_181451.jpg HTTP/1.1" 404 1251 "-" "Googlebot-Image/1.0"
66.249.75.70 - - [04/Nov/2025:17:02:41 -0500] "GET /special/63147368.shtml HTTP/1.1" 404 1251 "-" "Mozilla/5.0 (compatible; Googlebot/2.1; +http://www.google.com/bot.html)"
66.249.75.70 - - [04/Nov/2025:17:02:44 -0500] "GET /special/619_PT0_SX970_V1___.jpg HTTP/1.1" 404 1251 "-" "Googlebot-Image/1.0"
66.249.75.70 - - [04/Nov/2025:17:03:12 -0500] "GET /special/t_image_sp_entry/v1/user_image/5a/a2/da6c33ec98d3fa0dbccda970e2f7246e.jpg HTTP/1.1" 404 1251 "-" "Googlebot-Image/1.0"
66.249.75.70 - - [04/Nov/2025:17:03:34 -0500] "GET /special/95203338.shtml HTTP/1.1" 404 1251 "-" "Mozilla/5.0 (Linux; Android 6.0.1; Nexus 5X Build/MMB29P) AppleWebKit/537.36 (KHTML, like Gecko) Chrome/141.0.7390.122 Mobile Safari/537.36 (compatible; Googlebot/2.1; +http://www.google.com/bot.html)"
66.249.75.70 - - [04/Nov/2025:17:03:39 -0500] "GET /special/fit%3Dcrop HTTP/1.1" 404 1251 "-" "Googlebot-Image/1.0"
66.249.75.70 - - [04/Nov/2025:17:04:36 -0500] "GET /events/1000_QL80_.jpg HTTP/1.1" 404 1251 "-" "Googlebot-Image/1.0"
52.167.144.204 - - [04/Nov/2025:17:04:39 -0500] "GET /1296357 HTTP/1.1" 404 1251 "-" "Mozilla/5.0 AppleWebKit/537.36 (KHTML, like Gecko; compatible; bingbot/2.0; +http://www.bing.com/bingbot.htm) Chrome/116.0.1938.76 Safari/537.36"
207.46.13.130 - - [04/Nov/2025:17:05:32 -0500] "GET /409754 HTTP/1.1" 404 1251 "-" "Mozilla/5.0 AppleWebKit/537.36 (KHTML, like Gecko; compatible; bingbot/2.0; +http://www.bing.com/bingbot.htm) Chrome/116.0.1938.76 Safari/537.36"
66.249.75.70 - - [04/Nov/2025:17:05:33 -0500] "GET /special/e_sharpen:60/ProductsAssets/Web/298630-3001_01.png HTTP/1.1" 404 1251 "-" "Googlebot-Image/1.0"
66.249.75.70 - - [04/Nov/2025:17:05:58 -0500] "GET /special/dh=480/item_images/005/100/575/3c6d1daac8e038db6e08296ca543a651c2e94e18.jpg HTTP/1.1" 404 1251 "-" "Googlebot-Image/1.0"
66.249.75.72 - - [04/Nov/2025:17:06:41 -0500] "GET /special/66761408.shtml HTTP/1.1" 404 1251 "-" "Mozilla/5.0 (Linux; Android 6.0.1; Nexus 5X Build/MMB29P) AppleWebKit/537.36 (KHTML, like Gecko) Chrome/141.0.7390.122 Mobile Safari/537.36 (compatible; Googlebot/2.1; +http://www.google.com/bot.html)"
66.249.75.70 - - [04/Nov/2025:17:06:58 -0500] "GET /special/66761408.shtml HTTP/1.1" 404 1251 "-" "Mozilla/5.0 (compatible; Googlebot/2.1; +http://www.google.com/bot.html)"
66.249.75.70 - - [04/Nov/2025:17:07:53 -0500] "GET /special/height=323/img/x/product/details/20250804/sd8_4a57ec78352792b03088cb27c47ef0aa734ef98f.jpg HTTP/1.1" 404 1251 "-" "Googlebot-Image/1.0"
66.249.75.71 - - [04/Nov/2025:17:08:34 -0500] "GET /special/15302892.shtml HTTP/1.1" 404 1251 "-" "Mozilla/5.0 (compatible; Googlebot/2.1; +http://www.google.com/bot.html)"
66.249.75.70 - - [04/Nov/2025:17:09:24 -0500] "GET /products/23342090/ar_1.0 HTTP/1.1" 404 1251 "-" "Googlebot-Image/1.0"
66.249.75.70 - - [04/Nov/2025:17:09:41 -0500] "GET /special/q_auto:good HTTP/1.1" 404 1251 "-" "Googlebot-Image/1.0"
66.249.75.70 - - [04/Nov/2025:17:09:48 -0500] "GET /products/9867867/ HTTP/1.1" 404 1251 "-" "Mozilla/5.0 (compatible; Googlebot/2.1; +http://www.google.com/bot.html)"
157.55.39.192 - - [04/Nov/2025:17:10:16 -0500] "GET /687505 HTTP/1.1" 404 1251 "-" "Mozilla/5.0 AppleWebKit/537.36 (KHTML, like Gecko; compatible; bingbot/2.0; +http://www.bing.com/bingbot.htm) Chrome/116.0.1938.76 Safari/537.36"
66.249.75.70 - - [04/Nov/2025:17:10:46 -0500] "GET /special/82403410.shtml HTTP/1.1" 404 1251 "-" "Mozilla/5.0 (compatible; Googlebot/2.1; +http://www.google.com/bot.html)"
52.167.144.220 - - [04/Nov/2025:17:10:59 -0500] "GET /2397168 HTTP/1.1" 404 1251 "-" "Mozilla/5.0 AppleWebKit/537.36 (KHTML, like Gecko; compatible; bingbot/2.0; +http://www.bing.com/bingbot.htm) Chrome/116.0.1938.76 Safari/537.36"
66.249.75.70 - - [04/Nov/2025:17:11:20 -0500] "GET /special/h_497 HTTP/1.1" 404 1251 "-" "Googlebot-Image/1.0"
66.249.75.70 - - [04/Nov/2025:17:11:32 -0500] "GET /special/fl_progressive:steep/https%3A%2F%2Fsubstack-post-media.s3.amazonaws.com%2Fpublic%2Fimages%2F990f19fd-6248-4e5d-a1dd-2206aab5b268_843x1222.jpeg HTTP/1.1" 404 1251 "-" "Googlebot-Image/1.0"
66.249.75.70 - - [04/Nov/2025:17:11:34 -0500] "GET /special/fl_progressive:steep/https%3A%2F%2Fsubstack-post-media.s3.amazonaws.com%2Fpublic%2Fimages%2Fa4370a2c-87ac-4be7-b122-86f27e2078c2_1516x777.png HTTP/1.1" 404 1251 "-" "Googlebot-Image/1.0"
