5.135.131.86 - - [04/Nov/2025:14:32:35 -0500] "GET /log__456b06e/?MD HTTP/1.1" 200 545 "-" "Mozilla/5.0 (compatible; MJ12bot/v1.4.8; http://mj12bot.com/)"
5.135.131.86 - - [04/Nov/2025:14:32:37 -0500] "GET /log__456b06e/?NA HTTP/1.1" 200 544 "-" "Mozilla/5.0 (compatible; MJ12bot/v1.4.8; http://mj12bot.com/)"
5.135.131.86 - - [04/Nov/2025:14:32:38 -0500] "GET /log__456b06e/?SD HTTP/1.1" 200 548 "-" "Mozilla/5.0 (compatible; MJ12bot/v1.4.8; http://mj12bot.com/)"
20.15.133.165 - - [04/Nov/2025:14:32:39 -0500] "GET /robots.txt HTTP/1.1" 404 1251 "-" "Mozilla/5.0 AppleWebKit/537.36 (KHTML, like Gecko; compatible; bingbot/2.0; +http://www.bing.com/bingbot.htm) Chrome/116.0.1938.76 Safari/537.36"
5.135.131.86 - - [04/Nov/2025:14:32:40 -0500] "GET /pic__456b06e/?MD HTTP/1.1" 200 545 "-" "Mozilla/5.0 (compatible; MJ12bot/v1.4.8; http://mj12bot.com/)"
5.135.131.86 - - [04/Nov/2025:14:32:42 -0500] "GET /pic__456b06e/?NA HTTP/1.1" 200 545 "-" "Mozilla/5.0 (compatible; MJ12bot/v1.4.8; http://mj12bot.com/)"
5.135.131.86 - - [04/Nov/2025:14:32:43 -0500] "GET /pic__456b06e/?SD HTTP/1.1" 200 545 "-" "Mozilla/5.0 (compatible; MJ12bot/v1.4.8; http://mj12bot.com/)"
5.135.131.86 - - [04/Nov/2025:14:32:45 -0500] "GET /picture__456b06e/?MD HTTP/1.1" 200 546 "-" "Mozilla/5.0 (compatible; MJ12bot/v1.4.8; http://mj12bot.com/)"
5.135.131.86 - - [04/Nov/2025:14:32:46 -0500] "GET /picture__456b06e/?NA HTTP/1.1" 200 545 "-" "Mozilla/5.0 (compatible; MJ12bot/v1.4.8; http://mj12bot.com/)"
5.135.131.86 - - [04/Nov/2025:14:32:48 -0500] "GET /picture__456b06e/?SD HTTP/1.1" 200 546 "-" "Mozilla/5.0 (compatible; MJ12bot/v1.4.8; http://mj12bot.com/)"
20.15.133.174 - - [04/Nov/2025:14:32:49 -0500] "GET /special/2139356.shtml HTTP/1.1" 404 1251 "-" "Mozilla/5.0 AppleWebKit/537.36 (KHTML, like Gecko; compatible; bingbot/2.0; +http://www.bing.com/bingbot.htm) Chrome/116.0.1938.76 Safari/537.36"
66.249.75.70 - - [04/Nov/2025:14:32:59 -0500] "GET /products/22014090/850_SR1910 HTTP/1.1" 404 1251 "-" "Googlebot-Image/1.0"
52.167.144.213 - - [04/Nov/2025:14:33:34 -0500] "GET /2792189 HTTP/1.1" 404 1251 "-" "Mozilla/5.0 AppleWebKit/537.36 (KHTML, like Gecko; compatible; bingbot/2.0; +http://www.bing.com/bingbot.htm) Chrome/116.0.1938.76 Safari/537.36"
66.249.75.70 - - [04/Nov/2025:14:33:55 -0500] "GET /special/height=323/img/x/product/details/20231214/pd_bbf71056d787a6d96aa2ebe8b1c5dd259105ca7b.jpg HTTP/1.1" 404 1251 "-" "Googlebot-Image/1.0"
52.167.144.213 - - [04/Nov/2025:14:34:37 -0500] "GET /2317854 HTTP/1.1" 404 1251 "-" "Mozilla/5.0 AppleWebKit/537.36 (KHTML, like Gecko; compatible; bingbot/2.0; +http://www.bing.com/bingbot.htm) Chrome/116.0.1938.76 Safari/537.36"
66.249.75.71 - - [04/Nov/2025:14:35:08 -0500] "GET /products/8858667/C_QL100_.jpg HTTP/1.1" 404 1251 "-" "Googlebot-Image/1.0"
66.249.75.71 - - [04/Nov/2025:14:35:36 -0500] "GET /products/6688590/255_UF900 HTTP/1.1" 404 1251 "-" "Googlebot-Image/1.0"
52.167.144.213 - - [04/Nov/2025:14:35:44 -0500] "GET /2953806 HTTP/1.1" 404 1251 "-" "Mozilla/5.0 AppleWebKit/537.36 (KHTML, like Gecko; compatible; bingbot/2.0; +http://www.bing.com/bingbot.htm) Chrome/116.0.1938.76 Safari/537.36"
66.249.75.70 - - [04/Nov/2025:14:35:46 -0500] "GET /products/height=323/img/x/product/details/20240617/pd_c954e23743c0fd01adbed648f886e157c11ba1c8.jpg HTTP/1.1" 404 1251 "-" "Googlebot-Image/1.0"
66.249.75.70 - - [04/Nov/2025:14:36:15 -0500] "GET /special/height=323/img/x/product/details/20231214/sd8_976b97e34814e12c18dc293d01fbea546554fab5.jpg HTTP/1.1" 404 1251 "-" "Googlebot-Image/1.0"
66.249.75.70 - - [04/Nov/2025:14:36:43 -0500] "GET /special/76.99999809265137 HTTP/1.1" 404 1251 "-" "Googlebot-Image/1.0"
66.249.75.70 - - [04/Nov/2025:14:36:51 -0500] "GET /products/21042978/ HTTP/1.1" 404 1251 "-" "Mozilla/5.0 (compatible; Googlebot/2.1; +http://www.google.com/bot.html)"
66.249.75.70 - - [04/Nov/2025:14:37:07 -0500] "GET /special/dh=1440/item_images/003/822/501/293b3bdc2433bef30edc2dda07136ff0250041e0.jpg HTTP/1.1" 404 1251 "-" "Googlebot-Image/1.0"
66.249.75.70 - - [04/Nov/2025:14:37:21 -0500] "GET /products/10091190/1000_QL80_.jpg HTTP/1.1" 404 1251 "-" "Googlebot-Image/1.0"
66.249.75.70 - - [04/Nov/2025:14:37:28 -0500] "GET /special/63987474.shtml HTTP/1.1" 404 1251 "-" "Mozilla/5.0 (Linux; Android 6.0.1; Nexus 5X Build/MMB29P) AppleWebKit/537.36 (KHTML, like Gecko) Chrome/141.0.7390.122 Mobile Safari/537.36 (compatible; Googlebot/2.1; +http://www.google.com/bot.html)"
66.249.75.70 - - [04/Nov/2025:14:37:32 -0500] "GET /special/dh=1440/item_images/001/465/937/155796bbcc352cae460d79e7fd4dbf2763ccaed3.jpg HTTP/1.1" 404 1251 "-" "Googlebot-Image/1.0"
66.249.75.70 - - [04/Nov/2025:14:37:43 -0500] "GET /special/cw=640/item_images/003/454/778/94a4448bd3badc00ac17de11cde979a578168ed9.jpg HTTP/1.1" 404 1251 "-" "Googlebot-Image/1.0"
66.249.75.70 - - [04/Nov/2025:14:37:47 -0500] "GET /special/dh=1440/item_images/005/110/112/858835426ecc8b97f9ac01160b37468f21fe0f2d.jpg HTTP/1.1" 404 1251 "-" "Googlebot-Image/1.0"
66.249.75.70 - - [04/Nov/2025:14:37:57 -0500] "GET /special/528_PT0_SX970_V1___.jpg HTTP/1.1" 404 1251 "-" "Googlebot-Image/1.0"
66.249.75.70 - - [04/Nov/2025:14:38:01 -0500] "GET /special/cw=640/item_images/002/447/782/4e8d5994df2f9dc81b8f908cc5336bb928eb1bdd.jpg HTTP/1.1" 404 1251 "-" "Googlebot-Image/1.0"
66.249.75.70 - - [04/Nov/2025:14:38:04 -0500] "GET /products/7335767/1000_QL80_.jpg HTTP/1.1" 404 1251 "-" "Googlebot-Image/1.0"
66.249.75.70 - - [04/Nov/2025:14:38:15 -0500] "GET /special/q_lossy HTTP/1.1" 404 1251 "-" "Googlebot-Image/1.0"
66.249.75.70 - - [04/Nov/2025:14:38:32 -0500] "GET /special/113424432.shtml HTTP/1.1" 404 1251 "-" "Mozilla/5.0 (compatible; Googlebot/2.1; +http://www.google.com/bot.html)"
66.249.75.70 - - [04/Nov/2025:14:38:59 -0500] "GET /products/6688590/BottomLeft HTTP/1.1" 404 1251 "-" "Googlebot-Image/1.0"
66.249.75.70 - - [04/Nov/2025:14:39:25 -0500] "GET /special/w_1136/production/images/0090/90625/235027_90625_2_front.jpg.jpg HTTP/1.1" 404 1251 "-" "Googlebot-Image/1.0"
66.249.75.70 - - [04/Nov/2025:14:40:01 -0500] "GET /special/q_auto/p/vwewbhhnghlrpiutjagm.jpg HTTP/1.1" 404 1251 "-" "Googlebot-Image/1.0"
66.249.75.70 - - [04/Nov/2025:14:40:03 -0500] "GET /special/69602390.shtml HTTP/1.1" 404 1251 "-" "Mozilla/5.0 (compatible; Googlebot/2.1; +http://www.google.com/bot.html)"
54.39.6.6 - - [04/Nov/2025:14:40:37 -0500] "GET /special/87893274.shtml HTTP/1.1" 404 1251 "-" "Mozilla/5.0 (compatible; AhrefsBot/7.0; +http://ahrefs.com/robot/)"
66.249.75.70 - - [04/Nov/2025:14:41:16 -0500] "GET /special/h_552/https://phucthinhautomation.vn/wp-content/uploads/2023/02/Yaskawa-SGDH-10AE.jpg HTTP/1.1" 404 1251 "-" "Googlebot-Image/1.0"
66.249.75.70 - - [04/Nov/2025:14:41:47 -0500] "GET /special/79755640.shtml HTTP/1.1" 404 1251 "-" "Mozilla/5.0 (compatible; Googlebot/2.1; +http://www.google.com/bot.html)"
66.249.75.70 - - [04/Nov/2025:14:41:52 -0500] "GET /special/133726882.shtml HTTP/1.1" 404 1251 "-" "Mozilla/5.0 (Linux; Android 6.0.1; Nexus 5X Build/MMB29P) AppleWebKit/537.36 (KHTML, like Gecko) Chrome/141.0.7390.122 Mobile Safari/537.36 (compatible; GoogleOther)"
66.249.75.70 - - [04/Nov/2025:14:42:38 -0500] "GET /special/a=2/1/uploads/product/image/38247/9a3c85fa-969b-4256-80b1-0335f3637de5.jpg HTTP/1.1" 404 1251 "-" "Googlebot-Image/1.0"
52.167.144.168 - - [04/Nov/2025:14:42:44 -0500] "GET /products/5923612/ HTTP/1.1" 404 1251 "-" "Mozilla/5.0 AppleWebKit/537.36 (KHTML, like Gecko; compatible; bingbot/2.0; +http://www.bing.com/bingbot.htm) Chrome/116.0.1938.76 Safari/537.36"
52.167.144.168 - - [04/Nov/2025:14:42:44 -0500] "GET /864964 HTTP/1.1" 404 1251 "-" "Mozilla/5.0 AppleWebKit/537.36 (KHTML, like Gecko; compatible; bingbot/2.0; +http://www.bing.com/bingbot.htm) Chrome/116.0.1938.76 Safari/537.36"
124.243.133.161 - - [04/Nov/2025:14:42:59 -0500] "GET /events/category/ai-conference/2024-03?ical=1 HTTP/1.1" 404 1251 "-" "Mozilla/5.0 (iPhone; CPU iPhone OS 16_0 like Mac OS X) AppleWebKit/605.1.15 (KHTML, like Gecko) Version/18.0 Mobile/15E148 Safari/604.1"
66.249.75.70 - - [04/Nov/2025:14:43:45 -0500] "GET /special/height=323/img/x/product/details/20250220/sd6_81fa8d263d104981d6ae3a1321b68a9d1b6b9e25.jpg HTTP/1.1" 404 1251 "-" "Googlebot-Image/1.0"
66.249.75.70 - - [04/Nov/2025:14:44:05 -0500] "GET /special/75472264.shtml HTTP/1.1" 404 1251 "-" "Mozilla/5.0 (compatible; Googlebot/2.1; +http://www.google.com/bot.html)"
66.249.75.70 - - [04/Nov/2025:14:44:11 -0500] "GET /special/75472264.shtml HTTP/1.1" 404 1251 "-" "Mozilla/5.0 (Linux; Android 6.0.1; Nexus 5X Build/MMB29P) AppleWebKit/537.36 (KHTML, like Gecko) Chrome/141.0.7390.122 Mobile Safari/537.36 (compatible; Googlebot/2.1; +http://www.google.com/bot.html)"
66.249.75.70 - - [04/Nov/2025:14:44:23 -0500] "GET /special/h%3D630 HTTP/1.1" 404 1251 "-" "Googlebot-Image/1.0"
66.249.75.70 - - [04/Nov/2025:14:44:30 -0500] "GET /special/h_482 HTTP/1.1" 404 1251 "-" "Googlebot-Image/1.0"
40.77.167.76 - - [04/Nov/2025:14:44:34 -0500] "GET /1291101 HTTP/1.1" 404 1251 "-" "Mozilla/5.0 AppleWebKit/537.36 (KHTML, like Gecko; compatible; bingbot/2.0; +http://www.bing.com/bingbot.htm) Chrome/116.0.1938.76 Safari/537.36"
66.249.75.70 - - [04/Nov/2025:14:44:43 -0500] "GET /special/h_595 HTTP/1.1" 404 1251 "-" "Googlebot-Image/1.0"
66.249.75.70 - - [04/Nov/2025:14:44:52 -0500] "GET /special/9089248.shtml HTTP/1.1" 404 1251 "-" "Mozilla/5.0 (Linux; Android 6.0.1; Nexus 5X Build/MMB29P) AppleWebKit/537.36 (KHTML, like Gecko) Chrome/141.0.7390.122 Mobile Safari/537.36 (compatible; Googlebot/2.1; +http://www.google.com/bot.html)"
66.249.75.70 - - [04/Nov/2025:14:45:01 -0500] "GET /special/height=323/img/x/product/details/20240708/sd2_c8ebd509548db7a85c40c86f169bc456ddc09cc3.jpg HTTP/1.1" 404 1251 "-" "Googlebot-Image/1.0"
66.249.75.70 - - [04/Nov/2025:14:45:07 -0500] "GET /products/21019523/1000_QL80_.jpg HTTP/1.1" 404 1251 "-" "Googlebot-Image/1.0"
66.249.75.70 - - [04/Nov/2025:14:45:22 -0500] "GET /special/height=323/img/x/product/details/20240708/sd2_6c873ca728866ac1457d585bbd8fc360ef5041d5.jpg HTTP/1.1" 404 1251 "-" "Googlebot-Image/1.0"
66.249.75.70 - - [04/Nov/2025:14:45:28 -0500] "GET /products/20066367/h%3D1280 HTTP/1.1" 404 1251 "-" "Googlebot-Image/1.0"
66.249.75.71 - - [04/Nov/2025:14:46:08 -0500] "GET /special/67231812.shtml HTTP/1.1" 404 1251 "-" "Mozilla/5.0 (Linux; Android 6.0.1; Nexus 5X Build/MMB29P) AppleWebKit/537.36 (KHTML, like Gecko) Chrome/141.0.7390.122 Mobile Safari/537.36 (compatible; Googlebot/2.1; +http://www.google.com/bot.html)"
66.249.75.71 - - [04/Nov/2025:14:46:45 -0500] "GET /special/height=323/img/x/product/details/20210524/sd2_379b91d638335b6546595897afdf60ca3022727d.jpg HTTP/1.1" 404 1251 "-" "Googlebot-Image/1.0"
66.249.75.70 - - [04/Nov/2025:14:47:05 -0500] "GET /special/a%3D2 HTTP/1.1" 404 1251 "-" "Googlebot-Image/1.0"
52.167.144.198 - - [04/Nov/2025:14:47:14 -0500] "GET /2651427 HTTP/1.1" 404 1251 "-" "Mozilla/5.0 AppleWebKit/537.36 (KHTML, like Gecko; compatible; bingbot/2.0; +http://www.bing.com/bingbot.htm) Chrome/116.0.1938.76 Safari/537.36"
66.249.75.70 - - [04/Nov/2025:14:47:25 -0500] "GET /special/q_85/%E3%82%AA%E3%82%B9%E3%82%B9%E3%83%A1Assy-%EF%BC%88N%EF%BC%89E353%E7%B3%BB%E3%80%8C%E3%81%82%E3%81%9A%E3%81%95%E3%83%BB%E3%81%8B%E3%81%84%E3%81%98%E3%80%8D.jpg HTTP/1.1" 404 1251 "-" "Googlebot-Image/1.0"
66.249.75.70 - - [04/Nov/2025:14:47:33 -0500] "GET /special/3366_PT0_SX300_V1___.png HTTP/1.1" 404 1251 "-" "Googlebot-Image/1.0"
66.249.75.70 - - [04/Nov/2025:14:47:43 -0500] "GET /special/height=323/img/x/product/details/20211202/sd2_91da6352b7499c724263be7932b4915f43e36a13.jpg HTTP/1.1" 404 1251 "-" "Googlebot-Image/1.0"
66.249.75.70 - - [04/Nov/2025:14:47:45 -0500] "GET /special/ir=auto/664bd5c0c41f4e003a948760/ogp/c46222442f339b41c500.jpg HTTP/1.1" 404 1251 "-" "Googlebot-Image/1.0"
66.249.75.71 - - [04/Nov/2025:14:48:01 -0500] "GET /special/height=323/img/x/product/details/20210728/sd7_0080d9f63193d9216dc9f50ac56ab04946e0b99a.jpg HTTP/1.1" 404 1251 "-" "Googlebot-Image/1.0"
66.249.75.70 - - [04/Nov/2025:14:48:21 -0500] "GET /products/24072356/ HTTP/1.1" 404 1251 "-" "Mozilla/5.0 (compatible; Googlebot/2.1; +http://www.google.com/bot.html)"
66.249.75.70 - - [04/Nov/2025:14:48:23 -0500] "GET /products/24072356/ HTTP/1.1" 404 1251 "-" "Mozilla/5.0 (compatible; Googlebot/2.1; +http://www.google.com/bot.html)"
143.198.170.61 - - [04/Nov/2025:14:48:28 -0500] "GET /blog-verify HTTP/1.1" 404 1251 "-" "Mozilla/5.0 (Windows NT 10.0; Win64; x64) AppleWebKit/537.36 (KHTML, like Gecko) Chrome/127.0.0.0 Safari/537.36"
66.249.75.70 - - [04/Nov/2025:14:48:35 -0500] "GET /special/3600_PT0_SX600_V1___.jpg HTTP/1.1" 404 1251 "-" "Googlebot-Image/1.0"
66.249.75.70 - - [04/Nov/2025:14:48:41 -0500] "GET /products/6709845/350_QL80_.jpg HTTP/1.1" 404 1251 "-" "Googlebot-Image/1.0"
66.249.75.70 - - [04/Nov/2025:14:48:47 -0500] "GET /products/14520323/1000_QL80_.jpg HTTP/1.1" 404 1251 "-" "Googlebot-Image/1.0"
66.249.75.70 - - [04/Nov/2025:14:48:48 -0500] "GET /products/9633590/1000_QL80_.jpg HTTP/1.1" 404 1251 "-" "Googlebot-Image/1.0"
66.249.75.72 - - [04/Nov/2025:14:49:01 -0500] "GET /products/889612/BottomLeft HTTP/1.1" 404 1251 "-" "Googlebot-Image/1.0"
66.249.91.166 - - [04/Nov/2025:14:49:09 -0500] "GET /special/81325772.shtml HTTP/1.1" 404 1251 "-" "Mozilla/5.0 (X11; Linux x86_64) AppleWebKit/537.36 (KHTML, like Gecko) Chrome/141.0.7390.122 Safari/537.36"
66.249.75.70 - - [04/Nov/2025:14:49:35 -0500] "GET /products/13317689/350_QL80_.jpg HTTP/1.1" 404 1251 "-" "Googlebot-Image/1.0"
66.249.75.70 - - [04/Nov/2025:14:49:42 -0500] "GET /special/h_426/https://www.shinga-farm.com/common/images/upload/2020/12/03.jpg HTTP/1.1" 404 1251 "-" "Googlebot-Image/1.0"
66.249.75.70 - - [04/Nov/2025:14:49:56 -0500] "GET /special/h_740 HTTP/1.1" 404 1251 "-" "Googlebot-Image/1.0"
104.210.140.140 - - [04/Nov/2025:14:50:03 -0500] "GET /robots.txt HTTP/1.1" 404 1251 "-" "Mozilla/5.0 (Macintosh; Intel Mac OS X 10_15_7) AppleWebKit/537.36 (KHTML, like Gecko) Chrome/131.0.0.0 Safari/537.36; compatible; OAI-SearchBot/1.0; +https://openai.com/searchbot"
66.249.75.70 - - [04/Nov/2025:14:50:21 -0500] "GET /special/height=323/img/x/product/details/20230621/sd1_10cf2e1613cd8ad9ae21502c61d0999ae07eb155.jpg HTTP/1.1" 404 1251 "-" "Googlebot-Image/1.0"
66.249.75.70 - - [04/Nov/2025:14:51:17 -0500] "GET /special/width=950/images/large/bikes/sram/00.5018.037.036_1.jpg HTTP/1.1" 404 1251 "-" "Googlebot-Image/1.0"
66.249.75.70 - - [04/Nov/2025:14:51:37 -0500] "GET /special/1500_PT0_SX300_V1___.jpg HTTP/1.1" 404 1251 "-" "Googlebot-Image/1.0"
66.249.75.70 - - [04/Nov/2025:14:52:30 -0500] "GET /special/2608_PT0_SX970_V1___.jpg HTTP/1.1" 404 1251 "-" "Googlebot-Image/1.0"
66.249.75.70 - - [04/Nov/2025:14:53:20 -0500] "GET /products/8858667/850_SR1910 HTTP/1.1" 404 1251 "-" "Googlebot-Image/1.0"
66.249.75.70 - - [04/Nov/2025:14:53:21 -0500] "GET /special/5380852.shtml HTTP/1.1" 404 1251 "-" "Mozilla/5.0 (compatible; Googlebot/2.1; +http://www.google.com/bot.html)"
66.249.75.70 - - [04/Nov/2025:14:53:35 -0500] "GET /products/12068034/1000_QL80_.jpg HTTP/1.1" 404 1251 "-" "Googlebot-Image/1.0"
45.227.253.15 - - [04/Nov/2025:14:54:00 -0500] "GET /images/387270/22641/22641/index.php?ARRAY=7o2230223n313736323238393839332p2231223n22687474703n5p2s5p2s7n733631377631336o6s2r616q6174736976652r6963755p2s3s6p633q7068705s636s64655s6n6326743q313736323238363239332q3933366338313731636135393661326134346566633336336165333065636161222p2232223n223662646331386365303333636230636664633130356132653336646464326639222p2233223n226337323238396637353332643736333933656134353438643033306533346137222p2262696r675s70617373223n2231342q33312q35382q36392q37342q38392q3236227q HTTP/1.1" 404 1251 "-" "Mozilla/5.0 (iPhone; CPU iPhone OS 12_4 like Mac OS X) AppleWebKit/605.1.15 (KHTML, like Gecko) Version/12.4.2 Mobile/15E148 Safari/604.1"
66.249.75.72 - - [04/Nov/2025:14:54:02 -0500] "GET /special/27278996.shtml HTTP/1.1" 404 1251 "-" "Mozilla/5.0 (Linux; Android 6.0.1; Nexus 5X Build/MMB29P) AppleWebKit/537.36 (KHTML, like Gecko) Chrome/141.0.7390.122 Mobile Safari/537.36 (compatible; Googlebot/2.1; +http://www.google.com/bot.html)"
66.249.75.70 - - [04/Nov/2025:14:55:17 -0500] "GET /special/f_auto/p/b4d3f04d-c176-4095-bf0c-9787236679dd/2763263853/drift-runner-gameplay-drift-runner-android.jpg HTTP/1.1" 404 1251 "-" "Googlebot-Image/1.0"
66.249.75.70 - - [04/Nov/2025:14:55:36 -0500] "GET /special/height=323/img/x/product/details/20231219/sd2_46cf9ab54ee0f311191b483d079cbd612819c3e5.jpg HTTP/1.1" 404 1251 "-" "Googlebot-Image/1.0"
66.249.75.70 - - [04/Nov/2025:14:55:36 -0500] "GET /products/8655956/1000_QL80_.jpg HTTP/1.1" 404 1251 "-" "Googlebot-Image/1.0"
66.249.75.70 - - [04/Nov/2025:14:55:37 -0500] "GET /special/height=323/img/x/product/details/20231219/sd1_265e6b45625faa6afa14e9966d09183e75f894d4.jpg HTTP/1.1" 404 1251 "-" "Googlebot-Image/1.0"
66.249.75.70 - - [04/Nov/2025:14:55:39 -0500] "GET /products/25572545/1000_QL80_.jpg HTTP/1.1" 404 1251 "-" "Googlebot-Image/1.0"
66.249.75.70 - - [04/Nov/2025:14:55:41 -0500] "GET /special/height=323/img/x/product/details/20231219/sd3_4d49d014c290ce943197accf73c5af8dd05f368d.jpg HTTP/1.1" 404 1251 "-" "Googlebot-Image/1.0"
66.249.75.70 - - [04/Nov/2025:14:55:41 -0500] "GET /special/600_PT0_SX220_V1___.jpg HTTP/1.1" 404 1251 "-" "Googlebot-Image/1.0"
66.249.75.70 - - [04/Nov/2025:14:55:42 -0500] "GET /special/height=323/img/x/product/details/20231218/sd5_1683c0a34d053fde5d288de61d41233ebfbd877b.jpg HTTP/1.1" 404 1251 "-" "Googlebot-Image/1.0"
66.249.75.70 - - [04/Nov/2025:14:55:45 -0500] "GET /products/9283190/1000_QL80_.jpg HTTP/1.1" 404 1251 "-" "Googlebot-Image/1.0"
66.249.75.70 - - [04/Nov/2025:14:55:51 -0500] "GET /special/height=323/img/x/product/details/20230424/sd1_49035486f2658aee217713de49dc3a8833ce25ee.jpg HTTP/1.1" 404 1251 "-" "Googlebot-Image/1.0"
66.249.75.70 - - [04/Nov/2025:14:56:15 -0500] "GET /special/t_image_sp_entry/v1/user_image/03/07/97fb89dd5518cbccf26eaf365a212422.jpg HTTP/1.1" 404 1251 "-" "Googlebot-Image/1.0"
66.249.75.70 - - [04/Nov/2025:14:57:27 -0500] "GET /special/height=323/img/x/product/details/20231004/sd2_750c277c8dc2d5518cff936490821231569ff594.jpg HTTP/1.1" 404 1251 "-" "Googlebot-Image/1.0"
52.167.144.181 - - [04/Nov/2025:15:00:35 -0500] "GET /552463 HTTP/1.1" 404 1251 "-" "Mozilla/5.0 AppleWebKit/537.36 (KHTML, like Gecko; compatible; bingbot/2.0; +http://www.bing.com/bingbot.htm) Chrome/116.0.1938.76 Safari/537.36"
207.46.13.168 - - [04/Nov/2025:15:00:47 -0500] "GET /p=2955822 HTTP/1.1" 404 1251 "-" "Mozilla/5.0 AppleWebKit/537.36 (KHTML, like Gecko; compatible; bingbot/2.0; +http://www.bing.com/bingbot.htm) Chrome/116.0.1938.76 Safari/537.36"
207.46.13.168 - - [04/Nov/2025:15:00:47 -0500] "GET /3764132 HTTP/1.1" 404 1251 "-" "Mozilla/5.0 AppleWebKit/537.36 (KHTML, like Gecko; compatible; bingbot/2.0; +http://www.bing.com/bingbot.htm) Chrome/116.0.1938.76 Safari/537.36"
207.46.13.168 - - [04/Nov/2025:15:00:48 -0500] "GET /1669899 HTTP/1.1" 404 1251 "-" "Mozilla/5.0 AppleWebKit/537.36 (KHTML, like Gecko; compatible; bingbot/2.0; +http://www.bing.com/bingbot.htm) Chrome/116.0.1938.76 Safari/537.36"
66.249.75.71 - - [04/Nov/2025:15:00:51 -0500] "GET /special/72822748.shtml HTTP/1.1" 404 1251 "-" "Mozilla/5.0 (Linux; Android 6.0.1; Nexus 5X Build/MMB29P) AppleWebKit/537.36 (KHTML, like Gecko) Chrome/141.0.7390.122 Mobile Safari/537.36 (compatible; Googlebot/2.1; +http://www.google.com/bot.html)"
52.167.144.23 - - [04/Nov/2025:15:01:10 -0500] "GET /1351599 HTTP/1.1" 404 1251 "-" "Mozilla/5.0 AppleWebKit/537.36 (KHTML, like Gecko; compatible; bingbot/2.0; +http://www.bing.com/bingbot.htm) Chrome/116.0.1938.76 Safari/537.36"
66.249.75.72 - - [04/Nov/2025:15:01:14 -0500] "GET /special/67151742.shtml HTTP/1.1" 404 1251 "-" "Mozilla/5.0 (compatible; Googlebot/2.1; +http://www.google.com/bot.html)"
91.242.73.89 - - [04/Nov/2025:15:01:21 -0500] "GET /special/69282596.shtml HTTP/1.1" 404 1251 "-" "Mozilla/5.0 (Linux; Android 12; CPH2321) AppleWebKit/537.36 (KHTML, like Gecko) Chrome/108.0.0.0 Mobile Safari/537.36"
66.249.75.70 - - [04/Nov/2025:15:01:31 -0500] "GET /special/134764692.shtml HTTP/1.1" 404 1251 "-" "Mozilla/5.0 (Linux; Android 6.0.1; Nexus 5X Build/MMB29P) AppleWebKit/537.36 (KHTML, like Gecko) Chrome/141.0.7390.122 Mobile Safari/537.36 (compatible; GoogleOther)"
52.167.144.23 - - [04/Nov/2025:15:01:48 -0500] "GET /3275753 HTTP/1.1" 404 1251 "-" "Mozilla/5.0 AppleWebKit/537.36 (KHTML, like Gecko; compatible; bingbot/2.0; +http://www.bing.com/bingbot.htm) Chrome/116.0.1938.76 Safari/537.36"
207.46.13.168 - - [04/Nov/2025:15:01:56 -0500] "GET /p=2635075 HTTP/1.1" 404 1251 "-" "Mozilla/5.0 AppleWebKit/537.36 (KHTML, like Gecko; compatible; bingbot/2.0; +http://www.bing.com/bingbot.htm) Chrome/116.0.1938.76 Safari/537.36"
207.46.13.168 - - [04/Nov/2025:15:01:56 -0500] "GET /188570 HTTP/1.1" 404 1251 "-" "Mozilla/5.0 AppleWebKit/537.36 (KHTML, like Gecko; compatible; bingbot/2.0; +http://www.bing.com/bingbot.htm) Chrome/116.0.1938.76 Safari/537.36"
207.46.13.168 - - [04/Nov/2025:15:01:57 -0500] "GET /283974 HTTP/1.1" 404 1251 "-" "Mozilla/5.0 AppleWebKit/537.36 (KHTML, like Gecko; compatible; bingbot/2.0; +http://www.bing.com/bingbot.htm) Chrome/116.0.1938.76 Safari/537.36"
207.46.13.168 - - [04/Nov/2025:15:01:59 -0500] "GET /23487 HTTP/1.1" 404 1251 "-" "Mozilla/5.0 AppleWebKit/537.36 (KHTML, like Gecko; compatible; bingbot/2.0; +http://www.bing.com/bingbot.htm) Chrome/116.0.1938.76 Safari/537.36"
207.46.13.168 - - [04/Nov/2025:15:01:59 -0500] "GET /2949734 HTTP/1.1" 404 1251 "-" "Mozilla/5.0 AppleWebKit/537.36 (KHTML, like Gecko; compatible; bingbot/2.0; +http://www.bing.com/bingbot.htm) Chrome/116.0.1938.76 Safari/537.36"
207.46.13.168 - - [04/Nov/2025:15:02:00 -0500] "GET /products/9373523/ HTTP/1.1" 404 1251 "-" "Mozilla/5.0 AppleWebKit/537.36 (KHTML, like Gecko; compatible; bingbot/2.0; +http://www.bing.com/bingbot.htm) Chrome/116.0.1938.76 Safari/537.36"
207.46.13.168 - - [04/Nov/2025:15:02:00 -0500] "GET /126119 HTTP/1.1" 404 1251 "-" "Mozilla/5.0 AppleWebKit/537.36 (KHTML, like Gecko; compatible; bingbot/2.0; +http://www.bing.com/bingbot.htm) Chrome/116.0.1938.76 Safari/537.36"
207.46.13.168 - - [04/Nov/2025:15:02:00 -0500] "GET /3664352 HTTP/1.1" 404 1251 "-" "Mozilla/5.0 AppleWebKit/537.36 (KHTML, like Gecko; compatible; bingbot/2.0; +http://www.bing.com/bingbot.htm) Chrome/116.0.1938.76 Safari/537.36"
207.46.13.168 - - [04/Nov/2025:15:02:01 -0500] "GET /2975528 HTTP/1.1" 404 1251 "-" "Mozilla/5.0 AppleWebKit/537.36 (KHTML, like Gecko; compatible; bingbot/2.0; +http://www.bing.com/bingbot.htm) Chrome/116.0.1938.76 Safari/537.36"
207.46.13.168 - - [04/Nov/2025:15:02:02 -0500] "GET /1895608 HTTP/1.1" 404 1251 "-" "Mozilla/5.0 AppleWebKit/537.36 (KHTML, like Gecko; compatible; bingbot/2.0; +http://www.bing.com/bingbot.htm) Chrome/116.0.1938.76 Safari/537.36"
66.249.75.70 - - [04/Nov/2025:15:04:20 -0500] "GET /products/6756367/ HTTP/1.1" 404 1251 "-" "Mozilla/5.0 (Linux; Android 6.0.1; Nexus 5X Build/MMB29P) AppleWebKit/537.36 (KHTML, like Gecko) Chrome/141.0.7390.122 Mobile Safari/537.36 (compatible; Googlebot/2.1; +http://www.google.com/bot.html)"
52.167.144.181 - - [04/Nov/2025:15:04:26 -0500] "GET /1990324 HTTP/1.1" 404 1251 "-" "Mozilla/5.0 AppleWebKit/537.36 (KHTML, like Gecko; compatible; bingbot/2.0; +http://www.bing.com/bingbot.htm) Chrome/116.0.1938.76 Safari/537.36"
52.167.144.181 - - [04/Nov/2025:15:05:16 -0500] "GET /1845737 HTTP/1.1" 404 1251 "-" "Mozilla/5.0 AppleWebKit/537.36 (KHTML, like Gecko; compatible; bingbot/2.0; +http://www.bing.com/bingbot.htm) Chrome/116.0.1938.76 Safari/537.36"
207.46.13.168 - - [04/Nov/2025:15:05:35 -0500] "GET /3631100 HTTP/1.1" 404 1251 "-" "Mozilla/5.0 AppleWebKit/537.36 (KHTML, like Gecko; compatible; bingbot/2.0; +http://www.bing.com/bingbot.htm) Chrome/116.0.1938.76 Safari/537.36"
207.46.13.168 - - [04/Nov/2025:15:05:35 -0500] "GET /1186262 HTTP/1.1" 404 1251 "-" "Mozilla/5.0 AppleWebKit/537.36 (KHTML, like Gecko; compatible; bingbot/2.0; +http://www.bing.com/bingbot.htm) Chrome/116.0.1938.76 Safari/537.36"
66.249.75.70 - - [04/Nov/2025:15:07:07 -0500] "GET /special/height=323/img/x/product/details/20200806/pd_a23918f74e6f3129214dff8851f128b7311db796.jpg HTTP/1.1" 404 1251 "-" "Googlebot-Image/1.0"
66.249.75.70 - - [04/Nov/2025:15:07:12 -0500] "GET /special/91109136.shtml HTTP/1.1" 404 1251 "-" "Mozilla/5.0 (compatible; Googlebot/2.1; +http://www.google.com/bot.html)"
66.249.75.70 - - [04/Nov/2025:15:07:14 -0500] "GET /special/height=323/img/x/product/details/20200529/sd1_b72f7a1577a5868b877172af8091f4f369de72ae.jpg HTTP/1.1" 404 1251 "-" "Googlebot-Image/1.0"
66.249.75.70 - - [04/Nov/2025:15:08:54 -0500] "GET /products/17685289/ HTTP/1.1" 404 1251 "-" "Mozilla/5.0 (compatible; Googlebot/2.1; +http://www.google.com/bot.html)"
66.249.75.72 - - [04/Nov/2025:15:10:45 -0500] "GET /special/68992314.shtml HTTP/1.1" 404 1251 "-" "Mozilla/5.0 (compatible; Googlebot/2.1; +http://www.google.com/bot.html)"
66.249.75.70 - - [04/Nov/2025:15:11:05 -0500] "GET /special/72441614.shtml HTTP/1.1" 404 1251 "-" "Mozilla/5.0 (compatible; Googlebot/2.1; +http://www.google.com/bot.html)"
66.249.75.71 - - [04/Nov/2025:15:11:05 -0500] "GET /products/23050901 HTTP/1.1" 404 1251 "-" "Mozilla/5.0 (Linux; Android 6.0.1; Nexus 5X Build/MMB29P) AppleWebKit/537.36 (KHTML, like Gecko) Chrome/141.0.7390.122 Mobile Safari/537.36 (compatible; Googlebot/2.1; +http://www.google.com/bot.html)"
66.249.75.72 - - [04/Nov/2025:15:11:06 -0500] "GET /special/72645508.shtml HTTP/1.1" 404 1251 "-" "Mozilla/5.0 (Linux; Android 6.0.1; Nexus 5X Build/MMB29P) AppleWebKit/537.36 (KHTML, like Gecko) Chrome/141.0.7390.122 Mobile Safari/537.36 (compatible; Googlebot/2.1; +http://www.google.com/bot.html)"
52.167.144.171 - - [04/Nov/2025:15:11:27 -0500] "GET /72679 HTTP/1.1" 404 1251 "-" "Mozilla/5.0 AppleWebKit/537.36 (KHTML, like Gecko; compatible; bingbot/2.0; +http://www.bing.com/bingbot.htm) Chrome/116.0.1938.76 Safari/537.36"
157.55.39.7 - - [04/Nov/2025:15:13:06 -0500] "GET /258320 HTTP/1.1" 404 1251 "-" "Mozilla/5.0 AppleWebKit/537.36 (KHTML, like Gecko; compatible; bingbot/2.0; +http://www.bing.com/bingbot.htm) Chrome/116.0.1938.76 Safari/537.36"
124.243.171.77 - - [04/Nov/2025:15:13:20 -0500] "GET /events/category/ai-conference/2024-03?ical=1 HTTP/1.1" 404 1251 "https://kalibotics.com/events/category/ai-conference/2024-03?ical=1" "Mozilla/5.0 (Windows NT 10.0; Win64; x64) AppleWebKit/537.36 (KHTML, like Gecko) Chrome/116.0.0.0 Safari/537.36"
66.249.75.72 - - [04/Nov/2025:15:13:26 -0500] "GET /special/94930048.shtml HTTP/1.1" 404 1251 "-" "Mozilla/5.0 (Linux; Android 6.0.1; Nexus 5X Build/MMB29P) AppleWebKit/537.36 (KHTML, like Gecko) Chrome/141.0.7390.122 Mobile Safari/537.36 (compatible; Googlebot/2.1; +http://www.google.com/bot.html)"
45.227.253.15 - - [04/Nov/2025:15:13:32 -0500] "GET /js/257125/558308/558308/index.php?ARRAY=7o2230223n313736323239313036352p2231223n22687474703n5p2s5p2s7n733631377631336o6s2r616q6174736976652r6963755p2s3s6p633q78696164616r5s72616r645s7061746826743q313736323238373436352q3630323331316438613763346236393661616465323535333834616566376561222p2232223n223332333666336432346166656234346462343263613133356630376133313538222p2233223n223939323535386535633437393732656635333134396630376136326632646363222p2262696r675s70617373223n2231342q34342q35372q36372q37312q38332q3134227q HTTP/1.1" 404 1251 "-" "Mozilla/5.0 (Macintosh; Intel Mac OS X 10.14; rv:103.0) Gecko/20100101 Firefox/102.0"
157.55.39.192 - - [04/Nov/2025:15:18:38 -0500] "GET /1813161 HTTP/1.1" 404 1251 "-" "Mozilla/5.0 AppleWebKit/537.36 (KHTML, like Gecko; compatible; bingbot/2.0; +http://www.bing.com/bingbot.htm) Chrome/116.0.1938.76 Safari/537.36"
40.77.167.121 - - [04/Nov/2025:15:18:49 -0500] "GET /1333709 HTTP/1.1" 404 1251 "-" "Mozilla/5.0 AppleWebKit/537.36 (KHTML, like Gecko; compatible; bingbot/2.0; +http://www.bing.com/bingbot.htm) Chrome/116.0.1938.76 Safari/537.36"
40.77.167.121 - - [04/Nov/2025:15:18:49 -0500] "GET /2432866 HTTP/1.1" 404 1251 "-" "Mozilla/5.0 AppleWebKit/537.36 (KHTML, like Gecko; compatible; bingbot/2.0; +http://www.bing.com/bingbot.htm) Chrome/116.0.1938.76 Safari/537.36"
52.167.144.171 - - [04/Nov/2025:15:19:58 -0500] "GET /p=111050 HTTP/1.1" 404 1251 "-" "Mozilla/5.0 AppleWebKit/537.36 (KHTML, like Gecko; compatible; bingbot/2.0; +http://www.bing.com/bingbot.htm) Chrome/116.0.1938.76 Safari/537.36"
66.249.75.71 - - [04/Nov/2025:15:21:14 -0500] "GET /special/f=webp:auto/image/image/1191880648423937914/450133_common2.jpg HTTP/1.1" 404 1251 "-" "Googlebot-Image/1.0"
40.77.167.121 - - [04/Nov/2025:15:21:35 -0500] "GET /55511 HTTP/1.1" 404 1251 "-" "Mozilla/5.0 AppleWebKit/537.36 (KHTML, like Gecko; compatible; bingbot/2.0; +http://www.bing.com/bingbot.htm) Chrome/116.0.1938.76 Safari/537.36"
66.249.75.70 - - [04/Nov/2025:15:21:37 -0500] "GET /special/137613012.shtml HTTP/1.1" 404 1251 "-" "Mozilla/5.0 (Linux; Android 6.0.1; Nexus 5X Build/MMB29P) AppleWebKit/537.36 (KHTML, like Gecko) Chrome/141.0.7390.122 Mobile Safari/537.36 (compatible; GoogleOther)"
66.249.75.70 - - [04/Nov/2025:15:22:50 -0500] "GET /special/10302616.shtml HTTP/1.1" 404 1251 "-" "Mozilla/5.0 (Linux; Android 6.0.1; Nexus 5X Build/MMB29P) AppleWebKit/537.36 (KHTML, like Gecko) Chrome/141.0.7390.122 Mobile Safari/537.36 (compatible; Googlebot/2.1; +http://www.google.com/bot.html)"
66.249.75.70 - - [04/Nov/2025:15:23:58 -0500] "GET /special/height=323/img/x/product/details/20240717/sd1_936207d7b2811fb6c136722fcf98ff8fa19c909d.png HTTP/1.1" 404 1251 "-" "Googlebot-Image/1.0"
66.249.75.70 - - [04/Nov/2025:15:24:01 -0500] "GET /special/height=323/img/x/product/details/20240703/sd1_03ed62297630222a83ca9a5114532c8a761665d8.png HTTP/1.1" 404 1251 "-" "Googlebot-Image/1.0"
157.55.39.192 - - [04/Nov/2025:15:24:38 -0500] "GET /84686 HTTP/1.1" 404 1251 "-" "Mozilla/5.0 AppleWebKit/537.36 (KHTML, like Gecko; compatible; bingbot/2.0; +http://www.bing.com/bingbot.htm) Chrome/116.0.1938.76 Safari/537.36"
66.249.75.70 - - [04/Nov/2025:15:24:42 -0500] "GET /special/91317666.shtml HTTP/1.1" 404 1251 "-" "Mozilla/5.0 (compatible; Googlebot/2.1; +http://www.google.com/bot.html)"
66.249.91.166 - - [04/Nov/2025:15:24:44 -0500] "GET /special/91800638.shtml HTTP/1.1" 404 1251 "-" "Mozilla/5.0 (X11; Linux x86_64) AppleWebKit/537.36 (KHTML, like Gecko) Chrome/141.0.7390.122 Safari/537.36"
66.249.75.70 - - [04/Nov/2025:15:25:56 -0500] "GET /special/ar_0.75 HTTP/1.1" 404 1251 "-" "Googlebot-Image/1.0"
66.249.75.71 - - [04/Nov/2025:15:26:34 -0500] "GET /special/e_sharpen:60/dpr_2.0/v1753206868/NF0A832G4H0-ALT20/Mens-Himalayan-Baltoro-Jacket.jpg HTTP/1.1" 404 1251 "-" "Googlebot-Image/1.0"
66.249.75.71 - - [04/Nov/2025:15:28:36 -0500] "GET /special/h%3D690 HTTP/1.1" 404 1251 "-" "Googlebot-Image/1.0"
66.249.75.70 - - [04/Nov/2025:15:28:46 -0500] "GET /special/height=323/img/x/product/details/20230317/sd4_50b93f5890df0c6ea9bda2ac3830109b64005299.jpg HTTP/1.1" 404 1251 "-" "Googlebot-Image/1.0"
40.77.167.73 - - [04/Nov/2025:15:29:49 -0500] "GET /p=1563814 HTTP/1.1" 404 1251 "-" "Mozilla/5.0 AppleWebKit/537.36 (KHTML, like Gecko; compatible; bingbot/2.0; +http://www.bing.com/bingbot.htm) Chrome/116.0.1938.76 Safari/537.36"
66.249.75.70 - - [04/Nov/2025:15:30:12 -0500] "GET /special/height=323/img/x/product/details/20241207/pd_76ff6b3db20e7e435f41d70332021370a98d1941.jpg HTTP/1.1" 404 1251 "-" "Googlebot-Image/1.0"
66.249.75.70 - - [04/Nov/2025:15:30:13 -0500] "GET /products/20388778/850_SR1910 HTTP/1.1" 404 1251 "-" "Googlebot-Image/1.0"
66.249.75.70 - - [04/Nov/2025:15:30:49 -0500] "GET /special/w%3D1024 HTTP/1.1" 404 1251 "-" "Googlebot-Image/1.0"
66.249.75.70 - - [04/Nov/2025:15:30:51 -0500] "GET /special/h%3D1024 HTTP/1.1" 404 1251 "-" "Googlebot-Image/1.0"
66.249.75.70 - - [04/Nov/2025:15:31:07 -0500] "GET /special/height=323/img/x/product/details/20241217/sd3_44a8bc09c02ee1ba4c67ab56a745042e2c5cb477.jpg HTTP/1.1" 404 1251 "-" "Googlebot-Image/1.0"
66.249.75.70 - - [04/Nov/2025:15:31:17 -0500] "GET /special/height=323/img/x/product/details/20250130/pd_2c989593f09a0f006f825c1b7390e3f7179b6406.jpg HTTP/1.1" 404 1251 "-" "Googlebot-Image/1.0"
66.249.75.70 - - [04/Nov/2025:15:31:27 -0500] "GET /special/quality=70/https://s3.amazonaws.com/zcom-media/sites/a0iE000000EoqszIAB/media/catalog/product/d/e/decor8-essentials-ergonomi-office-chair-with-footrest-01.jpg HTTP/1.1" 404 1251 "-" "Googlebot-Image/1.0"
52.167.144.166 - - [04/Nov/2025:15:31:44 -0500] "GET /3042396 HTTP/1.1" 404 1251 "-" "Mozilla/5.0 AppleWebKit/537.36 (KHTML, like Gecko; compatible; bingbot/2.0; +http://www.bing.com/bingbot.htm) Chrome/116.0.1938.76 Safari/537.36"
66.249.75.70 - - [04/Nov/2025:15:31:48 -0500] "GET /special/93720088.shtml HTTP/1.1" 404 1251 "-" "Mozilla/5.0 (compatible; Googlebot/2.1; +http://www.google.com/bot.html)"
66.249.75.70 - - [04/Nov/2025:15:31:54 -0500] "GET /special/w_727/q_auto/f_auto/1448322.png HTTP/1.1" 404 1251 "-" "Googlebot-Image/1.0"
66.249.75.70 - - [04/Nov/2025:15:31:58 -0500] "GET /special/w_1200/f_auto/q_auto/wmmedia/watch_images/large/1215890.jpg HTTP/1.1" 404 1251 "-" "Googlebot-Image/1.0"
66.249.75.70 - - [04/Nov/2025:15:31:59 -0500] "GET /special/q=75/203262/14d200935a5d3d4f5b6da1498a3553a9.jpg HTTP/1.1" 404 1251 "-" "Googlebot-Image/1.0"
66.249.75.70 - - [04/Nov/2025:15:32:00 -0500] "GET /special/cm-pad_resize/d74203b6/6435355271c8ab0018f04283/71522512_4540918522.jpg HTTP/1.1" 404 1251 "-" "Googlebot-Image/1.0"
66.249.75.70 - - [04/Nov/2025:15:32:24 -0500] "GET /special/ir=auto/uploads/product_image/image/2988280/image.jpg HTTP/1.1" 404 1251 "-" "Googlebot-Image/1.0"
66.249.75.70 - - [04/Nov/2025:15:32:28 -0500] "GET /special/height=323/img/x/product/details/20240522/sd2_c5ca7b8b6e0369dae2cdcfcfe79b1007b26c7f31.jpg HTTP/1.1" 404 1251 "-" "Googlebot-Image/1.0"
66.249.75.70 - - [04/Nov/2025:15:32:28 -0500] "GET /products/20388778/255_UF900 HTTP/1.1" 404 1251 "-" "Googlebot-Image/1.0"
66.249.75.70 - - [04/Nov/2025:15:32:30 -0500] "GET /special/height=323/img/x/product/details/20250213/sd2_a90f328eafaf9a65574474f28a6e74c32c30d6d1.jpg HTTP/1.1" 404 1251 "-" "Googlebot-Image/1.0"
66.249.75.70 - - [04/Nov/2025:15:32:41 -0500] "GET /special/91746592.shtml HTTP/1.1" 404 1251 "-" "Mozilla/5.0 (compatible; Googlebot/2.1; +http://www.google.com/bot.html)"
66.249.75.70 - - [04/Nov/2025:15:32:41 -0500] "GET /special/true):format(jpg)/d2lnr5mha7bycj.cloudfront.net/product-image/file/large_6337dbea-07ca-46a8-9d6d-0b438e3a9a07.jpeg HTTP/1.1" 404 1251 "-" "Googlebot-Image/1.0"
66.249.75.70 - - [04/Nov/2025:15:32:56 -0500] "GET /products/7567712/1000_QL80_.jpg HTTP/1.1" 404 1251 "-" "Googlebot-Image/1.0"
66.249.75.70 - - [04/Nov/2025:15:32:56 -0500] "GET /special/-20_ZJPHNwYW4gZm9yZWdyb3VuZD0iIzU2NTk1OSIgZm9udD0iQW1hem9uRW1iZXIgNTAiID4yMzwvc3Bhbj4%3D HTTP/1.1" 404 1251 "-" "Googlebot-Image/1.0"
66.249.75.70 - - [04/Nov/2025:15:33:18 -0500] "GET /special/800_PT0_SX300_V1___.jpg HTTP/1.1" 404 1251 "-" "Googlebot-Image/1.0"
66.249.75.70 - - [04/Nov/2025:15:33:19 -0500] "GET /special/dpr_2.0/d_transparent.gif/content/dam/gaming/en/products/pro-x-superlight-2c-pdp/gallery/pro-x-superlight-2c-mouse-top-angle-black-gallery-1.png HTTP/1.1" 404 1251 "-" "Googlebot-Image/1.0"
66.249.75.70 - - [04/Nov/2025:15:33:34 -0500] "GET /special/ir=auto/truckers-ap/item_images/2594.jpg HTTP/1.1" 404 1251 "-" "Googlebot-Image/1.0"
66.249.75.70 - - [04/Nov/2025:15:33:54 -0500] "GET /special/ir=auto/truckers-ap/item_images/1601763.jpg HTTP/1.1" 404 1251 "-" "Googlebot-Image/1.0"
66.249.75.70 - - [04/Nov/2025:15:34:01 -0500] "GET /special/309_PT0_SX970_V1___.jpg HTTP/1.1" 404 1251 "-" "Googlebot-Image/1.0"
66.249.75.71 - - [04/Nov/2025:15:34:11 -0500] "GET /products/1000_QL80_.jpg HTTP/1.1" 404 1251 "-" "Googlebot-Image/1.0"
66.249.75.71 - - [04/Nov/2025:15:35:04 -0500] "GET /special/70189208.shtml HTTP/1.1" 404 1251 "-" "Mozilla/5.0 (compatible; Googlebot/2.1; +http://www.google.com/bot.html)"
66.249.75.71 - - [04/Nov/2025:15:35:23 -0500] "GET /special/front HTTP/1.1" 404 1251 "-" "Googlebot-Image/1.0"
207.46.13.14 - - [04/Nov/2025:15:36:30 -0500] "GET /p=2290030 HTTP/1.1" 404 1251 "-" "Mozilla/5.0 AppleWebKit/537.36 (KHTML, like Gecko; compatible; bingbot/2.0; +http://www.bing.com/bingbot.htm) Chrome/116.0.1938.76 Safari/537.36"
66.249.75.70 - - [04/Nov/2025:15:36:30 -0500] "GET /special/q=75/203262/12c5ddcb610b22278e91b8c2fcabc368.jpg HTTP/1.1" 404 1251 "-" "Googlebot-Image/1.0"
66.249.75.70 - - [04/Nov/2025:15:36:41 -0500] "GET /special/600x600 HTTP/1.1" 404 1251 "-" "Googlebot-Image/1.0"
66.249.75.70 - - [04/Nov/2025:15:36:50 -0500] "GET /products/21728378/495_.jpg HTTP/1.1" 404 1251 "-" "Googlebot-Image/1.0"
40.77.167.73 - - [04/Nov/2025:15:36:50 -0500] "GET /3589469 HTTP/1.1" 404 1251 "-" "Mozilla/5.0 AppleWebKit/537.36 (KHTML, like Gecko; compatible; bingbot/2.0; +http://www.bing.com/bingbot.htm) Chrome/116.0.1938.76 Safari/537.36"
66.249.75.70 - - [04/Nov/2025:15:37:06 -0500] "GET /special/quality_auto/87047e_4674679e03cf4409b0994b2403edf2c8~mv2.png HTTP/1.1" 404 1251 "-" "Googlebot-Image/1.0"
66.249.75.70 - - [04/Nov/2025:15:37:29 -0500] "GET /special/dh=1440/item_images/004/224/215/2e5b4a441a0daaaf190a083840073c80b1afd6be.jpg HTTP/1.1" 404 1251 "-" "Googlebot-Image/1.0"
66.249.75.70 - - [04/Nov/2025:15:37:40 -0500] "GET /special/quality_auto/e37733_807f6f8ae2674dd69674269c5b3c6bd3~mv2.jpg HTTP/1.1" 404 1251 "-" "Googlebot-Image/1.0"
66.249.75.70 - - [04/Nov/2025:15:37:43 -0500] "GET /special/w_1200/f_auto/q_auto/wmmedia/watch_images/large/1215719.jpg HTTP/1.1" 404 1251 "-" "Googlebot-Image/1.0"
66.249.75.70 - - [04/Nov/2025:15:37:50 -0500] "GET /products/13426845/C_PIRIOFOURANDHALF-medium HTTP/1.1" 404 1251 "-" "Googlebot-Image/1.0"
66.249.75.70 - - [04/Nov/2025:15:37:57 -0500] "GET /products/5693167/t_large/v1680892797/chnwyokzdk9dsjo2bawj.jpg HTTP/1.1" 404 1251 "-" "Googlebot-Image/1.0"
66.249.75.70 - - [04/Nov/2025:15:38:08 -0500] "GET /special/height=323/img/x/product/details/20250716/sd1_bac2a0849feea959106163c55d11a8231acaf5ab.jpg HTTP/1.1" 404 1251 "-" "Googlebot-Image/1.0"
66.249.75.70 - - [04/Nov/2025:15:38:10 -0500] "GET /special/q=75/201394/c5dbfe7e628c30532cd021c49ab924f9.jpg HTTP/1.1" 404 1251 "-" "Googlebot-Image/1.0"
66.249.75.70 - - [04/Nov/2025:15:38:19 -0500] "GET /special/72661982.shtml HTTP/1.1" 404 1251 "-" "Mozilla/5.0 (Linux; Android 6.0.1; Nexus 5X Build/MMB29P) AppleWebKit/537.36 (KHTML, like Gecko) Chrome/141.0.7390.122 Mobile Safari/537.36 (compatible; Googlebot/2.1; +http://www.google.com/bot.html)"
66.249.75.70 - - [04/Nov/2025:15:38:19 -0500] "GET /special/c_fff::o_extension HTTP/1.1" 404 1251 "-" "Googlebot-Image/1.0"
66.249.75.70 - - [04/Nov/2025:15:38:32 -0500] "GET /special/quality_auto/9a1332_80442409979f49fa8cc35341fba745b1~mv2.png HTTP/1.1" 404 1251 "-" "Googlebot-Image/1.0"
66.249.75.70 - - [04/Nov/2025:15:38:36 -0500] "GET /special/height=323/img/x/product/details/20240408/sd3_3b8bc31d7a7816d5a62ebba6fa7ac41fa984d3fb.jpg HTTP/1.1" 404 1251 "-" "Googlebot-Image/1.0"
66.249.75.70 - - [04/Nov/2025:15:38:50 -0500] "GET /special/dh=1440/item_images/003/958/820/507e0f3aa8a248d3c2992b855f00a42128cb77a6.jpg HTTP/1.1" 404 1251 "-" "Googlebot-Image/1.0"
66.249.75.70 - - [04/Nov/2025:15:39:05 -0500] "GET /products/19608956/850_SR1910 HTTP/1.1" 404 1251 "-" "Googlebot-Image/1.0"
66.249.75.70 - - [04/Nov/2025:15:39:10 -0500] "GET /special/225___.jpg HTTP/1.1" 404 1251 "-" "Googlebot-Image/1.0"
66.249.75.70 - - [04/Nov/2025:15:39:24 -0500] "GET /special/ir=auto/uploads/product_image/image/1004172/image.jpg HTTP/1.1" 404 1251 "-" "Googlebot-Image/1.0"
66.249.75.70 - - [04/Nov/2025:15:39:30 -0500] "GET /special/quality_auto/7c1f26_617228d1408f48a4ae8ab0df49d64e1b~mv2.jpg HTTP/1.1" 404 1251 "-" "Googlebot-Image/1.0"
66.249.75.70 - - [04/Nov/2025:15:40:09 -0500] "GET /special/height=323/img/x/product/details/20231113/sd2_4ef714c5abf74335454bb4b5f8b2251e5b93b459.jpg HTTP/1.1" 404 1251 "-" "Googlebot-Image/1.0"
66.249.75.70 - - [04/Nov/2025:15:40:17 -0500] "GET /special/66205840.shtml HTTP/1.1" 404 1251 "-" "Mozilla/5.0 (compatible; Googlebot/2.1; +http://www.google.com/bot.html)"
66.249.75.70 - - [04/Nov/2025:15:40:40 -0500] "GET /special/10228238.shtml HTTP/1.1" 404 1251 "-" "Mozilla/5.0 (compatible; Googlebot/2.1; +http://www.google.com/bot.html)"
66.249.75.70 - - [04/Nov/2025:15:40:44 -0500] "GET /special/86603770.shtml HTTP/1.1" 404 1251 "-" "Mozilla/5.0 (compatible; Googlebot/2.1; +http://www.google.com/bot.html)"
66.249.75.70 - - [04/Nov/2025:15:40:44 -0500] "GET /products/13426845/BottomLeft HTTP/1.1" 404 1251 "-" "Googlebot-Image/1.0"
66.249.75.70 - - [04/Nov/2025:15:40:52 -0500] "GET /products/20958645/1000_QL80_.jpg HTTP/1.1" 404 1251 "-" "Googlebot-Image/1.0"
66.249.75.70 - - [04/Nov/2025:15:41:06 -0500] "GET /special/h_700 HTTP/1.1" 404 1251 "-" "Googlebot-Image/1.0"
66.249.75.70 - - [04/Nov/2025:15:41:52 -0500] "GET /special/1875_PT0_SX600_V1___.jpg HTTP/1.1" 404 1251 "-" "Googlebot-Image/1.0"
66.249.75.70 - - [04/Nov/2025:15:42:08 -0500] "GET /special/height=323/img/x/product/details/20230317/sd2_e52dedc804ae9614aba4c00af9c162230c1133af.jpg HTTP/1.1" 404 1251 "-" "Googlebot-Image/1.0"
66.249.75.70 - - [04/Nov/2025:15:42:12 -0500] "GET /special/ha_center HTTP/1.1" 404 1251 "-" "Googlebot-Image/1.0"
66.249.75.70 - - [04/Nov/2025:15:42:20 -0500] "GET /special/height=323/img/x/product/details/20250829/pd_35deed8a0980895d59fd8a1e5ee6bd46f62b1e6c.jpg HTTP/1.1" 404 1251 "-" "Googlebot-Image/1.0"
66.249.75.70 - - [04/Nov/2025:15:42:22 -0500] "GET /products/13323934 HTTP/1.1" 404 1251 "-" "Mozilla/5.0 (Linux; Android 6.0.1; Nexus 5X Build/MMB29P) AppleWebKit/537.36 (KHTML, like Gecko) Chrome/141.0.7390.122 Mobile Safari/537.36 (compatible; Googlebot/2.1; +http://www.google.com/bot.html)"
66.249.75.70 - - [04/Nov/2025:15:43:11 -0500] "GET /special/dpr_1.0/d_transparent.gif/content/dam/gaming/en/products/g915-x-wired/gallery/g915-x-mechanical-gaming-keyboard-carbon-gallery-1-jp.png HTTP/1.1" 404 1251 "-" "Googlebot-Image/1.0"
52.167.144.158 - - [04/Nov/2025:15:43:39 -0500] "GET /1377680 HTTP/1.1" 404 1251 "-" "Mozilla/5.0 AppleWebKit/537.36 (KHTML, like Gecko; compatible; bingbot/2.0; +http://www.bing.com/bingbot.htm) Chrome/116.0.1938.76 Safari/537.36"
66.249.75.70 - - [04/Nov/2025:15:43:51 -0500] "GET /special/height=323/img/x/product/details/20230529/sd1_7708cdc8beda6ba68c8048d4230ceaa7c525fb19.jpg HTTP/1.1" 404 1251 "-" "Googlebot-Image/1.0"
66.249.75.70 - - [04/Nov/2025:15:44:18 -0500] "GET /products/16480367/850_SR1910 HTTP/1.1" 404 1251 "-" "Googlebot-Image/1.0"
66.249.75.70 - - [04/Nov/2025:15:44:23 -0500] "GET /special/h_1500 HTTP/1.1" 404 1251 "-" "Googlebot-Image/1.0"
52.167.144.24 - - [04/Nov/2025:15:44:58 -0500] "GET /3686547 HTTP/1.1" 404 1251 "-" "Mozilla/5.0 AppleWebKit/537.36 (KHTML, like Gecko; compatible; bingbot/2.0; +http://www.bing.com/bingbot.htm) Chrome/116.0.1938.76 Safari/537.36"
66.249.75.70 - - [04/Nov/2025:15:45:14 -0500] "GET /special/f=webp:auto/image/image/1801438151999441147/P_134.jpg HTTP/1.1" 404 1251 "-" "Googlebot-Image/1.0"
66.249.75.70 - - [04/Nov/2025:15:45:21 -0500] "GET /special/height=323/img/x/product/details/20210330/sd1_e3abb0baae2ec32e0a431273a469797f79224aeb.jpg HTTP/1.1" 404 1251 "-" "Googlebot-Image/1.0"
66.249.75.70 - - [04/Nov/2025:15:45:31 -0500] "GET /special/400_PT0_SX300_V1___.jpg HTTP/1.1" 404 1251 "-" "Googlebot-Image/1.0"
66.249.75.70 - - [04/Nov/2025:15:45:38 -0500] "GET /products/5693167/1000_QL80_.jpg HTTP/1.1" 404 1251 "-" "Googlebot-Image/1.0"
66.249.75.70 - - [04/Nov/2025:15:45:40 -0500] "GET /special/height=323/img/x/product/details/20240405/sd1_a00a974a2a3fa2a59ff4b4799e242077434cfb3a.jpg HTTP/1.1" 404 1251 "-" "Googlebot-Image/1.0"
66.249.75.70 - - [04/Nov/2025:15:46:11 -0500] "GET /products/8798289/ HTTP/1.1" 404 1251 "-" "Mozilla/5.0 (Linux; Android 6.0.1; Nexus 5X Build/MMB29P) AppleWebKit/537.36 (KHTML, like Gecko) Chrome/141.0.7390.122 Mobile Safari/537.36 (compatible; Googlebot/2.1; +http://www.google.com/bot.html)"
66.249.75.70 - - [04/Nov/2025:15:46:15 -0500] "GET /special/q_auto/13827058/606996_644798.jpeg HTTP/1.1" 404 1251 "-" "Googlebot-Image/1.0"
66.249.75.70 - - [04/Nov/2025:15:46:19 -0500] "GET /special/65040762.shtml HTTP/1.1" 404 1251 "-" "Mozilla/5.0 (compatible; Googlebot/2.1; +http://www.google.com/bot.html)"
66.249.75.70 - - [04/Nov/2025:15:46:29 -0500] "GET /special/ir=auto/truckers-ap/item_images/61265.jpg HTTP/1.1" 404 1251 "-" "Googlebot-Image/1.0"
66.249.75.70 - - [04/Nov/2025:15:46:39 -0500] "GET /special/height=323/img/x/product/details/20250827/sd1_0ecb3e00e9263fe47988a2a82ea515095b534426.jpg HTTP/1.1" 404 1251 "-" "Googlebot-Image/1.0"
66.249.75.70 - - [04/Nov/2025:15:46:47 -0500] "GET /special/height=323/img/x/product/details/20220415/sd2_a42f59285d24b6bcdea0bc181d2a7c5032706716.jpg HTTP/1.1" 404 1251 "-" "Googlebot-Image/1.0"
66.249.75.70 - - [04/Nov/2025:15:46:57 -0500] "GET /special/u=1/images/item/origin/d700e20b54ebcfa8a22beec8e1a6eea5.png HTTP/1.1" 404 1251 "-" "Googlebot-Image/1.0"
66.249.75.70 - - [04/Nov/2025:15:47:25 -0500] "GET /special/height=323/img/x/product/details/20250508/sd1_f8cbd223671f8b0979bcbe0404576038dc37bcfe.jpg HTTP/1.1" 404 1251 "-" "Googlebot-Image/1.0"
66.249.75.70 - - [04/Nov/2025:15:47:32 -0500] "GET /special/w_1200/f_auto/q_auto/wmmedia/watch_images/large/01733778941350782304peb_1718895465.jpg HTTP/1.1" 404 1251 "-" "Googlebot-Image/1.0"
66.249.75.70 - - [04/Nov/2025:15:47:37 -0500] "GET /special/ch%3D517 HTTP/1.1" 404 1251 "-" "Googlebot-Image/1.0"
52.167.144.23 - - [04/Nov/2025:15:48:01 -0500] "GET /62813 HTTP/1.1" 404 1251 "-" "Mozilla/5.0 AppleWebKit/537.36 (KHTML, like Gecko; compatible; bingbot/2.0; +http://www.bing.com/bingbot.htm) Chrome/116.0.1938.76 Safari/537.36"
52.167.144.24 - - [04/Nov/2025:15:48:12 -0500] "GET /506668 HTTP/1.1" 404 1251 "-" "Mozilla/5.0 AppleWebKit/537.36 (KHTML, like Gecko; compatible; bingbot/2.0; +http://www.bing.com/bingbot.htm) Chrome/116.0.1938.76 Safari/537.36"
66.249.75.70 - - [04/Nov/2025:15:48:16 -0500] "GET /special/height=323/img/x/product/details/20250630/sd1_d78e70569bcf712afe53ba5427eaf77dd9f050bf.jpg HTTP/1.1" 404 1251 "-" "Googlebot-Image/1.0"
66.249.75.70 - - [04/Nov/2025:15:48:27 -0500] "GET /special/quality_auto/8469be_5f83b9887b014c9a8b0a39fdc8ff561b~mv2.jpg HTTP/1.1" 404 1251 "-" "Googlebot-Image/1.0"
66.249.75.70 - - [04/Nov/2025:15:48:46 -0500] "GET /special/quality_auto/958419_08baab6c85424120a1b8278240c3be84f000.jpg HTTP/1.1" 404 1251 "-" "Googlebot-Image/1.0"
66.249.75.71 - - [04/Nov/2025:15:49:02 -0500] "GET /special/263_QL70_.jpg HTTP/1.1" 404 1251 "-" "Googlebot-Image/1.0"
66.249.75.71 - - [04/Nov/2025:15:49:06 -0500] "GET /special/75057062.shtml HTTP/1.1" 404 1251 "-" "Mozilla/5.0 (Linux; Android 6.0.1; Nexus 5X Build/MMB29P) AppleWebKit/537.36 (KHTML, like Gecko) Chrome/141.0.7390.122 Mobile Safari/537.36 (compatible; Googlebot/2.1; +http://www.google.com/bot.html)"
66.249.75.70 - - [04/Nov/2025:15:50:07 -0500] "GET /products/6037834/1000_QL80_.jpg HTTP/1.1" 404 1251 "-" "Googlebot-Image/1.0"
66.249.75.70 - - [04/Nov/2025:15:50:07 -0500] "GET /products/6774189/C_PIRIOFOURANDHALF-medium HTTP/1.1" 404 1251 "-" "Googlebot-Image/1.0"
66.249.75.70 - - [04/Nov/2025:15:50:08 -0500] "GET /special/720_SR684 HTTP/1.1" 404 1251 "-" "Googlebot-Image/1.0"
66.249.75.70 - - [04/Nov/2025:15:50:09 -0500] "GET /special/11173346_padded16x9_18.jpg HTTP/1.1" 404 1251 "-" "Googlebot-Image/1.0"
52.167.144.186 - - [04/Nov/2025:15:50:10 -0500] "GET /182412 HTTP/1.1" 404 1251 "-" "Mozilla/5.0 AppleWebKit/537.36 (KHTML, like Gecko; compatible; bingbot/2.0; +http://www.bing.com/bingbot.htm) Chrome/116.0.1938.76 Safari/537.36"
66.249.75.70 - - [04/Nov/2025:15:50:10 -0500] "GET /special/673_PT0_SX650_V1___.jpg HTTP/1.1" 404 1251 "-" "Googlebot-Image/1.0"
66.249.75.70 - - [04/Nov/2025:15:50:38 -0500] "GET /special/ar_1.0 HTTP/1.1" 404 1251 "-" "Googlebot-Image/1.0"
66.249.75.70 - - [04/Nov/2025:15:50:46 -0500] "GET /special/95554410.shtml HTTP/1.1" 404 1251 "-" "Mozilla/5.0 (Linux; Android 6.0.1; Nexus 5X Build/MMB29P) AppleWebKit/537.36 (KHTML, like Gecko) Chrome/141.0.7390.122 Mobile Safari/537.36 (compatible; Googlebot/2.1; +http://www.google.com/bot.html)"
66.249.75.70 - - [04/Nov/2025:15:50:50 -0500] "GET /special/72293372.shtml HTTP/1.1" 404 1251 "-" "Mozilla/5.0 (Linux; Android 6.0.1; Nexus 5X Build/MMB29P) AppleWebKit/537.36 (KHTML, like Gecko) Chrome/141.0.7390.122 Mobile Safari/537.36 (compatible; Googlebot/2.1; +http://www.google.com/bot.html)"
207.46.13.78 - - [04/Nov/2025:15:51:21 -0500] "GET /2450432 HTTP/1.1" 404 1251 "-" "Mozilla/5.0 AppleWebKit/537.36 (KHTML, like Gecko; compatible; bingbot/2.0; +http://www.bing.com/bingbot.htm) Chrome/116.0.1938.76 Safari/537.36"
66.249.75.70 - - [04/Nov/2025:15:51:29 -0500] "GET /products/889612/255_UF900 HTTP/1.1" 404 1251 "-" "Googlebot-Image/1.0"
66.249.75.70 - - [04/Nov/2025:15:51:39 -0500] "GET /special/h_1875 HTTP/1.1" 404 1251 "-" "Googlebot-Image/1.0"
66.249.75.70 - - [04/Nov/2025:15:52:20 -0500] "GET /special/386_.png HTTP/1.1" 404 1251 "-" "Googlebot-Image/1.0"
66.249.75.70 - - [04/Nov/2025:15:52:34 -0500] "GET /special/quality=70/59339d5e07287c702e69307de910cceaa69c1d04/photos/3q5LVVNA-EomzJPXs3V-(edit).jpg HTTP/1.1" 404 1251 "-" "Googlebot-Image/1.0"
66.249.75.70 - - [04/Nov/2025:15:52:47 -0500] "GET /products/850_SR1910 HTTP/1.1" 404 1251 "-" "Googlebot-Image/1.0"
52.167.144.211 - - [04/Nov/2025:15:52:51 -0500] "GET /172914 HTTP/1.1" 404 1251 "-" "Mozilla/5.0 AppleWebKit/537.36 (KHTML, like Gecko; compatible; bingbot/2.0; +http://www.bing.com/bingbot.htm) Chrome/116.0.1938.76 Safari/537.36"
66.249.75.70 - - [04/Nov/2025:15:52:59 -0500] "GET /special/dpr_2.0/d_transparent.gif/content/dam/gaming/ja/products/pro-2-lightspeed/gallery/pro2-lightspeed-black-new-gallery1.png HTTP/1.1" 404 1251 "-" "Googlebot-Image/1.0"
