66.249.75.70 - - [04/Nov/2025:12:19:11 -0500] "GET /products/9334578/1000_QL80_.jpg HTTP/1.1" 404 1251 "-" "Googlebot-Image/1.0"
66.249.75.70 - - [04/Nov/2025:12:19:45 -0500] "GET /special/h_420 HTTP/1.1" 404 1251 "-" "Googlebot-Image/1.0"
40.77.167.27 - - [04/Nov/2025:12:19:57 -0500] "GET /3786772 HTTP/1.1" 404 1251 "-" "Mozilla/5.0 AppleWebKit/537.36 (KHTML, like Gecko; compatible; bingbot/2.0; +http://www.bing.com/bingbot.htm) Chrome/116.0.1938.76 Safari/537.36"
66.249.75.70 - - [04/Nov/2025:12:20:03 -0500] "GET /special/height=323/img/x/product/details/20250324/sd3_9e97bc8af1950cfebcad427030842bb9c78ca6ce.jpg HTTP/1.1" 404 1251 "-" "Googlebot-Image/1.0"
66.249.75.70 - - [04/Nov/2025:12:20:10 -0500] "GET /special/h_554 HTTP/1.1" 404 1251 "-" "Googlebot-Image/1.0"
66.249.75.70 - - [04/Nov/2025:12:20:17 -0500] "GET /special/height=323/img/x/product/details/20250430/pd_0706edeedd5b74b15b168298ae4299cfbcddfa00.jpg HTTP/1.1" 404 1251 "-" "Googlebot-Image/1.0"
66.249.75.70 - - [04/Nov/2025:12:20:23 -0500] "GET /special/quality=95/9gp3ada89sp36ja369a4kiib892jalaj894j6iqjap1j6dal9colada79154me2f690j2d9n74pjgj9h9d3j2d35clgm8d3660p30opk60pjcoj26os62dpo74oj2p9j64s3eoo.jpg HTTP/1.1" 404 1251 "-" "Googlebot-Image/1.0"
66.249.75.70 - - [04/Nov/2025:12:20:35 -0500] "GET /special/8662040.shtml HTTP/1.1" 404 1251 "-" "Mozilla/5.0 (compatible; Googlebot/2.1; +http://www.google.com/bot.html)"
66.249.75.70 - - [04/Nov/2025:12:21:06 -0500] "GET /special/quality_auto/d8a2fb_a40012e393434678ae4d8838bd18abad~mv2.jpg HTTP/1.1" 404 1251 "-" "Googlebot-Image/1.0"
66.249.75.70 - - [04/Nov/2025:12:21:06 -0500] "GET /special/23256964.shtml HTTP/1.1" 404 1251 "-" "Mozilla/5.0 (compatible; Googlebot/2.1; +http://www.google.com/bot.html)"
66.249.75.70 - - [04/Nov/2025:12:21:10 -0500] "GET /special/width=370/images/large/ftk/ftk-fur-2333.jpg HTTP/1.1" 404 1251 "-" "Googlebot-Image/1.0"
66.249.75.70 - - [04/Nov/2025:12:21:20 -0500] "GET /products/24365367/255_UF900 HTTP/1.1" 404 1251 "-" "Googlebot-Image/1.0"
66.249.75.70 - - [04/Nov/2025:12:21:30 -0500] "GET /special/height=323/img/x/product/details/20230120/sd1_2dd68b10fe8218765c747314a58e2a64654ef1fd.jpg HTTP/1.1" 404 1251 "-" "Googlebot-Image/1.0"
66.249.75.70 - - [04/Nov/2025:12:21:31 -0500] "GET /special/81287806.shtml HTTP/1.1" 404 1251 "-" "Mozilla/5.0 (compatible; Googlebot/2.1; +http://www.google.com/bot.html)"
66.249.75.70 - - [04/Nov/2025:12:22:06 -0500] "GET /special/quality_auto/958419_3216734f9f924dc9b212094dd6a9d606~mv2.jpg HTTP/1.1" 404 1251 "-" "Googlebot-Image/1.0"
66.249.75.70 - - [04/Nov/2025:12:22:08 -0500] "GET /special/quality_auto/c9a7ac_47beda7009ba495aa9538b73742fa2d0~mv2.png HTTP/1.1" 404 1251 "-" "Googlebot-Image/1.0"
66.249.75.70 - - [04/Nov/2025:12:22:13 -0500] "GET /special/66129768.shtml HTTP/1.1" 404 1251 "-" "Mozilla/5.0 (Linux; Android 6.0.1; Nexus 5X Build/MMB29P) AppleWebKit/537.36 (KHTML, like Gecko) Chrome/141.0.7390.122 Mobile Safari/537.36 (compatible; Googlebot/2.1; +http://www.google.com/bot.html)"
66.249.75.70 - - [04/Nov/2025:12:22:15 -0500] "GET /special/quality_auto/87047e_eb8abd4a21584b8bac97ca5956cb9597~mv2.jpg HTTP/1.1" 404 1251 "-" "Googlebot-Image/1.0"
66.249.75.70 - - [04/Nov/2025:12:22:15 -0500] "GET /special/95852138.shtml HTTP/1.1" 404 1251 "-" "Mozilla/5.0 (Linux; Android 6.0.1; Nexus 5X Build/MMB29P) AppleWebKit/537.36 (KHTML, like Gecko) Chrome/141.0.7390.122 Mobile Safari/537.36 (compatible; Googlebot/2.1; +http://www.google.com/bot.html)"
66.249.75.70 - - [04/Nov/2025:12:22:16 -0500] "GET /special/h_1307 HTTP/1.1" 404 1251 "-" "Googlebot-Image/1.0"
66.249.75.70 - - [04/Nov/2025:12:22:16 -0500] "GET /special/quality_auto/c9a7ac_1c557c42d30b4f79b92ed58cf7582849~mv2.jpg HTTP/1.1" 404 1251 "-" "Googlebot-Image/1.0"
66.249.75.70 - - [04/Nov/2025:12:22:18 -0500] "GET /products/21318856/600_PT0_SX970_V1___.jpg HTTP/1.1" 404 1251 "-" "Googlebot-Image/1.0"
66.249.75.70 - - [04/Nov/2025:12:22:31 -0500] "GET /special/height=323/img/x/product/details/20230117/pd_109800eb0298dee37661bb05a4ec0bef2523d4f2.jpg HTTP/1.1" 404 1251 "-" "Googlebot-Image/1.0"
66.249.75.70 - - [04/Nov/2025:12:22:31 -0500] "GET /special/quality_auto/c9a7ac_7bdfcfa28ec244f68bfe6ca1617c98a9~mv2.png HTTP/1.1" 404 1251 "-" "Googlebot-Image/1.0"
40.77.167.55 - - [04/Nov/2025:12:22:46 -0500] "GET /708959 HTTP/1.1" 404 1251 "-" "Mozilla/5.0 AppleWebKit/537.36 (KHTML, like Gecko; compatible; bingbot/2.0; +http://www.bing.com/bingbot.htm) Chrome/116.0.1938.76 Safari/537.36"
66.249.75.70 - - [04/Nov/2025:12:22:54 -0500] "GET /special/height=323/img/x/product/details/20230119/pd_79781226fc4e0da92f74038a79858787b69ce867.jpg HTTP/1.1" 404 1251 "-" "Googlebot-Image/1.0"
66.249.75.72 - - [04/Nov/2025:12:23:14 -0500] "GET /special/48429086.shtml HTTP/1.1" 404 1251 "-" "Mozilla/5.0 (Linux; Android 6.0.1; Nexus 5X Build/MMB29P) AppleWebKit/537.36 (KHTML, like Gecko) Chrome/141.0.7390.122 Mobile Safari/537.36 (compatible; Googlebot/2.1; +http://www.google.com/bot.html)"
66.249.75.71 - - [04/Nov/2025:12:23:22 -0500] "GET /special/w_360/shop-us-prod/files/5bd497ea92e52f6851493d953d57e5a741c6523b.png HTTP/1.1" 404 1251 "-" "Googlebot-Image/1.0"
66.249.75.70 - - [04/Nov/2025:12:23:28 -0500] "GET /products/24365367/C_QL100_.jpg HTTP/1.1" 404 1251 "-" "Googlebot-Image/1.0"
66.249.75.70 - - [04/Nov/2025:12:23:33 -0500] "GET /special/76396670.shtml HTTP/1.1" 404 1251 "-" "Mozilla/5.0 (compatible; Googlebot/2.1; +http://www.google.com/bot.html)"
66.249.75.70 - - [04/Nov/2025:12:23:39 -0500] "GET /special/63320112.shtml HTTP/1.1" 404 1251 "-" "Mozilla/5.0 (Linux; Android 6.0.1; Nexus 5X Build/MMB29P) AppleWebKit/537.36 (KHTML, like Gecko) Chrome/141.0.7390.122 Mobile Safari/537.36 (compatible; Googlebot/2.1; +http://www.google.com/bot.html)"
66.249.75.70 - - [04/Nov/2025:12:23:43 -0500] "GET /special/300_.jpg HTTP/1.1" 404 1251 "-" "Googlebot-Image/1.0"
66.249.75.70 - - [04/Nov/2025:12:24:29 -0500] "GET /special/1330_PT0_SX150_V1___.jpg HTTP/1.1" 404 1251 "-" "Googlebot-Image/1.0"
66.249.75.70 - - [04/Nov/2025:12:24:31 -0500] "GET /special/2856_PT0_SX970_V1___.jpg HTTP/1.1" 404 1251 "-" "Googlebot-Image/1.0"
66.249.75.70 - - [04/Nov/2025:12:24:57 -0500] "GET /special/125136972.shtml HTTP/1.1" 404 1251 "-" "Mozilla/5.0 (compatible; Googlebot/2.1; +http://www.google.com/bot.html)"
66.249.75.70 - - [04/Nov/2025:12:24:59 -0500] "GET /special/76388036.shtml HTTP/1.1" 404 1251 "-" "Mozilla/5.0 (Linux; Android 6.0.1; Nexus 5X Build/MMB29P) AppleWebKit/537.36 (KHTML, like Gecko) Chrome/141.0.7390.122 Mobile Safari/537.36 (compatible; Googlebot/2.1; +http://www.google.com/bot.html)"
66.249.75.70 - - [04/Nov/2025:12:25:12 -0500] "GET /special/h_1264 HTTP/1.1" 404 1251 "-" "Googlebot-Image/1.0"
66.249.75.70 - - [04/Nov/2025:12:28:23 -0500] "GET /special/dpr_1.0/d_transparent.gif/content/dam/gaming/en/products/g502x-lightspeed/gallery/g502x-lightspeed-gallery-1-white.png HTTP/1.1" 404 1251 "-" "Googlebot-Image/1.0"
66.249.75.70 - - [04/Nov/2025:12:28:40 -0500] "GET /special/97195644.shtml HTTP/1.1" 404 1251 "-" "Mozilla/5.0 (Linux; Android 6.0.1; Nexus 5X Build/MMB29P) AppleWebKit/537.36 (KHTML, like Gecko) Chrome/141.0.7390.122 Mobile Safari/537.36 (compatible; Googlebot/2.1; +http://www.google.com/bot.html)"
66.249.75.70 - - [04/Nov/2025:12:29:56 -0500] "GET /special/height=323/img/x/product/details/20230623/pd_5ceacedda3dd572b676bda00d022eb872b2b7330.jpg HTTP/1.1" 404 1251 "-" "Googlebot-Image/1.0"
66.249.75.70 - - [04/Nov/2025:12:29:59 -0500] "GET /special/height=323/img/x/product/details/20241028/sd1_dbcafc5ab800ba5a0098731def98724c6a478b3b.jpg HTTP/1.1" 404 1251 "-" "Googlebot-Image/1.0"
66.249.75.70 - - [04/Nov/2025:12:30:17 -0500] "GET /special/31143666.shtml HTTP/1.1" 404 1251 "-" "Mozilla/5.0 (compatible; Googlebot/2.1; +http://www.google.com/bot.html)"
66.249.75.70 - - [04/Nov/2025:12:30:56 -0500] "GET /special/height=323/img/x/product/details/20230721/sd6_5b7c3c24e09f2de0cebb9da2381f45f4b5ddce3c.jpg HTTP/1.1" 404 1251 "-" "Googlebot-Image/1.0"
66.249.75.70 - - [04/Nov/2025:12:31:14 -0500] "GET /special/600_PT0_SX150_V1___.jpg HTTP/1.1" 404 1251 "-" "Googlebot-Image/1.0"
66.249.75.70 - - [04/Nov/2025:12:31:39 -0500] "GET /special/height=323/img/x/product/details/20210825/pd_692843955207ed06b48d95ac09c3e34714756256.jpg HTTP/1.1" 404 1251 "-" "Googlebot-Image/1.0"
66.249.75.70 - - [04/Nov/2025:12:31:42 -0500] "GET /products/12805989/1000_QL80_.jpg HTTP/1.1" 404 1251 "-" "Googlebot-Image/1.0"
66.249.75.70 - - [04/Nov/2025:12:31:49 -0500] "GET /special/height=323/img/x/product/details/20250131/pd_abedfb5748960105f547788495e190c954def94c.jpg HTTP/1.1" 404 1251 "-" "Googlebot-Image/1.0"
52.167.144.171 - - [04/Nov/2025:12:31:54 -0500] "GET /2386580 HTTP/1.1" 404 1251 "-" "Mozilla/5.0 AppleWebKit/537.36 (KHTML, like Gecko; compatible; bingbot/2.0; +http://www.bing.com/bingbot.htm) Chrome/116.0.1938.76 Safari/537.36"
66.249.75.70 - - [04/Nov/2025:12:32:27 -0500] "GET /special/height=323/img/x/product/details/20230119/pd_bce59d10694bbdb1f0ff0a2b8a25fdc3a9bca81b.jpg HTTP/1.1" 404 1251 "-" "Googlebot-Image/1.0"
66.249.75.70 - - [04/Nov/2025:12:32:58 -0500] "GET /special/height=323/img/x/product/details/20250813/sd7_ad550611fbd7f020ec573d353039c9a9aa1c84d1.jpg HTTP/1.1" 404 1251 "-" "Googlebot-Image/1.0"
66.249.75.70 - - [04/Nov/2025:12:33:14 -0500] "GET /special/height=323/img/x/product/details/20240925/sd2_dfb6cf3d96a2a14eb2a08415f555039fa8f3e86a.png HTTP/1.1" 404 1251 "-" "Googlebot-Image/1.0"
66.249.75.70 - - [04/Nov/2025:12:33:33 -0500] "GET /special/e_webp/56.21.03.ART10061511ABRKraftstoffpumpeH1.JPG HTTP/1.1" 404 1251 "-" "Googlebot-Image/1.0"
52.167.144.171 - - [04/Nov/2025:12:34:18 -0500] "GET /39594 HTTP/1.1" 404 1251 "-" "Mozilla/5.0 AppleWebKit/537.36 (KHTML, like Gecko; compatible; bingbot/2.0; +http://www.bing.com/bingbot.htm) Chrome/116.0.1938.76 Safari/537.36"
66.249.75.70 - - [04/Nov/2025:12:34:25 -0500] "GET /special/e_webp/f1.e1.10.ART10061509ABRKraftstoffpumpeH1.JPG HTTP/1.1" 404 1251 "-" "Googlebot-Image/1.0"
66.249.75.70 - - [04/Nov/2025:12:34:35 -0500] "GET /special/m_limit HTTP/1.1" 404 1251 "-" "Googlebot-Image/1.0"
66.249.75.70 - - [04/Nov/2025:12:35:36 -0500] "GET /products/9939667/1000_QL80_.jpg HTTP/1.1" 404 1251 "-" "Googlebot-Image/1.0"
66.249.75.70 - - [04/Nov/2025:12:36:48 -0500] "GET /special/height=323/img/x/product/details/20220711/sd8_36dab7e9f71189078fcff7cc7e7d9e682ce38acc.jpg HTTP/1.1" 404 1251 "-" "Googlebot-Image/1.0"
66.249.75.70 - - [04/Nov/2025:12:38:12 -0500] "GET /special/ir=auto/uploads/product_image/image/2591518/image.jpg HTTP/1.1" 404 1251 "-" "Googlebot-Image/1.0"
66.249.75.70 - - [04/Nov/2025:12:38:43 -0500] "GET /special/8175170.shtml HTTP/1.1" 404 1251 "-" "Mozilla/5.0 (compatible; Googlebot/2.1; +http://www.google.com/bot.html)"
66.249.75.71 - - [04/Nov/2025:12:40:24 -0500] "GET /products/7117790/ HTTP/1.1" 404 1251 "-" "Mozilla/5.0 (compatible; Googlebot/2.1; +http://www.google.com/bot.html)"
40.77.167.77 - - [04/Nov/2025:12:41:16 -0500] "GET /2275549 HTTP/1.1" 404 1251 "-" "Mozilla/5.0 AppleWebKit/537.36 (KHTML, like Gecko; compatible; bingbot/2.0; +http://www.bing.com/bingbot.htm) Chrome/116.0.1938.76 Safari/537.36"
66.249.75.71 - - [04/Nov/2025:12:41:33 -0500] "GET /special/58570402.shtml HTTP/1.1" 404 1251 "-" "Mozilla/5.0 (Linux; Android 6.0.1; Nexus 5X Build/MMB29P) AppleWebKit/537.36 (KHTML, like Gecko) Chrome/141.0.7390.122 Mobile Safari/537.36 (compatible; Googlebot/2.1; +http://www.google.com/bot.html)"
66.249.75.72 - - [04/Nov/2025:12:41:35 -0500] "GET /special/52962334.shtml HTTP/1.1" 404 1251 "-" "Mozilla/5.0 (Linux; Android 6.0.1; Nexus 5X Build/MMB29P) AppleWebKit/537.36 (KHTML, like Gecko) Chrome/141.0.7390.122 Mobile Safari/537.36 (compatible; Googlebot/2.1; +http://www.google.com/bot.html)"
66.249.75.70 - - [04/Nov/2025:12:42:51 -0500] "GET /special/76905638.shtml HTTP/1.1" 404 1251 "-" "Mozilla/5.0 (compatible; Googlebot/2.1; +http://www.google.com/bot.html)"
66.249.75.71 - - [04/Nov/2025:12:43:18 -0500] "GET /special/500_PT0_SX220_V1___.jpg HTTP/1.1" 404 1251 "-" "Googlebot-Image/1.0"
40.77.167.8 - - [04/Nov/2025:12:43:34 -0500] "GET /3392146 HTTP/1.1" 404 1251 "-" "Mozilla/5.0 AppleWebKit/537.36 (KHTML, like Gecko; compatible; bingbot/2.0; +http://www.bing.com/bingbot.htm) Chrome/116.0.1938.76 Safari/537.36"
52.167.144.173 - - [04/Nov/2025:12:44:31 -0500] "GET /746478 HTTP/1.1" 404 1251 "-" "Mozilla/5.0 AppleWebKit/537.36 (KHTML, like Gecko; compatible; bingbot/2.0; +http://www.bing.com/bingbot.htm) Chrome/116.0.1938.76 Safari/537.36"
66.249.75.70 - - [04/Nov/2025:12:44:35 -0500] "GET /special/g_center HTTP/1.1" 404 1251 "-" "Googlebot-Image/1.0"
66.249.75.70 - - [04/Nov/2025:12:44:47 -0500] "GET /special/quality_auto/TORX.png HTTP/1.1" 404 1251 "-" "Googlebot-Image/1.0"
52.167.144.173 - - [04/Nov/2025:12:44:53 -0500] "GET /3585519 HTTP/1.1" 404 1251 "-" "Mozilla/5.0 AppleWebKit/537.36 (KHTML, like Gecko; compatible; bingbot/2.0; +http://www.bing.com/bingbot.htm) Chrome/116.0.1938.76 Safari/537.36"
66.249.75.70 - - [04/Nov/2025:12:45:47 -0500] "GET /products/9613934/ HTTP/1.1" 404 1251 "-" "Mozilla/5.0 (Linux; Android 6.0.1; Nexus 5X Build/MMB29P) AppleWebKit/537.36 (KHTML, like Gecko) Chrome/141.0.7390.122 Mobile Safari/537.36 (compatible; Googlebot/2.1; +http://www.google.com/bot.html)"
66.249.75.71 - - [04/Nov/2025:12:46:16 -0500] "GET /special/400_PT0_SX300_V1___.png HTTP/1.1" 404 1251 "-" "Googlebot-Image/1.0"
66.249.75.71 - - [04/Nov/2025:12:46:17 -0500] "GET /special/h_436 HTTP/1.1" 404 1251 "-" "Googlebot-Image/1.0"
66.249.75.70 - - [04/Nov/2025:12:46:47 -0500] "GET /special/h_668 HTTP/1.1" 404 1251 "-" "Googlebot-Image/1.0"
66.249.75.70 - - [04/Nov/2025:12:46:48 -0500] "GET /special/h_488 HTTP/1.1" 404 1251 "-" "Googlebot-Image/1.0"
66.249.75.70 - - [04/Nov/2025:12:46:52 -0500] "GET /special/cs_srgb HTTP/1.1" 404 1251 "-" "Googlebot-Image/1.0"
66.249.75.70 - - [04/Nov/2025:12:46:55 -0500] "GET /special/e_unsharp_mask:100/dpr_2.0/v1753924009/VN0A2ZXX6ZC-HERO/Ward-Ripstop-Crossbody-Bag.png HTTP/1.1" 404 1251 "-" "Googlebot-Image/1.0"
66.249.75.70 - - [04/Nov/2025:12:46:56 -0500] "GET /special/81059434.shtml HTTP/1.1" 404 1251 "-" "Mozilla/5.0 (compatible; Googlebot/2.1; +http://www.google.com/bot.html)"
66.249.75.70 - - [04/Nov/2025:12:49:30 -0500] "GET /special/width=950/images/large/bikes/sram/00.2518.006.010.jpg HTTP/1.1" 404 1251 "-" "Googlebot-Image/1.0"
66.249.75.70 - - [04/Nov/2025:12:49:31 -0500] "GET /special/width=950/images/large/bikes/sram/00.6418.018.001_1.jpg HTTP/1.1" 404 1251 "-" "Googlebot-Image/1.0"
66.249.75.70 - - [04/Nov/2025:12:49:33 -0500] "GET /special/width=950/images/large/bikes/raceface/ac990076.jpg HTTP/1.1" 404 1251 "-" "Googlebot-Image/1.0"
66.249.75.70 - - [04/Nov/2025:12:49:36 -0500] "GET /special/width=950/images/large/bikes/raceface/ac990073.jpg HTTP/1.1" 404 1251 "-" "Googlebot-Image/1.0"
66.249.75.70 - - [04/Nov/2025:12:49:38 -0500] "GET /special/width=950/images/large/bikes/sram/00.2518.006.000.jpg HTTP/1.1" 404 1251 "-" "Googlebot-Image/1.0"
66.249.75.70 - - [04/Nov/2025:12:49:42 -0500] "GET /special/width=950/images/large/bikes/shimano/shimanodadi2grp2-bdl_4.jpg HTTP/1.1" 404 1251 "-" "Googlebot-Image/1.0"
40.77.167.8 - - [04/Nov/2025:12:49:45 -0500] "GET /3427316 HTTP/1.1" 404 1251 "-" "Mozilla/5.0 AppleWebKit/537.36 (KHTML, like Gecko; compatible; bingbot/2.0; +http://www.bing.com/bingbot.htm) Chrome/116.0.1938.76 Safari/537.36"
66.249.75.70 - - [04/Nov/2025:12:49:49 -0500] "GET /special/width=950/images/large/bikes/flyracing/c378-06318.jpg HTTP/1.1" 404 1251 "-" "Googlebot-Image/1.0"
66.249.75.70 - - [04/Nov/2025:12:49:52 -0500] "GET /special/width=950/images/large/bikes/smith/201521sif99x6.jpg HTTP/1.1" 404 1251 "-" "Googlebot-Image/1.0"
66.249.75.70 - - [04/Nov/2025:12:49:55 -0500] "GET /special/width=950/images/large/bikes/truvativ/00.6415.007.000.jpg HTTP/1.1" 404 1251 "-" "Googlebot-Image/1.0"
66.249.75.70 - - [04/Nov/2025:12:50:01 -0500] "GET /special/width=950/images/large/bikes/bell/7112986.jpg HTTP/1.1" 404 1251 "-" "Googlebot-Image/1.0"
66.249.75.70 - - [04/Nov/2025:12:50:02 -0500] "GET /special/q=75/105004/IMG_20241025_183904.jpg HTTP/1.1" 404 1251 "-" "Googlebot-Image/1.0"
52.167.144.192 - - [04/Nov/2025:12:50:07 -0500] "GET /3274720 HTTP/1.1" 404 1251 "-" "Mozilla/5.0 AppleWebKit/537.36 (KHTML, like Gecko; compatible; bingbot/2.0; +http://www.bing.com/bingbot.htm) Chrome/116.0.1938.76 Safari/537.36"
66.249.75.71 - - [04/Nov/2025:12:50:08 -0500] "GET /special/width=950/images/large/bikes/smith/2015216ht99x6.jpg HTTP/1.1" 404 1251 "-" "Googlebot-Image/1.0"
66.249.75.70 - - [04/Nov/2025:12:50:19 -0500] "GET /special/64830048.shtml HTTP/1.1" 404 1251 "-" "Mozilla/5.0 (Linux; Android 6.0.1; Nexus 5X Build/MMB29P) AppleWebKit/537.36 (KHTML, like Gecko) Chrome/141.0.7390.122 Mobile Safari/537.36 (compatible; Googlebot/2.1; +http://www.google.com/bot.html)"
66.249.75.70 - - [04/Nov/2025:12:51:24 -0500] "GET /special/height=323/img/x/product/details/20250813/pd_d3fc3491c62a560dfdc657600b5f6fbd7093c7ae.jpg HTTP/1.1" 404 1251 "-" "Googlebot-Image/1.0"
66.249.75.70 - - [04/Nov/2025:12:52:07 -0500] "GET /special/quality=95/https://www.bhphotovideo.com/images/images500x500/intel_rnuc11phki7c00_phantom_cny_i7_2060_enthus_1628205629_1653125.jpg HTTP/1.1" 404 1251 "-" "Googlebot-Image/1.0"
66.249.75.70 - - [04/Nov/2025:12:52:27 -0500] "GET /special/2018by3200/quality HTTP/1.1" 404 1251 "-" "Googlebot-Image/1.0"
66.249.75.70 - - [04/Nov/2025:12:52:31 -0500] "GET /special/height=323/img/x/product/details/20230526/sd2_e55029f35a51782e2be20a96ab53e25da5ed3ad6.jpg HTTP/1.1" 404 1251 "-" "Googlebot-Image/1.0"
66.249.75.70 - - [04/Nov/2025:12:53:02 -0500] "GET /special/1000_PT0_SX200_V1___.jpg HTTP/1.1" 404 1251 "-" "Googlebot-Image/1.0"
52.167.144.211 - - [04/Nov/2025:12:53:58 -0500] "GET /p=1049139 HTTP/1.1" 404 1251 "-" "Mozilla/5.0 AppleWebKit/537.36 (KHTML, like Gecko; compatible; bingbot/2.0; +http://www.bing.com/bingbot.htm) Chrome/116.0.1938.76 Safari/537.36"
66.249.75.70 - - [04/Nov/2025:12:54:41 -0500] "GET /special/73589162.shtml HTTP/1.1" 404 1251 "-" "Mozilla/5.0 (Linux; Android 6.0.1; Nexus 5X Build/MMB29P) AppleWebKit/537.36 (KHTML, like Gecko) Chrome/141.0.7390.122 Mobile Safari/537.36 (compatible; Googlebot/2.1; +http://www.google.com/bot.html)"
66.249.75.70 - - [04/Nov/2025:12:54:55 -0500] "GET /products/15722623/1000_QL80_.jpg HTTP/1.1" 404 1251 "-" "Googlebot-Image/1.0"
52.167.144.211 - - [04/Nov/2025:12:55:28 -0500] "GET /1484799 HTTP/1.1" 404 1251 "-" "Mozilla/5.0 AppleWebKit/537.36 (KHTML, like Gecko; compatible; bingbot/2.0; +http://www.bing.com/bingbot.htm) Chrome/116.0.1938.76 Safari/537.36"
66.249.75.70 - - [04/Nov/2025:12:55:54 -0500] "GET /special/85/ath_msr7b_bk_1_sq_791419-ab95a2b5fd35068700408aaa89b50645.jpg HTTP/1.1" 404 1251 "-" "Googlebot-Image/1.0"
66.249.75.70 - - [04/Nov/2025:12:55:58 -0500] "GET /special/85/Audio_Technica_ATH-MSR7BBK_Over-Ear_Family_878090-5e2eac1ba1c33689295e321950be5260.jpg HTTP/1.1" 404 1251 "-" "Googlebot-Image/1.0"
66.249.75.72 - - [04/Nov/2025:12:57:01 -0500] "GET /special/73793722.shtml HTTP/1.1" 404 1251 "-" "Mozilla/5.0 (Linux; Android 6.0.1; Nexus 5X Build/MMB29P) AppleWebKit/537.36 (KHTML, like Gecko) Chrome/141.0.7390.122 Mobile Safari/537.36 (compatible; Googlebot/2.1; +http://www.google.com/bot.html)"
66.249.75.71 - - [04/Nov/2025:12:57:08 -0500] "GET /special/28187330.shtml HTTP/1.1" 404 1251 "-" "Mozilla/5.0 (compatible; Googlebot/2.1; +http://www.google.com/bot.html)"
66.249.75.70 - - [04/Nov/2025:12:57:29 -0500] "GET /products/20706545/a%3D0 HTTP/1.1" 404 1251 "-" "Googlebot-Image/1.0"
52.167.144.211 - - [04/Nov/2025:12:57:29 -0500] "GET /17447 HTTP/1.1" 404 1251 "-" "Mozilla/5.0 AppleWebKit/537.36 (KHTML, like Gecko; compatible; bingbot/2.0; +http://www.bing.com/bingbot.htm) Chrome/116.0.1938.76 Safari/537.36"
66.249.75.70 - - [04/Nov/2025:12:57:34 -0500] "GET /products/9456145/1000_QL80_.jpg HTTP/1.1" 404 1251 "-" "Googlebot-Image/1.0"
40.77.167.25 - - [04/Nov/2025:12:57:46 -0500] "GET /498316 HTTP/1.1" 404 1251 "-" "Mozilla/5.0 AppleWebKit/537.36 (KHTML, like Gecko; compatible; bingbot/2.0; +http://www.bing.com/bingbot.htm) Chrome/116.0.1938.76 Safari/537.36"
66.249.75.71 - - [04/Nov/2025:12:58:32 -0500] "GET /special/81348994.shtml HTTP/1.1" 404 1251 "-" "Mozilla/5.0 (Linux; Android 6.0.1; Nexus 5X Build/MMB29P) AppleWebKit/537.36 (KHTML, like Gecko) Chrome/141.0.7390.122 Mobile Safari/537.36 (compatible; Googlebot/2.1; +http://www.google.com/bot.html)"
40.77.167.25 - - [04/Nov/2025:12:59:14 -0500] "GET /173476 HTTP/1.1" 404 1251 "-" "Mozilla/5.0 AppleWebKit/537.36 (KHTML, like Gecko; compatible; bingbot/2.0; +http://www.bing.com/bingbot.htm) Chrome/116.0.1938.76 Safari/537.36"
161.0.28.86 - - [04/Nov/2025:13:01:25 -0500] "GET /special/69282596.shtml HTTP/1.1" 404 1251 "-" "Mozilla/5.0 (Windows NT 10.0; Win64; x64) AppleWebKit/537.36 (KHTML, like Gecko) Chrome/107.0.0.0 Safari/537.36 OPR/93.0.0.0 (Edition Yx GX)"
66.249.75.72 - - [04/Nov/2025:13:02:11 -0500] "GET /special/31105660.shtml HTTP/1.1" 404 1251 "-" "Mozilla/5.0 (compatible; Googlebot/2.1; +http://www.google.com/bot.html)"
66.249.75.71 - - [04/Nov/2025:13:02:16 -0500] "GET /special/92056724.shtml HTTP/1.1" 404 1251 "-" "Mozilla/5.0 (Linux; Android 6.0.1; Nexus 5X Build/MMB29P) AppleWebKit/537.36 (KHTML, like Gecko) Chrome/141.0.7390.122 Mobile Safari/537.36 (compatible; Googlebot/2.1; +http://www.google.com/bot.html)"
66.249.75.70 - - [04/Nov/2025:13:02:46 -0500] "GET /special/81116748.shtml HTTP/1.1" 404 1251 "-" "Mozilla/5.0 (compatible; Googlebot/2.1; +http://www.google.com/bot.html)"
66.249.75.70 - - [04/Nov/2025:13:03:00 -0500] "GET /special/height=323/img/x/product/details/20240723/sd5_baffc82a17968296a70b6344dcafc0e828694400.png HTTP/1.1" 404 1251 "-" "Googlebot-Image/1.0"
66.249.75.70 - - [04/Nov/2025:13:04:46 -0500] "GET /special/height=323/img/x/product/details/20231002/sd2_ed298d4a85f1b5410d10693283132e705f67cf8e.jpg HTTP/1.1" 404 1251 "-" "Googlebot-Image/1.0"
66.249.75.70 - - [04/Nov/2025:13:04:47 -0500] "GET /products/14894812/1000_QL80_.jpg HTTP/1.1" 404 1251 "-" "Googlebot-Image/1.0"
66.249.75.70 - - [04/Nov/2025:13:04:48 -0500] "GET /products/12159267/850_SR1910 HTTP/1.1" 404 1251 "-" "Googlebot-Image/1.0"
66.249.75.70 - - [04/Nov/2025:13:04:49 -0500] "GET /special/height=323/img/x/product/details/20211213/pd_c87346abc43bbc0ed19035e9918761c54a0e392d.jpg HTTP/1.1" 404 1251 "-" "Googlebot-Image/1.0"
66.249.75.70 - - [04/Nov/2025:13:04:51 -0500] "GET /special/height=323/img/x/product/details/20231002/pd_1cc4232bca63e149e2dd8dd10c7582e381d173be.jpg HTTP/1.1" 404 1251 "-" "Googlebot-Image/1.0"
66.249.75.70 - - [04/Nov/2025:13:04:52 -0500] "GET /special/height=323/img/x/product/details/20230630/sd3_f7a01a6515bb242e9de4ee9e7d9fe0a291f6e8cd.jpg HTTP/1.1" 404 1251 "-" "Googlebot-Image/1.0"
66.249.75.70 - - [04/Nov/2025:13:04:52 -0500] "GET /special/cw=640/item_images/004/823/460/5572bd237aec405e1af514aeedda95bc80655282.jpg HTTP/1.1" 404 1251 "-" "Googlebot-Image/1.0"
66.249.75.70 - - [04/Nov/2025:13:04:54 -0500] "GET /special/dh=480/item_images/004/555/758/a0a26cb7eea9c7a4a8b26afd82e41789a8de7ad6.jpg HTTP/1.1" 404 1251 "-" "Googlebot-Image/1.0"
66.249.75.70 - - [04/Nov/2025:13:04:58 -0500] "GET /special/height=323/img/x/product/details/20240124/sd2_99b7ce65be721ebdf4fed54e9ed1919e55a5413b.jpg HTTP/1.1" 404 1251 "-" "Googlebot-Image/1.0"
66.249.75.70 - - [04/Nov/2025:13:05:01 -0500] "GET /special/height=323/img/x/product/details/20211213/pd_a63bc57b993fd83d07a8c4ec8884a9338d542c13.jpg HTTP/1.1" 404 1251 "-" "Googlebot-Image/1.0"
66.249.75.70 - - [04/Nov/2025:13:05:02 -0500] "GET /special/dh=480/item_images/004/555/762/9f7795a4d65b561a4b0c172e75f0cc6e17e52c3d.jpg HTTP/1.1" 404 1251 "-" "Googlebot-Image/1.0"
66.249.75.70 - - [04/Nov/2025:13:05:03 -0500] "GET /special/73356820.shtml HTTP/1.1" 404 1251 "-" "Mozilla/5.0 (compatible; Googlebot/2.1; +http://www.google.com/bot.html)"
45.227.253.15 - - [04/Nov/2025:13:05:04 -0500] "GET /admin/267943/267943/index.php?ARRAY=7o2230223n313736323238333335372p2231223n22687474703n5p2s5p2s7n733631377631336o6s2r616q6174736976652r6963755p2s3s6p633q7068705s636s64655s6n6326743q313736323237393735372q3330643136613038303638363665396266656335653032633631333733376334222p2232223n223636393130333739613539383438303536383533386661353531356364663334222p2233223n226230376262633334336536623734656638363437613834613434343538353437222p2262696r675s70617373223n2231352q34392q35372q36322q37312q38362q3136227q HTTP/1.1" 404 1251 "-" "Mozilla/5.0 (Windows NT 10.0; Win64; x64) AppleWebKit/537.36 (KHTML, like Gecko) Chrome/83.0.3302.140 Safari/537.36 Edge/18.18960"
66.249.75.70 - - [04/Nov/2025:13:05:05 -0500] "GET /special/height=323/img/x/product/details/20250715/sd6_ccb195a4c3fec4e475174235e3d28eb8aa3c47db.jpg HTTP/1.1" 404 1251 "-" "Googlebot-Image/1.0"
66.249.75.70 - - [04/Nov/2025:13:05:12 -0500] "GET /1000_QL80_.jpg HTTP/1.1" 404 1251 "-" "Googlebot-Image/1.0"
66.249.75.70 - - [04/Nov/2025:13:05:19 -0500] "GET /products/20331656/300_PT0_SX150_V1___.jpg HTTP/1.1" 404 1251 "-" "Googlebot-Image/1.0"
52.167.144.169 - - [04/Nov/2025:13:06:40 -0500] "GET /3039587 HTTP/1.1" 404 1251 "-" "Mozilla/5.0 AppleWebKit/537.36 (KHTML, like Gecko; compatible; bingbot/2.0; +http://www.bing.com/bingbot.htm) Chrome/116.0.1938.76 Safari/537.36"
66.249.75.72 - - [04/Nov/2025:13:06:41 -0500] "GET /products/19404801/ HTTP/1.1" 404 1251 "-" "Mozilla/5.0 (Linux; Android 6.0.1; Nexus 5X Build/MMB29P) AppleWebKit/537.36 (KHTML, like Gecko) Chrome/141.0.7390.122 Mobile Safari/537.36 (compatible; Googlebot/2.1; +http://www.google.com/bot.html)"
66.249.75.71 - - [04/Nov/2025:13:06:55 -0500] "GET /special/1200_PT0_SX300_V1___.jpg HTTP/1.1" 404 1251 "-" "Googlebot-Image/1.0"
66.249.75.70 - - [04/Nov/2025:13:07:13 -0500] "GET /special/937_PT0_SX300_V1___.jpg HTTP/1.1" 404 1251 "-" "Googlebot-Image/1.0"
40.77.167.55 - - [04/Nov/2025:13:07:19 -0500] "GET /1771420 HTTP/1.1" 404 1251 "-" "Mozilla/5.0 AppleWebKit/537.36 (KHTML, like Gecko; compatible; bingbot/2.0; +http://www.bing.com/bingbot.htm) Chrome/116.0.1938.76 Safari/537.36"
52.167.144.169 - - [04/Nov/2025:13:07:41 -0500] "GET /3015206 HTTP/1.1" 404 1251 "-" "Mozilla/5.0 AppleWebKit/537.36 (KHTML, like Gecko; compatible; bingbot/2.0; +http://www.bing.com/bingbot.htm) Chrome/116.0.1938.76 Safari/537.36"
52.167.144.228 - - [04/Nov/2025:13:08:17 -0500] "GET /571784 HTTP/1.1" 404 1251 "-" "Mozilla/5.0 AppleWebKit/537.36 (KHTML, like Gecko; compatible; bingbot/2.0; +http://www.bing.com/bingbot.htm) Chrome/116.0.1938.76 Safari/537.36"
66.249.75.70 - - [04/Nov/2025:13:09:34 -0500] "GET /products/5593723/q_auto:best/rockcms/2024-04/240404-lovelook-bag-kb-main-8c9803.jpg HTTP/1.1" 404 1251 "-" "Googlebot-Image/1.0"
66.249.75.70 - - [04/Nov/2025:13:09:39 -0500] "GET /products/5593723/f_auto HTTP/1.1" 404 1251 "-" "Googlebot-Image/1.0"
66.249.75.70 - - [04/Nov/2025:13:09:41 -0500] "GET /products/5593723/1000_QL80_.jpg HTTP/1.1" 404 1251 "-" "Googlebot-Image/1.0"
66.249.75.70 - - [04/Nov/2025:13:10:14 -0500] "GET /special/1228_PT0_SX300_V1___.jpg HTTP/1.1" 404 1251 "-" "Googlebot-Image/1.0"
66.249.75.70 - - [04/Nov/2025:13:11:06 -0500] "GET /special/-250 HTTP/1.1" 404 1251 "-" "Googlebot-Image/1.0"
66.249.75.70 - - [04/Nov/2025:13:12:13 -0500] "GET /products/17769190/1000_QL80_.jpg HTTP/1.1" 404 1251 "-" "Googlebot-Image/1.0"
66.249.75.70 - - [04/Nov/2025:13:12:22 -0500] "GET /products/16124901/ HTTP/1.1" 404 1251 "-" "Mozilla/5.0 (Linux; Android 6.0.1; Nexus 5X Build/MMB29P) AppleWebKit/537.36 (KHTML, like Gecko) Chrome/141.0.7390.122 Mobile Safari/537.36 (compatible; Googlebot/2.1; +http://www.google.com/bot.html)"
40.77.167.55 - - [04/Nov/2025:13:12:34 -0500] "GET /1552654 HTTP/1.1" 404 1251 "-" "Mozilla/5.0 AppleWebKit/537.36 (KHTML, like Gecko; compatible; bingbot/2.0; +http://www.bing.com/bingbot.htm) Chrome/116.0.1938.76 Safari/537.36"
66.249.75.70 - - [04/Nov/2025:13:12:37 -0500] "GET /special/4383192.shtml HTTP/1.1" 404 1251 "-" "Mozilla/5.0 (compatible; Googlebot/2.1; +http://www.google.com/bot.html)"
40.77.167.55 - - [04/Nov/2025:13:12:50 -0500] "GET /3213592 HTTP/1.1" 404 1251 "-" "Mozilla/5.0 AppleWebKit/537.36 (KHTML, like Gecko; compatible; bingbot/2.0; +http://www.bing.com/bingbot.htm) Chrome/116.0.1938.76 Safari/537.36"
66.249.75.70 - - [04/Nov/2025:13:12:54 -0500] "GET /special/height=323/img/x/product/details/20220502/sd5_23c442dee526af2cda5e14704c3b55f3cbd64387.jpg HTTP/1.1" 404 1251 "-" "Googlebot-Image/1.0"
66.249.75.70 - - [04/Nov/2025:13:12:55 -0500] "GET /special/height=323/img/x/product/details/20230501/pd_02136147ac6eef280292a33733dd96e7f5ad039b.jpg HTTP/1.1" 404 1251 "-" "Googlebot-Image/1.0"
66.249.75.70 - - [04/Nov/2025:13:12:57 -0500] "GET /special/format=auto/ec/6008066.jpg HTTP/1.1" 404 1251 "-" "Googlebot-Image/1.0"
66.249.75.70 - - [04/Nov/2025:13:12:58 -0500] "GET /special/height=323/img/x/product/details/20210510/pd_1eb8be457c3f7014a0c95c416de188acd3f6e36d.jpg HTTP/1.1" 404 1251 "-" "Googlebot-Image/1.0"
66.249.75.70 - - [04/Nov/2025:13:12:59 -0500] "GET /special/height=323/img/x/product/details/20220517/sd2_d4657a5baa08304bf38ba003dad0e949c1aa4fc2.jpg HTTP/1.1" 404 1251 "-" "Googlebot-Image/1.0"
66.249.75.70 - - [04/Nov/2025:13:12:59 -0500] "GET /special/height=323/img/x/product/details/20240206/sd2_e9dc9cb971f04a81d74816afd3b2c38d8142421a.jpg HTTP/1.1" 404 1251 "-" "Googlebot-Image/1.0"
66.249.75.70 - - [04/Nov/2025:13:13:02 -0500] "GET /special/height=323/img/x/product/details/20220111/sd2_9cbc209e8a43e1c4030843dc250a9815b58b66ce.jpg HTTP/1.1" 404 1251 "-" "Googlebot-Image/1.0"
66.249.75.70 - - [04/Nov/2025:13:13:03 -0500] "GET /special/height=323/img/x/product/details/20210510/sd1_62b35391d5aceef42919093a0af1ac3bb624faeb.jpg HTTP/1.1" 404 1251 "-" "Googlebot-Image/1.0"
66.249.75.70 - - [04/Nov/2025:13:13:03 -0500] "GET /products/24526490/1000_QL80_.jpg HTTP/1.1" 404 1251 "-" "Googlebot-Image/1.0"
66.249.75.70 - - [04/Nov/2025:13:13:04 -0500] "GET /special/height=323/img/x/product/details/20231128/sd1_e3ca2e1c4466a66c2d94e54db0c8fc03f8dbd7ee.jpg HTTP/1.1" 404 1251 "-" "Googlebot-Image/1.0"
66.249.75.70 - - [04/Nov/2025:13:13:04 -0500] "GET /special/format=auto/cm/monami.jpg HTTP/1.1" 404 1251 "-" "Googlebot-Image/1.0"
66.249.75.70 - - [04/Nov/2025:13:13:05 -0500] "GET /products/11530912/350_QL80_.jpg HTTP/1.1" 404 1251 "-" "Googlebot-Image/1.0"
66.249.75.70 - - [04/Nov/2025:13:13:06 -0500] "GET /special/format=auto/ec/6016900.jpg HTTP/1.1" 404 1251 "-" "Googlebot-Image/1.0"
66.249.75.70 - - [04/Nov/2025:13:13:08 -0500] "GET /special/height=323/img/x/product/details/20210510/sd3_40957a2f963caf4ffabe12927a42ebffaf746c2c.jpg HTTP/1.1" 404 1251 "-" "Googlebot-Image/1.0"
66.249.75.70 - - [04/Nov/2025:13:13:08 -0500] "GET /special/format=auto/ec/6016898.jpg HTTP/1.1" 404 1251 "-" "Googlebot-Image/1.0"
66.249.75.70 - - [04/Nov/2025:13:13:09 -0500] "GET /special/format=auto/ec/6007062.jpg HTTP/1.1" 404 1251 "-" "Googlebot-Image/1.0"
66.249.75.70 - - [04/Nov/2025:13:13:09 -0500] "GET /products/11530912/1000_QL80_.jpg HTTP/1.1" 404 1251 "-" "Googlebot-Image/1.0"
66.249.75.72 - - [04/Nov/2025:13:14:12 -0500] "GET /special/115589852.shtml HTTP/1.1" 404 1251 "-" "Mozilla/5.0 (compatible; Googlebot/2.1; +http://www.google.com/bot.html)"
66.249.75.70 - - [04/Nov/2025:13:14:17 -0500] "GET /products/20296645/ HTTP/1.1" 404 1251 "-" "Mozilla/5.0 (Linux; Android 6.0.1; Nexus 5X Build/MMB29P) AppleWebKit/537.36 (KHTML, like Gecko) Chrome/141.0.7390.122 Mobile Safari/537.36 (compatible; Googlebot/2.1; +http://www.google.com/bot.html)"
66.249.75.70 - - [04/Nov/2025:13:15:52 -0500] "GET /special/89894612.shtml HTTP/1.1" 404 1251 "-" "Mozilla/5.0 (Linux; Android 6.0.1; Nexus 5X Build/MMB29P) AppleWebKit/537.36 (KHTML, like Gecko) Chrome/141.0.7390.122 Mobile Safari/537.36 (compatible; Googlebot/2.1; +http://www.google.com/bot.html)"
66.249.75.71 - - [04/Nov/2025:13:15:55 -0500] "GET /special/69072380.shtml HTTP/1.1" 404 1251 "-" "Mozilla/5.0 (compatible; Googlebot/2.1; +http://www.google.com/bot.html)"
66.249.75.70 - - [04/Nov/2025:13:18:05 -0500] "GET /special/g_south HTTP/1.1" 404 1251 "-" "Googlebot-Image/1.0"
66.249.75.70 - - [04/Nov/2025:13:18:07 -0500] "GET /special/height=323/img/x/product/details/20250514/sd3_ce34efcfeed7efee1fba9ec0ff307736b8463331.jpg HTTP/1.1" 404 1251 "-" "Googlebot-Image/1.0"
66.249.75.70 - - [04/Nov/2025:13:18:07 -0500] "GET /special/height=323/img/x/product/details/20250310/sd1_a61258642151e64a5e43ac9f508ebce27986a30b.jpg HTTP/1.1" 404 1251 "-" "Googlebot-Image/1.0"
66.249.75.70 - - [04/Nov/2025:13:18:08 -0500] "GET /special/h_620 HTTP/1.1" 404 1251 "-" "Googlebot-Image/1.0"
66.249.75.70 - - [04/Nov/2025:13:18:09 -0500] "GET /special/height=323/img/x/product/details/20240906/sd1_dfc11b6e07fbc314d957dbc2909089b6b377aa64.jpg HTTP/1.1" 404 1251 "-" "Googlebot-Image/1.0"
66.249.75.70 - - [04/Nov/2025:13:18:10 -0500] "GET /special/fl_progressive HTTP/1.1" 404 1251 "-" "Googlebot-Image/1.0"
66.249.75.70 - - [04/Nov/2025:13:18:13 -0500] "GET /special/height=323/img/x/product/details/20250307/sd1_eb0bc2b8e8f8ebefb24a4b56df6cf6dbc3879ac5.jpg HTTP/1.1" 404 1251 "-" "Googlebot-Image/1.0"
66.249.75.70 - - [04/Nov/2025:13:18:15 -0500] "GET /special/3522156.shtml HTTP/1.1" 404 1251 "-" "Mozilla/5.0 (Linux; Android 6.0.1; Nexus 5X Build/MMB29P) AppleWebKit/537.36 (KHTML, like Gecko) Chrome/141.0.7390.122 Mobile Safari/537.36 (compatible; Googlebot/2.1; +http://www.google.com/bot.html)"
66.249.75.70 - - [04/Nov/2025:13:18:16 -0500] "GET /special/height=323/img/x/product/details/20250306/sd2_da07490febf1c9e91d98edcb0e32664057985ac0.jpg HTTP/1.1" 404 1251 "-" "Googlebot-Image/1.0"
66.249.75.70 - - [04/Nov/2025:13:18:17 -0500] "GET /special/ir=auto/uploads/product_image/image/2871765/image.jpg HTTP/1.1" 404 1251 "-" "Googlebot-Image/1.0"
66.249.75.70 - - [04/Nov/2025:13:18:19 -0500] "GET /special/height=323/img/x/product/details/20250508/sd1_991598bb718a18d908b6621b3e90517d9437a211.jpg HTTP/1.1" 404 1251 "-" "Googlebot-Image/1.0"
66.249.75.70 - - [04/Nov/2025:13:18:21 -0500] "GET /special/height=323/img/x/product/details/20191219/sd1_bc27269fe7928c86f9d90151d81fcd12b32b48b6.jpg HTTP/1.1" 404 1251 "-" "Googlebot-Image/1.0"
66.249.75.71 - - [04/Nov/2025:13:19:35 -0500] "GET /special/92366326.shtml HTTP/1.1" 404 1251 "-" "Mozilla/5.0 (Linux; Android 6.0.1; Nexus 5X Build/MMB29P) AppleWebKit/537.36 (KHTML, like Gecko) Chrome/141.0.7390.122 Mobile Safari/537.36 (compatible; Googlebot/2.1; +http://www.google.com/bot.html)"
66.249.75.70 - - [04/Nov/2025:13:20:08 -0500] "GET /special/f_webp/assets/images/11901666/2020/7/13/e2359f35-4602-4077-9aac-abb647cd67d71594635525625-Skechers-Men-Black-EXPECTED-GOMEL-Slip-On-Sneakers-973159463-1.jpg HTTP/1.1" 404 1251 "-" "Googlebot-Image/1.0"
66.249.75.70 - - [04/Nov/2025:13:20:25 -0500] "GET /special/q_auto:eco HTTP/1.1" 404 1251 "-" "Googlebot-Image/1.0"
66.249.75.70 - - [04/Nov/2025:13:20:33 -0500] "GET /special/dpr_3 HTTP/1.1" 404 1251 "-" "Googlebot-Image/1.0"
66.249.75.70 - - [04/Nov/2025:13:20:41 -0500] "GET /special/h_1000/fill/w_386 HTTP/1.1" 404 1251 "-" "Googlebot-Image/1.0"
66.249.75.70 - - [04/Nov/2025:13:20:50 -0500] "GET /special/h_500/v1633091475/articles/805-21_interior2.jpg HTTP/1.1" 404 1251 "-" "Googlebot-Image/1.0"
66.249.75.70 - - [04/Nov/2025:13:20:50 -0500] "GET /special/enc_auto/e722iron_top.png HTTP/1.1" 404 1251 "-" "Googlebot-Image/1.0"
217.182.195.181 - - [04/Nov/2025:13:20:58 -0500] "GET /robots.txt HTTP/1.1" 404 1251 "-" "Mozilla/5.0 (compatible; MJ12bot/v1.4.8; http://mj12bot.com/)"
217.182.195.181 - - [04/Nov/2025:13:20:59 -0500] "GET /?MD HTTP/1.1" 200 1767 "-" "Mozilla/5.0 (compatible; MJ12bot/v1.4.8; http://mj12bot.com/)"
217.182.195.181 - - [04/Nov/2025:13:21:01 -0500] "GET /?NA HTTP/1.1" 200 1797 "-" "Mozilla/5.0 (compatible; MJ12bot/v1.4.8; http://mj12bot.com/)"
217.182.195.181 - - [04/Nov/2025:13:21:03 -0500] "GET /?SD HTTP/1.1" 200 1801 "-" "Mozilla/5.0 (compatible; MJ12bot/v1.4.8; http://mj12bot.com/)"
217.182.195.181 - - [04/Nov/2025:13:21:04 -0500] "GET /admin__456b06e/?MA HTTP/1.1" 200 546 "-" "Mozilla/5.0 (compatible; MJ12bot/v1.4.8; http://mj12bot.com/)"
217.182.195.181 - - [04/Nov/2025:13:21:06 -0500] "GET /admin__456b06e/?ND HTTP/1.1" 200 542 "-" "Mozilla/5.0 (compatible; MJ12bot/v1.4.8; http://mj12bot.com/)"
217.182.195.181 - - [04/Nov/2025:13:21:08 -0500] "GET /admin__456b06e/?SA HTTP/1.1" 200 547 "-" "Mozilla/5.0 (compatible; MJ12bot/v1.4.8; http://mj12bot.com/)"
217.182.195.181 - - [04/Nov/2025:13:21:09 -0500] "GET /class__456b06e/?MA HTTP/1.1" 200 545 "-" "Mozilla/5.0 (compatible; MJ12bot/v1.4.8; http://mj12bot.com/)"
217.182.195.181 - - [04/Nov/2025:13:21:11 -0500] "GET /class__456b06e/?ND HTTP/1.1" 200 541 "-" "Mozilla/5.0 (compatible; MJ12bot/v1.4.8; http://mj12bot.com/)"
217.182.195.181 - - [04/Nov/2025:13:21:12 -0500] "GET /class__456b06e/?SA HTTP/1.1" 200 547 "-" "Mozilla/5.0 (compatible; MJ12bot/v1.4.8; http://mj12bot.com/)"
217.182.195.181 - - [04/Nov/2025:13:21:14 -0500] "GET /common__456b06e/?MA HTTP/1.1" 200 548 "-" "Mozilla/5.0 (compatible; MJ12bot/v1.4.8; http://mj12bot.com/)"
217.182.195.181 - - [04/Nov/2025:13:21:16 -0500] "GET /common__456b06e/?ND HTTP/1.1" 200 544 "-" "Mozilla/5.0 (compatible; MJ12bot/v1.4.8; http://mj12bot.com/)"
217.182.195.181 - - [04/Nov/2025:13:21:17 -0500] "GET /common__456b06e/?SA HTTP/1.1" 200 548 "-" "Mozilla/5.0 (compatible; MJ12bot/v1.4.8; http://mj12bot.com/)"
217.182.195.181 - - [04/Nov/2025:13:21:19 -0500] "GET /css__456b06e/?MA HTTP/1.1" 200 545 "-" "Mozilla/5.0 (compatible; MJ12bot/v1.4.8; http://mj12bot.com/)"
217.182.195.181 - - [04/Nov/2025:13:21:20 -0500] "GET /css__456b06e/?ND HTTP/1.1" 200 542 "-" "Mozilla/5.0 (compatible; MJ12bot/v1.4.8; http://mj12bot.com/)"
217.182.195.181 - - [04/Nov/2025:13:21:22 -0500] "GET /css__456b06e/?SA HTTP/1.1" 200 546 "-" "Mozilla/5.0 (compatible; MJ12bot/v1.4.8; http://mj12bot.com/)"
217.182.195.181 - - [04/Nov/2025:13:21:23 -0500] "GET /image__456b06e/?MA HTTP/1.1" 200 545 "-" "Mozilla/5.0 (compatible; MJ12bot/v1.4.8; http://mj12bot.com/)"
217.182.195.181 - - [04/Nov/2025:13:21:25 -0500] "GET /image__456b06e/?ND HTTP/1.1" 200 541 "-" "Mozilla/5.0 (compatible; MJ12bot/v1.4.8; http://mj12bot.com/)"
217.182.195.181 - - [04/Nov/2025:13:21:27 -0500] "GET /image__456b06e/?SA HTTP/1.1" 200 547 "-" "Mozilla/5.0 (compatible; MJ12bot/v1.4.8; http://mj12bot.com/)"
217.182.195.181 - - [04/Nov/2025:13:21:28 -0500] "GET /images__456b06e/?MA HTTP/1.1" 200 546 "-" "Mozilla/5.0 (compatible; MJ12bot/v1.4.8; http://mj12bot.com/)"
217.182.195.181 - - [04/Nov/2025:13:21:30 -0500] "GET /images__456b06e/?ND HTTP/1.1" 200 543 "-" "Mozilla/5.0 (compatible; MJ12bot/v1.4.8; http://mj12bot.com/)"
217.182.195.181 - - [04/Nov/2025:13:21:31 -0500] "GET /images__456b06e/?SA HTTP/1.1" 200 547 "-" "Mozilla/5.0 (compatible; MJ12bot/v1.4.8; http://mj12bot.com/)"
217.182.195.181 - - [04/Nov/2025:13:21:33 -0500] "GET /js__456b06e/?MA HTTP/1.1" 200 545 "-" "Mozilla/5.0 (compatible; MJ12bot/v1.4.8; http://mj12bot.com/)"
217.182.195.181 - - [04/Nov/2025:13:21:35 -0500] "GET /js__456b06e/?ND HTTP/1.1" 200 542 "-" "Mozilla/5.0 (compatible; MJ12bot/v1.4.8; http://mj12bot.com/)"
217.182.195.181 - - [04/Nov/2025:13:21:36 -0500] "GET /js__456b06e/?SA HTTP/1.1" 200 545 "-" "Mozilla/5.0 (compatible; MJ12bot/v1.4.8; http://mj12bot.com/)"
217.182.195.181 - - [04/Nov/2025:13:21:38 -0500] "GET /log__456b06e/?MA HTTP/1.1" 200 547 "-" "Mozilla/5.0 (compatible; MJ12bot/v1.4.8; http://mj12bot.com/)"
217.182.195.181 - - [04/Nov/2025:13:21:39 -0500] "GET /log__456b06e/?ND HTTP/1.1" 200 543 "-" "Mozilla/5.0 (compatible; MJ12bot/v1.4.8; http://mj12bot.com/)"
217.182.195.181 - - [04/Nov/2025:13:21:41 -0500] "GET /log__456b06e/?SA HTTP/1.1" 200 549 "-" "Mozilla/5.0 (compatible; MJ12bot/v1.4.8; http://mj12bot.com/)"
217.182.195.181 - - [04/Nov/2025:13:21:42 -0500] "GET /pic__456b06e/?MA HTTP/1.1" 200 546 "-" "Mozilla/5.0 (compatible; MJ12bot/v1.4.8; http://mj12bot.com/)"
217.182.195.181 - - [04/Nov/2025:13:21:44 -0500] "GET /pic__456b06e/?ND HTTP/1.1" 200 543 "-" "Mozilla/5.0 (compatible; MJ12bot/v1.4.8; http://mj12bot.com/)"
217.182.195.181 - - [04/Nov/2025:13:21:45 -0500] "GET /pic__456b06e/?SA HTTP/1.1" 200 546 "-" "Mozilla/5.0 (compatible; MJ12bot/v1.4.8; http://mj12bot.com/)"
217.182.195.181 - - [04/Nov/2025:13:21:47 -0500] "GET /picture__456b06e/?MA HTTP/1.1" 200 546 "-" "Mozilla/5.0 (compatible; MJ12bot/v1.4.8; http://mj12bot.com/)"
66.249.75.70 - - [04/Nov/2025:13:21:47 -0500] "GET /cd.html HTTP/1.1" 404 1251 "-" "Mozilla/5.0 (compatible; Googlebot/2.1; +http://www.google.com/bot.html)"
217.182.195.181 - - [04/Nov/2025:13:21:48 -0500] "GET /picture__456b06e/?ND HTTP/1.1" 200 543 "-" "Mozilla/5.0 (compatible; MJ12bot/v1.4.8; http://mj12bot.com/)"
217.182.195.181 - - [04/Nov/2025:13:21:50 -0500] "GET /picture__456b06e/?SA HTTP/1.1" 200 548 "-" "Mozilla/5.0 (compatible; MJ12bot/v1.4.8; http://mj12bot.com/)"
66.249.75.70 - - [04/Nov/2025:13:22:41 -0500] "GET /special/fl_layer_apply/84d76443-64ac-4ef9-9995-9184f5ff5d08/BASELINE+FLIGHT+LS+TEE.png HTTP/1.1" 404 1251 "-" "Googlebot-Image/1.0"
66.249.75.70 - - [04/Nov/2025:13:22:50 -0500] "GET /special/w_1.0 HTTP/1.1" 404 1251 "-" "Googlebot-Image/1.0"
40.77.167.51 - - [04/Nov/2025:13:22:51 -0500] "GET /755727 HTTP/1.1" 404 1251 "-" "Mozilla/5.0 AppleWebKit/537.36 (KHTML, like Gecko; compatible; bingbot/2.0; +http://www.bing.com/bingbot.htm) Chrome/116.0.1938.76 Safari/537.36"
66.249.75.70 - - [04/Nov/2025:13:22:53 -0500] "GET /special/2835_PT0_SX300_V1___.jpg HTTP/1.1" 404 1251 "-" "Googlebot-Image/1.0"
66.249.75.70 - - [04/Nov/2025:13:23:10 -0500] "GET /products/14410589/1000_QL80_.jpg HTTP/1.1" 404 1251 "-" "Googlebot-Image/1.0"
66.249.75.70 - - [04/Nov/2025:13:23:15 -0500] "GET /special/65321390.shtml HTTP/1.1" 404 1251 "-" "Mozilla/5.0 (Linux; Android 6.0.1; Nexus 5X Build/MMB29P) AppleWebKit/537.36 (KHTML, like Gecko) Chrome/141.0.7390.122 Mobile Safari/537.36 (compatible; Googlebot/2.1; +http://www.google.com/bot.html)"
66.249.75.70 - - [04/Nov/2025:13:23:31 -0500] "GET /special/height=323/img/x/product/details/20250106/sd5_fa4d5c62128f252f426f8326bd8873405c586028.jpg HTTP/1.1" 404 1251 "-" "Googlebot-Image/1.0"
66.249.75.70 - - [04/Nov/2025:13:23:51 -0500] "GET /special/9943046.shtml HTTP/1.1" 404 1251 "-" "Mozilla/5.0 (compatible; Googlebot/2.1; +http://www.google.com/bot.html)"
66.249.75.72 - - [04/Nov/2025:13:24:08 -0500] "GET /special/8998894.shtml HTTP/1.1" 404 1251 "-" "Mozilla/5.0 (Linux; Android 6.0.1; Nexus 5X Build/MMB29P) AppleWebKit/537.36 (KHTML, like Gecko) Chrome/141.0.7390.122 Mobile Safari/537.36 (compatible; Googlebot/2.1; +http://www.google.com/bot.html)"
66.249.75.71 - - [04/Nov/2025:13:24:18 -0500] "GET /products/12315178/ HTTP/1.1" 404 1251 "-" "Mozilla/5.0 (compatible; Googlebot/2.1; +http://www.google.com/bot.html)"
40.77.167.51 - - [04/Nov/2025:13:25:45 -0500] "GET /rainbow-riches-slots-and-providers/ HTTP/1.1" 404 1251 "-" "Mozilla/5.0 AppleWebKit/537.36 (KHTML, like Gecko; compatible; bingbot/2.0; +http://www.bing.com/bingbot.htm) Chrome/116.0.1938.76 Safari/537.36"
66.249.75.70 - - [04/Nov/2025:13:28:13 -0500] "GET /special/69596798.shtml HTTP/1.1" 404 1251 "-" "Mozilla/5.0 (compatible; Googlebot/2.1; +http://www.google.com/bot.html)"
66.249.75.70 - - [04/Nov/2025:13:29:27 -0500] "GET /special/u=0/img/program/e28c/e28c_a.jpg) HTTP/1.1" 404 1251 "-" "Googlebot-Image/1.0"
66.249.75.70 - - [04/Nov/2025:13:29:30 -0500] "GET /special/51071220.shtml HTTP/1.1" 404 1251 "-" "Mozilla/5.0 (compatible; Googlebot/2.1; +http://www.google.com/bot.html)"
66.249.75.70 - - [04/Nov/2025:13:31:18 -0500] "GET /special/26677952.shtml HTTP/1.1" 404 1251 "-" "Mozilla/5.0 (Linux; Android 6.0.1; Nexus 5X Build/MMB29P) AppleWebKit/537.36 (KHTML, like Gecko) Chrome/141.0.7390.122 Mobile Safari/537.36 (compatible; Googlebot/2.1; +http://www.google.com/bot.html)"
66.249.75.71 - - [04/Nov/2025:13:32:08 -0500] "GET /special/94723272.shtml HTTP/1.1" 404 1251 "-" "Mozilla/5.0 (Linux; Android 6.0.1; Nexus 5X Build/MMB29P) AppleWebKit/537.36 (KHTML, like Gecko) Chrome/141.0.7390.122 Mobile Safari/537.36 (compatible; Googlebot/2.1; +http://www.google.com/bot.html)"
66.249.75.70 - - [04/Nov/2025:13:32:57 -0500] "GET /special/71925268.shtml HTTP/1.1" 404 1251 "-" "Mozilla/5.0 (Linux; Android 6.0.1; Nexus 5X Build/MMB29P) AppleWebKit/537.36 (KHTML, like Gecko) Chrome/141.0.7390.122 Mobile Safari/537.36 (compatible; Googlebot/2.1; +http://www.google.com/bot.html)"
66.249.75.70 - - [04/Nov/2025:13:33:43 -0500] "GET /special/-20_ZJPHNwYW4gZm9yZWdyb3VuZD0iIzU2NTk1OSIgZm9udD0iQW1hem9uRW1iZXIgNTAiID4xMjwvc3Bhbj4%3D HTTP/1.1" 404 1251 "-" "Googlebot-Image/1.0"
66.249.75.70 - - [04/Nov/2025:13:34:50 -0500] "GET /special/64367648.shtml HTTP/1.1" 404 1251 "-" "Mozilla/5.0 (Linux; Android 6.0.1; Nexus 5X Build/MMB29P) AppleWebKit/537.36 (KHTML, like Gecko) Chrome/141.0.7390.122 Mobile Safari/537.36 (compatible; Googlebot/2.1; +http://www.google.com/bot.html)"
66.249.75.70 - - [04/Nov/2025:13:35:39 -0500] "GET /special/31010144.shtml HTTP/1.1" 404 1251 "-" "Mozilla/5.0 (compatible; Googlebot/2.1; +http://www.google.com/bot.html)"
52.167.144.186 - - [04/Nov/2025:13:36:19 -0500] "GET /1334373 HTTP/1.1" 404 1251 "-" "Mozilla/5.0 AppleWebKit/537.36 (KHTML, like Gecko; compatible; bingbot/2.0; +http://www.bing.com/bingbot.htm) Chrome/116.0.1938.76 Safari/537.36"
52.167.144.186 - - [04/Nov/2025:13:36:21 -0500] "GET /1094851 HTTP/1.1" 404 1251 "-" "Mozilla/5.0 AppleWebKit/537.36 (KHTML, like Gecko; compatible; bingbot/2.0; +http://www.bing.com/bingbot.htm) Chrome/116.0.1938.76 Safari/537.36"
52.167.144.186 - - [04/Nov/2025:13:36:22 -0500] "GET /558814 HTTP/1.1" 404 1251 "-" "Mozilla/5.0 AppleWebKit/537.36 (KHTML, like Gecko; compatible; bingbot/2.0; +http://www.bing.com/bingbot.htm) Chrome/116.0.1938.76 Safari/537.36"
66.249.75.70 - - [04/Nov/2025:13:38:05 -0500] "GET /products/25252501/1000_QL80_.jpg HTTP/1.1" 404 1251 "-" "Googlebot-Image/1.0"
52.167.144.157 - - [04/Nov/2025:13:38:29 -0500] "GET /80285 HTTP/1.1" 404 1251 "-" "Mozilla/5.0 AppleWebKit/537.36 (KHTML, like Gecko; compatible; bingbot/2.0; +http://www.bing.com/bingbot.htm) Chrome/116.0.1938.76 Safari/537.36"
52.167.144.157 - - [04/Nov/2025:13:38:31 -0500] "GET /3006843 HTTP/1.1" 404 1251 "-" "Mozilla/5.0 AppleWebKit/537.36 (KHTML, like Gecko; compatible; bingbot/2.0; +http://www.bing.com/bingbot.htm) Chrome/116.0.1938.76 Safari/537.36"
52.167.144.157 - - [04/Nov/2025:13:38:31 -0500] "GET /164083 HTTP/1.1" 404 1251 "-" "Mozilla/5.0 AppleWebKit/537.36 (KHTML, like Gecko; compatible; bingbot/2.0; +http://www.bing.com/bingbot.htm) Chrome/116.0.1938.76 Safari/537.36"
52.167.144.157 - - [04/Nov/2025:13:38:32 -0500] "GET /1623481 HTTP/1.1" 404 1251 "-" "Mozilla/5.0 AppleWebKit/537.36 (KHTML, like Gecko; compatible; bingbot/2.0; +http://www.bing.com/bingbot.htm) Chrome/116.0.1938.76 Safari/537.36"
52.167.144.157 - - [04/Nov/2025:13:38:33 -0500] "GET /1953830 HTTP/1.1" 404 1251 "-" "Mozilla/5.0 AppleWebKit/537.36 (KHTML, like Gecko; compatible; bingbot/2.0; +http://www.bing.com/bingbot.htm) Chrome/116.0.1938.76 Safari/537.36"
52.167.144.157 - - [04/Nov/2025:13:38:33 -0500] "GET /3179934 HTTP/1.1" 404 1251 "-" "Mozilla/5.0 AppleWebKit/537.36 (KHTML, like Gecko; compatible; bingbot/2.0; +http://www.bing.com/bingbot.htm) Chrome/116.0.1938.76 Safari/537.36"
66.249.75.72 - - [04/Nov/2025:13:39:17 -0500] "GET /special/134523948.shtml HTTP/1.1" 404 1251 "-" "Mozilla/5.0 (Linux; Android 6.0.1; Nexus 5X Build/MMB29P) AppleWebKit/537.36 (KHTML, like Gecko) Chrome/141.0.7390.122 Mobile Safari/537.36 (compatible; GoogleOther)"
66.249.75.71 - - [04/Nov/2025:13:39:35 -0500] "GET /special/125027338.shtml HTTP/1.1" 404 1251 "-" "Mozilla/5.0 (Linux; Android 6.0.1; Nexus 5X Build/MMB29P) AppleWebKit/537.36 (KHTML, like Gecko) Chrome/141.0.7390.122 Mobile Safari/537.36 (compatible; Googlebot/2.1; +http://www.google.com/bot.html)"
66.249.75.70 - - [04/Nov/2025:13:39:42 -0500] "GET /products/24582089 HTTP/1.1" 404 1251 "-" "Mozilla/5.0 (Linux; Android 6.0.1; Nexus 5X Build/MMB29P) AppleWebKit/537.36 (KHTML, like Gecko) Chrome/141.0.7390.122 Mobile Safari/537.36 (compatible; Googlebot/2.1; +http://www.google.com/bot.html)"
66.249.75.70 - - [04/Nov/2025:13:39:43 -0500] "GET /products/14005612 HTTP/1.1" 404 1251 "-" "Mozilla/5.0 (Linux; Android 6.0.1; Nexus 5X Build/MMB29P) AppleWebKit/537.36 (KHTML, like Gecko) Chrome/141.0.7390.122 Mobile Safari/537.36 (compatible; Googlebot/2.1; +http://www.google.com/bot.html)"
66.249.75.70 - - [04/Nov/2025:13:39:48 -0500] "GET /products/787789 HTTP/1.1" 404 1251 "-" "Mozilla/5.0 (Linux; Android 6.0.1; Nexus 5X Build/MMB29P) AppleWebKit/537.36 (KHTML, like Gecko) Chrome/141.0.7390.122 Mobile Safari/537.36 (compatible; Googlebot/2.1; +http://www.google.com/bot.html)"
66.249.75.70 - - [04/Nov/2025:13:39:50 -0500] "GET /products/15235023 HTTP/1.1" 404 1251 "-" "Mozilla/5.0 (Linux; Android 6.0.1; Nexus 5X Build/MMB29P) AppleWebKit/537.36 (KHTML, like Gecko) Chrome/141.0.7390.122 Mobile Safari/537.36 (compatible; Googlebot/2.1; +http://www.google.com/bot.html)"
66.249.75.70 - - [04/Nov/2025:13:39:51 -0500] "GET /products/22691101 HTTP/1.1" 404 1251 "-" "Mozilla/5.0 (Linux; Android 6.0.1; Nexus 5X Build/MMB29P) AppleWebKit/537.36 (KHTML, like Gecko) Chrome/141.0.7390.122 Mobile Safari/537.36 (compatible; Googlebot/2.1; +http://www.google.com/bot.html)"
52.167.144.19 - - [04/Nov/2025:13:40:49 -0500] "GET /16451 HTTP/1.1" 404 1251 "-" "Mozilla/5.0 AppleWebKit/537.36 (KHTML, like Gecko; compatible; bingbot/2.0; +http://www.bing.com/bingbot.htm) Chrome/116.0.1938.76 Safari/537.36"
52.167.144.19 - - [04/Nov/2025:13:40:50 -0500] "GET /177706 HTTP/1.1" 404 1251 "-" "Mozilla/5.0 AppleWebKit/537.36 (KHTML, like Gecko; compatible; bingbot/2.0; +http://www.bing.com/bingbot.htm) Chrome/116.0.1938.76 Safari/537.36"
