66.249.75.70 - - [04/Nov/2025:17:11:50 -0500] "GET /special/93590078.shtml HTTP/1.1" 404 1251 "-" "Mozilla/5.0 (compatible; Googlebot/2.1; +http://www.google.com/bot.html)"
66.249.75.72 - - [04/Nov/2025:17:12:00 -0500] "GET /special/fl_progressive:steep/https%3A%2F%2Fsubstack-post-media.s3.amazonaws.com%2Fpublic%2Fimages%2Fd04b1ec7-4352-422a-93c8-43d2860d1895_275x183.jpeg HTTP/1.1" 404 1251 "-" "Googlebot-Image/1.0"
66.249.75.70 - - [04/Nov/2025:17:12:07 -0500] "GET /special/120265618.shtml HTTP/1.1" 404 1251 "-" "Mozilla/5.0 (Linux; Android 6.0.1; Nexus 5X Build/MMB29P) AppleWebKit/537.36 (KHTML, like Gecko) Chrome/141.0.7390.122 Mobile Safari/537.36 (compatible; Googlebot/2.1; +http://www.google.com/bot.html)"
66.249.75.70 - - [04/Nov/2025:17:14:46 -0500] "GET /special/q=75/103094/IMG_20240529_181815.jpg HTTP/1.1" 404 1251 "-" "Googlebot-Image/1.0"
66.249.75.70 - - [04/Nov/2025:17:14:52 -0500] "GET /special/q%3D75 HTTP/1.1" 404 1251 "-" "Googlebot-Image/1.0"
52.167.144.220 - - [04/Nov/2025:17:15:19 -0500] "GET /p=1928880 HTTP/1.1" 404 1251 "-" "Mozilla/5.0 AppleWebKit/537.36 (KHTML, like Gecko; compatible; bingbot/2.0; +http://www.bing.com/bingbot.htm) Chrome/116.0.1938.76 Safari/537.36"
157.55.39.192 - - [04/Nov/2025:17:15:55 -0500] "GET /3229879 HTTP/1.1" 404 1251 "-" "Mozilla/5.0 AppleWebKit/537.36 (KHTML, like Gecko; compatible; bingbot/2.0; +http://www.bing.com/bingbot.htm) Chrome/116.0.1938.76 Safari/537.36"
66.249.75.70 - - [04/Nov/2025:17:16:24 -0500] "GET /special/f=webp:auto/image/image/1570608397534055768/___________________________.png HTTP/1.1" 404 1251 "-" "Googlebot-Image/1.0"
66.249.75.70 - - [04/Nov/2025:17:16:48 -0500] "GET /special/f=webp:auto/image/image/1429630102756609780/LEVEL8_-23_AURORA_LIGHT.png HTTP/1.1" 404 1251 "-" "Googlebot-Image/1.0"
66.249.75.70 - - [04/Nov/2025:17:16:49 -0500] "GET /special/f=webp:auto/image/image/1727520193078577418/pixta_95452548_M.jpg HTTP/1.1" 404 1251 "-" "Googlebot-Image/1.0"
66.249.75.70 - - [04/Nov/2025:17:16:53 -0500] "GET /special/width=950/images/large/bikes/optic-nerve/21828_2.jpg HTTP/1.1" 404 1251 "-" "Googlebot-Image/1.0"
66.249.75.71 - - [04/Nov/2025:17:17:00 -0500] "GET /special/f=webp:auto/image/image/1249991772277009848/81e2_wY25kL._AC_UL1500_.jpg HTTP/1.1" 404 1251 "-" "Googlebot-Image/1.0"
66.249.75.71 - - [04/Nov/2025:17:17:06 -0500] "GET /special/133858582.shtml HTTP/1.1" 404 1251 "-" "Mozilla/5.0 (Linux; Android 6.0.1; Nexus 5X Build/MMB29P) AppleWebKit/537.36 (KHTML, like Gecko) Chrome/141.0.7390.122 Mobile Safari/537.36 (compatible; GoogleOther)"
66.249.75.70 - - [04/Nov/2025:17:17:24 -0500] "GET /special/f=webp:auto/image/image/1724898671138654955/pixta_29026914_S.jpg HTTP/1.1" 404 1251 "-" "Googlebot-Image/1.0"
66.249.75.70 - - [04/Nov/2025:17:17:50 -0500] "GET /products/8606367/ HTTP/1.1" 404 1251 "-" "Mozilla/5.0 (Linux; Android 6.0.1; Nexus 5X Build/MMB29P) AppleWebKit/537.36 (KHTML, like Gecko) Chrome/141.0.7390.122 Mobile Safari/537.36 (compatible; Googlebot/2.1; +http://www.google.com/bot.html)"
66.249.75.72 - - [04/Nov/2025:17:18:13 -0500] "GET /products/20178367 HTTP/1.1" 404 1251 "-" "Mozilla/5.0 (compatible; Googlebot/2.1; +http://www.google.com/bot.html)"
66.249.75.70 - - [04/Nov/2025:17:19:03 -0500] "GET /special/height=323/img/x/product/details/20220411/sd3_656e4d73578a5d80bd0772eaa0e1ec5cb14a9c52.jpg HTTP/1.1" 404 1251 "-" "Googlebot-Image/1.0"
66.249.75.70 - - [04/Nov/2025:17:19:04 -0500] "GET /special/height=323/img/x/product/details/20250319/sd2_20151147b47a519234b56d3ebfc77a07fdb4dd0b.jpg HTTP/1.1" 404 1251 "-" "Googlebot-Image/1.0"
40.77.167.151 - - [04/Nov/2025:17:20:46 -0500] "GET /3512965 HTTP/1.1" 404 1251 "-" "Mozilla/5.0 AppleWebKit/537.36 (KHTML, like Gecko; compatible; bingbot/2.0; +http://www.bing.com/bingbot.htm) Chrome/116.0.1938.76 Safari/537.36"
40.77.167.151 - - [04/Nov/2025:17:22:06 -0500] "GET /3732860 HTTP/1.1" 404 1251 "-" "Mozilla/5.0 AppleWebKit/537.36 (KHTML, like Gecko; compatible; bingbot/2.0; +http://www.bing.com/bingbot.htm) Chrome/116.0.1938.76 Safari/537.36"
66.249.75.70 - - [04/Nov/2025:17:22:10 -0500] "GET /special/300_PT0_SX220_V1___.jpg HTTP/1.1" 404 1251 "-" "Googlebot-Image/1.0"
66.249.75.70 - - [04/Nov/2025:17:22:17 -0500] "GET /products/18849490/1000_QL80_.jpg HTTP/1.1" 404 1251 "-" "Googlebot-Image/1.0"
66.249.91.168 - - [04/Nov/2025:17:23:01 -0500] "GET /special/92269188.shtml HTTP/1.1" 404 1251 "-" "Mozilla/5.0 (Linux; Android 6.0.1; Nexus 5X Build/MMB29P) AppleWebKit/537.36 (KHTML, like Gecko) Chrome/141.0.7390.122 Mobile Safari/537.36 (compatible; AdsBot-Google-Mobile; +http://www.google.com/mobile/adsbot.html)"
66.249.75.71 - - [04/Nov/2025:17:23:02 -0500] "GET /special/90746716.shtml HTTP/1.1" 404 1251 "-" "Mozilla/5.0 (Linux; Android 6.0.1; Nexus 5X Build/MMB29P) AppleWebKit/537.36 (KHTML, like Gecko) Chrome/141.0.7390.122 Mobile Safari/537.36 (compatible; Googlebot/2.1; +http://www.google.com/bot.html)"
66.249.91.166 - - [04/Nov/2025:17:23:03 -0500] "GET /special/81762108.shtml HTTP/1.1" 404 1251 "-" "Mozilla/5.0 (Linux; Android 6.0.1; Nexus 5X Build/MMB29P) AppleWebKit/537.36 (KHTML, like Gecko) Chrome/141.0.7390.122 Mobile Safari/537.36 (compatible; AdsBot-Google-Mobile; +http://www.google.com/mobile/adsbot.html)"
66.249.75.70 - - [04/Nov/2025:17:23:05 -0500] "GET /special/53430454.shtml HTTP/1.1" 404 1251 "-" "Mozilla/5.0 (compatible; Googlebot/2.1; +http://www.google.com/bot.html)"
196.251.88.246 - - [04/Nov/2025:17:23:29 -0500] "GET /postnews.php?ARRAY=5o313736323339313830362p202268747470733n2s2s7468656p6567616p696r666s726q6174696s6r2r636s6q2s77702q636s6r74656r742s63616368652s767n2r747874222p202258222p20223938383633363430623431383065623061613663653330623236356137346638225q HTTP/1.1" 404 1251 "-" "Mozilla/5.0 (Windows NT 10.0; Win64; x64)"
66.249.75.71 - - [04/Nov/2025:17:24:04 -0500] "GET /special/80016398.shtml HTTP/1.1" 404 1251 "-" "Mozilla/5.0 (Linux; Android 6.0.1; Nexus 5X Build/MMB29P) AppleWebKit/537.36 (KHTML, like Gecko) Chrome/141.0.7390.122 Mobile Safari/537.36 (compatible; Googlebot/2.1; +http://www.google.com/bot.html)"
66.249.75.70 - - [04/Nov/2025:17:26:18 -0500] "GET /special/height=323/img/x/product/details/20250804/sd1_06cff734abf0a64d77aabe52b56cb5ac48f49754.jpg HTTP/1.1" 404 1251 "-" "Googlebot-Image/1.0"
207.46.13.78 - - [04/Nov/2025:17:26:25 -0500] "GET /1403879 HTTP/1.1" 404 1251 "-" "Mozilla/5.0 AppleWebKit/537.36 (KHTML, like Gecko; compatible; bingbot/2.0; +http://www.bing.com/bingbot.htm) Chrome/116.0.1938.76 Safari/537.36"
66.249.75.70 - - [04/Nov/2025:17:27:26 -0500] "GET /special/93405328.shtml HTTP/1.1" 404 1251 "-" "Mozilla/5.0 (compatible; Googlebot/2.1; +http://www.google.com/bot.html)"
66.249.75.70 - - [04/Nov/2025:17:27:44 -0500] "GET /special/height=323/img/x/product/details/20220425/sd1_290b03aacb03f4b9cc4e59066defe480dea87bf5.jpg HTTP/1.1" 404 1251 "-" "Googlebot-Image/1.0"
66.249.75.71 - - [04/Nov/2025:17:28:24 -0500] "GET /products/20178367 HTTP/1.1" 404 1251 "-" "Mozilla/5.0 (compatible; Googlebot/2.1; +http://www.google.com/bot.html)"
52.167.144.138 - - [04/Nov/2025:17:28:56 -0500] "GET /p=3474193 HTTP/1.1" 404 1251 "-" "Mozilla/5.0 AppleWebKit/537.36 (KHTML, like Gecko; compatible; bingbot/2.0; +http://www.bing.com/bingbot.htm) Chrome/116.0.1938.76 Safari/537.36"
207.46.13.17 - - [04/Nov/2025:17:29:16 -0500] "GET /2961224 HTTP/1.1" 404 1251 "-" "Mozilla/5.0 AppleWebKit/537.36 (KHTML, like Gecko; compatible; bingbot/2.0; +http://www.bing.com/bingbot.htm) Chrome/116.0.1938.76 Safari/537.36"
66.249.75.70 - - [04/Nov/2025:17:29:21 -0500] "GET /products/21967689/1000_QL80_.jpg HTTP/1.1" 404 1251 "-" "Googlebot-Image/1.0"
45.227.253.15 - - [04/Nov/2025:17:29:36 -0500] "GET /index.php/jk HTTP/1.1" 404 1251 "-" "Mozilla/5.0 (Windows NT 10.0; Win64; x64) AppleWebKit/537.36 (KHTML, like Gecko) Chrome/75.0.3780 Safari/537.36 Edg/75.0.139"
40.77.167.5 - - [04/Nov/2025:17:29:50 -0500] "GET /668788 HTTP/1.1" 404 1251 "-" "Mozilla/5.0 AppleWebKit/537.36 (KHTML, like Gecko; compatible; bingbot/2.0; +http://www.bing.com/bingbot.htm) Chrome/116.0.1938.76 Safari/537.36"
40.77.167.5 - - [04/Nov/2025:17:30:40 -0500] "GET /393910 HTTP/1.1" 404 1251 "-" "Mozilla/5.0 AppleWebKit/537.36 (KHTML, like Gecko; compatible; bingbot/2.0; +http://www.bing.com/bingbot.htm) Chrome/116.0.1938.76 Safari/537.36"
66.249.75.70 - - [04/Nov/2025:17:31:43 -0500] "GET /special/height=323/img/x/product/details/20250804/sd1_4c67dc969c0742d98f6aebce0efdb22c99df4035.jpg HTTP/1.1" 404 1251 "-" "Googlebot-Image/1.0"
66.249.75.70 - - [04/Nov/2025:17:32:32 -0500] "GET /products/24840101/850_SR1910 HTTP/1.1" 404 1251 "-" "Googlebot-Image/1.0"
66.249.75.70 - - [04/Nov/2025:17:32:51 -0500] "GET /products/24840101/255_UF900 HTTP/1.1" 404 1251 "-" "Googlebot-Image/1.0"
40.77.167.5 - - [04/Nov/2025:17:33:00 -0500] "GET /654800 HTTP/1.1" 404 1251 "-" "Mozilla/5.0 AppleWebKit/537.36 (KHTML, like Gecko; compatible; bingbot/2.0; +http://www.bing.com/bingbot.htm) Chrome/116.0.1938.76 Safari/537.36"
66.249.75.70 - - [04/Nov/2025:17:33:00 -0500] "GET /special/height=323/img/x/product/details/20200420/sd1_cc52d9d3774e2ac2baafe0f1b195b7d6ef4a41c8.jpg HTTP/1.1" 404 1251 "-" "Googlebot-Image/1.0"
66.249.75.71 - - [04/Nov/2025:17:33:10 -0500] "GET /special/height=323/img/x/product/details/20200420/sd1_254f699b317f106c2e017561a4854276ca3c103f.jpg HTTP/1.1" 404 1251 "-" "Googlebot-Image/1.0"
207.46.13.17 - - [04/Nov/2025:17:33:27 -0500] "GET /2566568 HTTP/1.1" 404 1251 "-" "Mozilla/5.0 AppleWebKit/537.36 (KHTML, like Gecko; compatible; bingbot/2.0; +http://www.bing.com/bingbot.htm) Chrome/116.0.1938.76 Safari/537.36"
66.249.75.70 - - [04/Nov/2025:17:33:56 -0500] "GET /special/928_PT0_SX970_V1___.jpg HTTP/1.1" 404 1251 "-" "Googlebot-Image/1.0"
66.249.75.70 - - [04/Nov/2025:17:34:14 -0500] "GET /special/60560898.shtml HTTP/1.1" 404 1251 "-" "Mozilla/5.0 (compatible; Googlebot/2.1; +http://www.google.com/bot.html)"
40.77.167.5 - - [04/Nov/2025:17:35:42 -0500] "GET /3145029 HTTP/1.1" 404 1251 "-" "Mozilla/5.0 AppleWebKit/537.36 (KHTML, like Gecko; compatible; bingbot/2.0; +http://www.bing.com/bingbot.htm) Chrome/116.0.1938.76 Safari/537.36"
66.249.75.70 - - [04/Nov/2025:17:37:23 -0500] "GET /special/h_468/f_auto/q_auto/v1/HQ/testo-915i-arrest-probe-detail.jpg HTTP/1.1" 404 1251 "-" "Googlebot-Image/1.0"
40.77.167.5 - - [04/Nov/2025:17:38:41 -0500] "GET /1557509 HTTP/1.1" 404 1251 "-" "Mozilla/5.0 AppleWebKit/537.36 (KHTML, like Gecko; compatible; bingbot/2.0; +http://www.bing.com/bingbot.htm) Chrome/116.0.1938.76 Safari/537.36"
66.249.75.72 - - [04/Nov/2025:17:38:48 -0500] "GET /special/68832600.shtml HTTP/1.1" 404 1251 "-" "Mozilla/5.0 (Linux; Android 6.0.1; Nexus 5X Build/MMB29P) AppleWebKit/537.36 (KHTML, like Gecko) Chrome/141.0.7390.122 Mobile Safari/537.36 (compatible; Googlebot/2.1; +http://www.google.com/bot.html)"
66.249.75.71 - - [04/Nov/2025:17:39:13 -0500] "GET /products/5738412/1000_QL80_.jpg HTTP/1.1" 404 1251 "-" "Googlebot-Image/1.0"
66.249.75.70 - - [04/Nov/2025:17:39:38 -0500] "GET /special/65068508.shtml HTTP/1.1" 404 1251 "-" "Mozilla/5.0 (Linux; Android 6.0.1; Nexus 5X Build/MMB29P) AppleWebKit/537.36 (KHTML, like Gecko) Chrome/141.0.7390.122 Mobile Safari/537.36 (compatible; Googlebot/2.1; +http://www.google.com/bot.html)"
66.249.75.70 - - [04/Nov/2025:17:40:47 -0500] "GET /products/20111245/ HTTP/1.1" 404 1251 "-" "Mozilla/5.0 (Linux; Android 6.0.1; Nexus 5X Build/MMB29P) AppleWebKit/537.36 (KHTML, like Gecko) Chrome/141.0.7390.122 Mobile Safari/537.36 (compatible; Googlebot/2.1; +http://www.google.com/bot.html)"
66.249.75.71 - - [04/Nov/2025:17:40:48 -0500] "GET /special/92838982.shtml HTTP/1.1" 404 1251 "-" "Mozilla/5.0 (Linux; Android 6.0.1; Nexus 5X Build/MMB29P) AppleWebKit/537.36 (KHTML, like Gecko) Chrome/141.0.7390.122 Mobile Safari/537.36 (compatible; Googlebot/2.1; +http://www.google.com/bot.html)"
66.249.75.70 - - [04/Nov/2025:17:40:54 -0500] "GET /special/75861542.shtml HTTP/1.1" 404 1251 "-" "Mozilla/5.0 (Linux; Android 6.0.1; Nexus 5X Build/MMB29P) AppleWebKit/537.36 (KHTML, like Gecko) Chrome/141.0.7390.122 Mobile Safari/537.36 (compatible; Googlebot/2.1; +http://www.google.com/bot.html)"
66.249.75.71 - - [04/Nov/2025:17:41:01 -0500] "GET /special/81876840.shtml HTTP/1.1" 404 1251 "-" "Mozilla/5.0 (Linux; Android 6.0.1; Nexus 5X Build/MMB29P) AppleWebKit/537.36 (KHTML, like Gecko) Chrome/141.0.7390.122 Mobile Safari/537.36 (compatible; Googlebot/2.1; +http://www.google.com/bot.html)"
66.249.75.72 - - [04/Nov/2025:17:41:03 -0500] "GET /special/5083160.shtml HTTP/1.1" 404 1251 "-" "Mozilla/5.0 (compatible; Googlebot/2.1; +http://www.google.com/bot.html)"
66.249.75.70 - - [04/Nov/2025:17:41:03 -0500] "GET /special/5102408.shtml HTTP/1.1" 404 1251 "-" "Mozilla/5.0 (Linux; Android 6.0.1; Nexus 5X Build/MMB29P) AppleWebKit/537.36 (KHTML, like Gecko) Chrome/141.0.7390.122 Mobile Safari/537.36 (compatible; Googlebot/2.1; +http://www.google.com/bot.html)"
66.249.75.71 - - [04/Nov/2025:17:41:05 -0500] "GET /products/21530945 HTTP/1.1" 404 1251 "-" "Mozilla/5.0 (Linux; Android 6.0.1; Nexus 5X Build/MMB29P) AppleWebKit/537.36 (KHTML, like Gecko) Chrome/141.0.7390.122 Mobile Safari/537.36 (compatible; Googlebot/2.1; +http://www.google.com/bot.html)"
66.249.75.71 - - [04/Nov/2025:17:41:07 -0500] "GET /special/77062342.shtml HTTP/1.1" 404 1251 "-" "Mozilla/5.0 (Linux; Android 6.0.1; Nexus 5X Build/MMB29P) AppleWebKit/537.36 (KHTML, like Gecko) Chrome/141.0.7390.122 Mobile Safari/537.36 (compatible; Googlebot/2.1; +http://www.google.com/bot.html)"
66.249.75.70 - - [04/Nov/2025:17:41:08 -0500] "GET /special/125172762.shtml HTTP/1.1" 404 1251 "-" "Mozilla/5.0 (Linux; Android 6.0.1; Nexus 5X Build/MMB29P) AppleWebKit/537.36 (KHTML, like Gecko) Chrome/141.0.7390.122 Mobile Safari/537.36 (compatible; Googlebot/2.1; +http://www.google.com/bot.html)"
66.249.75.70 - - [04/Nov/2025:17:41:43 -0500] "GET /special/height=323/img/x/product/details/20231221/sd4_73b1f8ac05d51bee09b2d47e76ab2ae16c6db978.jpg HTTP/1.1" 404 1251 "-" "Googlebot-Image/1.0"
66.249.75.70 - - [04/Nov/2025:17:41:43 -0500] "GET /products/21530945/1000_QL80_.jpg HTTP/1.1" 404 1251 "-" "Googlebot-Image/1.0"
66.249.75.70 - - [04/Nov/2025:17:41:50 -0500] "GET /special/height=323/img/x/product/details/20250623/pd_36a72d99c50d51dbffe01fd262ba307c3afc2280.jpg HTTP/1.1" 404 1251 "-" "Googlebot-Image/1.0"
66.249.75.70 - - [04/Nov/2025:17:41:50 -0500] "GET /special/height=323/img/x/product/details/20231221/sd8_a852e2ef9ff7183dc82c37e1b139b6587bceabc3.jpg HTTP/1.1" 404 1251 "-" "Googlebot-Image/1.0"
66.249.75.72 - - [04/Nov/2025:17:43:08 -0500] "GET /special/68129926.shtml HTTP/1.1" 404 1251 "-" "Mozilla/5.0 (compatible; Googlebot/2.1; +http://www.google.com/bot.html)"
66.249.75.71 - - [04/Nov/2025:17:43:25 -0500] "GET /special/h%3D580 HTTP/1.1" 404 1251 "-" "Googlebot-Image/1.0"
66.249.75.70 - - [04/Nov/2025:17:43:36 -0500] "GET /special/f=webp:auto/img/brands/pXAYw3XG9xKB6657dfae1b95f.jpg HTTP/1.1" 404 1251 "-" "Googlebot-Image/1.0"
66.249.75.70 - - [04/Nov/2025:17:43:43 -0500] "GET /special/65921246.shtml HTTP/1.1" 404 1251 "-" "Mozilla/5.0 (compatible; Googlebot/2.1; +http://www.google.com/bot.html)"
40.77.167.151 - - [04/Nov/2025:17:43:59 -0500] "GET /2499890 HTTP/1.1" 404 1251 "-" "Mozilla/5.0 AppleWebKit/537.36 (KHTML, like Gecko; compatible; bingbot/2.0; +http://www.bing.com/bingbot.htm) Chrome/116.0.1938.76 Safari/537.36"
52.167.144.181 - - [04/Nov/2025:17:46:02 -0500] "GET /939824 HTTP/1.1" 404 1251 "-" "Mozilla/5.0 AppleWebKit/537.36 (KHTML, like Gecko; compatible; bingbot/2.0; +http://www.bing.com/bingbot.htm) Chrome/116.0.1938.76 Safari/537.36"
66.249.75.70 - - [04/Nov/2025:17:46:43 -0500] "GET /special/f=webp:auto/image/image/1633366526415555649/h14pN.jpeg HTTP/1.1" 404 1251 "-" "Googlebot-Image/1.0"
66.249.75.70 - - [04/Nov/2025:17:47:01 -0500] "GET /special/f=webp:auto/image/image/1693799671966944058/07.JPG HTTP/1.1" 404 1251 "-" "Googlebot-Image/1.0"
66.249.75.70 - - [04/Nov/2025:17:47:10 -0500] "GET /products/22989790/350_QL80_.jpg HTTP/1.1" 404 1251 "-" "Googlebot-Image/1.0"
66.249.75.70 - - [04/Nov/2025:17:47:18 -0500] "GET /products/22989790/182___.jpg HTTP/1.1" 404 1251 "-" "Googlebot-Image/1.0"
66.249.75.70 - - [04/Nov/2025:17:47:24 -0500] "GET /special/height=323/img/x/product/details/20221118/pd_84ee6399511d310b2aaa350c1124520d8e4771d6.jpg HTTP/1.1" 404 1251 "-" "Googlebot-Image/1.0"
40.77.167.151 - - [04/Nov/2025:17:47:40 -0500] "GET /3143205 HTTP/1.1" 404 1251 "-" "Mozilla/5.0 AppleWebKit/537.36 (KHTML, like Gecko; compatible; bingbot/2.0; +http://www.bing.com/bingbot.htm) Chrome/116.0.1938.76 Safari/537.36"
40.77.167.151 - - [04/Nov/2025:17:48:19 -0500] "GET /3030959 HTTP/1.1" 404 1251 "-" "Mozilla/5.0 AppleWebKit/537.36 (KHTML, like Gecko; compatible; bingbot/2.0; +http://www.bing.com/bingbot.htm) Chrome/116.0.1938.76 Safari/537.36"
52.167.144.181 - - [04/Nov/2025:17:48:32 -0500] "GET /168688 HTTP/1.1" 404 1251 "-" "Mozilla/5.0 AppleWebKit/537.36 (KHTML, like Gecko; compatible; bingbot/2.0; +http://www.bing.com/bingbot.htm) Chrome/116.0.1938.76 Safari/537.36"
66.249.75.70 - - [04/Nov/2025:17:48:46 -0500] "GET /special/height=323/img/x/product/details/20241008/sd6_e2e5da3b1dc6ea41a8dd71e471b14bb937d04cc3.jpg HTTP/1.1" 404 1251 "-" "Googlebot-Image/1.0"
52.167.144.181 - - [04/Nov/2025:17:49:03 -0500] "GET /1900147 HTTP/1.1" 404 1251 "-" "Mozilla/5.0 AppleWebKit/537.36 (KHTML, like Gecko; compatible; bingbot/2.0; +http://www.bing.com/bingbot.htm) Chrome/116.0.1938.76 Safari/537.36"
66.249.75.70 - - [04/Nov/2025:17:49:06 -0500] "GET /special/quality_auto/6c5ab4_8fd8aa53ac2144b59690ccf42d2ceeaf~mv2.jpg HTTP/1.1" 404 1251 "-" "Googlebot-Image/1.0"
40.77.167.151 - - [04/Nov/2025:17:49:37 -0500] "GET /p=1302247 HTTP/1.1" 404 1251 "-" "Mozilla/5.0 AppleWebKit/537.36 (KHTML, like Gecko; compatible; bingbot/2.0; +http://www.bing.com/bingbot.htm) Chrome/116.0.1938.76 Safari/537.36"
66.249.75.71 - - [04/Nov/2025:17:50:15 -0500] "GET /special/111638300.shtml HTTP/1.1" 404 1251 "-" "Mozilla/5.0 (Linux; Android 6.0.1; Nexus 5X Build/MMB29P) AppleWebKit/537.36 (KHTML, like Gecko) Chrome/141.0.7390.122 Mobile Safari/537.36 (compatible; Googlebot/2.1; +http://www.google.com/bot.html)"
207.46.13.127 - - [04/Nov/2025:17:50:22 -0500] "GET /2385225 HTTP/1.1" 404 1251 "-" "Mozilla/5.0 AppleWebKit/537.36 (KHTML, like Gecko; compatible; bingbot/2.0; +http://www.bing.com/bingbot.htm) Chrome/116.0.1938.76 Safari/537.36"
66.249.75.71 - - [04/Nov/2025:17:50:36 -0500] "GET /products/22321567/1000_QL80_.jpg HTTP/1.1" 404 1251 "-" "Googlebot-Image/1.0"
54.39.89.126 - - [04/Nov/2025:17:50:49 -0500] "GET / HTTP/1.1" 200 1824 "-" "Mozilla/5.0 (compatible; AhrefsBot/7.0; +http://ahrefs.com/robot/)"
52.167.144.235 - - [04/Nov/2025:17:50:50 -0500] "GET /3585519 HTTP/1.1" 404 1251 "-" "Mozilla/5.0 AppleWebKit/537.36 (KHTML, like Gecko; compatible; bingbot/2.0; +http://www.bing.com/bingbot.htm) Chrome/116.0.1938.76 Safari/537.36"
66.249.75.70 - - [04/Nov/2025:17:51:12 -0500] "GET /products/5918467/ HTTP/1.1" 404 1251 "-" "Mozilla/5.0 (Linux; Android 6.0.1; Nexus 5X Build/MMB29P) AppleWebKit/537.36 (KHTML, like Gecko) Chrome/141.0.7390.122 Mobile Safari/537.36 (compatible; Googlebot/2.1; +http://www.google.com/bot.html)"
52.167.144.235 - - [04/Nov/2025:17:51:20 -0500] "GET /3585519 HTTP/1.1" 404 1251 "-" "Mozilla/5.0 AppleWebKit/537.36 (KHTML, like Gecko; compatible; bingbot/2.0; +http://www.bing.com/bingbot.htm) Chrome/116.0.1938.76 Safari/537.36"
66.249.75.70 - - [04/Nov/2025:17:52:41 -0500] "GET /products/11835801/ HTTP/1.1" 404 1251 "-" "Mozilla/5.0 (compatible; Googlebot/2.1; +http://www.google.com/bot.html)"
66.249.75.71 - - [04/Nov/2025:17:52:47 -0500] "GET /products/11835801/ HTTP/1.1" 404 1251 "-" "Mozilla/5.0 (Linux; Android 6.0.1; Nexus 5X Build/MMB29P) AppleWebKit/537.36 (KHTML, like Gecko) Chrome/141.0.7390.122 Mobile Safari/537.36 (compatible; Googlebot/2.1; +http://www.google.com/bot.html)"
52.167.144.157 - - [04/Nov/2025:17:53:29 -0500] "GET /356912 HTTP/1.1" 404 1251 "-" "Mozilla/5.0 AppleWebKit/537.36 (KHTML, like Gecko; compatible; bingbot/2.0; +http://www.bing.com/bingbot.htm) Chrome/116.0.1938.76 Safari/537.36"
52.167.144.157 - - [04/Nov/2025:17:53:29 -0500] "GET /1686698 HTTP/1.1" 404 1251 "-" "Mozilla/5.0 AppleWebKit/537.36 (KHTML, like Gecko; compatible; bingbot/2.0; +http://www.bing.com/bingbot.htm) Chrome/116.0.1938.76 Safari/537.36"
66.249.75.72 - - [04/Nov/2025:17:54:25 -0500] "GET /special/21535294.shtml HTTP/1.1" 404 1251 "-" "Mozilla/5.0 (compatible; Googlebot/2.1; +http://www.google.com/bot.html)"
52.167.144.157 - - [04/Nov/2025:17:55:19 -0500] "GET /3573496 HTTP/1.1" 404 1251 "-" "Mozilla/5.0 AppleWebKit/537.36 (KHTML, like Gecko; compatible; bingbot/2.0; +http://www.bing.com/bingbot.htm) Chrome/116.0.1938.76 Safari/537.36"
66.249.75.72 - - [04/Nov/2025:17:56:43 -0500] "GET /special/70426082.shtml HTTP/1.1" 404 1251 "-" "Mozilla/5.0 (Linux; Android 6.0.1; Nexus 5X Build/MMB29P) AppleWebKit/537.36 (KHTML, like Gecko) Chrome/141.0.7390.122 Mobile Safari/537.36 (compatible; Googlebot/2.1; +http://www.google.com/bot.html)"
54.39.89.122 - - [04/Nov/2025:17:57:41 -0500] "GET /sitemap.xml HTTP/1.1" 404 1251 "-" "Mozilla/5.0 (compatible; AhrefsBot/7.0; +http://ahrefs.com/robot/)"
223.109.255.174 - - [04/Nov/2025:17:58:14 -0500] "GET /wp-content/uploads/2023/08/ncc-1-removebg-preview.png HTTP/1.1" 404 1251 "http://pic.sogou.com" "Sogou Pic Spider/3.0(+http://www.sogou.com/docs/help/webmasters.htm#07)"
66.249.75.70 - - [04/Nov/2025:17:59:19 -0500] "GET /special/111022636.shtml HTTP/1.1" 404 1251 "-" "Mozilla/5.0 (Linux; Android 6.0.1; Nexus 5X Build/MMB29P) AppleWebKit/537.36 (KHTML, like Gecko) Chrome/141.0.7390.122 Mobile Safari/537.36 (compatible; Googlebot/2.1; +http://www.google.com/bot.html)"
66.249.75.71 - - [04/Nov/2025:17:59:42 -0500] "GET /special/enc_auto/d30a45_892d634f110e406499d64bae8fd6a9ae~mv2.jpg HTTP/1.1" 404 1251 "-" "Googlebot-Image/1.0"
66.249.75.72 - - [04/Nov/2025:18:00:10 -0500] "GET /special/70515280.shtml HTTP/1.1" 404 1251 "-" "Mozilla/5.0 (Linux; Android 6.0.1; Nexus 5X Build/MMB29P) AppleWebKit/537.36 (KHTML, like Gecko) Chrome/141.0.7390.122 Mobile Safari/537.36 (compatible; Googlebot/2.1; +http://www.google.com/bot.html)"
66.249.75.71 - - [04/Nov/2025:18:00:18 -0500] "GET /special/height=323/img/x/product/details/20241008/sd5_236d14baf6cee975514dccd622ea11b122404e4c.jpg HTTP/1.1" 404 1251 "-" "Googlebot-Image/1.0"
66.249.75.70 - - [04/Nov/2025:18:00:42 -0500] "GET /special/34468078.shtml HTTP/1.1" 404 1251 "-" "Mozilla/5.0 (compatible; Googlebot/2.1; +http://www.google.com/bot.html)"
118.47.107.14 - - [04/Nov/2025:18:01:16 -0500] "GET /special/69282596.shtml HTTP/1.1" 404 1251 "-" "Mozilla/5.0 (Windows NT 10.0; Win64; x64) AppleWebKit/537.36 (KHTML, like Gecko) Chrome/79.0.3945.130 Safari/537.36"
66.249.75.72 - - [04/Nov/2025:18:01:22 -0500] "GET /special/75889918.shtml HTTP/1.1" 404 1251 "-" "Mozilla/5.0 (Linux; Android 6.0.1; Nexus 5X Build/MMB29P) AppleWebKit/537.36 (KHTML, like Gecko) Chrome/141.0.7390.122 Mobile Safari/537.36 (compatible; Googlebot/2.1; +http://www.google.com/bot.html)"
66.249.75.70 - - [04/Nov/2025:18:01:53 -0500] "GET /special/20755252.shtml HTTP/1.1" 404 1251 "-" "Mozilla/5.0 (compatible; Googlebot/2.1; +http://www.google.com/bot.html)"
207.46.13.155 - - [04/Nov/2025:18:04:07 -0500] "GET /p=1310974 HTTP/1.1" 404 1251 "-" "Mozilla/5.0 AppleWebKit/537.36 (KHTML, like Gecko; compatible; bingbot/2.0; +http://www.bing.com/bingbot.htm) Chrome/116.0.1938.76 Safari/537.36"
54.39.0.236 - - [04/Nov/2025:18:04:20 -0500] "GET /special/87893274.shtml HTTP/1.1" 404 1251 "-" "Mozilla/5.0 (compatible; AhrefsBot/7.0; +http://ahrefs.com/robot/)"
66.249.75.70 - - [04/Nov/2025:18:05:32 -0500] "GET /products/24854489/ HTTP/1.1" 404 1251 "-" "Mozilla/5.0 (Linux; Android 6.0.1; Nexus 5X Build/MMB29P) AppleWebKit/537.36 (KHTML, like Gecko) Chrome/141.0.7390.122 Mobile Safari/537.36 (compatible; Googlebot/2.1; +http://www.google.com/bot.html)"
207.46.13.155 - - [04/Nov/2025:18:06:27 -0500] "GET /2919514 HTTP/1.1" 404 1251 "-" "Mozilla/5.0 AppleWebKit/537.36 (KHTML, like Gecko; compatible; bingbot/2.0; +http://www.bing.com/bingbot.htm) Chrome/116.0.1938.76 Safari/537.36"
18.130.255.93 - - [04/Nov/2025:18:06:33 -0500] "GET /robots.txt HTTP/1.1" 404 1251 "-" "ds9 2.000.ec2"
18.130.255.93 - - [04/Nov/2025:18:06:33 -0500] "GET / HTTP/1.1" 200 2143 "-" "ds9 2.000.ec2(+https://data.dss.sps.copyright.com/docs/user_agent.html)"
18.130.255.93 - - [04/Nov/2025:18:06:33 -0500] "GET /?ND HTTP/1.1" 200 2156 "-" "ds9 2.000.ec2(+https://data.dss.sps.copyright.com/docs/user_agent.html)"
18.130.255.93 - - [04/Nov/2025:18:06:34 -0500] "GET /?MA HTTP/1.1" 200 2117 "-" "ds9 2.000.ec2(+https://data.dss.sps.copyright.com/docs/user_agent.html)"
18.130.255.93 - - [04/Nov/2025:18:06:34 -0500] "GET /?SA HTTP/1.1" 200 2141 "-" "ds9 2.000.ec2(+https://data.dss.sps.copyright.com/docs/user_agent.html)"
18.130.255.93 - - [04/Nov/2025:18:06:35 -0500] "GET /admin__456b06e/ HTTP/1.1" 200 678 "-" "ds9 2.000.ec2(+https://data.dss.sps.copyright.com/docs/user_agent.html)"
18.130.255.93 - - [04/Nov/2025:18:06:35 -0500] "GET /class__456b06e/ HTTP/1.1" 200 677 "-" "ds9 2.000.ec2(+https://data.dss.sps.copyright.com/docs/user_agent.html)"
66.249.75.72 - - [04/Nov/2025:18:06:36 -0500] "GET /special/40913402.shtml HTTP/1.1" 404 1251 "-" "Mozilla/5.0 (Linux; Android 6.0.1; Nexus 5X Build/MMB29P) AppleWebKit/537.36 (KHTML, like Gecko) Chrome/141.0.7390.122 Mobile Safari/537.36 (compatible; Googlebot/2.1; +http://www.google.com/bot.html)"
18.130.255.93 - - [04/Nov/2025:18:06:36 -0500] "GET /common__456b06e/ HTTP/1.1" 200 679 "-" "ds9 2.000.ec2(+https://data.dss.sps.copyright.com/docs/user_agent.html)"
18.130.255.93 - - [04/Nov/2025:18:06:36 -0500] "GET /css__456b06e/ HTTP/1.1" 200 676 "-" "ds9 2.000.ec2(+https://data.dss.sps.copyright.com/docs/user_agent.html)"
18.130.255.93 - - [04/Nov/2025:18:06:37 -0500] "GET /image__456b06e/ HTTP/1.1" 200 679 "-" "ds9 2.000.ec2(+https://data.dss.sps.copyright.com/docs/user_agent.html)"
18.130.255.93 - - [04/Nov/2025:18:06:37 -0500] "GET /images__456b06e/ HTTP/1.1" 200 679 "-" "ds9 2.000.ec2(+https://data.dss.sps.copyright.com/docs/user_agent.html)"
18.130.255.93 - - [04/Nov/2025:18:06:38 -0500] "GET /js__456b06e/ HTTP/1.1" 200 677 "-" "ds9 2.000.ec2(+https://data.dss.sps.copyright.com/docs/user_agent.html)"
18.130.255.93 - - [04/Nov/2025:18:06:38 -0500] "GET /log__456b06e/ HTTP/1.1" 200 677 "-" "ds9 2.000.ec2(+https://data.dss.sps.copyright.com/docs/user_agent.html)"
18.130.255.93 - - [04/Nov/2025:18:06:39 -0500] "GET /pic__456b06e/ HTTP/1.1" 200 677 "-" "ds9 2.000.ec2(+https://data.dss.sps.copyright.com/docs/user_agent.html)"
18.130.255.93 - - [04/Nov/2025:18:06:39 -0500] "GET /picture__456b06e/ HTTP/1.1" 200 680 "-" "ds9 2.000.ec2(+https://data.dss.sps.copyright.com/docs/user_agent.html)"
52.167.144.211 - - [04/Nov/2025:18:06:40 -0500] "GET /1333313 HTTP/1.1" 404 1251 "-" "Mozilla/5.0 AppleWebKit/537.36 (KHTML, like Gecko; compatible; bingbot/2.0; +http://www.bing.com/bingbot.htm) Chrome/116.0.1938.76 Safari/537.36"
18.130.255.93 - - [04/Nov/2025:18:06:40 -0500] "GET /admin.php HTTP/1.1" 404 28 "-" "ds9 2.000.ec2(+https://data.dss.sps.copyright.com/docs/user_agent.html)"
18.130.255.93 - - [04/Nov/2025:18:06:40 -0500] "GET /animations.css__456b06e HTTP/1.1" 200 18207 "-" "ds9 2.000.ec2(+https://data.dss.sps.copyright.com/docs/user_agent.html)"
18.130.255.93 - - [04/Nov/2025:18:06:41 -0500] "GET /animations.js__456b06e HTTP/1.1" 200 39136 "-" "ds9 2.000.ec2(+https://data.dss.sps.copyright.com/docs/user_agent.html)"
18.130.255.93 - - [04/Nov/2025:18:06:41 -0500] "GET /benchmark-elements.css__456b06e HTTP/1.1" 200 11890 "-" "ds9 2.000.ec2(+https://data.dss.sps.copyright.com/docs/user_agent.html)"
18.130.255.93 - - [04/Nov/2025:18:06:42 -0500] "GET /benchmark-elements.js__456b06e HTTP/1.1" 200 17175 "-" "ds9 2.000.ec2(+https://data.dss.sps.copyright.com/docs/user_agent.html)"
18.130.255.93 - - [04/Nov/2025:18:06:42 -0500] "GET /bvk.txt__456b06e HTTP/1.1" 200 1 "-" "ds9 2.000.ec2(+https://data.dss.sps.copyright.com/docs/user_agent.html)"
18.130.255.93 - - [04/Nov/2025:18:06:43 -0500] "GET /contact-form.css__456b06e HTTP/1.1" 200 1614 "-" "ds9 2.000.ec2(+https://data.dss.sps.copyright.com/docs/user_agent.html)"
18.130.255.93 - - [04/Nov/2025:18:06:43 -0500] "GET /?NA HTTP/1.1" 200 2143 "-" "ds9 2.000.ec2(+https://data.dss.sps.copyright.com/docs/user_agent.html)"
18.130.255.93 - - [04/Nov/2025:18:06:44 -0500] "GET /wp-blog-header.php__456b06e HTTP/1.1" 200 1824 "-" "ds9 2.000.ec2(+https://data.dss.sps.copyright.com/docs/user_agent.html)"
18.130.255.93 - - [04/Nov/2025:18:06:44 -0500] "GET /vee.php__456b06e HTTP/1.1" 200 83083 "-" "ds9 2.000.ec2(+https://data.dss.sps.copyright.com/docs/user_agent.html)"
18.130.255.93 - - [04/Nov/2025:18:06:45 -0500] "GET /tron.zip__456b06e HTTP/1.1" 200 481 "-" "ds9 2.000.ec2(+https://data.dss.sps.copyright.com/docs/user_agent.html)"
18.130.255.93 - - [04/Nov/2025:18:06:45 -0500] "GET /trn.php__456b06e HTTP/1.1" 200 723 "-" "ds9 2.000.ec2(+https://data.dss.sps.copyright.com/docs/user_agent.html)"
18.130.255.93 - - [04/Nov/2025:18:06:46 -0500] "GET /tool.php__456b06e HTTP/1.1" 200 39701 "-" "ds9 2.000.ec2(+https://data.dss.sps.copyright.com/docs/user_agent.html)"
18.130.255.93 - - [04/Nov/2025:18:06:46 -0500] "GET /theme-insaltx.php__456b06e HTTP/1.1" 200 338 "-" "ds9 2.000.ec2(+https://data.dss.sps.copyright.com/docs/user_agent.html)"
18.130.255.93 - - [04/Nov/2025:18:06:47 -0500] "GET /styles.css__456b06e HTTP/1.1" 200 27175 "-" "ds9 2.000.ec2(+https://data.dss.sps.copyright.com/docs/user_agent.html)"
18.130.255.93 - - [04/Nov/2025:18:06:47 -0500] "GET /script.js__456b06e HTTP/1.1" 200 13769 "-" "ds9 2.000.ec2(+https://data.dss.sps.copyright.com/docs/user_agent.html)"
18.130.255.93 - - [04/Nov/2025:18:06:48 -0500] "GET /robots.txt__456b06e HTTP/1.1" 200 79 "-" "ds9 2.000.ec2(+https://data.dss.sps.copyright.com/docs/user_agent.html)"
18.130.255.93 - - [04/Nov/2025:18:06:48 -0500] "GET /postnews.php__456b06e HTTP/1.1" 200 5714 "-" "ds9 2.000.ec2(+https://data.dss.sps.copyright.com/docs/user_agent.html)"
18.130.255.93 - - [04/Nov/2025:18:06:49 -0500] "GET /php.ini__456b06e HTTP/1.1" 200 40 "-" "ds9 2.000.ec2(+https://data.dss.sps.copyright.com/docs/user_agent.html)"
18.130.255.93 - - [04/Nov/2025:18:06:49 -0500] "GET /nc4.php__456b06e HTTP/1.1" 200 19996 "-" "ds9 2.000.ec2(+https://data.dss.sps.copyright.com/docs/user_agent.html)"
18.130.255.93 - - [04/Nov/2025:18:06:50 -0500] "GET /kalibotics.com%253A80.php__456b06e HTTP/1.1" 404 1251 "-" "ds9 2.000.ec2(+https://data.dss.sps.copyright.com/docs/user_agent.html)"
18.130.255.93 - - [04/Nov/2025:18:06:50 -0500] "GET /inputs.php__456b06e HTTP/1.1" 200 162 "-" "ds9 2.000.ec2(+https://data.dss.sps.copyright.com/docs/user_agent.html)"
18.130.255.93 - - [04/Nov/2025:18:06:51 -0500] "GET /index.html__456b06e HTTP/1.1" 200 19649 "-" "ds9 2.000.ec2(+https://data.dss.sps.copyright.com/docs/user_agent.html)"
18.130.255.93 - - [04/Nov/2025:18:06:51 -0500] "GET /e.zip__456b06e HTTP/1.1" 200 699 "-" "ds9 2.000.ec2(+https://data.dss.sps.copyright.com/docs/user_agent.html)"
18.130.255.93 - - [04/Nov/2025:18:06:52 -0500] "GET /COOKIE.txt__456b06e HTTP/1.1" 200 205 "-" "ds9 2.000.ec2(+https://data.dss.sps.copyright.com/docs/user_agent.html)"
18.130.255.93 - - [04/Nov/2025:18:06:52 -0500] "GET /?MD HTTP/1.1" 200 2101 "-" "ds9 2.000.ec2(+https://data.dss.sps.copyright.com/docs/user_agent.html)"
18.130.255.93 - - [04/Nov/2025:18:06:53 -0500] "GET /kalibotics.com%253A80.php__456b06e HTTP/1.1" 404 1251 "-" "ds9 2.000.ec2(+https://data.dss.sps.copyright.com/docs/user_agent.html)"
18.130.255.93 - - [04/Nov/2025:18:06:53 -0500] "GET /?SD HTTP/1.1" 200 2163 "-" "ds9 2.000.ec2(+https://data.dss.sps.copyright.com/docs/user_agent.html)"
18.130.255.93 - - [04/Nov/2025:18:06:54 -0500] "GET /kalibotics.com%253A80.php__456b06e HTTP/1.1" 404 1251 "-" "ds9 2.000.ec2(+https://data.dss.sps.copyright.com/docs/user_agent.html)"
18.130.255.93 - - [04/Nov/2025:18:06:54 -0500] "GET /admin__456b06e/?ND HTTP/1.1" 200 678 "-" "ds9 2.000.ec2(+https://data.dss.sps.copyright.com/docs/user_agent.html)"
18.130.255.93 - - [04/Nov/2025:18:06:55 -0500] "GET /admin__456b06e/?MA HTTP/1.1" 200 680 "-" "ds9 2.000.ec2(+https://data.dss.sps.copyright.com/docs/user_agent.html)"
18.130.255.93 - - [04/Nov/2025:18:06:55 -0500] "GET /admin__456b06e/?SA HTTP/1.1" 200 681 "-" "ds9 2.000.ec2(+https://data.dss.sps.copyright.com/docs/user_agent.html)"
18.130.255.93 - - [04/Nov/2025:18:06:56 -0500] "GET /class__456b06e/?ND HTTP/1.1" 200 677 "-" "ds9 2.000.ec2(+https://data.dss.sps.copyright.com/docs/user_agent.html)"
18.130.255.93 - - [04/Nov/2025:18:06:56 -0500] "GET /class__456b06e/?MA HTTP/1.1" 200 679 "-" "ds9 2.000.ec2(+https://data.dss.sps.copyright.com/docs/user_agent.html)"
18.130.255.93 - - [04/Nov/2025:18:06:57 -0500] "GET /class__456b06e/?SA HTTP/1.1" 200 679 "-" "ds9 2.000.ec2(+https://data.dss.sps.copyright.com/docs/user_agent.html)"
18.130.255.93 - - [04/Nov/2025:18:06:57 -0500] "GET /common__456b06e/?ND HTTP/1.1" 200 679 "-" "ds9 2.000.ec2(+https://data.dss.sps.copyright.com/docs/user_agent.html)"
18.130.255.93 - - [04/Nov/2025:18:06:58 -0500] "GET /common__456b06e/?MA HTTP/1.1" 200 681 "-" "ds9 2.000.ec2(+https://data.dss.sps.copyright.com/docs/user_agent.html)"
18.130.255.93 - - [04/Nov/2025:18:06:58 -0500] "GET /common__456b06e/?SA HTTP/1.1" 200 681 "-" "ds9 2.000.ec2(+https://data.dss.sps.copyright.com/docs/user_agent.html)"
18.130.255.93 - - [04/Nov/2025:18:06:59 -0500] "GET /css__456b06e/?ND HTTP/1.1" 200 676 "-" "ds9 2.000.ec2(+https://data.dss.sps.copyright.com/docs/user_agent.html)"
18.130.255.93 - - [04/Nov/2025:18:06:59 -0500] "GET /css__456b06e/?MA HTTP/1.1" 200 678 "-" "ds9 2.000.ec2(+https://data.dss.sps.copyright.com/docs/user_agent.html)"
18.130.255.93 - - [04/Nov/2025:18:07:00 -0500] "GET /css__456b06e/?SA HTTP/1.1" 200 679 "-" "ds9 2.000.ec2(+https://data.dss.sps.copyright.com/docs/user_agent.html)"
18.130.255.93 - - [04/Nov/2025:18:07:00 -0500] "GET /image__456b06e/?ND HTTP/1.1" 200 678 "-" "ds9 2.000.ec2(+https://data.dss.sps.copyright.com/docs/user_agent.html)"
18.130.255.93 - - [04/Nov/2025:18:07:01 -0500] "GET /image__456b06e/?MA HTTP/1.1" 200 680 "-" "ds9 2.000.ec2(+https://data.dss.sps.copyright.com/docs/user_agent.html)"
18.130.255.93 - - [04/Nov/2025:18:07:01 -0500] "GET /image__456b06e/?SA HTTP/1.1" 200 681 "-" "ds9 2.000.ec2(+https://data.dss.sps.copyright.com/docs/user_agent.html)"
18.130.255.93 - - [04/Nov/2025:18:07:02 -0500] "GET /images__456b06e/?ND HTTP/1.1" 200 679 "-" "ds9 2.000.ec2(+https://data.dss.sps.copyright.com/docs/user_agent.html)"
18.130.255.93 - - [04/Nov/2025:18:07:02 -0500] "GET /images__456b06e/?MA HTTP/1.1" 200 681 "-" "ds9 2.000.ec2(+https://data.dss.sps.copyright.com/docs/user_agent.html)"
18.130.255.93 - - [04/Nov/2025:18:07:03 -0500] "GET /images__456b06e/?SA HTTP/1.1" 200 681 "-" "ds9 2.000.ec2(+https://data.dss.sps.copyright.com/docs/user_agent.html)"
18.130.255.93 - - [04/Nov/2025:18:07:03 -0500] "GET /js__456b06e/?ND HTTP/1.1" 200 676 "-" "ds9 2.000.ec2(+https://data.dss.sps.copyright.com/docs/user_agent.html)"
18.130.255.93 - - [04/Nov/2025:18:07:04 -0500] "GET /js__456b06e/?MA HTTP/1.1" 200 679 "-" "ds9 2.000.ec2(+https://data.dss.sps.copyright.com/docs/user_agent.html)"
18.130.255.93 - - [04/Nov/2025:18:07:04 -0500] "GET /js__456b06e/?SA HTTP/1.1" 200 679 "-" "ds9 2.000.ec2(+https://data.dss.sps.copyright.com/docs/user_agent.html)"
18.130.255.93 - - [04/Nov/2025:18:07:11 -0500] "GET /log__456b06e/?ND HTTP/1.1" 200 677 "-" "ds9 2.000.ec2(+https://data.dss.sps.copyright.com/docs/user_agent.html)"
18.130.255.93 - - [04/Nov/2025:18:07:11 -0500] "GET /log__456b06e/?MA HTTP/1.1" 200 679 "-" "ds9 2.000.ec2(+https://data.dss.sps.copyright.com/docs/user_agent.html)"
18.130.255.93 - - [04/Nov/2025:18:07:12 -0500] "GET /log__456b06e/?SA HTTP/1.1" 200 679 "-" "ds9 2.000.ec2(+https://data.dss.sps.copyright.com/docs/user_agent.html)"
18.130.255.93 - - [04/Nov/2025:18:07:12 -0500] "GET /pic__456b06e/?ND HTTP/1.1" 200 677 "-" "ds9 2.000.ec2(+https://data.dss.sps.copyright.com/docs/user_agent.html)"
18.130.255.93 - - [04/Nov/2025:18:07:15 -0500] "GET /pic__456b06e/?MA HTTP/1.1" 200 679 "-" "ds9 2.000.ec2(+https://data.dss.sps.copyright.com/docs/user_agent.html)"
18.130.255.93 - - [04/Nov/2025:18:07:15 -0500] "GET /pic__456b06e/?SA HTTP/1.1" 200 679 "-" "ds9 2.000.ec2(+https://data.dss.sps.copyright.com/docs/user_agent.html)"
18.130.255.93 - - [04/Nov/2025:18:07:16 -0500] "GET /picture__456b06e/?ND HTTP/1.1" 200 679 "-" "ds9 2.000.ec2(+https://data.dss.sps.copyright.com/docs/user_agent.html)"
18.130.255.93 - - [04/Nov/2025:18:07:16 -0500] "GET /picture__456b06e/?MA HTTP/1.1" 200 681 "-" "ds9 2.000.ec2(+https://data.dss.sps.copyright.com/docs/user_agent.html)"
18.130.255.93 - - [04/Nov/2025:18:07:17 -0500] "GET /picture__456b06e/?SA HTTP/1.1" 200 682 "-" "ds9 2.000.ec2(+https://data.dss.sps.copyright.com/docs/user_agent.html)"
18.130.255.93 - - [04/Nov/2025:18:07:17 -0500] "GET /admin.php HTTP/1.1" 404 28 "-" "ds9 2.000.ec2(+https://data.dss.sps.copyright.com/docs/user_agent.html)"
18.130.255.93 - - [04/Nov/2025:18:07:18 -0500] "GET /kalibotics.com%253A80.php__456b06e HTTP/1.1" 404 1251 "-" "ds9 2.000.ec2(+https://data.dss.sps.copyright.com/docs/user_agent.html)"
18.130.255.93 - - [04/Nov/2025:18:07:18 -0500] "GET /kalibotics.com%253A80.php__456b06e HTTP/1.1" 404 1251 "-" "ds9 2.000.ec2(+https://data.dss.sps.copyright.com/docs/user_agent.html)"
18.130.255.93 - - [04/Nov/2025:18:07:19 -0500] "GET /kalibotics.com%253A80.php__456b06e HTTP/1.1" 404 1251 "-" "ds9 2.000.ec2(+https://data.dss.sps.copyright.com/docs/user_agent.html)"
18.130.255.93 - - [04/Nov/2025:18:07:19 -0500] "GET /admin__456b06e/?NA HTTP/1.1" 200 678 "-" "ds9 2.000.ec2(+https://data.dss.sps.copyright.com/docs/user_agent.html)"
18.130.255.93 - - [04/Nov/2025:18:07:20 -0500] "GET /admin__456b06e/?MD HTTP/1.1" 200 680 "-" "ds9 2.000.ec2(+https://data.dss.sps.copyright.com/docs/user_agent.html)"
18.130.255.93 - - [04/Nov/2025:18:07:20 -0500] "GET /admin__456b06e/?SD HTTP/1.1" 200 680 "-" "ds9 2.000.ec2(+https://data.dss.sps.copyright.com/docs/user_agent.html)"
18.130.255.93 - - [04/Nov/2025:18:07:21 -0500] "GET /class__456b06e/?NA HTTP/1.1" 200 677 "-" "ds9 2.000.ec2(+https://data.dss.sps.copyright.com/docs/user_agent.html)"
18.130.255.93 - - [04/Nov/2025:18:07:21 -0500] "GET /class__456b06e/?MD HTTP/1.1" 200 679 "-" "ds9 2.000.ec2(+https://data.dss.sps.copyright.com/docs/user_agent.html)"
18.130.255.93 - - [04/Nov/2025:18:07:22 -0500] "GET /class__456b06e/?SD HTTP/1.1" 200 679 "-" "ds9 2.000.ec2(+https://data.dss.sps.copyright.com/docs/user_agent.html)"
18.130.255.93 - - [04/Nov/2025:18:07:22 -0500] "GET /common__456b06e/?NA HTTP/1.1" 200 679 "-" "ds9 2.000.ec2(+https://data.dss.sps.copyright.com/docs/user_agent.html)"
18.130.255.93 - - [04/Nov/2025:18:07:23 -0500] "GET /common__456b06e/?MD HTTP/1.1" 200 681 "-" "ds9 2.000.ec2(+https://data.dss.sps.copyright.com/docs/user_agent.html)"
18.130.255.93 - - [04/Nov/2025:18:07:26 -0500] "GET /common__456b06e/?SD HTTP/1.1" 200 681 "-" "ds9 2.000.ec2(+https://data.dss.sps.copyright.com/docs/user_agent.html)"
18.130.255.93 - - [04/Nov/2025:18:07:26 -0500] "GET /css__456b06e/?NA HTTP/1.1" 200 676 "-" "ds9 2.000.ec2(+https://data.dss.sps.copyright.com/docs/user_agent.html)"
18.130.255.93 - - [04/Nov/2025:18:07:27 -0500] "GET /css__456b06e/?MD HTTP/1.1" 200 678 "-" "ds9 2.000.ec2(+https://data.dss.sps.copyright.com/docs/user_agent.html)"
18.130.255.93 - - [04/Nov/2025:18:07:27 -0500] "GET /css__456b06e/?SD HTTP/1.1" 200 678 "-" "ds9 2.000.ec2(+https://data.dss.sps.copyright.com/docs/user_agent.html)"
18.130.255.93 - - [04/Nov/2025:18:07:28 -0500] "GET /image__456b06e/?NA HTTP/1.1" 200 679 "-" "ds9 2.000.ec2(+https://data.dss.sps.copyright.com/docs/user_agent.html)"
18.130.255.93 - - [04/Nov/2025:18:07:28 -0500] "GET /image__456b06e/?MD HTTP/1.1" 200 680 "-" "ds9 2.000.ec2(+https://data.dss.sps.copyright.com/docs/user_agent.html)"
18.130.255.93 - - [04/Nov/2025:18:07:29 -0500] "GET /image__456b06e/?SD HTTP/1.1" 200 680 "-" "ds9 2.000.ec2(+https://data.dss.sps.copyright.com/docs/user_agent.html)"
18.130.255.93 - - [04/Nov/2025:18:07:29 -0500] "GET /images__456b06e/?NA HTTP/1.1" 200 679 "-" "ds9 2.000.ec2(+https://data.dss.sps.copyright.com/docs/user_agent.html)"
18.130.255.93 - - [04/Nov/2025:18:07:32 -0500] "GET /images__456b06e/?MD HTTP/1.1" 200 681 "-" "ds9 2.000.ec2(+https://data.dss.sps.copyright.com/docs/user_agent.html)"
18.130.255.93 - - [04/Nov/2025:18:07:32 -0500] "GET /images__456b06e/?SD HTTP/1.1" 200 681 "-" "ds9 2.000.ec2(+https://data.dss.sps.copyright.com/docs/user_agent.html)"
18.130.255.93 - - [04/Nov/2025:18:07:33 -0500] "GET /js__456b06e/?NA HTTP/1.1" 200 677 "-" "ds9 2.000.ec2(+https://data.dss.sps.copyright.com/docs/user_agent.html)"
18.130.255.93 - - [04/Nov/2025:18:07:33 -0500] "GET /js__456b06e/?MD HTTP/1.1" 200 678 "-" "ds9 2.000.ec2(+https://data.dss.sps.copyright.com/docs/user_agent.html)"
18.130.255.93 - - [04/Nov/2025:18:07:34 -0500] "GET /js__456b06e/?SD HTTP/1.1" 200 679 "-" "ds9 2.000.ec2(+https://data.dss.sps.copyright.com/docs/user_agent.html)"
18.130.255.93 - - [04/Nov/2025:18:07:34 -0500] "GET /log__456b06e/?NA HTTP/1.1" 200 677 "-" "ds9 2.000.ec2(+https://data.dss.sps.copyright.com/docs/user_agent.html)"
18.130.255.93 - - [04/Nov/2025:18:07:35 -0500] "GET /log__456b06e/?MD HTTP/1.1" 200 679 "-" "ds9 2.000.ec2(+https://data.dss.sps.copyright.com/docs/user_agent.html)"
18.130.255.93 - - [04/Nov/2025:18:07:35 -0500] "GET /log__456b06e/?SD HTTP/1.1" 200 679 "-" "ds9 2.000.ec2(+https://data.dss.sps.copyright.com/docs/user_agent.html)"
18.130.255.93 - - [04/Nov/2025:18:07:36 -0500] "GET /pic__456b06e/?NA HTTP/1.1" 200 677 "-" "ds9 2.000.ec2(+https://data.dss.sps.copyright.com/docs/user_agent.html)"
18.130.255.93 - - [04/Nov/2025:18:07:36 -0500] "GET /pic__456b06e/?MD HTTP/1.1" 200 678 "-" "ds9 2.000.ec2(+https://data.dss.sps.copyright.com/docs/user_agent.html)"
18.130.255.93 - - [04/Nov/2025:18:07:37 -0500] "GET /pic__456b06e/?SD HTTP/1.1" 200 679 "-" "ds9 2.000.ec2(+https://data.dss.sps.copyright.com/docs/user_agent.html)"
18.130.255.93 - - [04/Nov/2025:18:07:37 -0500] "GET /picture__456b06e/?NA HTTP/1.1" 200 680 "-" "ds9 2.000.ec2(+https://data.dss.sps.copyright.com/docs/user_agent.html)"
18.130.255.93 - - [04/Nov/2025:18:07:38 -0500] "GET /picture__456b06e/?MD HTTP/1.1" 200 681 "-" "ds9 2.000.ec2(+https://data.dss.sps.copyright.com/docs/user_agent.html)"
18.130.255.93 - - [04/Nov/2025:18:07:38 -0500] "GET /picture__456b06e/?SD HTTP/1.1" 200 681 "-" "ds9 2.000.ec2(+https://data.dss.sps.copyright.com/docs/user_agent.html)"
66.249.75.70 - - [04/Nov/2025:18:08:26 -0500] "GET /special/q_auto/p/pwcfqvnihjhezuonhnx0.jpg HTTP/1.1" 404 1251 "-" "Googlebot-Image/1.0"
207.46.13.155 - - [04/Nov/2025:18:09:39 -0500] "GET /3576597 HTTP/1.1" 404 1251 "-" "Mozilla/5.0 AppleWebKit/537.36 (KHTML, like Gecko; compatible; bingbot/2.0; +http://www.bing.com/bingbot.htm) Chrome/116.0.1938.76 Safari/537.36"
66.249.75.70 - - [04/Nov/2025:18:10:06 -0500] "GET /special/32576836.shtml HTTP/1.1" 404 1251 "-" "Mozilla/5.0 (compatible; Googlebot/2.1; +http://www.google.com/bot.html)"
66.249.75.70 - - [04/Nov/2025:18:10:45 -0500] "GET /special/15365368.shtml HTTP/1.1" 404 1251 "-" "Mozilla/5.0 (compatible; Googlebot/2.1; +http://www.google.com/bot.html)"
66.249.75.71 - - [04/Nov/2025:18:10:45 -0500] "GET /special/77836062.shtml HTTP/1.1" 404 1251 "-" "Mozilla/5.0 (Linux; Android 6.0.1; Nexus 5X Build/MMB29P) AppleWebKit/537.36 (KHTML, like Gecko) Chrome/141.0.7390.122 Mobile Safari/537.36 (compatible; Googlebot/2.1; +http://www.google.com/bot.html)"
66.249.75.72 - - [04/Nov/2025:18:11:58 -0500] "GET /special/67770978.shtml HTTP/1.1" 404 1251 "-" "Mozilla/5.0 (Linux; Android 6.0.1; Nexus 5X Build/MMB29P) AppleWebKit/537.36 (KHTML, like Gecko) Chrome/141.0.7390.122 Mobile Safari/537.36 (compatible; Googlebot/2.1; +http://www.google.com/bot.html)"
207.46.13.111 - - [04/Nov/2025:18:13:23 -0500] "GET /654292 HTTP/1.1" 404 1251 "-" "Mozilla/5.0 AppleWebKit/537.36 (KHTML, like Gecko; compatible; bingbot/2.0; +http://www.bing.com/bingbot.htm) Chrome/116.0.1938.76 Safari/537.36"
40.77.167.14 - - [04/Nov/2025:18:14:32 -0500] "GET /606738 HTTP/1.1" 404 1251 "-" "Mozilla/5.0 AppleWebKit/537.36 (KHTML, like Gecko; compatible; bingbot/2.0; +http://www.bing.com/bingbot.htm) Chrome/116.0.1938.76 Safari/537.36"
66.249.75.70 - - [04/Nov/2025:18:18:24 -0500] "GET /special/height=323/img/x/product/details/20200702/sd2_dd6876f8125e5c05185e6abc8b95661371aa6056.jpg HTTP/1.1" 404 1251 "-" "Googlebot-Image/1.0"
66.249.75.71 - - [04/Nov/2025:18:19:31 -0500] "GET /special/66707402.shtml HTTP/1.1" 404 1251 "-" "Mozilla/5.0 (compatible; Googlebot/2.1; +http://www.google.com/bot.html)"
40.77.167.14 - - [04/Nov/2025:18:21:02 -0500] "GET /360471 HTTP/1.1" 404 1251 "-" "Mozilla/5.0 AppleWebKit/537.36 (KHTML, like Gecko; compatible; bingbot/2.0; +http://www.bing.com/bingbot.htm) Chrome/116.0.1938.76 Safari/537.36"
66.249.75.72 - - [04/Nov/2025:18:21:19 -0500] "GET /special/27269342.shtml HTTP/1.1" 404 1251 "-" "Mozilla/5.0 (Linux; Android 6.0.1; Nexus 5X Build/MMB29P) AppleWebKit/537.36 (KHTML, like Gecko) Chrome/141.0.7390.122 Mobile Safari/537.36 (compatible; Googlebot/2.1; +http://www.google.com/bot.html)"
40.77.167.126 - - [04/Nov/2025:18:21:43 -0500] "GET /3585519 HTTP/1.1" 404 1251 "-" "Mozilla/5.0 AppleWebKit/537.36 (KHTML, like Gecko; compatible; bingbot/2.0; +http://www.bing.com/bingbot.htm) Chrome/116.0.1938.76 Safari/537.36"
66.249.75.72 - - [04/Nov/2025:18:22:22 -0500] "GET /special/137668772.shtml HTTP/1.1" 404 1251 "-" "Mozilla/5.0 (Linux; Android 6.0.1; Nexus 5X Build/MMB29P) AppleWebKit/537.36 (KHTML, like Gecko) Chrome/141.0.7390.122 Mobile Safari/537.36 (compatible; GoogleOther)"
66.249.75.70 - - [04/Nov/2025:18:23:51 -0500] "GET /products/11524656/1000_QL80_.jpg HTTP/1.1" 404 1251 "-" "Googlebot-Image/1.0"
66.249.75.71 - - [04/Nov/2025:18:24:33 -0500] "GET /special/14406436.shtml HTTP/1.1" 404 1251 "-" "Mozilla/5.0 (Linux; Android 6.0.1; Nexus 5X Build/MMB29P) AppleWebKit/537.36 (KHTML, like Gecko) Chrome/141.0.7390.122 Mobile Safari/537.36 (compatible; Googlebot/2.1; +http://www.google.com/bot.html)"
47.128.112.184 - - [04/Nov/2025:18:28:37 -0500] "GET /robots.txt HTTP/1.1" 404 1251 "-" "Mozilla/5.0 (Linux; Android 5.0) AppleWebKit/537.36 (KHTML, like Gecko) Mobile Safari/537.36 (compatible; Bytespider; spider-feedback@bytedance.com)"
100.4.160.52 - - [04/Nov/2025:18:29:09 -0500] "GET /robots.txt HTTP/1.1" 404 1251 "-" "Mozilla/5.0 (iPhone; CPU iPhone OS 11_0 like Mac OS X) AppleWebKit/537.36 (KHTML, like Gecko) Chrome/54.0.6497.1986 Mobile Safari/537.36"
47.128.116.141 - - [04/Nov/2025:18:29:36 -0500] "GET /robots.txt HTTP/1.1" 404 1251 "-" "Mozilla/5.0 (Linux; Android 5.0) AppleWebKit/537.36 (KHTML, like Gecko) Mobile Safari/537.36 (compatible; Bytespider; spider-feedback@bytedance.com)"
180.243.9.175 - - [04/Nov/2025:18:30:04 -0500] "GET /robots.txt HTTP/1.1" 404 1251 "-" "Mozilla/5.0 (Linux; Android 5.0; SM-G900P Build/LRX21T) AppleWebKit/537.36 (KHTML, like Gecko) Chrome/52.0.9377.1431 Mobile Safari/537.36"
66.249.75.70 - - [04/Nov/2025:18:30:39 -0500] "GET /special/height=323/img/x/product/details/20200702/sd5_52c9a3a556b67096d5eb877e0d9107635f3dd1c7.jpg HTTP/1.1" 404 1251 "-" "Googlebot-Image/1.0"
40.77.167.70 - - [04/Nov/2025:18:32:41 -0500] "GET /p=1753550 HTTP/1.1" 404 1251 "-" "Mozilla/5.0 AppleWebKit/537.36 (KHTML, like Gecko; compatible; bingbot/2.0; +http://www.bing.com/bingbot.htm) Chrome/116.0.1938.76 Safari/537.36"
66.249.75.72 - - [04/Nov/2025:18:34:10 -0500] "GET /products/4998478/255_UF900 HTTP/1.1" 404 1251 "-" "Googlebot-Image/1.0"
66.249.75.70 - - [04/Nov/2025:18:36:50 -0500] "GET /special/f_auto/products/Gaming-Keyboards/CH-9000222-NA/Gallery/CGK65_RGB_NA_05_A.webp HTTP/1.1" 404 1251 "-" "Googlebot-Image/1.0"