57.141.16.29 - - [07/Jan/2026:08:21:27 -0500] "GET /1464448324.shtml HTTP/1.1" 500 0 "-" "meta-externalagent/1.1 (+https://developers.facebook.com/docs/sharing/webmasters/crawler)"
40.77.167.156 - - [07/Jan/2026:08:22:13 -0500] "GET /2259877 HTTP/1.1" 200 25277 "-" "Mozilla/5.0 AppleWebKit/537.36 (KHTML, like Gecko; compatible; bingbot/2.0; +http://www.bing.com/bingbot.htm) Chrome/116.0.1938.76 Safari/537.36"
57.141.16.2 - - [07/Jan/2026:08:22:34 -0500] "GET /2876998931.shtml HTTP/1.1" 500 0 "-" "meta-externalagent/1.1 (+https://developers.facebook.com/docs/sharing/webmasters/crawler)"
66.249.75.164 - - [07/Jan/2026:08:22:44 -0500] "GET /trn.php?97863686.shtml HTTP/1.1" 200 25219 "-" "Mozilla/5.0 (Linux; Android 6.0.1; Nexus 5X Build/MMB29P) AppleWebKit/537.36 (KHTML, like Gecko) Chrome/143.0.7499.169 Mobile Safari/537.36 (compatible; Googlebot/2.1; +http://www.google.com/bot.html)"
40.77.167.156 - - [07/Jan/2026:08:22:44 -0500] "GET /3647415 HTTP/1.1" 200 23842 "-" "Mozilla/5.0 AppleWebKit/537.36 (KHTML, like Gecko; compatible; bingbot/2.0; +http://www.bing.com/bingbot.htm) Chrome/116.0.1938.76 Safari/537.36"
66.249.75.162 - - [07/Jan/2026:08:23:18 -0500] "GET /trn.php?1947813080.shtml HTTP/1.1" 200 24663 "-" "Mozilla/5.0 (Linux; Android 6.0.1; Nexus 5X Build/MMB29P) AppleWebKit/537.36 (KHTML, like Gecko) Chrome/143.0.7499.169 Mobile Safari/537.36 (compatible; Googlebot/2.1; +http://www.google.com/bot.html)"
66.249.75.163 - - [07/Jan/2026:08:23:23 -0500] "GET /1825665650.shtml HTTP/1.1" 200 24921 "-" "Mozilla/5.0 (Linux; Android 6.0.1; Nexus 5X Build/MMB29P) AppleWebKit/537.36 (KHTML, like Gecko) Chrome/143.0.7499.169 Mobile Safari/537.36 (compatible; Googlebot/2.1; +http://www.google.com/bot.html)"
40.77.167.16 - - [07/Jan/2026:08:23:29 -0500] "GET /1576790 HTTP/1.1" 200 23762 "-" "Mozilla/5.0 AppleWebKit/537.36 (KHTML, like Gecko; compatible; bingbot/2.0; +http://www.bing.com/bingbot.htm) Chrome/116.0.1938.76 Safari/537.36"
66.249.75.162 - - [07/Jan/2026:08:23:29 -0500] "GET /trn.php?special/261226986.shtml HTTP/1.1" 200 23929 "-" "Mozilla/5.0 (Linux; Android 6.0.1; Nexus 5X Build/MMB29P) AppleWebKit/537.36 (KHTML, like Gecko) Chrome/143.0.7499.169 Mobile Safari/537.36 (compatible; Googlebot/2.1; +http://www.google.com/bot.html)"
66.249.75.162 - - [07/Jan/2026:08:23:30 -0500] "GET /3966987023.shtml HTTP/1.1" 200 25175 "-" "Mozilla/5.0 (Linux; Android 6.0.1; Nexus 5X Build/MMB29P) AppleWebKit/537.36 (KHTML, like Gecko) Chrome/143.0.7499.169 Mobile Safari/537.36 (compatible; Googlebot/2.1; +http://www.google.com/bot.html)"
66.249.75.162 - - [07/Jan/2026:08:23:30 -0500] "GET /trn.php?special/259209110.shtml HTTP/1.1" 200 24345 "-" "Mozilla/5.0 (Linux; Android 6.0.1; Nexus 5X Build/MMB29P) AppleWebKit/537.36 (KHTML, like Gecko) Chrome/143.0.7499.169 Mobile Safari/537.36 (compatible; Googlebot/2.1; +http://www.google.com/bot.html)"
66.249.75.162 - - [07/Jan/2026:08:23:31 -0500] "GET /trn.php?special/266940726.shtml HTTP/1.1" 200 25110 "-" "Mozilla/5.0 (Linux; Android 6.0.1; Nexus 5X Build/MMB29P) AppleWebKit/537.36 (KHTML, like Gecko) Chrome/143.0.7499.169 Mobile Safari/537.36 (compatible; Googlebot/2.1; +http://www.google.com/bot.html)"
66.249.75.162 - - [07/Jan/2026:08:23:32 -0500] "GET /trn.php?special/225804078.shtml HTTP/1.1" 200 24519 "-" "Mozilla/5.0 (Linux; Android 6.0.1; Nexus 5X Build/MMB29P) AppleWebKit/537.36 (KHTML, like Gecko) Chrome/143.0.7499.169 Mobile Safari/537.36 (compatible; Googlebot/2.1; +http://www.google.com/bot.html)"
66.249.75.162 - - [07/Jan/2026:08:23:33 -0500] "GET /special/45452964.shtml HTTP/1.1" 200 26085 "-" "Mozilla/5.0 (Linux; Android 6.0.1; Nexus 5X Build/MMB29P) AppleWebKit/537.36 (KHTML, like Gecko) Chrome/143.0.7499.169 Mobile Safari/537.36 (compatible; Googlebot/2.1; +http://www.google.com/bot.html)"
66.249.75.162 - - [07/Jan/2026:08:23:36 -0500] "GET /trn.php?special/272238602.shtml HTTP/1.1" 200 25510 "-" "Mozilla/5.0 (Linux; Android 6.0.1; Nexus 5X Build/MMB29P) AppleWebKit/537.36 (KHTML, like Gecko) Chrome/143.0.7499.169 Mobile Safari/537.36 (compatible; Googlebot/2.1; +http://www.google.com/bot.html)"
66.249.75.162 - - [07/Jan/2026:08:23:37 -0500] "GET /special/64624332.shtml HTTP/1.1" 200 27041 "-" "Mozilla/5.0 (Linux; Android 6.0.1; Nexus 5X Build/MMB29P) AppleWebKit/537.36 (KHTML, like Gecko) Chrome/143.0.7499.169 Mobile Safari/537.36 (compatible; Googlebot/2.1; +http://www.google.com/bot.html)"
66.249.75.163 - - [07/Jan/2026:08:23:40 -0500] "GET /trn.php?special/273364422.shtml HTTP/1.1" 200 25160 "-" "Mozilla/5.0 (Linux; Android 6.0.1; Nexus 5X Build/MMB29P) AppleWebKit/537.36 (KHTML, like Gecko) Chrome/143.0.7499.169 Mobile Safari/537.36 (compatible; Googlebot/2.1; +http://www.google.com/bot.html)"
57.141.16.18 - - [07/Jan/2026:08:23:41 -0500] "GET /4081737369.shtml HTTP/1.1" 500 0 "-" "meta-externalagent/1.1 (+https://developers.facebook.com/docs/sharing/webmasters/crawler)"
66.249.75.163 - - [07/Jan/2026:08:24:12 -0500] "GET /trn.php?special/280168858.shtml HTTP/1.1" 200 24599 "-" "Mozilla/5.0 (Linux; Android 6.0.1; Nexus 5X Build/MMB29P) AppleWebKit/537.36 (KHTML, like Gecko) Chrome/143.0.7499.169 Mobile Safari/537.36 (compatible; Googlebot/2.1; +http://www.google.com/bot.html)"
66.249.75.164 - - [07/Jan/2026:08:24:15 -0500] "GET /trn.php?special/281062006.shtml HTTP/1.1" 200 24356 "-" "Mozilla/5.0 (Linux; Android 6.0.1; Nexus 5X Build/MMB29P) AppleWebKit/537.36 (KHTML, like Gecko) Chrome/143.0.7499.169 Mobile Safari/537.36 (compatible; Googlebot/2.1; +http://www.google.com/bot.html)"
66.249.75.163 - - [07/Jan/2026:08:24:15 -0500] "GET /trn.php?special/280698956.shtml HTTP/1.1" 200 25857 "-" "Mozilla/5.0 (Linux; Android 6.0.1; Nexus 5X Build/MMB29P) AppleWebKit/537.36 (KHTML, like Gecko) Chrome/143.0.7499.169 Mobile Safari/537.36 (compatible; Googlebot/2.1; +http://www.google.com/bot.html)"
66.249.75.164 - - [07/Jan/2026:08:24:16 -0500] "GET /trn.php?special/279063378.shtml HTTP/1.1" 200 25537 "-" "Mozilla/5.0 (Linux; Android 6.0.1; Nexus 5X Build/MMB29P) AppleWebKit/537.36 (KHTML, like Gecko) Chrome/143.0.7499.169 Mobile Safari/537.36 (compatible; Googlebot/2.1; +http://www.google.com/bot.html)"
66.249.75.163 - - [07/Jan/2026:08:24:18 -0500] "GET /special/1031349642.shtml HTTP/1.1" 200 24855 "-" "Mozilla/5.0 (Linux; Android 6.0.1; Nexus 5X Build/MMB29P) AppleWebKit/537.36 (KHTML, like Gecko) Chrome/143.0.7499.169 Mobile Safari/537.36 (compatible; Googlebot/2.1; +http://www.google.com/bot.html)"
66.249.75.162 - - [07/Jan/2026:08:24:23 -0500] "GET /trn.php?special/213005210.shtml HTTP/1.1" 200 24239 "-" "Mozilla/5.0 (Linux; Android 6.0.1; Nexus 5X Build/MMB29P) AppleWebKit/537.36 (KHTML, like Gecko) Chrome/143.0.7499.169 Mobile Safari/537.36 (compatible; Googlebot/2.1; +http://www.google.com/bot.html)"
66.249.75.162 - - [07/Jan/2026:08:24:28 -0500] "GET /trn.php?special/276839412.shtml HTTP/1.1" 200 24736 "-" "Mozilla/5.0 (Linux; Android 6.0.1; Nexus 5X Build/MMB29P) AppleWebKit/537.36 (KHTML, like Gecko) Chrome/143.0.7499.169 Mobile Safari/537.36 (compatible; Googlebot/2.1; +http://www.google.com/bot.html)"
66.249.75.162 - - [07/Jan/2026:08:24:31 -0500] "GET /trn.php?special/206789908.shtml HTTP/1.1" 200 25144 "-" "Mozilla/5.0 (Linux; Android 6.0.1; Nexus 5X Build/MMB29P) AppleWebKit/537.36 (KHTML, like Gecko) Chrome/143.0.7499.169 Mobile Safari/537.36 (compatible; Googlebot/2.1; +http://www.google.com/bot.html)"
66.249.75.162 - - [07/Jan/2026:08:24:39 -0500] "GET /1943661441.shtml HTTP/1.1" 200 24807 "-" "Mozilla/5.0 (Linux; Android 6.0.1; Nexus 5X Build/MMB29P) AppleWebKit/537.36 (KHTML, like Gecko) Chrome/143.0.7499.169 Mobile Safari/537.36 (compatible; Googlebot/2.1; +http://www.google.com/bot.html)"
66.249.75.162 - - [07/Jan/2026:08:24:40 -0500] "GET /trn.php?special/285542300.shtml HTTP/1.1" 200 25483 "-" "Mozilla/5.0 (Linux; Android 6.0.1; Nexus 5X Build/MMB29P) AppleWebKit/537.36 (KHTML, like Gecko) Chrome/143.0.7499.169 Mobile Safari/537.36 (compatible; Googlebot/2.1; +http://www.google.com/bot.html)"
66.249.75.163 - - [07/Jan/2026:08:24:46 -0500] "GET /trn.php?special/284878844.shtml HTTP/1.1" 200 23913 "-" "Mozilla/5.0 (Linux; Android 6.0.1; Nexus 5X Build/MMB29P) AppleWebKit/537.36 (KHTML, like Gecko) Chrome/143.0.7499.169 Mobile Safari/537.36 (compatible; Googlebot/2.1; +http://www.google.com/bot.html)"
57.141.16.60 - - [07/Jan/2026:08:24:48 -0500] "GET /161543134.shtml HTTP/1.1" 500 0 "-" "meta-externalagent/1.1 (+https://developers.facebook.com/docs/sharing/webmasters/crawler)"
66.249.75.163 - - [07/Jan/2026:08:24:52 -0500] "GET /trn.php?special/285398698.shtml HTTP/1.1" 200 24583 "-" "Mozilla/5.0 (Linux; Android 6.0.1; Nexus 5X Build/MMB29P) AppleWebKit/537.36 (KHTML, like Gecko) Chrome/143.0.7499.169 Mobile Safari/537.36 (compatible; Googlebot/2.1; +http://www.google.com/bot.html)"
66.249.75.162 - - [07/Jan/2026:08:24:55 -0500] "GET /special/1056129178.shtml HTTP/1.1" 200 25464 "-" "Mozilla/5.0 (Linux; Android 6.0.1; Nexus 5X Build/MMB29P) AppleWebKit/537.36 (KHTML, like Gecko) Chrome/143.0.7499.169 Mobile Safari/537.36 (compatible; Googlebot/2.1; +http://www.google.com/bot.html)"
66.249.75.162 - - [07/Jan/2026:08:25:12 -0500] "GET /special/85951630.shtml HTTP/1.1" 200 23813 "-" "Mozilla/5.0 (Linux; Android 6.0.1; Nexus 5X Build/MMB29P) AppleWebKit/537.36 (KHTML, like Gecko) Chrome/143.0.7499.169 Mobile Safari/537.36 (compatible; Googlebot/2.1; +http://www.google.com/bot.html)"
66.249.75.163 - - [07/Jan/2026:08:25:15 -0500] "GET /trn.php?special/212979246.shtml HTTP/1.1" 200 24913 "-" "Mozilla/5.0 (Linux; Android 6.0.1; Nexus 5X Build/MMB29P) AppleWebKit/537.36 (KHTML, like Gecko) Chrome/143.0.7499.169 Mobile Safari/537.36 (compatible; Googlebot/2.1; +http://www.google.com/bot.html)"
66.249.75.162 - - [07/Jan/2026:08:25:18 -0500] "GET /trn.php?special/286908570.shtml HTTP/1.1" 200 25100 "-" "Mozilla/5.0 (Linux; Android 6.0.1; Nexus 5X Build/MMB29P) AppleWebKit/537.36 (KHTML, like Gecko) Chrome/143.0.7499.169 Mobile Safari/537.36 (compatible; Googlebot/2.1; +http://www.google.com/bot.html)"
40.77.167.151 - - [07/Jan/2026:08:25:26 -0500] "GET /138269 HTTP/1.1" 200 24994 "-" "Mozilla/5.0 AppleWebKit/537.36 (KHTML, like Gecko; compatible; bingbot/2.0; +http://www.bing.com/bingbot.htm) Chrome/116.0.1938.76 Safari/537.36"
66.249.75.162 - - [07/Jan/2026:08:25:34 -0500] "GET /trn.php?special/287177918.shtml HTTP/1.1" 200 24091 "-" "Mozilla/5.0 (Linux; Android 6.0.1; Nexus 5X Build/MMB29P) AppleWebKit/537.36 (KHTML, like Gecko) Chrome/143.0.7499.169 Mobile Safari/537.36 (compatible; Googlebot/2.1; +http://www.google.com/bot.html)"
57.141.16.83 - - [07/Jan/2026:08:25:54 -0500] "GET /3413589245.shtml HTTP/1.1" 500 0 "-" "meta-externalagent/1.1 (+https://developers.facebook.com/docs/sharing/webmasters/crawler)"
66.249.75.162 - - [07/Jan/2026:08:25:56 -0500] "GET /trn.php?special/286160978.shtml HTTP/1.1" 200 24871 "-" "Mozilla/5.0 (Linux; Android 6.0.1; Nexus 5X Build/MMB29P) AppleWebKit/537.36 (KHTML, like Gecko) Chrome/143.0.7499.169 Mobile Safari/537.36 (compatible; Googlebot/2.1; +http://www.google.com/bot.html)"
66.249.75.162 - - [07/Jan/2026:08:26:00 -0500] "GET /1598935556.shtml HTTP/1.1" 200 25454 "-" "Mozilla/5.0 (Linux; Android 6.0.1; Nexus 5X Build/MMB29P) AppleWebKit/537.36 (KHTML, like Gecko) Chrome/143.0.7499.169 Mobile Safari/537.36 (compatible; Googlebot/2.1; +http://www.google.com/bot.html)"
66.249.75.163 - - [07/Jan/2026:08:26:33 -0500] "GET /trn.php?special/295360920.shtml HTTP/1.1" 200 26282 "-" "Mozilla/5.0 (Linux; Android 6.0.1; Nexus 5X Build/MMB29P) AppleWebKit/537.36 (KHTML, like Gecko) Chrome/143.0.7499.169 Mobile Safari/537.36 (compatible; Googlebot/2.1; +http://www.google.com/bot.html)"
66.249.75.163 - - [07/Jan/2026:08:26:36 -0500] "GET /trn.php?special/295249134.shtml HTTP/1.1" 200 25071 "-" "Mozilla/5.0 (Linux; Android 6.0.1; Nexus 5X Build/MMB29P) AppleWebKit/537.36 (KHTML, like Gecko) Chrome/143.0.7499.169 Mobile Safari/537.36 (compatible; Googlebot/2.1; +http://www.google.com/bot.html)"
40.77.167.156 - - [07/Jan/2026:08:26:45 -0500] "GET /1100273 HTTP/1.1" 200 23623 "-" "Mozilla/5.0 AppleWebKit/537.36 (KHTML, like Gecko; compatible; bingbot/2.0; +http://www.bing.com/bingbot.htm) Chrome/116.0.1938.76 Safari/537.36"
66.249.75.164 - - [07/Jan/2026:08:26:52 -0500] "GET /special/1033300482.shtml HTTP/1.1" 200 24573 "-" "Mozilla/5.0 (Linux; Android 6.0.1; Nexus 5X Build/MMB29P) AppleWebKit/537.36 (KHTML, like Gecko) Chrome/143.0.7499.169 Mobile Safari/537.36 (compatible; Googlebot/2.1; +http://www.google.com/bot.html)"
66.249.75.162 - - [07/Jan/2026:08:26:53 -0500] "GET /trn.php?special/221522416.shtml HTTP/1.1" 200 25383 "-" "Mozilla/5.0 (Linux; Android 6.0.1; Nexus 5X Build/MMB29P) AppleWebKit/537.36 (KHTML, like Gecko) Chrome/143.0.7499.169 Mobile Safari/537.36 (compatible; Googlebot/2.1; +http://www.google.com/bot.html)"
66.249.75.164 - - [07/Jan/2026:08:26:55 -0500] "GET /index.php?1708573784.shtml HTTP/1.1" 200 24838 "-" "Mozilla/5.0 (Linux; Android 6.0.1; Nexus 5X Build/MMB29P) AppleWebKit/537.36 (KHTML, like Gecko) Chrome/143.0.7499.169 Mobile Safari/537.36 (compatible; Googlebot/2.1; +http://www.google.com/bot.html)"
66.249.75.162 - - [07/Jan/2026:08:26:55 -0500] "GET /1743216580.shtml HTTP/1.1" 200 25038 "-" "Mozilla/5.0 (Linux; Android 6.0.1; Nexus 5X Build/MMB29P) AppleWebKit/537.36 (KHTML, like Gecko) Chrome/143.0.7499.169 Mobile Safari/537.36 (compatible; Googlebot/2.1; +http://www.google.com/bot.html)"
57.141.16.4 - - [07/Jan/2026:08:27:01 -0500] "GET /3899847624.shtml HTTP/1.1" 500 0 "-" "meta-externalagent/1.1 (+https://developers.facebook.com/docs/sharing/webmasters/crawler)"
66.249.75.164 - - [07/Jan/2026:08:27:34 -0500] "GET /2921139454.shtml HTTP/1.1" 200 23772 "-" "Mozilla/5.0 (Linux; Android 6.0.1; Nexus 5X Build/MMB29P) AppleWebKit/537.36 (KHTML, like Gecko) Chrome/143.0.7499.169 Mobile Safari/537.36 (compatible; Googlebot/2.1; +http://www.google.com/bot.html)"
66.249.75.163 - - [07/Jan/2026:08:27:42 -0500] "GET /special/91747094.shtml HTTP/1.1" 200 25002 "-" "Mozilla/5.0 (Linux; Android 6.0.1; Nexus 5X Build/MMB29P) AppleWebKit/537.36 (KHTML, like Gecko) Chrome/143.0.7499.169 Mobile Safari/537.36 (compatible; Googlebot/2.1; +http://www.google.com/bot.html)"
66.249.75.162 - - [07/Jan/2026:08:27:53 -0500] "GET /special/78914816.shtml HTTP/1.1" 200 24941 "-" "Mozilla/5.0 (Linux; Android 6.0.1; Nexus 5X Build/MMB29P) AppleWebKit/537.36 (KHTML, like Gecko) Chrome/143.0.7499.169 Mobile Safari/537.36 (compatible; Googlebot/2.1; +http://www.google.com/bot.html)"
57.141.16.59 - - [07/Jan/2026:08:28:07 -0500] "GET /4158628759.shtml HTTP/1.1" 500 0 "-" "meta-externalagent/1.1 (+https://developers.facebook.com/docs/sharing/webmasters/crawler)"
40.77.167.151 - - [07/Jan/2026:08:28:14 -0500] "GET /2643520 HTTP/1.1" 200 24093 "-" "Mozilla/5.0 AppleWebKit/537.36 (KHTML, like Gecko; compatible; bingbot/2.0; +http://www.bing.com/bingbot.htm) Chrome/116.0.1938.76 Safari/537.36"
40.77.167.16 - - [07/Jan/2026:08:28:23 -0500] "GET /2783441 HTTP/1.1" 200 24035 "-" "Mozilla/5.0 AppleWebKit/537.36 (KHTML, like Gecko; compatible; bingbot/2.0; +http://www.bing.com/bingbot.htm) Chrome/116.0.1938.76 Safari/537.36"
66.249.75.163 - - [07/Jan/2026:08:28:27 -0500] "GET /special/31855938.shtml HTTP/1.1" 200 24366 "-" "Mozilla/5.0 (Linux; Android 6.0.1; Nexus 5X Build/MMB29P) AppleWebKit/537.36 (KHTML, like Gecko) Chrome/143.0.7499.169 Mobile Safari/537.36 (compatible; Googlebot/2.1; +http://www.google.com/bot.html)"
66.249.75.162 - - [07/Jan/2026:08:28:29 -0500] "GET /special/75391632.shtml HTTP/1.1" 200 23742 "-" "Mozilla/5.0 (Linux; Android 6.0.1; Nexus 5X Build/MMB29P) AppleWebKit/537.36 (KHTML, like Gecko) Chrome/143.0.7499.169 Mobile Safari/537.36 (compatible; Googlebot/2.1; +http://www.google.com/bot.html)"
66.249.75.163 - - [07/Jan/2026:08:28:33 -0500] "GET /special/75729710.shtml HTTP/1.1" 200 25310 "-" "Mozilla/5.0 (Linux; Android 6.0.1; Nexus 5X Build/MMB29P) AppleWebKit/537.36 (KHTML, like Gecko) Chrome/143.0.7499.169 Mobile Safari/537.36 (compatible; Googlebot/2.1; +http://www.google.com/bot.html)"
66.249.75.164 - - [07/Jan/2026:08:29:02 -0500] "GET /special/29304154.shtml HTTP/1.1" 200 26128 "-" "Mozilla/5.0 (Linux; Android 6.0.1; Nexus 5X Build/MMB29P) AppleWebKit/537.36 (KHTML, like Gecko) Chrome/143.0.7499.169 Mobile Safari/537.36 (compatible; Googlebot/2.1; +http://www.google.com/bot.html)"
66.249.75.164 - - [07/Jan/2026:08:29:03 -0500] "GET /329042922.shtml HTTP/1.1" 200 25016 "-" "Mozilla/5.0 (Linux; Android 6.0.1; Nexus 5X Build/MMB29P) AppleWebKit/537.36 (KHTML, like Gecko) Chrome/143.0.7499.169 Mobile Safari/537.36 (compatible; Googlebot/2.1; +http://www.google.com/bot.html)"
52.167.144.215 - - [07/Jan/2026:08:29:11 -0500] "GET /1870808 HTTP/1.1" 200 23834 "-" "Mozilla/5.0 AppleWebKit/537.36 (KHTML, like Gecko; compatible; bingbot/2.0; +http://www.bing.com/bingbot.htm) Chrome/116.0.1938.76 Safari/537.36"
57.141.16.84 - - [07/Jan/2026:08:29:14 -0500] "GET /1308686310.shtml HTTP/1.1" 500 0 "-" "meta-externalagent/1.1 (+https://developers.facebook.com/docs/sharing/webmasters/crawler)"
40.77.167.7 - - [07/Jan/2026:08:29:24 -0500] "GET /1920724 HTTP/1.1" 200 24710 "-" "Mozilla/5.0 AppleWebKit/537.36 (KHTML, like Gecko; compatible; bingbot/2.0; +http://www.bing.com/bingbot.htm) Chrome/116.0.1938.76 Safari/537.36"
40.77.167.7 - - [07/Jan/2026:08:29:46 -0500] "GET /2100232 HTTP/1.1" 200 24316 "-" "Mozilla/5.0 AppleWebKit/537.36 (KHTML, like Gecko; compatible; bingbot/2.0; +http://www.bing.com/bingbot.htm) Chrome/116.0.1938.76 Safari/537.36"
57.141.16.23 - - [07/Jan/2026:08:30:21 -0500] "GET /427064444.shtml HTTP/1.1" 500 0 "-" "meta-externalagent/1.1 (+https://developers.facebook.com/docs/sharing/webmasters/crawler)"
43.173.178.162 - - [07/Jan/2026:08:31:24 -0500] "GET /clients/ HTTP/1.1" 500 0 "-" "Mozilla/5.0 (Windows NT 10.0; Win64; x64) AppleWebKit/537.36 (KHTML, like Gecko) Chrome/107.0.0.0 Safari/537.36"
57.141.16.54 - - [07/Jan/2026:08:31:28 -0500] "GET /151679690.shtml HTTP/1.1" 500 0 "-" "meta-externalagent/1.1 (+https://developers.facebook.com/docs/sharing/webmasters/crawler)"
40.77.167.16 - - [07/Jan/2026:08:31:50 -0500] "GET /1673927 HTTP/1.1" 200 24620 "-" "Mozilla/5.0 AppleWebKit/537.36 (KHTML, like Gecko; compatible; bingbot/2.0; +http://www.bing.com/bingbot.htm) Chrome/116.0.1938.76 Safari/537.36"
202.76.162.168 - - [07/Jan/2026:08:32:12 -0500] "GET /2280918148.shtml HTTP/1.1" 500 0 "-" "Mozilla/5.0 (Macintosh; U; Intel Mac OS X 10_5_7; en-US) AppleWebKit/532.1 (KHTML, like Gecko) Chrome/4.0.212.1 Safari/532.1"
57.141.16.0 - - [07/Jan/2026:08:32:34 -0500] "GET /1527200546.shtml HTTP/1.1" 500 0 "-" "meta-externalagent/1.1 (+https://developers.facebook.com/docs/sharing/webmasters/crawler)"
66.249.75.164 - - [07/Jan/2026:08:32:38 -0500] "GET /special/11293332.shtml HTTP/1.1" 200 24402 "-" "Mozilla/5.0 (Linux; Android 6.0.1; Nexus 5X Build/MMB29P) AppleWebKit/537.36 (KHTML, like Gecko) Chrome/143.0.7499.169 Mobile Safari/537.36 (compatible; Googlebot/2.1; +http://www.google.com/bot.html)"
66.249.75.162 - - [07/Jan/2026:08:32:48 -0500] "GET /701713835.shtml HTTP/1.1" 200 23897 "-" "Mozilla/5.0 (Linux; Android 6.0.1; Nexus 5X Build/MMB29P) AppleWebKit/537.36 (KHTML, like Gecko) Chrome/143.0.7499.169 Mobile Safari/537.36 (compatible; Googlebot/2.1; +http://www.google.com/bot.html)"
40.77.167.16 - - [07/Jan/2026:08:32:51 -0500] "GET /3776221 HTTP/1.1" 200 24770 "-" "Mozilla/5.0 AppleWebKit/537.36 (KHTML, like Gecko; compatible; bingbot/2.0; +http://www.bing.com/bingbot.htm) Chrome/116.0.1938.76 Safari/537.36"
66.249.75.162 - - [07/Jan/2026:08:33:14 -0500] "GET /1086485162.shtml HTTP/1.1" 200 23563 "-" "Mozilla/5.0 (Linux; Android 6.0.1; Nexus 5X Build/MMB29P) AppleWebKit/537.36 (KHTML, like Gecko) Chrome/143.0.7499.169 Mobile Safari/537.36 (compatible; Googlebot/2.1; +http://www.google.com/bot.html)"
57.141.16.2 - - [07/Jan/2026:08:33:41 -0500] "GET /11478285.shtml HTTP/1.1" 500 0 "-" "meta-externalagent/1.1 (+https://developers.facebook.com/docs/sharing/webmasters/crawler)"
66.249.75.162 - - [07/Jan/2026:08:33:49 -0500] "GET /index.php?3516730935.shtml HTTP/1.1" 200 24562 "-" "Mozilla/5.0 (Linux; Android 6.0.1; Nexus 5X Build/MMB29P) AppleWebKit/537.36 (KHTML, like Gecko) Chrome/143.0.7499.169 Mobile Safari/537.36 (compatible; Googlebot/2.1; +http://www.google.com/bot.html)"
66.249.75.162 - - [07/Jan/2026:08:33:54 -0500] "GET /index.php?2644946707.shtml HTTP/1.1" 200 24720 "-" "Mozilla/5.0 (Linux; Android 6.0.1; Nexus 5X Build/MMB29P) AppleWebKit/537.36 (KHTML, like Gecko) Chrome/143.0.7499.169 Mobile Safari/537.36 (compatible; Googlebot/2.1; +http://www.google.com/bot.html)"
57.141.16.100 - - [07/Jan/2026:08:34:48 -0500] "GET /2885162103.shtml HTTP/1.1" 500 0 "-" "meta-externalagent/1.1 (+https://developers.facebook.com/docs/sharing/webmasters/crawler)"
66.249.75.164 - - [07/Jan/2026:08:34:50 -0500] "GET /trn.php?2816006434.shtml HTTP/1.1" 200 25036 "-" "Mozilla/5.0 (Linux; Android 6.0.1; Nexus 5X Build/MMB29P) AppleWebKit/537.36 (KHTML, like Gecko) Chrome/143.0.7499.169 Mobile Safari/537.36 (compatible; Googlebot/2.1; +http://www.google.com/bot.html)"
66.249.75.162 - - [07/Jan/2026:08:35:16 -0500] "GET /index.php?2160109535.shtml HTTP/1.1" 200 25411 "-" "Mozilla/5.0 (Linux; Android 6.0.1; Nexus 5X Build/MMB29P) AppleWebKit/537.36 (KHTML, like Gecko) Chrome/143.0.7499.169 Mobile Safari/537.36 (compatible; Googlebot/2.1; +http://www.google.com/bot.html)"
57.141.16.10 - - [07/Jan/2026:08:35:54 -0500] "GET /3662245741.shtml HTTP/1.1" 500 0 "-" "meta-externalagent/1.1 (+https://developers.facebook.com/docs/sharing/webmasters/crawler)"
40.77.167.241 - - [07/Jan/2026:08:36:34 -0500] "GET /special/1486622.shtml HTTP/1.1" 200 23988 "-" "Mozilla/5.0 AppleWebKit/537.36 (KHTML, like Gecko; compatible; bingbot/2.0; +http://www.bing.com/bingbot.htm) Chrome/116.0.1938.76 Safari/537.36"
57.141.16.38 - - [07/Jan/2026:08:37:01 -0500] "GET /1456337254.shtml HTTP/1.1" 500 0 "-" "meta-externalagent/1.1 (+https://developers.facebook.com/docs/sharing/webmasters/crawler)"
66.249.75.163 - - [07/Jan/2026:08:37:22 -0500] "GET /850899516.shtml HTTP/1.1" 200 25119 "-" "Mozilla/5.0 (Linux; Android 6.0.1; Nexus 5X Build/MMB29P) AppleWebKit/537.36 (KHTML, like Gecko) Chrome/143.0.7499.169 Mobile Safari/537.36 (compatible; Googlebot/2.1; +http://www.google.com/bot.html)"
66.249.75.164 - - [07/Jan/2026:08:37:24 -0500] "GET /737792958.shtml HTTP/1.1" 200 25033 "-" "Mozilla/5.0 (Linux; Android 6.0.1; Nexus 5X Build/MMB29P) AppleWebKit/537.36 (KHTML, like Gecko) Chrome/143.0.7499.169 Mobile Safari/537.36 (compatible; Googlebot/2.1; +http://www.google.com/bot.html)"
40.77.167.7 - - [07/Jan/2026:08:37:28 -0500] "GET /2392206 HTTP/1.1" 200 26323 "-" "Mozilla/5.0 AppleWebKit/537.36 (KHTML, like Gecko; compatible; bingbot/2.0; +http://www.bing.com/bingbot.htm) Chrome/116.0.1938.76 Safari/537.36"
57.141.16.81 - - [07/Jan/2026:08:38:07 -0500] "GET /1293651732.shtml HTTP/1.1" 500 0 "-" "meta-externalagent/1.1 (+https://developers.facebook.com/docs/sharing/webmasters/crawler)"
66.249.75.162 - - [07/Jan/2026:08:38:12 -0500] "GET /2427724079.shtml HTTP/1.1" 200 24830 "-" "Mozilla/5.0 (Linux; Android 6.0.1; Nexus 5X Build/MMB29P) AppleWebKit/537.36 (KHTML, like Gecko) Chrome/143.0.7499.169 Mobile Safari/537.36 (compatible; Googlebot/2.1; +http://www.google.com/bot.html)"
40.77.167.7 - - [07/Jan/2026:08:38:36 -0500] "GET /1038828 HTTP/1.1" 200 24440 "-" "Mozilla/5.0 AppleWebKit/537.36 (KHTML, like Gecko; compatible; bingbot/2.0; +http://www.bing.com/bingbot.htm) Chrome/116.0.1938.76 Safari/537.36"
57.141.16.29 - - [07/Jan/2026:08:39:14 -0500] "GET /1766949105.shtml HTTP/1.1" 500 0 "-" "meta-externalagent/1.1 (+https://developers.facebook.com/docs/sharing/webmasters/crawler)"
66.249.75.162 - - [07/Jan/2026:08:39:17 -0500] "GET /3487297945.shtml HTTP/1.1" 200 24581 "-" "Mozilla/5.0 (Linux; Android 6.0.1; Nexus 5X Build/MMB29P) AppleWebKit/537.36 (KHTML, like Gecko) Chrome/143.0.7499.169 Mobile Safari/537.36 (compatible; Googlebot/2.1; +http://www.google.com/bot.html)"
66.249.75.163 - - [07/Jan/2026:08:39:23 -0500] "GET /1705555917.shtml HTTP/1.1" 200 25142 "-" "Mozilla/5.0 (Linux; Android 6.0.1; Nexus 5X Build/MMB29P) AppleWebKit/537.36 (KHTML, like Gecko) Chrome/143.0.7499.169 Mobile Safari/537.36 (compatible; Googlebot/2.1; +http://www.google.com/bot.html)"
66.249.75.162 - - [07/Jan/2026:08:39:31 -0500] "GET /special/127795580.shtml HTTP/1.1" 200 23899 "-" "Mozilla/5.0 (Linux; Android 6.0.1; Nexus 5X Build/MMB29P) AppleWebKit/537.36 (KHTML, like Gecko) Chrome/143.0.7499.169 Mobile Safari/537.36 (compatible; Googlebot/2.1; +http://www.google.com/bot.html)"
66.249.75.162 - - [07/Jan/2026:08:39:32 -0500] "GET /index.php?1724716739.shtml HTTP/1.1" 200 24421 "-" "Mozilla/5.0 (Linux; Android 6.0.1; Nexus 5X Build/MMB29P) AppleWebKit/537.36 (KHTML, like Gecko) Chrome/143.0.7499.169 Mobile Safari/537.36 (compatible; Googlebot/2.1; +http://www.google.com/bot.html)"
66.249.75.162 - - [07/Jan/2026:08:39:35 -0500] "GET /3670494327.shtml HTTP/1.1" 200 25005 "-" "Mozilla/5.0 (Linux; Android 6.0.1; Nexus 5X Build/MMB29P) AppleWebKit/537.36 (KHTML, like Gecko) Chrome/143.0.7499.169 Mobile Safari/537.36 (compatible; Googlebot/2.1; +http://www.google.com/bot.html)"
66.249.75.162 - - [07/Jan/2026:08:39:37 -0500] "GET /special/36886276.shtml HTTP/1.1" 200 24302 "-" "Mozilla/5.0 (Linux; Android 6.0.1; Nexus 5X Build/MMB29P) AppleWebKit/537.36 (KHTML, like Gecko) Chrome/143.0.7499.169 Mobile Safari/537.36 (compatible; Googlebot/2.1; +http://www.google.com/bot.html)"
66.249.75.162 - - [07/Jan/2026:08:39:41 -0500] "GET /trn.php?special/269517546.shtml HTTP/1.1" 200 24526 "-" "Mozilla/5.0 (Linux; Android 6.0.1; Nexus 5X Build/MMB29P) AppleWebKit/537.36 (KHTML, like Gecko) Chrome/143.0.7499.169 Mobile Safari/537.36 (compatible; Googlebot/2.1; +http://www.google.com/bot.html)"
66.249.75.162 - - [07/Jan/2026:08:39:49 -0500] "GET /362292093.shtml HTTP/1.1" 200 24358 "-" "Mozilla/5.0 (Linux; Android 6.0.1; Nexus 5X Build/MMB29P) AppleWebKit/537.36 (KHTML, like Gecko) Chrome/143.0.7499.169 Mobile Safari/537.36 (compatible; Googlebot/2.1; +http://www.google.com/bot.html)"
52.167.144.199 - - [07/Jan/2026:08:40:08 -0500] "GET /127696 HTTP/1.1" 200 23706 "-" "Mozilla/5.0 AppleWebKit/537.36 (KHTML, like Gecko; compatible; bingbot/2.0; +http://www.bing.com/bingbot.htm) Chrome/116.0.1938.76 Safari/537.36"
66.249.75.163 - - [07/Jan/2026:08:40:16 -0500] "GET /trn.php?special/200876806.shtml HTTP/1.1" 200 24402 "-" "Mozilla/5.0 (Linux; Android 6.0.1; Nexus 5X Build/MMB29P) AppleWebKit/537.36 (KHTML, like Gecko) Chrome/143.0.7499.169 Mobile Safari/537.36 (compatible; Googlebot/2.1; +http://www.google.com/bot.html)"
52.167.144.199 - - [07/Jan/2026:08:40:16 -0500] "GET /195160 HTTP/1.1" 200 24544 "-" "Mozilla/5.0 AppleWebKit/537.36 (KHTML, like Gecko; compatible; bingbot/2.0; +http://www.bing.com/bingbot.htm) Chrome/116.0.1938.76 Safari/537.36"
66.249.75.163 - - [07/Jan/2026:08:40:20 -0500] "GET /2204970302.shtml HTTP/1.1" 200 25075 "-" "Mozilla/5.0 (Linux; Android 6.0.1; Nexus 5X Build/MMB29P) AppleWebKit/537.36 (KHTML, like Gecko) Chrome/143.0.7499.169 Mobile Safari/537.36 (compatible; Googlebot/2.1; +http://www.google.com/bot.html)"
57.141.16.0 - - [07/Jan/2026:08:40:21 -0500] "GET /1933270924.shtml HTTP/1.1" 500 0 "-" "meta-externalagent/1.1 (+https://developers.facebook.com/docs/sharing/webmasters/crawler)"
66.249.75.162 - - [07/Jan/2026:08:40:25 -0500] "GET /index.php?4090839280.shtml HTTP/1.1" 200 24581 "-" "Mozilla/5.0 (Linux; Android 6.0.1; Nexus 5X Build/MMB29P) AppleWebKit/537.36 (KHTML, like Gecko) Chrome/143.0.7499.169 Mobile Safari/537.36 (compatible; Googlebot/2.1; +http://www.google.com/bot.html)"
52.167.144.199 - - [07/Jan/2026:08:40:26 -0500] "GET /2842072 HTTP/1.1" 200 23803 "-" "Mozilla/5.0 AppleWebKit/537.36 (KHTML, like Gecko; compatible; bingbot/2.0; +http://www.bing.com/bingbot.htm) Chrome/116.0.1938.76 Safari/537.36"
66.249.75.162 - - [07/Jan/2026:08:40:28 -0500] "GET /index.php?special/163088350.shtml HTTP/1.1" 200 25242 "-" "Mozilla/5.0 (Linux; Android 6.0.1; Nexus 5X Build/MMB29P) AppleWebKit/537.36 (KHTML, like Gecko) Chrome/143.0.7499.169 Mobile Safari/537.36 (compatible; Googlebot/2.1; +http://www.google.com/bot.html)"
66.249.75.162 - - [07/Jan/2026:08:40:30 -0500] "GET /trn.php?2169690244.shtml HTTP/1.1" 200 23880 "-" "Mozilla/5.0 (Linux; Android 6.0.1; Nexus 5X Build/MMB29P) AppleWebKit/537.36 (KHTML, like Gecko) Chrome/143.0.7499.169 Mobile Safari/537.36 (compatible; Googlebot/2.1; +http://www.google.com/bot.html)"
66.249.75.162 - - [07/Jan/2026:08:40:51 -0500] "GET /1276964472.shtml HTTP/1.1" 200 24061 "-" "Mozilla/5.0 (Linux; Android 6.0.1; Nexus 5X Build/MMB29P) AppleWebKit/537.36 (KHTML, like Gecko) Chrome/143.0.7499.169 Mobile Safari/537.36 (compatible; Googlebot/2.1; +http://www.google.com/bot.html)"
66.249.75.162 - - [07/Jan/2026:08:41:02 -0500] "GET /special/107845832.shtml HTTP/1.1" 200 25791 "-" "Mozilla/5.0 (Linux; Android 6.0.1; Nexus 5X Build/MMB29P) AppleWebKit/537.36 (KHTML, like Gecko) Chrome/143.0.7499.169 Mobile Safari/537.36 (compatible; Googlebot/2.1; +http://www.google.com/bot.html)"
66.249.75.162 - - [07/Jan/2026:08:41:13 -0500] "GET /trn.php?special/162937796.shtml HTTP/1.1" 200 24166 "-" "Mozilla/5.0 (Linux; Android 6.0.1; Nexus 5X Build/MMB29P) AppleWebKit/537.36 (KHTML, like Gecko) Chrome/143.0.7499.169 Mobile Safari/537.36 (compatible; Googlebot/2.1; +http://www.google.com/bot.html)"
66.249.75.162 - - [07/Jan/2026:08:41:13 -0500] "GET /4234214236.shtml HTTP/1.1" 200 23749 "-" "Mozilla/5.0 (Linux; Android 6.0.1; Nexus 5X Build/MMB29P) AppleWebKit/537.36 (KHTML, like Gecko) Chrome/143.0.7499.169 Mobile Safari/537.36 (compatible; Googlebot/2.1; +http://www.google.com/bot.html)"
66.249.75.162 - - [07/Jan/2026:08:41:26 -0500] "GET /3270938825.shtml HTTP/1.1" 200 24304 "-" "Mozilla/5.0 (Linux; Android 6.0.1; Nexus 5X Build/MMB29P) AppleWebKit/537.36 (KHTML, like Gecko) Chrome/143.0.7499.169 Mobile Safari/537.36 (compatible; Googlebot/2.1; +http://www.google.com/bot.html)"
57.141.16.84 - - [07/Jan/2026:08:41:28 -0500] "GET /4465283.shtml HTTP/1.1" 500 0 "-" "meta-externalagent/1.1 (+https://developers.facebook.com/docs/sharing/webmasters/crawler)"
66.249.75.162 - - [07/Jan/2026:08:41:44 -0500] "GET /trn.php?special/200950092.shtml HTTP/1.1" 200 25437 "-" "Mozilla/5.0 (Linux; Android 6.0.1; Nexus 5X Build/MMB29P) AppleWebKit/537.36 (KHTML, like Gecko) Chrome/143.0.7499.169 Mobile Safari/537.36 (compatible; Googlebot/2.1; +http://www.google.com/bot.html)"
66.249.75.162 - - [07/Jan/2026:08:41:48 -0500] "GET /trn.php?202360802.shtml HTTP/1.1" 200 24333 "-" "Mozilla/5.0 (Linux; Android 6.0.1; Nexus 5X Build/MMB29P) AppleWebKit/537.36 (KHTML, like Gecko) Chrome/143.0.7499.169 Mobile Safari/537.36 (compatible; Googlebot/2.1; +http://www.google.com/bot.html)"
66.249.75.162 - - [07/Jan/2026:08:41:57 -0500] "GET /index.php?3314000706.shtml HTTP/1.1" 200 26082 "-" "Mozilla/5.0 (Linux; Android 6.0.1; Nexus 5X Build/MMB29P) AppleWebKit/537.36 (KHTML, like Gecko) Chrome/143.0.7499.169 Mobile Safari/537.36 (compatible; Googlebot/2.1; +http://www.google.com/bot.html)"
66.249.75.163 - - [07/Jan/2026:08:42:03 -0500] "GET /index.php?special/163126512.shtml HTTP/1.1" 200 24928 "-" "Mozilla/5.0 (Linux; Android 6.0.1; Nexus 5X Build/MMB29P) AppleWebKit/537.36 (KHTML, like Gecko) Chrome/143.0.7499.169 Mobile Safari/537.36 (compatible; Googlebot/2.1; +http://www.google.com/bot.html)"
66.249.75.162 - - [07/Jan/2026:08:42:29 -0500] "GET /special/107766388.shtml HTTP/1.1" 200 25200 "-" "Mozilla/5.0 (Linux; Android 6.0.1; Nexus 5X Build/MMB29P) AppleWebKit/537.36 (KHTML, like Gecko) Chrome/143.0.7499.169 Mobile Safari/537.36 (compatible; Googlebot/2.1; +http://www.google.com/bot.html)"
66.249.75.162 - - [07/Jan/2026:08:42:30 -0500] "GET /index.php?special/1101295292.shtml HTTP/1.1" 200 24142 "-" "Mozilla/5.0 (Linux; Android 6.0.1; Nexus 5X Build/MMB29P) AppleWebKit/537.36 (KHTML, like Gecko) Chrome/143.0.7499.169 Mobile Safari/537.36 (compatible; Googlebot/2.1; +http://www.google.com/bot.html)"
57.141.16.41 - - [07/Jan/2026:08:42:34 -0500] "GET /1762506436.shtml HTTP/1.1" 500 0 "-" "meta-externalagent/1.1 (+https://developers.facebook.com/docs/sharing/webmasters/crawler)"
66.249.75.162 - - [07/Jan/2026:08:42:39 -0500] "GET /trn.php?special/136822292.shtml HTTP/1.1" 200 25365 "-" "Mozilla/5.0 (Linux; Android 6.0.1; Nexus 5X Build/MMB29P) AppleWebKit/537.36 (KHTML, like Gecko) Chrome/143.0.7499.169 Mobile Safari/537.36 (compatible; Googlebot/2.1; +http://www.google.com/bot.html)"
179.40.47.207 - - [07/Jan/2026:08:42:43 -0500] "GET /portfolio-item/organic-qode HTTP/1.1" 500 0 "https://kalibotics.com/" "Mozilla/5.0 (X11; CrOS x86_64 14541.0.0) AppleWebKit/537.36 (KHTML, like Gecko) Chrome/134.0.0.0 Safari/537.36"
66.249.75.162 - - [07/Jan/2026:08:42:52 -0500] "GET /3594674930.shtml HTTP/1.1" 200 24775 "-" "Mozilla/5.0 (Linux; Android 6.0.1; Nexus 5X Build/MMB29P) AppleWebKit/537.36 (KHTML, like Gecko) Chrome/143.0.7499.169 Mobile Safari/537.36 (compatible; Googlebot/2.1; +http://www.google.com/bot.html)"
66.249.75.163 - - [07/Jan/2026:08:43:00 -0500] "GET /trn.php?special/200924028.shtml HTTP/1.1" 200 25625 "-" "Mozilla/5.0 (Linux; Android 6.0.1; Nexus 5X Build/MMB29P) AppleWebKit/537.36 (KHTML, like Gecko) Chrome/143.0.7499.169 Mobile Safari/537.36 (compatible; Googlebot/2.1; +http://www.google.com/bot.html)"
66.249.75.163 - - [07/Jan/2026:08:43:05 -0500] "GET /trn.php?3744439976.shtml HTTP/1.1" 200 24619 "-" "Mozilla/5.0 (Linux; Android 6.0.1; Nexus 5X Build/MMB29P) AppleWebKit/537.36 (KHTML, like Gecko) Chrome/143.0.7499.169 Mobile Safari/537.36 (compatible; Googlebot/2.1; +http://www.google.com/bot.html)"
66.249.75.162 - - [07/Jan/2026:08:43:30 -0500] "GET /index.php?2052582826.shtml HTTP/1.1" 200 26384 "-" "Mozilla/5.0 (Linux; Android 6.0.1; Nexus 5X Build/MMB29P) AppleWebKit/537.36 (KHTML, like Gecko) Chrome/143.0.7499.169 Mobile Safari/537.36 (compatible; Googlebot/2.1; +http://www.google.com/bot.html)"
66.249.75.162 - - [07/Jan/2026:08:43:32 -0500] "GET /index.php?special/163179270.shtml HTTP/1.1" 200 25195 "-" "Mozilla/5.0 (Linux; Android 6.0.1; Nexus 5X Build/MMB29P) AppleWebKit/537.36 (KHTML, like Gecko) Chrome/143.0.7499.169 Mobile Safari/537.36 (compatible; Googlebot/2.1; +http://www.google.com/bot.html)"
52.167.144.192 - - [07/Jan/2026:08:43:39 -0500] "GET /2249903 HTTP/1.1" 200 24078 "-" "Mozilla/5.0 AppleWebKit/537.36 (KHTML, like Gecko; compatible; bingbot/2.0; +http://www.bing.com/bingbot.htm) Chrome/116.0.1938.76 Safari/537.36"
57.141.16.83 - - [07/Jan/2026:08:43:41 -0500] "GET /1916198385.shtml HTTP/1.1" 500 0 "-" "meta-externalagent/1.1 (+https://developers.facebook.com/docs/sharing/webmasters/crawler)"
66.249.75.162 - - [07/Jan/2026:08:43:56 -0500] "GET /index.php?special/187602106.shtml HTTP/1.1" 200 25197 "-" "Mozilla/5.0 (Linux; Android 6.0.1; Nexus 5X Build/MMB29P) AppleWebKit/537.36 (KHTML, like Gecko) Chrome/143.0.7499.169 Mobile Safari/537.36 (compatible; Googlebot/2.1; +http://www.google.com/bot.html)"
66.249.75.162 - - [07/Jan/2026:08:43:58 -0500] "GET /special/107779916.shtml HTTP/1.1" 200 24898 "-" "Mozilla/5.0 (Linux; Android 6.0.1; Nexus 5X Build/MMB29P) AppleWebKit/537.36 (KHTML, like Gecko) Chrome/143.0.7499.169 Mobile Safari/537.36 (compatible; Googlebot/2.1; +http://www.google.com/bot.html)"
66.249.75.163 - - [07/Jan/2026:08:44:02 -0500] "GET /2910941771.shtml HTTP/1.1" 200 25487 "-" "Mozilla/5.0 (Linux; Android 6.0.1; Nexus 5X Build/MMB29P) AppleWebKit/537.36 (KHTML, like Gecko) Chrome/143.0.7499.169 Mobile Safari/537.36 (compatible; Googlebot/2.1; +http://www.google.com/bot.html)"
66.249.75.162 - - [07/Jan/2026:08:44:06 -0500] "GET /index.php?special/1149390828.shtml HTTP/1.1" 200 24644 "-" "Mozilla/5.0 (Linux; Android 6.0.1; Nexus 5X Build/MMB29P) AppleWebKit/537.36 (KHTML, like Gecko) Chrome/143.0.7499.169 Mobile Safari/537.36 (compatible; Googlebot/2.1; +http://www.google.com/bot.html)"
52.167.144.199 - - [07/Jan/2026:08:44:10 -0500] "GET /71259 HTTP/1.1" 200 25076 "-" "Mozilla/5.0 AppleWebKit/537.36 (KHTML, like Gecko; compatible; bingbot/2.0; +http://www.bing.com/bingbot.htm) Chrome/116.0.1938.76 Safari/537.36"
40.77.167.44 - - [07/Jan/2026:08:44:20 -0500] "GET /special/24714150.shtml HTTP/1.1" 200 24367 "-" "Mozilla/5.0 AppleWebKit/537.36 (KHTML, like Gecko; compatible; bingbot/2.0; +http://www.bing.com/bingbot.htm) Chrome/116.0.1938.76 Safari/537.36"
66.249.75.162 - - [07/Jan/2026:08:44:30 -0500] "GET /trn.php?special/200904716.shtml HTTP/1.1" 200 24154 "-" "Mozilla/5.0 (Linux; Android 6.0.1; Nexus 5X Build/MMB29P) AppleWebKit/537.36 (KHTML, like Gecko) Chrome/143.0.7499.169 Mobile Safari/537.36 (compatible; Googlebot/2.1; +http://www.google.com/bot.html)"
66.249.75.162 - - [07/Jan/2026:08:44:34 -0500] "GET /index.php?special/163111106.shtml HTTP/1.1" 200 25064 "-" "Mozilla/5.0 (Linux; Android 6.0.1; Nexus 5X Build/MMB29P) AppleWebKit/537.36 (KHTML, like Gecko) Chrome/143.0.7499.169 Mobile Safari/537.36 (compatible; Googlebot/2.1; +http://www.google.com/bot.html)"
66.249.75.162 - - [07/Jan/2026:08:44:36 -0500] "GET /index.php?648970944.shtml HTTP/1.1" 200 26880 "-" "Mozilla/5.0 (Linux; Android 6.0.1; Nexus 5X Build/MMB29P) AppleWebKit/537.36 (KHTML, like Gecko) Chrome/143.0.7499.169 Mobile Safari/537.36 (compatible; Googlebot/2.1; +http://www.google.com/bot.html)"
57.141.16.9 - - [07/Jan/2026:08:44:48 -0500] "GET /1889826866.shtml HTTP/1.1" 500 0 "-" "meta-externalagent/1.1 (+https://developers.facebook.com/docs/sharing/webmasters/crawler)"
66.249.75.162 - - [07/Jan/2026:08:44:53 -0500] "GET /trn.php?670969186.shtml HTTP/1.1" 200 23784 "-" "Mozilla/5.0 (Linux; Android 6.0.1; Nexus 5X Build/MMB29P) AppleWebKit/537.36 (KHTML, like Gecko) Chrome/143.0.7499.169 Mobile Safari/537.36 (compatible; Googlebot/2.1; +http://www.google.com/bot.html)"
52.167.144.199 - - [07/Jan/2026:08:44:59 -0500] "GET /products/5494712/ HTTP/1.1" 200 25116 "-" "Mozilla/5.0 AppleWebKit/537.36 (KHTML, like Gecko; compatible; bingbot/2.0; +http://www.bing.com/bingbot.htm) Chrome/116.0.1938.76 Safari/537.36"
66.249.75.163 - - [07/Jan/2026:08:45:18 -0500] "GET /545016038.shtml HTTP/1.1" 200 24683 "-" "Mozilla/5.0 (Linux; Android 6.0.1; Nexus 5X Build/MMB29P) AppleWebKit/537.36 (KHTML, like Gecko) Chrome/143.0.7499.169 Mobile Safari/537.36 (compatible; Googlebot/2.1; +http://www.google.com/bot.html)"
57.141.16.44 - - [07/Jan/2026:08:45:54 -0500] "GET /3432528867.shtml HTTP/1.1" 500 0 "-" "meta-externalagent/1.1 (+https://developers.facebook.com/docs/sharing/webmasters/crawler)"
66.249.75.162 - - [07/Jan/2026:08:45:57 -0500] "GET /trn.php?413106878.shtml HTTP/1.1" 200 24780 "-" "Mozilla/5.0 (Linux; Android 6.0.1; Nexus 5X Build/MMB29P) AppleWebKit/537.36 (KHTML, like Gecko) Chrome/143.0.7499.169 Mobile Safari/537.36 (compatible; Googlebot/2.1; +http://www.google.com/bot.html)"
52.167.144.199 - - [07/Jan/2026:08:45:57 -0500] "GET /459361 HTTP/1.1" 200 24049 "-" "Mozilla/5.0 AppleWebKit/537.36 (KHTML, like Gecko; compatible; bingbot/2.0; +http://www.bing.com/bingbot.htm) Chrome/116.0.1938.76 Safari/537.36"
52.167.144.199 - - [07/Jan/2026:08:46:29 -0500] "GET /217207 HTTP/1.1" 200 25000 "-" "Mozilla/5.0 AppleWebKit/537.36 (KHTML, like Gecko; compatible; bingbot/2.0; +http://www.bing.com/bingbot.htm) Chrome/116.0.1938.76 Safari/537.36"
40.77.167.44 - - [07/Jan/2026:08:46:51 -0500] "GET /475980 HTTP/1.1" 200 23964 "-" "Mozilla/5.0 AppleWebKit/537.36 (KHTML, like Gecko; compatible; bingbot/2.0; +http://www.bing.com/bingbot.htm) Chrome/116.0.1938.76 Safari/537.36"
57.141.16.37 - - [07/Jan/2026:08:47:01 -0500] "GET /1734038658.shtml HTTP/1.1" 500 0 "-" "meta-externalagent/1.1 (+https://developers.facebook.com/docs/sharing/webmasters/crawler)"
66.249.75.162 - - [07/Jan/2026:08:47:22 -0500] "GET /trn.php?4080252274.shtml HTTP/1.1" 200 26139 "-" "Mozilla/5.0 (Linux; Android 6.0.1; Nexus 5X Build/MMB29P) AppleWebKit/537.36 (KHTML, like Gecko) Chrome/143.0.7499.169 Mobile Safari/537.36 (compatible; Googlebot/2.1; +http://www.google.com/bot.html)"
52.167.144.199 - - [07/Jan/2026:08:48:01 -0500] "GET /3519361 HTTP/1.1" 200 24135 "-" "Mozilla/5.0 AppleWebKit/537.36 (KHTML, like Gecko; compatible; bingbot/2.0; +http://www.bing.com/bingbot.htm) Chrome/116.0.1938.76 Safari/537.36"
52.167.144.54 - - [07/Jan/2026:08:48:05 -0500] "GET /robots.txt HTTP/1.1" 200 79 "-" "Mozilla/5.0 AppleWebKit/537.36 (KHTML, like Gecko; compatible; bingbot/2.0; +http://www.bing.com/bingbot.htm) Chrome/116.0.1938.76 Safari/537.36"
52.167.144.199 - - [07/Jan/2026:08:48:07 -0500] "GET /1566040 HTTP/1.1" 200 24126 "-" "Mozilla/5.0 AppleWebKit/537.36 (KHTML, like Gecko; compatible; bingbot/2.0; +http://www.bing.com/bingbot.htm) Chrome/116.0.1938.76 Safari/537.36"
57.141.16.23 - - [07/Jan/2026:08:48:07 -0500] "GET /934166266.shtml HTTP/1.1" 500 0 "-" "meta-externalagent/1.1 (+https://developers.facebook.com/docs/sharing/webmasters/crawler)"
52.167.144.199 - - [07/Jan/2026:08:48:11 -0500] "GET /502945 HTTP/1.1" 200 26847 "-" "Mozilla/5.0 AppleWebKit/537.36 (KHTML, like Gecko; compatible; bingbot/2.0; +http://www.bing.com/bingbot.htm) Chrome/116.0.1938.76 Safari/537.36"
144.48.109.170 - - [07/Jan/2026:08:48:54 -0500] "GET /2643603947.shtml HTTP/1.1" 500 0 "-" "Mozilla/5.0 (Windows NT 10.0; WOW64) AppleWebKit/537.36 (KHTML, like Gecko) Chrome/85.0.4183.83 Safari/537.36"
57.141.16.41 - - [07/Jan/2026:08:49:14 -0500] "GET /197810683.shtml HTTP/1.1" 500 0 "-" "meta-externalagent/1.1 (+https://developers.facebook.com/docs/sharing/webmasters/crawler)"
66.249.75.163 - - [07/Jan/2026:08:49:41 -0500] "GET /special/1064231644.shtml HTTP/1.1" 200 23946 "-" "Mozilla/5.0 (Linux; Android 6.0.1; Nexus 5X Build/MMB29P) AppleWebKit/537.36 (KHTML, like Gecko) Chrome/143.0.7499.169 Mobile Safari/537.36 (compatible; Googlebot/2.1; +http://www.google.com/bot.html)"
57.141.16.31 - - [07/Jan/2026:08:50:21 -0500] "GET /2627552667.shtml HTTP/1.1" 500 0 "-" "meta-externalagent/1.1 (+https://developers.facebook.com/docs/sharing/webmasters/crawler)"
40.77.167.16 - - [07/Jan/2026:08:50:58 -0500] "GET /757183 HTTP/1.1" 200 24386 "-" "Mozilla/5.0 AppleWebKit/537.36 (KHTML, like Gecko; compatible; bingbot/2.0; +http://www.bing.com/bingbot.htm) Chrome/116.0.1938.76 Safari/537.36"
57.141.16.61 - - [07/Jan/2026:08:51:28 -0500] "GET /1805598965.shtml HTTP/1.1" 500 0 "-" "meta-externalagent/1.1 (+https://developers.facebook.com/docs/sharing/webmasters/crawler)"
40.77.167.16 - - [07/Jan/2026:08:51:27 -0500] "GET /1980499 HTTP/1.1" 200 23881 "-" "Mozilla/5.0 AppleWebKit/537.36 (KHTML, like Gecko; compatible; bingbot/2.0; +http://www.bing.com/bingbot.htm) Chrome/116.0.1938.76 Safari/537.36"
52.167.144.219 - - [07/Jan/2026:08:51:54 -0500] "GET /3419953 HTTP/1.1" 200 23895 "-" "Mozilla/5.0 AppleWebKit/537.36 (KHTML, like Gecko; compatible; bingbot/2.0; +http://www.bing.com/bingbot.htm) Chrome/116.0.1938.76 Safari/537.36"
52.167.144.219 - - [07/Jan/2026:08:52:02 -0500] "GET /2850488 HTTP/1.1" 200 24195 "-" "Mozilla/5.0 AppleWebKit/537.36 (KHTML, like Gecko; compatible; bingbot/2.0; +http://www.bing.com/bingbot.htm) Chrome/116.0.1938.76 Safari/537.36"
57.141.16.23 - - [07/Jan/2026:08:52:34 -0500] "GET /2334921254.shtml HTTP/1.1" 500 0 "-" "meta-externalagent/1.1 (+https://developers.facebook.com/docs/sharing/webmasters/crawler)"
40.77.167.44 - - [07/Jan/2026:08:52:54 -0500] "GET /2859249 HTTP/1.1" 200 24386 "-" "Mozilla/5.0 AppleWebKit/537.36 (KHTML, like Gecko; compatible; bingbot/2.0; +http://www.bing.com/bingbot.htm) Chrome/116.0.1938.76 Safari/537.36"
40.77.167.16 - - [07/Jan/2026:08:53:00 -0500] "GET /250143 HTTP/1.1" 200 24809 "-" "Mozilla/5.0 AppleWebKit/537.36 (KHTML, like Gecko; compatible; bingbot/2.0; +http://www.bing.com/bingbot.htm) Chrome/116.0.1938.76 Safari/537.36"
57.141.16.34 - - [07/Jan/2026:08:53:41 -0500] "GET /2244637548.shtml HTTP/1.1" 500 0 "-" "meta-externalagent/1.1 (+https://developers.facebook.com/docs/sharing/webmasters/crawler)"
66.249.75.164 - - [07/Jan/2026:08:54:09 -0500] "GET /2255404495.shtml HTTP/1.1" 200 24530 "-" "Mozilla/5.0 (Linux; Android 6.0.1; Nexus 5X Build/MMB29P) AppleWebKit/537.36 (KHTML, like Gecko) Chrome/143.0.7499.169 Mobile Safari/537.36 (compatible; Googlebot/2.1; +http://www.google.com/bot.html)"
66.249.75.164 - - [07/Jan/2026:08:54:10 -0500] "GET /trn.php?2380663563.shtml HTTP/1.1" 200 25000 "-" "Mozilla/5.0 (Linux; Android 6.0.1; Nexus 5X Build/MMB29P) AppleWebKit/537.36 (KHTML, like Gecko) Chrome/143.0.7499.169 Mobile Safari/537.36 (compatible; Googlebot/2.1; +http://www.google.com/bot.html)"
66.249.75.163 - - [07/Jan/2026:08:54:11 -0500] "GET /1944873524.shtml HTTP/1.1" 200 25297 "-" "Mozilla/5.0 (Linux; Android 6.0.1; Nexus 5X Build/MMB29P) AppleWebKit/537.36 (KHTML, like Gecko) Chrome/143.0.7499.169 Mobile Safari/537.36 (compatible; Googlebot/2.1; +http://www.google.com/bot.html)"
40.77.167.44 - - [07/Jan/2026:08:54:21 -0500] "GET /1568665 HTTP/1.1" 200 24825 "-" "Mozilla/5.0 AppleWebKit/537.36 (KHTML, like Gecko; compatible; bingbot/2.0; +http://www.bing.com/bingbot.htm) Chrome/116.0.1938.76 Safari/537.36"
57.141.16.34 - - [07/Jan/2026:08:54:47 -0500] "GET /3576451593.shtml HTTP/1.1" 500 0 "-" "meta-externalagent/1.1 (+https://developers.facebook.com/docs/sharing/webmasters/crawler)"
52.167.144.219 - - [07/Jan/2026:08:55:12 -0500] "GET /753808 HTTP/1.1" 200 24015 "-" "Mozilla/5.0 AppleWebKit/537.36 (KHTML, like Gecko; compatible; bingbot/2.0; +http://www.bing.com/bingbot.htm) Chrome/116.0.1938.76 Safari/537.36"
66.249.75.164 - - [07/Jan/2026:08:55:19 -0500] "GET /3886341205.shtml HTTP/1.1" 200 25987 "-" "Mozilla/5.0 (Linux; Android 6.0.1; Nexus 5X Build/MMB29P) AppleWebKit/537.36 (KHTML, like Gecko) Chrome/143.0.7499.169 Mobile Safari/537.36 (compatible; Googlebot/2.1; +http://www.google.com/bot.html)"
57.141.16.95 - - [07/Jan/2026:08:55:54 -0500] "GET /2099125526.shtml HTTP/1.1" 500 0 "-" "meta-externalagent/1.1 (+https://developers.facebook.com/docs/sharing/webmasters/crawler)"
66.249.75.163 - - [07/Jan/2026:08:55:56 -0500] "GET /2688138553.shtml HTTP/1.1" 200 25855 "-" "Mozilla/5.0 (Linux; Android 6.0.1; Nexus 5X Build/MMB29P) AppleWebKit/537.36 (KHTML, like Gecko) Chrome/143.0.7499.169 Mobile Safari/537.36 (compatible; Googlebot/2.1; +http://www.google.com/bot.html)"
66.249.75.164 - - [07/Jan/2026:08:56:07 -0500] "GET /4227673385.shtml HTTP/1.1" 200 25347 "-" "Mozilla/5.0 (Linux; Android 6.0.1; Nexus 5X Build/MMB29P) AppleWebKit/537.36 (KHTML, like Gecko) Chrome/143.0.7499.169 Mobile Safari/537.36 (compatible; Googlebot/2.1; +http://www.google.com/bot.html)"
66.249.75.162 - - [07/Jan/2026:08:56:19 -0500] "GET /special/242057902.shtml HTTP/1.1" 200 24324 "-" "Mozilla/5.0 (Linux; Android 6.0.1; Nexus 5X Build/MMB29P) AppleWebKit/537.36 (KHTML, like Gecko) Chrome/143.0.7499.169 Mobile Safari/537.36 (compatible; Googlebot/2.1; +http://www.google.com/bot.html)"
40.77.167.243 - - [07/Jan/2026:08:56:42 -0500] "GET /2272550 HTTP/1.1" 200 24581 "-" "Mozilla/5.0 AppleWebKit/537.36 (KHTML, like Gecko; compatible; bingbot/2.0; +http://www.bing.com/bingbot.htm) Chrome/116.0.1938.76 Safari/537.36"
66.249.75.162 - - [07/Jan/2026:08:56:46 -0500] "GET /4118108131.shtml HTTP/1.1" 200 25787 "-" "Mozilla/5.0 (Linux; Android 6.0.1; Nexus 5X Build/MMB29P) AppleWebKit/537.36 (KHTML, like Gecko) Chrome/143.0.7499.169 Mobile Safari/537.36 (compatible; Googlebot/2.1; +http://www.google.com/bot.html)"
66.249.75.164 - - [07/Jan/2026:08:57:00 -0500] "GET /special/102732546.shtml HTTP/1.1" 200 25871 "-" "Mozilla/5.0 (Linux; Android 6.0.1; Nexus 5X Build/MMB29P) AppleWebKit/537.36 (KHTML, like Gecko) Chrome/143.0.7499.169 Mobile Safari/537.36 (compatible; Googlebot/2.1; +http://www.google.com/bot.html)"
57.141.16.68 - - [07/Jan/2026:08:57:00 -0500] "GET /2015756666.shtml HTTP/1.1" 500 0 "-" "meta-externalagent/1.1 (+https://developers.facebook.com/docs/sharing/webmasters/crawler)"
66.249.75.162 - - [07/Jan/2026:08:57:02 -0500] "GET /trn.php?1594509929.shtml HTTP/1.1" 200 25380 "-" "Mozilla/5.0 (Linux; Android 6.0.1; Nexus 5X Build/MMB29P) AppleWebKit/537.36 (KHTML, like Gecko) Chrome/143.0.7499.169 Mobile Safari/537.36 (compatible; Googlebot/2.1; +http://www.google.com/bot.html)"
52.167.144.219 - - [07/Jan/2026:08:57:13 -0500] "GET /1969940 HTTP/1.1" 200 24211 "-" "Mozilla/5.0 AppleWebKit/537.36 (KHTML, like Gecko; compatible; bingbot/2.0; +http://www.bing.com/bingbot.htm) Chrome/116.0.1938.76 Safari/537.36"
40.77.167.16 - - [07/Jan/2026:08:57:19 -0500] "GET /668717 HTTP/1.1" 200 25661 "-" "Mozilla/5.0 AppleWebKit/537.36 (KHTML, like Gecko; compatible; bingbot/2.0; +http://www.bing.com/bingbot.htm) Chrome/116.0.1938.76 Safari/537.36"
40.77.167.243 - - [07/Jan/2026:08:57:23 -0500] "GET /p=1032078 HTTP/1.1" 200 25642 "-" "Mozilla/5.0 AppleWebKit/537.36 (KHTML, like Gecko; compatible; bingbot/2.0; +http://www.bing.com/bingbot.htm) Chrome/116.0.1938.76 Safari/537.36"
57.141.16.72 - - [07/Jan/2026:08:58:08 -0500] "GET /3099054893.shtml HTTP/1.1" 500 0 "-" "meta-externalagent/1.1 (+https://developers.facebook.com/docs/sharing/webmasters/crawler)"
114.119.142.37 - - [07/Jan/2026:08:58:29 -0500] "GET /wp-content/uploads/2023/05/case-study-4-scaled-1-780x450.jpg HTTP/1.1" 500 0 "https://kalibotics.com/2023/" "Mozilla/5.0 (Linux; Android 7.0;) AppleWebKit/537.36 (KHTML, like Gecko) Mobile Safari/537.36 (compatible; PetalBot;+https://webmaster.petalsearch.com/site/petalbot)"
40.77.167.243 - - [07/Jan/2026:08:58:42 -0500] "GET /2255790 HTTP/1.1" 200 24129 "-" "Mozilla/5.0 AppleWebKit/537.36 (KHTML, like Gecko; compatible; bingbot/2.0; +http://www.bing.com/bingbot.htm) Chrome/116.0.1938.76 Safari/537.36"
57.141.16.97 - - [07/Jan/2026:08:59:14 -0500] "GET /1694873730.shtml HTTP/1.1" 500 0 "-" "meta-externalagent/1.1 (+https://developers.facebook.com/docs/sharing/webmasters/crawler)"
