52.167.144.19 - - [04/Nov/2025:13:40:51 -0500] "GET /1313678 HTTP/1.1" 404 1251 "-" "Mozilla/5.0 AppleWebKit/537.36 (KHTML, like Gecko; compatible; bingbot/2.0; +http://www.bing.com/bingbot.htm) Chrome/116.0.1938.76 Safari/537.36"
40.77.167.4 - - [04/Nov/2025:13:40:53 -0500] "GET /casino-stuttgart-si-centrum-%C3%B6ffnungszeiten/ HTTP/1.1" 404 1251 "-" "Mozilla/5.0 AppleWebKit/537.36 (KHTML, like Gecko; compatible; bingbot/2.0; +http://www.bing.com/bingbot.htm) Chrome/116.0.1938.76 Safari/537.36"
66.249.75.72 - - [04/Nov/2025:13:41:25 -0500] "GET /products/9261356 HTTP/1.1" 404 1251 "-" "Mozilla/5.0 (Linux; Android 6.0.1; Nexus 5X Build/MMB29P) AppleWebKit/537.36 (KHTML, like Gecko) Chrome/141.0.7390.122 Mobile Safari/537.36 (compatible; Googlebot/2.1; +http://www.google.com/bot.html)"
66.249.75.70 - - [04/Nov/2025:13:41:52 -0500] "GET /products/10739312 HTTP/1.1" 404 1251 "-" "Mozilla/5.0 (Linux; Android 6.0.1; Nexus 5X Build/MMB29P) AppleWebKit/537.36 (KHTML, like Gecko) Chrome/141.0.7390.122 Mobile Safari/537.36 (compatible; Googlebot/2.1; +http://www.google.com/bot.html)"
40.77.167.55 - - [04/Nov/2025:13:42:11 -0500] "GET /2414066 HTTP/1.1" 404 1251 "-" "Mozilla/5.0 AppleWebKit/537.36 (KHTML, like Gecko; compatible; bingbot/2.0; +http://www.bing.com/bingbot.htm) Chrome/116.0.1938.76 Safari/537.36"
66.249.75.72 - - [04/Nov/2025:13:42:32 -0500] "GET /products/20306456 HTTP/1.1" 404 1251 "-" "Mozilla/5.0 (Linux; Android 6.0.1; Nexus 5X Build/MMB29P) AppleWebKit/537.36 (KHTML, like Gecko) Chrome/141.0.7390.122 Mobile Safari/537.36 (compatible; Googlebot/2.1; +http://www.google.com/bot.html)"
66.249.75.71 - - [04/Nov/2025:13:42:50 -0500] "GET /products/12681501 HTTP/1.1" 404 1251 "-" "Mozilla/5.0 (Linux; Android 6.0.1; Nexus 5X Build/MMB29P) AppleWebKit/537.36 (KHTML, like Gecko) Chrome/141.0.7390.122 Mobile Safari/537.36 (compatible; Googlebot/2.1; +http://www.google.com/bot.html)"
66.249.75.72 - - [04/Nov/2025:13:44:14 -0500] "GET /products/8036267 HTTP/1.1" 404 1251 "-" "Mozilla/5.0 (Linux; Android 6.0.1; Nexus 5X Build/MMB29P) AppleWebKit/537.36 (KHTML, like Gecko) Chrome/141.0.7390.122 Mobile Safari/537.36 (compatible; Googlebot/2.1; +http://www.google.com/bot.html)"
66.249.75.70 - - [04/Nov/2025:13:44:34 -0500] "GET /special/124998392.shtml HTTP/1.1" 404 1251 "-" "Mozilla/5.0 (Linux; Android 6.0.1; Nexus 5X Build/MMB29P) AppleWebKit/537.36 (KHTML, like Gecko) Chrome/141.0.7390.122 Mobile Safari/537.36 (compatible; Googlebot/2.1; +http://www.google.com/bot.html)"
66.249.75.70 - - [04/Nov/2025:13:45:01 -0500] "GET /products/20673434 HTTP/1.1" 404 1251 "-" "Mozilla/5.0 (Linux; Android 6.0.1; Nexus 5X Build/MMB29P) AppleWebKit/537.36 (KHTML, like Gecko) Chrome/141.0.7390.122 Mobile Safari/537.36 (compatible; Googlebot/2.1; +http://www.google.com/bot.html)"
66.249.75.71 - - [04/Nov/2025:13:45:22 -0500] "GET /special/71083380.shtml HTTP/1.1" 404 1251 "-" "Mozilla/5.0 (Linux; Android 6.0.1; Nexus 5X Build/MMB29P) AppleWebKit/537.36 (KHTML, like Gecko) Chrome/141.0.7390.122 Mobile Safari/537.36 (compatible; Googlebot/2.1; +http://www.google.com/bot.html)"
52.167.144.157 - - [04/Nov/2025:13:46:08 -0500] "GET /733565 HTTP/1.1" 404 1251 "-" "Mozilla/5.0 AppleWebKit/537.36 (KHTML, like Gecko; compatible; bingbot/2.0; +http://www.bing.com/bingbot.htm) Chrome/116.0.1938.76 Safari/537.36"
157.55.39.193 - - [04/Nov/2025:13:46:55 -0500] "GET /3028887 HTTP/1.1" 404 1251 "-" "Mozilla/5.0 AppleWebKit/537.36 (KHTML, like Gecko; compatible; bingbot/2.0; +http://www.bing.com/bingbot.htm) Chrome/116.0.1938.76 Safari/537.36"
52.167.144.157 - - [04/Nov/2025:13:47:30 -0500] "GET /1573316 HTTP/1.1" 404 1251 "-" "Mozilla/5.0 AppleWebKit/537.36 (KHTML, like Gecko; compatible; bingbot/2.0; +http://www.bing.com/bingbot.htm) Chrome/116.0.1938.76 Safari/537.36"
66.249.75.71 - - [04/Nov/2025:13:48:28 -0500] "GET /products/23797201 HTTP/1.1" 404 1251 "-" "Mozilla/5.0 (Linux; Android 6.0.1; Nexus 5X Build/MMB29P) AppleWebKit/537.36 (KHTML, like Gecko) Chrome/141.0.7390.122 Mobile Safari/537.36 (compatible; Googlebot/2.1; +http://www.google.com/bot.html)"
66.249.75.71 - - [04/Nov/2025:13:48:44 -0500] "GET /special/60912464.shtml HTTP/1.1" 404 1251 "-" "Mozilla/5.0 (Linux; Android 6.0.1; Nexus 5X Build/MMB29P) AppleWebKit/537.36 (KHTML, like Gecko) Chrome/141.0.7390.122 Mobile Safari/537.36 (compatible; Googlebot/2.1; +http://www.google.com/bot.html)"
52.167.144.192 - - [04/Nov/2025:13:49:51 -0500] "GET /3415399 HTTP/1.1" 404 1251 "-" "Mozilla/5.0 AppleWebKit/537.36 (KHTML, like Gecko; compatible; bingbot/2.0; +http://www.bing.com/bingbot.htm) Chrome/116.0.1938.76 Safari/537.36"
45.227.253.15 - - [04/Nov/2025:13:50:19 -0500] "GET /index.php/jk HTTP/1.1" 404 1251 "-" "Mozilla/5.0 (iPad; U; CPU OS 4_3_3 like Mac OS X; ja) AppleWebKit/533.17.9 (KHTML, like Gecko) Version/5.0.2 Mobile/8J2 Safari/6533.18.5"
66.249.75.72 - - [04/Nov/2025:13:51:25 -0500] "GET /special/71973526.shtml HTTP/1.1" 404 1251 "-" "Mozilla/5.0 (compatible; Googlebot/2.1; +http://www.google.com/bot.html)"
66.249.75.70 - - [04/Nov/2025:13:52:02 -0500] "GET /special/85148964.shtml HTTP/1.1" 404 1251 "-" "Mozilla/5.0 (Linux; Android 6.0.1; Nexus 5X Build/MMB29P) AppleWebKit/537.36 (KHTML, like Gecko) Chrome/141.0.7390.122 Mobile Safari/537.36 (compatible; Googlebot/2.1; +http://www.google.com/bot.html)"
66.249.75.70 - - [04/Nov/2025:13:52:59 -0500] "GET /special/height=323/img/x/product/details/20230119/sd1_2444e14fa6dc7c01db9a9a6d149a775be3e2099f.jpg HTTP/1.1" 404 1251 "-" "Googlebot-Image/1.0"
66.249.75.70 - - [04/Nov/2025:13:53:03 -0500] "GET /special/height=323/img/x/product/details/20231209/sd2_f57d6c894f5dcd7cbdaae19aae346e567098ebb3.jpg HTTP/1.1" 404 1251 "-" "Googlebot-Image/1.0"
66.249.75.70 - - [04/Nov/2025:13:53:04 -0500] "GET /products/13785778/1000_QL80_.jpg HTTP/1.1" 404 1251 "-" "Googlebot-Image/1.0"
40.77.167.123 - - [04/Nov/2025:13:53:05 -0500] "GET /145275 HTTP/1.1" 404 1251 "-" "Mozilla/5.0 AppleWebKit/537.36 (KHTML, like Gecko; compatible; bingbot/2.0; +http://www.bing.com/bingbot.htm) Chrome/116.0.1938.76 Safari/537.36"
66.249.75.70 - - [04/Nov/2025:13:53:09 -0500] "GET /products/13660489/1000_QL80_.jpg HTTP/1.1" 404 1251 "-" "Googlebot-Image/1.0"
52.167.144.192 - - [04/Nov/2025:13:53:15 -0500] "GET /907865 HTTP/1.1" 404 1251 "-" "Mozilla/5.0 AppleWebKit/537.36 (KHTML, like Gecko; compatible; bingbot/2.0; +http://www.bing.com/bingbot.htm) Chrome/116.0.1938.76 Safari/537.36"
66.249.75.70 - - [04/Nov/2025:13:53:24 -0500] "GET /products/23548690 HTTP/1.1" 404 1251 "-" "Mozilla/5.0 (Linux; Android 6.0.1; Nexus 5X Build/MMB29P) AppleWebKit/537.36 (KHTML, like Gecko) Chrome/141.0.7390.122 Mobile Safari/537.36 (compatible; Googlebot/2.1; +http://www.google.com/bot.html)"
40.77.167.151 - - [04/Nov/2025:13:53:41 -0500] "GET /3219616 HTTP/1.1" 404 1251 "-" "Mozilla/5.0 AppleWebKit/537.36 (KHTML, like Gecko; compatible; bingbot/2.0; +http://www.bing.com/bingbot.htm) Chrome/116.0.1938.76 Safari/537.36"
66.249.75.71 - - [04/Nov/2025:13:54:53 -0500] "GET /special/67233000.shtml HTTP/1.1" 404 1251 "-" "Mozilla/5.0 (Linux; Android 6.0.1; Nexus 5X Build/MMB29P) AppleWebKit/537.36 (KHTML, like Gecko) Chrome/141.0.7390.122 Mobile Safari/537.36 (compatible; Googlebot/2.1; +http://www.google.com/bot.html)"
196.251.84.10 - - [04/Nov/2025:13:55:40 -0500] "GET /.env HTTP/1.1" 404 1251 "-" "Mozilla/5.0 (Windows NT 10.0; Win64; x64) AppleWebKit/537.36 (KHTML, like Gecko) Chrome/58.0.3029.110 Safari/537.3"
196.251.84.10 - - [04/Nov/2025:13:55:58 -0500] "GET /.env HTTP/1.1" 404 1251 "-" "Mozilla/5.0 (Windows NT 10.0; Win64; x64) AppleWebKit/537.36 (KHTML, like Gecko) Chrome/58.0.3029.110 Safari/537.3"
66.249.75.70 - - [04/Nov/2025:13:56:41 -0500] "GET /special/82477884.shtml HTTP/1.1" 404 1251 "-" "Mozilla/5.0 (Linux; Android 6.0.1; Nexus 5X Build/MMB29P) AppleWebKit/537.36 (KHTML, like Gecko) Chrome/141.0.7390.122 Mobile Safari/537.36 (compatible; Googlebot/2.1; +http://www.google.com/bot.html)"
66.249.75.70 - - [04/Nov/2025:13:57:21 -0500] "GET /special/126516802.shtml HTTP/1.1" 404 1251 "-" "Mozilla/5.0 (Linux; Android 6.0.1; Nexus 5X Build/MMB29P) AppleWebKit/537.36 (KHTML, like Gecko) Chrome/141.0.7390.122 Mobile Safari/537.36 (compatible; Googlebot/2.1; +http://www.google.com/bot.html)"
52.167.144.192 - - [04/Nov/2025:13:57:46 -0500] "GET /malta-gl%C3%BCcksspiel-steuer/ HTTP/1.1" 404 1251 "-" "Mozilla/5.0 AppleWebKit/537.36 (KHTML, like Gecko; compatible; bingbot/2.0; +http://www.bing.com/bingbot.htm) Chrome/116.0.1938.76 Safari/537.36"
52.167.144.204 - - [04/Nov/2025:13:58:46 -0500] "GET /151125 HTTP/1.1" 404 1251 "-" "Mozilla/5.0 AppleWebKit/537.36 (KHTML, like Gecko; compatible; bingbot/2.0; +http://www.bing.com/bingbot.htm) Chrome/116.0.1938.76 Safari/537.36"
47.252.21.241 - - [04/Nov/2025:13:59:09 -0500] "GET / HTTP/1.1" 200 2113 "-" "Mozilla/5.0 (Windows NT 6.0; Win64; x64) AppleWebKit/537.36 (KHTML, like Gecko) Chrome/66.0.3359.117 Safari/537.36"
40.77.167.3 - - [04/Nov/2025:14:00:16 -0500] "GET /2311272 HTTP/1.1" 404 1251 "-" "Mozilla/5.0 AppleWebKit/537.36 (KHTML, like Gecko; compatible; bingbot/2.0; +http://www.bing.com/bingbot.htm) Chrome/116.0.1938.76 Safari/537.36"
95.164.234.220 - - [04/Nov/2025:14:01:15 -0500] "GET /special/69282596.shtml HTTP/1.1" 404 1251 "-" "Mozilla/5.0 (Linux; Android 12; LM-G900N) AppleWebKit/537.36 (KHTML, like Gecko) Chrome/108.0.0.0 Mobile Safari/537.36"
198.244.240.119 - - [04/Nov/2025:14:01:27 -0500] "GET /robots.txt HTTP/1.1" 404 1251 "-" "Mozilla/5.0 (compatible; AhrefsBot/7.0; +http://ahrefs.com/robot/)"
148.113.130.35 - - [04/Nov/2025:14:01:31 -0500] "GET / HTTP/1.1" 200 1797 "-" "Mozilla/5.0 (compatible; AhrefsBot/7.0; +http://ahrefs.com/robot/)"
66.249.75.71 - - [04/Nov/2025:14:01:33 -0500] "GET /special/66844356.shtml HTTP/1.1" 404 1251 "-" "Mozilla/5.0 (Linux; Android 6.0.1; Nexus 5X Build/MMB29P) AppleWebKit/537.36 (KHTML, like Gecko) Chrome/141.0.7390.122 Mobile Safari/537.36 (compatible; Googlebot/2.1; +http://www.google.com/bot.html)"
66.249.75.71 - - [04/Nov/2025:14:01:39 -0500] "GET /special/125022208.shtml HTTP/1.1" 404 1251 "-" "Mozilla/5.0 (Linux; Android 6.0.1; Nexus 5X Build/MMB29P) AppleWebKit/537.36 (KHTML, like Gecko) Chrome/141.0.7390.122 Mobile Safari/537.36 (compatible; Googlebot/2.1; +http://www.google.com/bot.html)"
66.249.75.72 - - [04/Nov/2025:14:02:35 -0500] "GET /special/132438438.shtml HTTP/1.1" 404 1251 "-" "Mozilla/5.0 (Linux; Android 6.0.1; Nexus 5X Build/MMB29P) AppleWebKit/537.36 (KHTML, like Gecko) Chrome/141.0.7390.122 Mobile Safari/537.36 (compatible; GoogleOther)"
40.77.167.3 - - [04/Nov/2025:14:03:16 -0500] "GET /546301 HTTP/1.1" 404 1251 "-" "Mozilla/5.0 AppleWebKit/537.36 (KHTML, like Gecko; compatible; bingbot/2.0; +http://www.bing.com/bingbot.htm) Chrome/116.0.1938.76 Safari/537.36"
52.167.144.204 - - [04/Nov/2025:14:03:38 -0500] "GET /1362255 HTTP/1.1" 404 1251 "-" "Mozilla/5.0 AppleWebKit/537.36 (KHTML, like Gecko; compatible; bingbot/2.0; +http://www.bing.com/bingbot.htm) Chrome/116.0.1938.76 Safari/537.36"
52.167.144.204 - - [04/Nov/2025:14:03:47 -0500] "GET /295994 HTTP/1.1" 404 1251 "-" "Mozilla/5.0 AppleWebKit/537.36 (KHTML, like Gecko; compatible; bingbot/2.0; +http://www.bing.com/bingbot.htm) Chrome/116.0.1938.76 Safari/537.36"
66.249.75.70 - - [04/Nov/2025:14:04:05 -0500] "GET /products/8934356/1000_QL80_.jpg HTTP/1.1" 404 1251 "-" "Googlebot-Image/1.0"
40.77.167.3 - - [04/Nov/2025:14:04:08 -0500] "GET /1874685 HTTP/1.1" 404 1251 "-" "Mozilla/5.0 AppleWebKit/537.36 (KHTML, like Gecko; compatible; bingbot/2.0; +http://www.bing.com/bingbot.htm) Chrome/116.0.1938.76 Safari/537.36"
66.249.75.70 - - [04/Nov/2025:14:05:19 -0500] "GET /special/dw%3D1920 HTTP/1.1" 404 1251 "-" "Googlebot-Image/1.0"
66.249.75.70 - - [04/Nov/2025:14:05:36 -0500] "GET /special/quality=95/https://www.bhphotovideo.com/images/images500x500/sigma_693955_50_100mm_f_1_8_dc_hsm_1498211492_1234030.jpg HTTP/1.1" 404 1251 "-" "Googlebot-Image/1.0"
66.249.75.70 - - [04/Nov/2025:14:05:47 -0500] "GET /special/dpr_2.0/JPPROD_PRODUCT/images/original/HELOISE80BYK_OO0001_MODEL_vg633.jpg HTTP/1.1" 404 1251 "-" "Googlebot-Image/1.0"
66.249.75.70 - - [04/Nov/2025:14:07:02 -0500] "GET /special/dh=480/item_images/004/717/314/9bd706ed5a22fd8421f5a25a6aa1abcd29b0577a.jpg HTTP/1.1" 404 1251 "-" "Googlebot-Image/1.0"
66.249.75.70 - - [04/Nov/2025:14:07:13 -0500] "GET /special/dh=1440/item_images/004/717/320/dcd37ffed39aae0125a314482acb4414797e99e6.jpg HTTP/1.1" 404 1251 "-" "Googlebot-Image/1.0"
66.249.75.70 - - [04/Nov/2025:14:07:19 -0500] "GET /special/dh=1440/item_images/003/318/660/761900d758acd4a24b2bb9d5645ac0f62b9846f1.jpg HTTP/1.1" 404 1251 "-" "Googlebot-Image/1.0"
66.249.75.70 - - [04/Nov/2025:14:07:39 -0500] "GET /special/69781846.shtml HTTP/1.1" 404 1251 "-" "Mozilla/5.0 (Linux; Android 6.0.1; Nexus 5X Build/MMB29P) AppleWebKit/537.36 (KHTML, like Gecko) Chrome/141.0.7390.122 Mobile Safari/537.36 (compatible; Googlebot/2.1; +http://www.google.com/bot.html)"
66.249.75.70 - - [04/Nov/2025:14:07:56 -0500] "GET /special/h_2399 HTTP/1.1" 404 1251 "-" "Googlebot-Image/1.0"
66.249.75.70 - - [04/Nov/2025:14:08:05 -0500] "GET /special/dh=480/item_images/004/843/583/614448edcf8ec18787908a334880a2c3ff87d844.jpg HTTP/1.1" 404 1251 "-" "Googlebot-Image/1.0"
66.249.75.70 - - [04/Nov/2025:14:08:15 -0500] "GET /products/10944634/350_QL80_.jpg HTTP/1.1" 404 1251 "-" "Googlebot-Image/1.0"
40.77.167.3 - - [04/Nov/2025:14:08:37 -0500] "GET /1743948 HTTP/1.1" 404 1251 "-" "Mozilla/5.0 AppleWebKit/537.36 (KHTML, like Gecko; compatible; bingbot/2.0; +http://www.bing.com/bingbot.htm) Chrome/116.0.1938.76 Safari/537.36"
66.249.75.70 - - [04/Nov/2025:14:09:08 -0500] "GET /special/78669444.shtml HTTP/1.1" 404 1251 "-" "Mozilla/5.0 (compatible; Googlebot/2.1; +http://www.google.com/bot.html)"
66.249.75.70 - - [04/Nov/2025:14:09:09 -0500] "GET /special/metadata=none/master/1013-03550-7494_mod-main-grey_273583.jpg HTTP/1.1" 404 1251 "-" "Googlebot-Image/1.0"
66.249.75.70 - - [04/Nov/2025:14:09:20 -0500] "GET /special/125030176.shtml HTTP/1.1" 404 1251 "-" "Mozilla/5.0 (Linux; Android 6.0.1; Nexus 5X Build/MMB29P) AppleWebKit/537.36 (KHTML, like Gecko) Chrome/141.0.7390.122 Mobile Safari/537.36 (compatible; Googlebot/2.1; +http://www.google.com/bot.html)"
66.249.75.70 - - [04/Nov/2025:14:09:22 -0500] "GET /special/107006826.shtml HTTP/1.1" 404 1251 "-" "Mozilla/5.0 (Linux; Android 6.0.1; Nexus 5X Build/MMB29P) AppleWebKit/537.36 (KHTML, like Gecko) Chrome/141.0.7390.122 Mobile Safari/537.36 (compatible; Googlebot/2.1; +http://www.google.com/bot.html)"
66.249.75.70 - - [04/Nov/2025:14:09:23 -0500] "GET /special/q=75/201317/0733b57e5473c26cd5a17c8ab024b739.jpg HTTP/1.1" 404 1251 "-" "Googlebot-Image/1.0"
66.249.75.70 - - [04/Nov/2025:14:09:24 -0500] "GET /special/119653262.shtml HTTP/1.1" 404 1251 "-" "Mozilla/5.0 (Linux; Android 6.0.1; Nexus 5X Build/MMB29P) AppleWebKit/537.36 (KHTML, like Gecko) Chrome/141.0.7390.122 Mobile Safari/537.36 (compatible; Googlebot/2.1; +http://www.google.com/bot.html)"
66.249.75.70 - - [04/Nov/2025:14:09:26 -0500] "GET /products/9020134 HTTP/1.1" 404 1251 "-" "Mozilla/5.0 (Linux; Android 6.0.1; Nexus 5X Build/MMB29P) AppleWebKit/537.36 (KHTML, like Gecko) Chrome/141.0.7390.122 Mobile Safari/537.36 (compatible; Googlebot/2.1; +http://www.google.com/bot.html)"
66.249.75.70 - - [04/Nov/2025:14:09:27 -0500] "GET /products/19326201 HTTP/1.1" 404 1251 "-" "Mozilla/5.0 (Linux; Android 6.0.1; Nexus 5X Build/MMB29P) AppleWebKit/537.36 (KHTML, like Gecko) Chrome/141.0.7390.122 Mobile Safari/537.36 (compatible; Googlebot/2.1; +http://www.google.com/bot.html)"
66.249.75.70 - - [04/Nov/2025:14:09:29 -0500] "GET /products/23919501 HTTP/1.1" 404 1251 "-" "Mozilla/5.0 (Linux; Android 6.0.1; Nexus 5X Build/MMB29P) AppleWebKit/537.36 (KHTML, like Gecko) Chrome/141.0.7390.122 Mobile Safari/537.36 (compatible; Googlebot/2.1; +http://www.google.com/bot.html)"
66.249.75.70 - - [04/Nov/2025:14:09:30 -0500] "GET /products/24478845 HTTP/1.1" 404 1251 "-" "Mozilla/5.0 (Linux; Android 6.0.1; Nexus 5X Build/MMB29P) AppleWebKit/537.36 (KHTML, like Gecko) Chrome/141.0.7390.122 Mobile Safari/537.36 (compatible; Googlebot/2.1; +http://www.google.com/bot.html)"
66.249.75.70 - - [04/Nov/2025:14:09:31 -0500] "GET /products/5980645 HTTP/1.1" 404 1251 "-" "Mozilla/5.0 (Linux; Android 6.0.1; Nexus 5X Build/MMB29P) AppleWebKit/537.36 (KHTML, like Gecko) Chrome/141.0.7390.122 Mobile Safari/537.36 (compatible; Googlebot/2.1; +http://www.google.com/bot.html)"
66.249.75.70 - - [04/Nov/2025:14:09:33 -0500] "GET /products/21153212 HTTP/1.1" 404 1251 "-" "Mozilla/5.0 (Linux; Android 6.0.1; Nexus 5X Build/MMB29P) AppleWebKit/537.36 (KHTML, like Gecko) Chrome/141.0.7390.122 Mobile Safari/537.36 (compatible; Googlebot/2.1; +http://www.google.com/bot.html)"
66.249.75.70 - - [04/Nov/2025:14:09:33 -0500] "GET /products/13158189 HTTP/1.1" 404 1251 "-" "Mozilla/5.0 (Linux; Android 6.0.1; Nexus 5X Build/MMB29P) AppleWebKit/537.36 (KHTML, like Gecko) Chrome/141.0.7390.122 Mobile Safari/537.36 (compatible; Googlebot/2.1; +http://www.google.com/bot.html)"
66.249.75.70 - - [04/Nov/2025:14:09:37 -0500] "GET /products/8632423 HTTP/1.1" 404 1251 "-" "Mozilla/5.0 (Linux; Android 6.0.1; Nexus 5X Build/MMB29P) AppleWebKit/537.36 (KHTML, like Gecko) Chrome/141.0.7390.122 Mobile Safari/537.36 (compatible; Googlebot/2.1; +http://www.google.com/bot.html)"
66.249.75.70 - - [04/Nov/2025:14:09:38 -0500] "GET /%E3%81%97%E3%82%85%E3%83%BC HTTP/1.1" 404 1251 "-" "Mozilla/5.0 (Linux; Android 6.0.1; Nexus 5X Build/MMB29P) AppleWebKit/537.36 (KHTML, like Gecko) Chrome/141.0.7390.122 Mobile Safari/537.36 (compatible; Googlebot/2.1; +http://www.google.com/bot.html)"
66.249.75.70 - - [04/Nov/2025:14:09:57 -0500] "GET /special/height=323/img/x/product/details/20250311/sd2_027378d3d5978ad401f8cd56f781882da7f27d5a.jpg HTTP/1.1" 404 1251 "-" "Googlebot-Image/1.0"
66.249.75.70 - - [04/Nov/2025:14:10:10 -0500] "GET /special/w_1200/f_auto/q_auto/wmmedia/watch_images/large/cruiseline3_1535575236.jpg HTTP/1.1" 404 1251 "-" "Googlebot-Image/1.0"
66.249.75.70 - - [04/Nov/2025:14:10:31 -0500] "GET /products/10944634/1000_QL80_.jpg HTTP/1.1" 404 1251 "-" "Googlebot-Image/1.0"
66.249.75.70 - - [04/Nov/2025:14:10:48 -0500] "GET /products/23914589/1000_QL80_.jpg HTTP/1.1" 404 1251 "-" "Googlebot-Image/1.0"
66.249.75.70 - - [04/Nov/2025:14:11:04 -0500] "GET /special/f_auto/products/Memory/CMK32GX4M2D3600C18/Gallery/VENG_LPX_BLK_01.webp HTTP/1.1" 404 1251 "-" "Googlebot-Image/1.0"
66.249.75.70 - - [04/Nov/2025:14:11:13 -0500] "GET /special/gravity%3Dcenter HTTP/1.1" 404 1251 "-" "Googlebot-Image/1.0"
40.77.167.254 - - [04/Nov/2025:14:11:20 -0500] "GET /63308 HTTP/1.1" 404 1251 "-" "Mozilla/5.0 AppleWebKit/537.36 (KHTML, like Gecko; compatible; bingbot/2.0; +http://www.bing.com/bingbot.htm) Chrome/116.0.1938.76 Safari/537.36"
40.77.167.254 - - [04/Nov/2025:14:11:20 -0500] "GET /p=1585167 HTTP/1.1" 404 1251 "-" "Mozilla/5.0 AppleWebKit/537.36 (KHTML, like Gecko; compatible; bingbot/2.0; +http://www.bing.com/bingbot.htm) Chrome/116.0.1938.76 Safari/537.36"
66.249.75.70 - - [04/Nov/2025:14:11:22 -0500] "GET /special/-20_ZA634 HTTP/1.1" 404 1251 "-" "Googlebot-Image/1.0"
66.249.75.70 - - [04/Nov/2025:14:11:25 -0500] "GET /special/height=323/img/x/product/details/20240905/sd1_81f8394339b4856261b762037d0977e02d9e28f5.jpg HTTP/1.1" 404 1251 "-" "Googlebot-Image/1.0"
66.249.75.70 - - [04/Nov/2025:14:11:26 -0500] "GET /products/23191790 HTTP/1.1" 404 1251 "-" "Mozilla/5.0 (Linux; Android 6.0.1; Nexus 5X Build/MMB29P) AppleWebKit/537.36 (KHTML, like Gecko) Chrome/141.0.7390.122 Mobile Safari/537.36 (compatible; Googlebot/2.1; +http://www.google.com/bot.html)"
66.249.75.70 - - [04/Nov/2025:14:11:27 -0500] "GET /special/ir=auto/truckers-ap/item_images/25557.jpg HTTP/1.1" 404 1251 "-" "Googlebot-Image/1.0"
66.249.75.70 - - [04/Nov/2025:14:11:39 -0500] "GET /special/metadata=none/master/1013-03560-7494_det-grey_274510.jpg HTTP/1.1" 404 1251 "-" "Googlebot-Image/1.0"
66.249.75.70 - - [04/Nov/2025:14:12:10 -0500] "GET /special/f%3Dauto HTTP/1.1" 404 1251 "-" "Googlebot-Image/1.0"
66.249.75.70 - - [04/Nov/2025:14:12:15 -0500] "GET /special/600_PT0_SX800_V1___.jpeg HTTP/1.1" 404 1251 "-" "Googlebot-Image/1.0"
66.249.75.70 - - [04/Nov/2025:14:12:17 -0500] "GET /special/height=323/img/x/product/details/20220301/pd_43f85c74fc975d16d174567f84a762b4391a604a.jpg HTTP/1.1" 404 1251 "-" "Googlebot-Image/1.0"
52.167.144.222 - - [04/Nov/2025:14:12:19 -0500] "GET /1347561 HTTP/1.1" 404 1251 "-" "Mozilla/5.0 AppleWebKit/537.36 (KHTML, like Gecko; compatible; bingbot/2.0; +http://www.bing.com/bingbot.htm) Chrome/116.0.1938.76 Safari/537.36"
66.249.75.70 - - [04/Nov/2025:14:12:36 -0500] "GET /products/5693167/t_large/v1705958010/dd7xhck7oz9o7v36clyi.jpg HTTP/1.1" 404 1251 "-" "Googlebot-Image/1.0"
40.77.167.254 - - [04/Nov/2025:14:12:40 -0500] "GET /2220087 HTTP/1.1" 404 1251 "-" "Mozilla/5.0 AppleWebKit/537.36 (KHTML, like Gecko; compatible; bingbot/2.0; +http://www.bing.com/bingbot.htm) Chrome/116.0.1938.76 Safari/537.36"
66.249.75.70 - - [04/Nov/2025:14:12:44 -0500] "GET /special/metadata=none/master/1013-03560-7494_mod-back-grey_274466.jpg HTTP/1.1" 404 1251 "-" "Googlebot-Image/1.0"
66.249.75.70 - - [04/Nov/2025:14:12:48 -0500] "GET /special/metadata=none/master/1013-02962-0001_main-grey_280346.jpg HTTP/1.1" 404 1251 "-" "Googlebot-Image/1.0"
66.249.75.70 - - [04/Nov/2025:14:12:53 -0500] "GET /special/990_PT0_SX970_V1___.jpg HTTP/1.1" 404 1251 "-" "Googlebot-Image/1.0"
66.249.75.70 - - [04/Nov/2025:14:13:30 -0500] "GET /special/width%3D1200 HTTP/1.1" 404 1251 "-" "Googlebot-Image/1.0"
66.249.75.70 - - [04/Nov/2025:14:13:31 -0500] "GET /products/13012345 HTTP/1.1" 404 1251 "-" "Mozilla/5.0 (Linux; Android 6.0.1; Nexus 5X Build/MMB29P) AppleWebKit/537.36 (KHTML, like Gecko) Chrome/141.0.7390.122 Mobile Safari/537.36 (compatible; Googlebot/2.1; +http://www.google.com/bot.html)"
66.249.75.70 - - [04/Nov/2025:14:13:40 -0500] "GET /special/height=1200/collection/images/2019/04/tricotCOMMEdesGARCONS-2019-20aw-top-001.jpg HTTP/1.1" 404 1251 "-" "Googlebot-Image/1.0"
66.249.75.70 - - [04/Nov/2025:14:14:10 -0500] "GET /special/cw=640/item_images/003/796/452/a91774ff1c1a6cab6d9db818cbc7124434194270.jpg HTTP/1.1" 404 1251 "-" "Googlebot-Image/1.0"
66.249.75.70 - - [04/Nov/2025:14:14:14 -0500] "GET /special/height=323/img/x/product/details/20240726/sd2_3b58daf1fda2d182e971736ca2703eacdd271ce3.png HTTP/1.1" 404 1251 "-" "Googlebot-Image/1.0"
66.249.75.70 - - [04/Nov/2025:14:14:22 -0500] "GET /special/background=white/product-vertical/ru-sp636894-0000_001.jpg HTTP/1.1" 404 1251 "-" "Googlebot-Image/1.0"
66.249.75.70 - - [04/Nov/2025:14:14:35 -0500] "GET /special/background=white/product-vertical/mh-1916982-441-izq_001.jpg HTTP/1.1" 404 1251 "-" "Googlebot-Image/1.0"
66.249.75.70 - - [04/Nov/2025:14:14:35 -0500] "GET /special/background=white/product-vertical/jul-j5332319-101_001.jpg HTTP/1.1" 404 1251 "-" "Googlebot-Image/1.0"
66.249.75.70 - - [04/Nov/2025:14:14:38 -0500] "GET /products/5693167/400_PT0_SX300__.png HTTP/1.1" 404 1251 "-" "Googlebot-Image/1.0"
66.249.75.70 - - [04/Nov/2025:14:14:39 -0500] "GET /products/5693167/t_large/v1707890405/rhta060de4rvd4o0m5xw.jpg HTTP/1.1" 404 1251 "-" "Googlebot-Image/1.0"
66.249.75.70 - - [04/Nov/2025:14:14:41 -0500] "GET /special/background=white/product-vertical/mm-2530-00320-0001_006.jpg HTTP/1.1" 404 1251 "-" "Googlebot-Image/1.0"
66.249.75.70 - - [04/Nov/2025:14:14:41 -0500] "GET /special/metadata=none/master/2560-00182-3777_mod-main-grey_267371.jpg HTTP/1.1" 404 1251 "-" "Googlebot-Image/1.0"
66.249.75.70 - - [04/Nov/2025:14:14:43 -0500] "GET /products/-20_ZJPHNwYW4gZm9yZWdyb3VuZD0iIzU2NTk1OSIgZm9udD0iQW1hem9uRW1iZXIgNTAiID44Nzwvc3Bhbj4%3D HTTP/1.1" 404 1251 "-" "Googlebot-Image/1.0"
66.249.75.70 - - [04/Nov/2025:14:14:44 -0500] "GET /products/5693167/t_large/v1639166096/agdmlhxcusbdl5rbdmqi.jpg HTTP/1.1" 404 1251 "-" "Googlebot-Image/1.0"
66.249.75.70 - - [04/Nov/2025:14:14:48 -0500] "GET /special/background=white/product-vertical/ok-oo9462-0428_009.jpg HTTP/1.1" 404 1251 "-" "Googlebot-Image/1.0"
66.249.75.70 - - [04/Nov/2025:14:14:54 -0500] "GET /products/13522512 HTTP/1.1" 404 1251 "-" "Mozilla/5.0 (Linux; Android 6.0.1; Nexus 5X Build/MMB29P) AppleWebKit/537.36 (KHTML, like Gecko) Chrome/141.0.7390.122 Mobile Safari/537.36 (compatible; Googlebot/2.1; +http://www.google.com/bot.html)"
66.249.75.70 - - [04/Nov/2025:14:14:56 -0500] "GET /special/height=323/img/x/product/details/20241009/pd_30084e26d90b871342a6d80b91b79919ba361908.jpg HTTP/1.1" 404 1251 "-" "Googlebot-Image/1.0"
66.249.75.70 - - [04/Nov/2025:14:14:59 -0500] "GET /special/t_image_sp_entry/v1/user_image/77/39/e01146b58bc7b5f1b4e1cdc638e8cd62.jpg HTTP/1.1" 404 1251 "-" "Googlebot-Image/1.0"
66.249.75.70 - - [04/Nov/2025:14:15:07 -0500] "GET /special/height=323/img/x/product/details/20240820/sd1_acf44c71fdc4c33ac5ddff86f1084ff067b47761.jpg HTTP/1.1" 404 1251 "-" "Googlebot-Image/1.0"
66.249.75.70 - - [04/Nov/2025:14:15:27 -0500] "GET /animations.js__456b06e HTTP/1.1" 200 39136 "-" "Mozilla/5.0 (Linux; Android 6.0.1; Nexus 5X Build/MMB29P) AppleWebKit/537.36 (KHTML, like Gecko) Chrome/141.0.7390.122 Mobile Safari/537.36 (compatible; Googlebot/2.1; +http://www.google.com/bot.html)"
66.249.75.70 - - [04/Nov/2025:14:15:48 -0500] "GET /special/f_jpg/2dc6bafbc503b36aa3d247b8930a61acfcc9ba7c.tiff HTTP/1.1" 404 1251 "-" "Googlebot-Image/1.0"
54.39.136.16 - - [04/Nov/2025:14:15:53 -0500] "GET /sitemap.xml HTTP/1.1" 404 1251 "-" "Mozilla/5.0 (compatible; AhrefsBot/7.0; +http://ahrefs.com/robot/)"
66.249.75.70 - - [04/Nov/2025:14:16:11 -0500] "GET /products/18578578/1000_QL80_.jpg HTTP/1.1" 404 1251 "-" "Googlebot-Image/1.0"
66.249.75.70 - - [04/Nov/2025:14:16:16 -0500] "GET /special/115719998.shtml HTTP/1.1" 404 1251 "-" "Mozilla/5.0 (Linux; Android 6.0.1; Nexus 5X Build/MMB29P) AppleWebKit/537.36 (KHTML, like Gecko) Chrome/141.0.7390.122 Mobile Safari/537.36 (compatible; Googlebot/2.1; +http://www.google.com/bot.html)"
66.249.75.70 - - [04/Nov/2025:14:16:29 -0500] "GET /special/1500_PT0_SX200_V1___.jpg HTTP/1.1" 404 1251 "-" "Googlebot-Image/1.0"
52.167.144.222 - - [04/Nov/2025:14:16:39 -0500] "GET /3193993 HTTP/1.1" 404 1251 "-" "Mozilla/5.0 AppleWebKit/537.36 (KHTML, like Gecko; compatible; bingbot/2.0; +http://www.bing.com/bingbot.htm) Chrome/116.0.1938.76 Safari/537.36"
66.249.75.70 - - [04/Nov/2025:14:17:40 -0500] "GET /special/w_360/shop-us-prod/files/gcqe0hwarrlhqparnksx_8dae290a-dcd5-4eb2-8872-9de550dcef13/.png HTTP/1.1" 404 1251 "-" "Googlebot-Image/1.0"
66.249.75.70 - - [04/Nov/2025:14:17:59 -0500] "GET /special/c_limit/Prince.jpg HTTP/1.1" 404 1251 "-" "Googlebot-Image/1.0"
66.249.75.70 - - [04/Nov/2025:14:18:01 -0500] "GET /special/b_white HTTP/1.1" 404 1251 "-" "Googlebot-Image/1.0"
66.249.75.70 - - [04/Nov/2025:14:18:16 -0500] "GET /special/q=75/203068/2023_04_24_13_45_18.jpg HTTP/1.1" 404 1251 "-" "Googlebot-Image/1.0"
66.249.75.70 - - [04/Nov/2025:14:18:59 -0500] "GET /special/1125_PT0_SX600_V1___.jpg HTTP/1.1" 404 1251 "-" "Googlebot-Image/1.0"
66.249.75.70 - - [04/Nov/2025:14:18:59 -0500] "GET /special/56556556.shtml HTTP/1.1" 404 1251 "-" "Mozilla/5.0 (compatible; Googlebot/2.1; +http://www.google.com/bot.html)"
66.249.75.70 - - [04/Nov/2025:14:19:13 -0500] "GET /special/0151_1200.jpg HTTP/1.1" 404 1251 "-" "Googlebot-Image/1.0"
66.249.75.70 - - [04/Nov/2025:14:19:22 -0500] "GET /products/21927801/350_QL80_.jpg HTTP/1.1" 404 1251 "-" "Googlebot-Image/1.0"
66.249.75.70 - - [04/Nov/2025:14:19:24 -0500] "GET /special/h_3000 HTTP/1.1" 404 1251 "-" "Googlebot-Image/1.0"
66.249.75.70 - - [04/Nov/2025:14:19:27 -0500] "GET /special/height=323/img/x/product/details/20210625/pd_32b99f01b06294b0e7d3bca1f058ddc6e52cc165.jpg HTTP/1.1" 404 1251 "-" "Googlebot-Image/1.0"
66.249.75.70 - - [04/Nov/2025:14:19:32 -0500] "GET /special/68000968.shtml HTTP/1.1" 404 1251 "-" "Mozilla/5.0 (compatible; Googlebot/2.1; +http://www.google.com/bot.html)"
66.249.75.70 - - [04/Nov/2025:14:19:38 -0500] "GET /special/height=323/img/x/product/details/20230929/sd4_d7c2485ea651fb3648319d77591e9407ab760db7.jpg HTTP/1.1" 404 1251 "-" "Googlebot-Image/1.0"
66.249.75.72 - - [04/Nov/2025:14:20:01 -0500] "GET /special/height=323/img/x/product/details/20230118/sd1_28cf976f012289e6910ed348787a1f26a6808820.jpg HTTP/1.1" 404 1251 "-" "Googlebot-Image/1.0"
66.249.75.70 - - [04/Nov/2025:14:20:53 -0500] "GET /products/21173090/255_UF900 HTTP/1.1" 404 1251 "-" "Googlebot-Image/1.0"
66.249.75.70 - - [04/Nov/2025:14:20:55 -0500] "GET /special/-20_ZJPHNwYW4gZm9yZWdyb3VuZD0iIzU2NTk1OSIgZm9udD0iQW1hem9uRW1iZXIgNTAiID4yNTc8L3NwYW4%2B HTTP/1.1" 404 1251 "-" "Googlebot-Image/1.0"
66.249.75.70 - - [04/Nov/2025:14:21:35 -0500] "GET /special/height=323/img/x/product/details/20210303/pd_3673bfcd213fd846d145d3c5da78bba6cffa1ce7.jpg HTTP/1.1" 404 1251 "-" "Googlebot-Image/1.0"
66.249.75.70 - - [04/Nov/2025:14:22:14 -0500] "GET /special/height=323/img/x/product/details/20210607/pd_369a8e01eb3213caece902e79e8bbeb8b99d88b2.jpg HTTP/1.1" 404 1251 "-" "Googlebot-Image/1.0"
66.249.75.70 - - [04/Nov/2025:14:22:15 -0500] "GET /special/137109700.shtml HTTP/1.1" 404 1251 "-" "Mozilla/5.0 (Linux; Android 6.0.1; Nexus 5X Build/MMB29P) AppleWebKit/537.36 (KHTML, like Gecko) Chrome/141.0.7390.122 Mobile Safari/537.36 (compatible; GoogleOther)"
52.167.144.202 - - [04/Nov/2025:14:22:20 -0500] "GET /p=2232053 HTTP/1.1" 404 1251 "-" "Mozilla/5.0 AppleWebKit/537.36 (KHTML, like Gecko; compatible; bingbot/2.0; +http://www.bing.com/bingbot.htm) Chrome/116.0.1938.76 Safari/537.36"
66.249.75.70 - - [04/Nov/2025:14:22:20 -0500] "GET /special/quality_auto/e3db2d_897091a722ed420bbdf38b041e5a3349~mv2_d_4608_3072_s_4_2.jpg HTTP/1.1" 404 1251 "-" "Googlebot-Image/1.0"
66.249.75.70 - - [04/Nov/2025:14:23:34 -0500] "GET /special/ir=auto/truckers-ap/item_images/394336.jpg HTTP/1.1" 404 1251 "-" "Googlebot-Image/1.0"
66.249.75.70 - - [04/Nov/2025:14:23:48 -0500] "GET /products/6560912/255_UF900 HTTP/1.1" 404 1251 "-" "Googlebot-Image/1.0"
66.249.75.70 - - [04/Nov/2025:14:23:54 -0500] "GET /special/g_center/c_pad HTTP/1.1" 404 1251 "-" "Googlebot-Image/1.0"
66.249.75.70 - - [04/Nov/2025:14:23:56 -0500] "GET /special/4009460.shtml HTTP/1.1" 404 1251 "-" "Mozilla/5.0 (compatible; Googlebot/2.1; +http://www.google.com/bot.html)"
40.77.167.151 - - [04/Nov/2025:14:24:00 -0500] "GET /1968970 HTTP/1.1" 404 1251 "-" "Mozilla/5.0 AppleWebKit/537.36 (KHTML, like Gecko; compatible; bingbot/2.0; +http://www.bing.com/bingbot.htm) Chrome/116.0.1938.76 Safari/537.36"
66.249.75.70 - - [04/Nov/2025:14:24:16 -0500] "GET /products/21173090/850_SR1910 HTTP/1.1" 404 1251 "-" "Googlebot-Image/1.0"
66.249.75.70 - - [04/Nov/2025:14:24:38 -0500] "GET /special/65721840.shtml HTTP/1.1" 404 1251 "-" "Mozilla/5.0 (Linux; Android 6.0.1; Nexus 5X Build/MMB29P) AppleWebKit/537.36 (KHTML, like Gecko) Chrome/141.0.7390.122 Mobile Safari/537.36 (compatible; Googlebot/2.1; +http://www.google.com/bot.html)"
66.249.66.2 - - [04/Nov/2025:14:24:56 -0500] "GET /robots.txt HTTP/1.1" 404 1251 "-" "Mozilla/5.0 (compatible; Googlebot/2.1; +http://www.google.com/bot.html)"
110.249.201.92 - - [04/Nov/2025:14:24:57 -0500] "GET / HTTP/1.1" 200 1799 "-" "Mozilla/5.0 (Linux; Android 5.0) AppleWebKit/537.36 (KHTML, like Gecko) Mobile Safari/537.36 (compatible; Bytespider; https://zhanzhang.toutiao.com/)"
110.249.201.92 - - [04/Nov/2025:14:24:57 -0500] "GET /_autoindex/assets/css/autoindex.css HTTP/1.1" 200 1170 "https://www.kalibotics.com/" "Mozilla/5.0 (Linux; Android 5.0) AppleWebKit/537.36 (KHTML, like Gecko) Mobile Safari/537.36 (compatible; Bytespider; https://zhanzhang.toutiao.com/)"
110.249.201.92 - - [04/Nov/2025:14:24:57 -0500] "GET /_autoindex/assets/js/tablesort.js HTTP/1.1" 200 2137 "https://www.kalibotics.com/" "Mozilla/5.0 (Linux; Android 5.0) AppleWebKit/537.36 (KHTML, like Gecko) Mobile Safari/537.36 (compatible; Bytespider; https://zhanzhang.toutiao.com/)"
110.249.201.92 - - [04/Nov/2025:14:24:57 -0500] "GET /_autoindex/assets/js/tablesort.number.js HTTP/1.1" 200 322 "https://www.kalibotics.com/" "Mozilla/5.0 (Linux; Android 5.0) AppleWebKit/537.36 (KHTML, like Gecko) Mobile Safari/537.36 (compatible; Bytespider; https://zhanzhang.toutiao.com/)"
110.249.201.92 - - [04/Nov/2025:14:24:57 -0500] "GET /_autoindex/assets/icons/folder-fill.svg HTTP/1.1" 206 500 "https://www.kalibotics.com/" "Mozilla/5.0 (Linux; Android 5.0) AppleWebKit/537.36 (KHTML, like Gecko) Mobile Safari/537.36 (compatible; Bytespider; https://zhanzhang.toutiao.com/)"
110.249.201.92 - - [04/Nov/2025:14:24:58 -0500] "GET /_autoindex/assets/icons/file-text.svg HTTP/1.1" 206 500 "https://www.kalibotics.com/" "Mozilla/5.0 (Linux; Android 5.0) AppleWebKit/537.36 (KHTML, like Gecko) Mobile Safari/537.36 (compatible; Bytespider; https://zhanzhang.toutiao.com/)"
110.249.201.92 - - [04/Nov/2025:14:24:58 -0500] "GET /_autoindex/assets/icons/file.svg HTTP/1.1" 206 500 "https://www.kalibotics.com/" "Mozilla/5.0 (Linux; Android 5.0) AppleWebKit/537.36 (KHTML, like Gecko) Mobile Safari/537.36 (compatible; Bytespider; https://zhanzhang.toutiao.com/)"
66.249.66.1 - - [04/Nov/2025:14:25:11 -0500] "GET / HTTP/1.1" 200 1799 "-" "Mozilla/5.0 (Linux; Android 6.0.1; Nexus 5X Build/MMB29P) AppleWebKit/537.36 (KHTML, like Gecko) Chrome/141.0.7390.122 Mobile Safari/537.36 (compatible; Googlebot/2.1; +http://www.google.com/bot.html)"
66.249.66.15 - - [04/Nov/2025:14:25:13 -0500] "GET /_autoindex/assets/icons/folder-fill.svg HTTP/1.1" 200 333 "https://www.kalibotics.com/" "Mozilla/5.0 (Linux; Android 6.0.1; Nexus 5X Build/MMB29P) AppleWebKit/537.36 (KHTML, like Gecko) Chrome/141.0.7390.122 Mobile Safari/537.36 (compatible; Googlebot/2.1; +http://www.google.com/bot.html)"
66.249.66.1 - - [04/Nov/2025:14:25:13 -0500] "GET /_autoindex/assets/css/autoindex.css HTTP/1.1" 200 1170 "https://www.kalibotics.com/" "Mozilla/5.0 (Linux; Android 6.0.1; Nexus 5X Build/MMB29P) AppleWebKit/537.36 (KHTML, like Gecko) Chrome/141.0.7390.122 Mobile Safari/537.36 (compatible; Googlebot/2.1; +http://www.google.com/bot.html)"
66.249.66.2 - - [04/Nov/2025:14:25:13 -0500] "GET /_autoindex/assets/js/tablesort.number.js HTTP/1.1" 200 322 "https://www.kalibotics.com/" "Mozilla/5.0 (Linux; Android 6.0.1; Nexus 5X Build/MMB29P) AppleWebKit/537.36 (KHTML, like Gecko) Chrome/141.0.7390.122 Mobile Safari/537.36 (compatible; Googlebot/2.1; +http://www.google.com/bot.html)"
66.249.66.1 - - [04/Nov/2025:14:25:13 -0500] "GET /_autoindex/assets/js/tablesort.js HTTP/1.1" 200 2137 "https://www.kalibotics.com/" "Mozilla/5.0 (Linux; Android 6.0.1; Nexus 5X Build/MMB29P) AppleWebKit/537.36 (KHTML, like Gecko) Chrome/141.0.7390.122 Mobile Safari/537.36 (compatible; Googlebot/2.1; +http://www.google.com/bot.html)"
66.249.66.2 - - [04/Nov/2025:14:25:13 -0500] "GET /_autoindex/assets/icons/file-text.svg HTTP/1.1" 200 394 "https://www.kalibotics.com/" "Mozilla/5.0 (Linux; Android 6.0.1; Nexus 5X Build/MMB29P) AppleWebKit/537.36 (KHTML, like Gecko) Chrome/141.0.7390.122 Mobile Safari/537.36 (compatible; Googlebot/2.1; +http://www.google.com/bot.html)"
66.249.66.15 - - [04/Nov/2025:14:25:13 -0500] "GET /_autoindex/assets/icons/file.svg HTTP/1.1" 200 354 "https://www.kalibotics.com/" "Mozilla/5.0 (Linux; Android 6.0.1; Nexus 5X Build/MMB29P) AppleWebKit/537.36 (KHTML, like Gecko) Chrome/141.0.7390.122 Mobile Safari/537.36 (compatible; Googlebot/2.1; +http://www.google.com/bot.html)"
66.249.66.15 - - [04/Nov/2025:14:25:18 -0500] "GET / HTTP/1.1" 200 1799 "-" "Mozilla/5.0 (compatible; Googlebot/2.1; +http://www.google.com/bot.html)"
66.249.66.15 - - [04/Nov/2025:14:25:18 -0500] "GET / HTTP/1.1" 200 1799 "-" "Mozilla/5.0 (Linux; Android 6.0.1; Nexus 5X Build/MMB29P) AppleWebKit/537.36 (KHTML, like Gecko) Chrome/99.0.4844.84 Mobile Safari/537.36 (compatible; Googlebot/2.1; +http://www.google.com/bot.html)"
66.249.66.15 - - [04/Nov/2025:14:25:18 -0500] "GET /_autoindex/assets/js/tablesort.number.js HTTP/1.1" 200 322 "https://www.kalibotics.com/" "Mozilla/5.0 (Linux; Android 6.0.1; Nexus 5X Build/MMB29P) AppleWebKit/537.36 (KHTML, like Gecko) Chrome/141.0.7390.122 Mobile Safari/537.36 (compatible; Googlebot/2.1; +http://www.google.com/bot.html)"
66.249.66.15 - - [04/Nov/2025:14:25:18 -0500] "GET /_autoindex/assets/js/tablesort.js HTTP/1.1" 200 2137 "https://www.kalibotics.com/" "Mozilla/5.0 (Linux; Android 6.0.1; Nexus 5X Build/MMB29P) AppleWebKit/537.36 (KHTML, like Gecko) Chrome/141.0.7390.122 Mobile Safari/537.36 (compatible; Googlebot/2.1; +http://www.google.com/bot.html)"
66.249.66.1 - - [04/Nov/2025:14:25:19 -0500] "GET /_autoindex/assets/css/autoindex.css HTTP/1.1" 200 1170 "https://www.kalibotics.com/" "Mozilla/5.0 (Linux; Android 6.0.1; Nexus 5X Build/MMB29P) AppleWebKit/537.36 (KHTML, like Gecko) Chrome/141.0.7390.122 Mobile Safari/537.36 (compatible; Googlebot/2.1; +http://www.google.com/bot.html)"
66.249.66.1 - - [04/Nov/2025:14:25:19 -0500] "GET /_autoindex/assets/js/tablesort.number.js HTTP/1.1" 200 322 "https://www.kalibotics.com/" "Mozilla/5.0 AppleWebKit/537.36 (KHTML, like Gecko; compatible; Googlebot/2.1; +http://www.google.com/bot.html) Chrome/141.0.7390.122 Safari/537.36"
66.249.66.1 - - [04/Nov/2025:14:25:19 -0500] "GET /_autoindex/assets/icons/folder-fill.svg HTTP/1.1" 200 333 "https://www.kalibotics.com/" "Mozilla/5.0 AppleWebKit/537.36 (KHTML, like Gecko; compatible; Googlebot/2.1; +http://www.google.com/bot.html) Chrome/141.0.7390.122 Safari/537.36"
66.249.66.1 - - [04/Nov/2025:14:25:19 -0500] "GET /_autoindex/assets/css/autoindex.css HTTP/1.1" 200 1170 "https://www.kalibotics.com/" "Mozilla/5.0 AppleWebKit/537.36 (KHTML, like Gecko; compatible; Googlebot/2.1; +http://www.google.com/bot.html) Chrome/141.0.7390.122 Safari/537.36"
66.249.66.1 - - [04/Nov/2025:14:25:19 -0500] "GET /_autoindex/assets/icons/folder-fill.svg HTTP/1.1" 200 333 "https://www.kalibotics.com/" "Mozilla/5.0 (Linux; Android 6.0.1; Nexus 5X Build/MMB29P) AppleWebKit/537.36 (KHTML, like Gecko) Chrome/141.0.7390.122 Mobile Safari/537.36 (compatible; Googlebot/2.1; +http://www.google.com/bot.html)"
66.249.66.15 - - [04/Nov/2025:14:25:19 -0500] "GET /_autoindex/assets/js/tablesort.js HTTP/1.1" 200 2137 "https://www.kalibotics.com/" "Mozilla/5.0 AppleWebKit/537.36 (KHTML, like Gecko; compatible; Googlebot/2.1; +http://www.google.com/bot.html) Chrome/141.0.7390.122 Safari/537.36"
66.249.66.15 - - [04/Nov/2025:14:25:19 -0500] "GET /_autoindex/assets/icons/file.svg HTTP/1.1" 200 354 "https://www.kalibotics.com/" "Mozilla/5.0 (Linux; Android 6.0.1; Nexus 5X Build/MMB29P) AppleWebKit/537.36 (KHTML, like Gecko) Chrome/141.0.7390.122 Mobile Safari/537.36 (compatible; Googlebot/2.1; +http://www.google.com/bot.html)"
66.249.66.1 - - [04/Nov/2025:14:25:19 -0500] "GET /_autoindex/assets/icons/file-text.svg HTTP/1.1" 200 394 "https://www.kalibotics.com/" "Mozilla/5.0 (Linux; Android 6.0.1; Nexus 5X Build/MMB29P) AppleWebKit/537.36 (KHTML, like Gecko) Chrome/141.0.7390.122 Mobile Safari/537.36 (compatible; Googlebot/2.1; +http://www.google.com/bot.html)"
66.249.66.1 - - [04/Nov/2025:14:25:19 -0500] "GET /_autoindex/assets/icons/file-text.svg HTTP/1.1" 200 394 "https://www.kalibotics.com/" "Mozilla/5.0 AppleWebKit/537.36 (KHTML, like Gecko; compatible; Googlebot/2.1; +http://www.google.com/bot.html) Chrome/141.0.7390.122 Safari/537.36"
66.249.66.15 - - [04/Nov/2025:14:25:19 -0500] "GET /_autoindex/assets/icons/file.svg HTTP/1.1" 200 354 "https://www.kalibotics.com/" "Mozilla/5.0 AppleWebKit/537.36 (KHTML, like Gecko; compatible; Googlebot/2.1; +http://www.google.com/bot.html) Chrome/141.0.7390.122 Safari/537.36"
66.249.66.15 - - [04/Nov/2025:14:25:20 -0500] "GET /favicon.ico HTTP/1.1" 404 1251 "-" "Googlebot-Image/1.0"
52.167.144.202 - - [04/Nov/2025:14:25:22 -0500] "GET /1385223 HTTP/1.1" 404 1251 "-" "Mozilla/5.0 AppleWebKit/537.36 (KHTML, like Gecko; compatible; bingbot/2.0; +http://www.bing.com/bingbot.htm) Chrome/116.0.1938.76 Safari/537.36"
66.249.75.70 - - [04/Nov/2025:14:25:34 -0500] "GET /special/dpr_auto/e_trim/w_iw HTTP/1.1" 404 1251 "-" "Googlebot-Image/1.0"
66.249.75.70 - - [04/Nov/2025:14:25:39 -0500] "GET /special/ar_1:1 HTTP/1.1" 404 1251 "-" "Googlebot-Image/1.0"
66.249.75.70 - - [04/Nov/2025:14:25:47 -0500] "GET /special/78688792.shtml HTTP/1.1" 404 1251 "-" "Mozilla/5.0 (compatible; Googlebot/2.1; +http://www.google.com/bot.html)"
66.249.75.70 - - [04/Nov/2025:14:25:57 -0500] "GET /special/h_743 HTTP/1.1" 404 1251 "-" "Googlebot-Image/1.0"
66.249.75.70 - - [04/Nov/2025:14:26:02 -0500] "GET /special/h_ih HTTP/1.1" 404 1251 "-" "Googlebot-Image/1.0"
66.249.75.70 - - [04/Nov/2025:14:26:13 -0500] "GET /special/height=323/img/x/product/details/20220530/sd4_78a09d02c1c8f95954fe2a6e2894db0e250c64cd.jpg HTTP/1.1" 404 1251 "-" "Googlebot-Image/1.0"
66.249.75.70 - - [04/Nov/2025:14:26:18 -0500] "GET /special/12913532.shtml HTTP/1.1" 404 1251 "-" "Mozilla/5.0 (Linux; Android 6.0.1; Nexus 5X Build/MMB29P) AppleWebKit/537.36 (KHTML, like Gecko) Chrome/141.0.7390.122 Mobile Safari/537.36 (compatible; Googlebot/2.1; +http://www.google.com/bot.html)"
66.249.75.70 - - [04/Nov/2025:14:26:30 -0500] "GET /products/24338956/300_PT0_SX150__.jpg HTTP/1.1" 404 1251 "-" "Googlebot-Image/1.0"
66.249.75.72 - - [04/Nov/2025:14:27:00 -0500] "GET /special/h_1100 HTTP/1.1" 404 1251 "-" "Googlebot-Image/1.0"
66.249.75.71 - - [04/Nov/2025:14:28:02 -0500] "GET /special/74319722.shtml HTTP/1.1" 404 1251 "-" "Mozilla/5.0 (Linux; Android 6.0.1; Nexus 5X Build/MMB29P) AppleWebKit/537.36 (KHTML, like Gecko) Chrome/141.0.7390.122 Mobile Safari/537.36 (compatible; Googlebot/2.1; +http://www.google.com/bot.html)"
66.249.75.71 - - [04/Nov/2025:14:28:02 -0500] "GET /special/g_xy_center HTTP/1.1" 404 1251 "-" "Googlebot-Image/1.0"
51.222.168.162 - - [04/Nov/2025:14:28:07 -0500] "GET /special/31324346.shtml HTTP/1.1" 404 1251 "-" "Mozilla/5.0 (compatible; AhrefsBot/7.0; +http://ahrefs.com/robot/)"
66.249.75.71 - - [04/Nov/2025:14:28:26 -0500] "GET /special/1756_PT0_SX300_V1___.jpg HTTP/1.1" 404 1251 "-" "Googlebot-Image/1.0"
66.249.75.70 - - [04/Nov/2025:14:28:31 -0500] "GET /special/dh%3D630 HTTP/1.1" 404 1251 "-" "Googlebot-Image/1.0"
66.249.75.70 - - [04/Nov/2025:14:28:57 -0500] "GET /special/f_auto/products/Certified-Refurbished/CH-9308111-NA/Gallery/M55_RGB_PRO_WHITE_10.webp HTTP/1.1" 404 1251 "-" "Googlebot-Image/1.0"
66.249.75.70 - - [04/Nov/2025:14:28:59 -0500] "GET /special/f_auto/products/Accessories-Parts/base-pbt-double-shot-pro/Gallery/CH-9911020_01.webp HTTP/1.1" 404 1251 "-" "Googlebot-Image/1.0"
66.249.75.71 - - [04/Nov/2025:14:29:02 -0500] "GET /special/f_auto/products/Accessories-Parts/base-pbt-double-shot-pro/Gallery/CH-9911070_17.webp HTTP/1.1" 404 1251 "-" "Googlebot-Image/1.0"
66.249.75.71 - - [04/Nov/2025:14:29:15 -0500] "GET /special/quality_auto/5ed047_103aa49a4df4486c8ad471ffe01958d2~mv2.jpg HTTP/1.1" 404 1251 "-" "Googlebot-Image/1.0"
66.249.75.70 - - [04/Nov/2025:14:29:31 -0500] "GET /special/height=323/img/x/product/details/20250805/sd1_fd1016e95fbbe8c58f4bfd329897ef57186a0630.jpg HTTP/1.1" 404 1251 "-" "Googlebot-Image/1.0"
112.65.211.195 - - [04/Nov/2025:14:29:42 -0500] "GET /events/category/ai-conference/2024-03?ical=1 HTTP/1.1" 404 1251 "https://kalibotics.com/events/category/ai-conference/2024-03?ical=1" "Mozilla/5.0 (Windows NT 10.0; Win64; x64) AppleWebKit/537.36 (KHTML, like Gecko) Chrome/101.0.4951.64 Safari/537.36 Edg/101.0.1210.47"
66.249.75.70 - - [04/Nov/2025:14:29:50 -0500] "GET /products/14003767/1000_QL80_.jpg HTTP/1.1" 404 1251 "-" "Googlebot-Image/1.0"
66.249.75.70 - - [04/Nov/2025:14:30:08 -0500] "GET /special/height=323/img/x/product/details/20240729/sd5_73c83d2298bafa214f836d8b7c2f08000a20e260.jpg HTTP/1.1" 404 1251 "-" "Googlebot-Image/1.0"
66.249.75.70 - - [04/Nov/2025:14:30:09 -0500] "GET /special/height=323/img/x/product/details/20230419/sd1_d950486aa226e402a926b1259f5df0260551608c.jpg HTTP/1.1" 404 1251 "-" "Googlebot-Image/1.0"
66.249.75.70 - - [04/Nov/2025:14:30:13 -0500] "GET /special/h_3024 HTTP/1.1" 404 1251 "-" "Googlebot-Image/1.0"
66.249.75.70 - - [04/Nov/2025:14:30:14 -0500] "GET /special/height=323/img/x/product/details/20240903/sd2_eba2a59e9102734e5513e0e4041095f7b27763a4.jpg HTTP/1.1" 404 1251 "-" "Googlebot-Image/1.0"
66.249.75.70 - - [04/Nov/2025:14:30:15 -0500] "GET /special/height=323/img/x/product/details/20240903/sd1_27cc48d08305dc470c4b643d26eb7671095d0409.jpg HTTP/1.1" 404 1251 "-" "Googlebot-Image/1.0"
66.249.75.70 - - [04/Nov/2025:14:30:17 -0500] "GET /special/height=323/img/x/product/details/20240729/sd3_ce51d63de458e1781a0c6856403ab95aa49a87fd.jpg HTTP/1.1" 404 1251 "-" "Googlebot-Image/1.0"
66.249.75.70 - - [04/Nov/2025:14:30:18 -0500] "GET /special/113284632.shtml HTTP/1.1" 404 1251 "-" "Mozilla/5.0 (compatible; Googlebot/2.1; +http://www.google.com/bot.html)"
66.249.75.70 - - [04/Nov/2025:14:30:18 -0500] "GET /special/q=75/203247/2024_06_18_13_19_49.jpg HTTP/1.1" 404 1251 "-" "Googlebot-Image/1.0"
66.249.75.70 - - [04/Nov/2025:14:30:28 -0500] "GET /products/22014090/255_UF900 HTTP/1.1" 404 1251 "-" "Googlebot-Image/1.0"
52.167.144.202 - - [04/Nov/2025:14:30:31 -0500] "GET /3180928 HTTP/1.1" 404 1251 "-" "Mozilla/5.0 AppleWebKit/537.36 (KHTML, like Gecko; compatible; bingbot/2.0; +http://www.bing.com/bingbot.htm) Chrome/116.0.1938.76 Safari/537.36"
66.249.75.70 - - [04/Nov/2025:14:30:45 -0500] "GET /special/h_566 HTTP/1.1" 404 1251 "-" "Googlebot-Image/1.0"
40.77.167.151 - - [04/Nov/2025:14:30:53 -0500] "GET /139526 HTTP/1.1" 404 1251 "-" "Mozilla/5.0 AppleWebKit/537.36 (KHTML, like Gecko; compatible; bingbot/2.0; +http://www.bing.com/bingbot.htm) Chrome/116.0.1938.76 Safari/537.36"
66.249.75.70 - - [04/Nov/2025:14:31:35 -0500] "GET /products/6597323/210_.jpg HTTP/1.1" 404 1251 "-" "Googlebot-Image/1.0"
66.249.75.70 - - [04/Nov/2025:14:31:40 -0500] "GET /special/ir=auto/uploads/product_image/image/3605013/image(2).jpg HTTP/1.1" 404 1251 "-" "Googlebot-Image/1.0"
5.135.131.86 - - [04/Nov/2025:14:31:59 -0500] "GET /robots.txt HTTP/1.1" 404 1251 "-" "Mozilla/5.0 (compatible; MJ12bot/v1.4.8; http://mj12bot.com/)"
5.135.131.86 - - [04/Nov/2025:14:32:00 -0500] "GET /admin__456b06e/?MD HTTP/1.1" 200 546 "-" "Mozilla/5.0 (compatible; MJ12bot/v1.4.8; http://mj12bot.com/)"
66.249.75.72 - - [04/Nov/2025:14:32:02 -0500] "GET /special/height=323/img/x/product/details/20240520/sd1_67f54bb05cc99611273778a988647e6ad7b4fc52.jpg HTTP/1.1" 404 1251 "-" "Googlebot-Image/1.0"
5.135.131.86 - - [04/Nov/2025:14:32:02 -0500] "GET /admin__456b06e/?NA HTTP/1.1" 200 545 "-" "Mozilla/5.0 (compatible; MJ12bot/v1.4.8; http://mj12bot.com/)"
5.135.131.86 - - [04/Nov/2025:14:32:04 -0500] "GET /admin__456b06e/?SD HTTP/1.1" 200 546 "-" "Mozilla/5.0 (compatible; MJ12bot/v1.4.8; http://mj12bot.com/)"
5.135.131.86 - - [04/Nov/2025:14:32:05 -0500] "GET /class__456b06e/?MD HTTP/1.1" 200 545 "-" "Mozilla/5.0 (compatible; MJ12bot/v1.4.8; http://mj12bot.com/)"
5.135.131.86 - - [04/Nov/2025:14:32:07 -0500] "GET /class__456b06e/?NA HTTP/1.1" 200 545 "-" "Mozilla/5.0 (compatible; MJ12bot/v1.4.8; http://mj12bot.com/)"
5.135.131.86 - - [04/Nov/2025:14:32:08 -0500] "GET /class__456b06e/?SD HTTP/1.1" 200 546 "-" "Mozilla/5.0 (compatible; MJ12bot/v1.4.8; http://mj12bot.com/)"
5.135.131.86 - - [04/Nov/2025:14:32:10 -0500] "GET /common__456b06e/?MD HTTP/1.1" 200 547 "-" "Mozilla/5.0 (compatible; MJ12bot/v1.4.8; http://mj12bot.com/)"
5.135.131.86 - - [04/Nov/2025:14:32:12 -0500] "GET /common__456b06e/?NA HTTP/1.1" 200 546 "-" "Mozilla/5.0 (compatible; MJ12bot/v1.4.8; http://mj12bot.com/)"
5.135.131.86 - - [04/Nov/2025:14:32:14 -0500] "GET /common__456b06e/?SD HTTP/1.1" 200 546 "-" "Mozilla/5.0 (compatible; MJ12bot/v1.4.8; http://mj12bot.com/)"
5.135.131.86 - - [04/Nov/2025:14:32:15 -0500] "GET /css__456b06e/?MD HTTP/1.1" 200 544 "-" "Mozilla/5.0 (compatible; MJ12bot/v1.4.8; http://mj12bot.com/)"
5.135.131.86 - - [04/Nov/2025:14:32:17 -0500] "GET /css__456b06e/?NA HTTP/1.1" 200 544 "-" "Mozilla/5.0 (compatible; MJ12bot/v1.4.8; http://mj12bot.com/)"
5.135.131.86 - - [04/Nov/2025:14:32:19 -0500] "GET /css__456b06e/?SD HTTP/1.1" 200 545 "-" "Mozilla/5.0 (compatible; MJ12bot/v1.4.8; http://mj12bot.com/)"
66.249.75.70 - - [04/Nov/2025:14:32:19 -0500] "GET /special/height=323/img/x/product/details/20240618/sd1_742753f1cda602e8717b77f03c67d315207d6a8b.png HTTP/1.1" 404 1251 "-" "Googlebot-Image/1.0"
5.135.131.86 - - [04/Nov/2025:14:32:20 -0500] "GET /image__456b06e/?MD HTTP/1.1" 200 545 "-" "Mozilla/5.0 (compatible; MJ12bot/v1.4.8; http://mj12bot.com/)"
5.135.131.86 - - [04/Nov/2025:14:32:22 -0500] "GET /image__456b06e/?NA HTTP/1.1" 200 545 "-" "Mozilla/5.0 (compatible; MJ12bot/v1.4.8; http://mj12bot.com/)"
5.135.131.86 - - [04/Nov/2025:14:32:24 -0500] "GET /image__456b06e/?SD HTTP/1.1" 200 546 "-" "Mozilla/5.0 (compatible; MJ12bot/v1.4.8; http://mj12bot.com/)"
5.135.131.86 - - [04/Nov/2025:14:32:25 -0500] "GET /images__456b06e/?MD HTTP/1.1" 200 546 "-" "Mozilla/5.0 (compatible; MJ12bot/v1.4.8; http://mj12bot.com/)"
66.249.75.70 - - [04/Nov/2025:14:32:27 -0500] "GET /special/essential_tee HTTP/1.1" 404 1251 "-" "Googlebot-Image/1.0"
5.135.131.86 - - [04/Nov/2025:14:32:27 -0500] "GET /images__456b06e/?NA HTTP/1.1" 200 544 "-" "Mozilla/5.0 (compatible; MJ12bot/v1.4.8; http://mj12bot.com/)"
5.135.131.86 - - [04/Nov/2025:14:32:29 -0500] "GET /images__456b06e/?SD HTTP/1.1" 200 545 "-" "Mozilla/5.0 (compatible; MJ12bot/v1.4.8; http://mj12bot.com/)"
5.135.131.86 - - [04/Nov/2025:14:32:30 -0500] "GET /js__456b06e/?MD HTTP/1.1" 200 544 "-" "Mozilla/5.0 (compatible; MJ12bot/v1.4.8; http://mj12bot.com/)"
5.135.131.86 - - [04/Nov/2025:14:32:32 -0500] "GET /js__456b06e/?NA HTTP/1.1" 200 544 "-" "Mozilla/5.0 (compatible; MJ12bot/v1.4.8; http://mj12bot.com/)"
5.135.131.86 - - [04/Nov/2025:14:32:33 -0500] "GET /js__456b06e/?SD HTTP/1.1" 200 544 "-" "Mozilla/5.0 (compatible; MJ12bot/v1.4.8; http://mj12bot.com/)"
