66.249.75.72 - - [04/Nov/2025:10:20:06 -0500] "GET /products/25293312 HTTP/1.1" 404 1251 "-" "Mozilla/5.0 (Linux; Android 6.0.1; Nexus 5X Build/MMB29P) AppleWebKit/537.36 (KHTML, like Gecko) Chrome/141.0.7390.122 Mobile Safari/537.36 (compatible; Googlebot/2.1; +http://www.google.com/bot.html)"
66.249.75.70 - - [04/Nov/2025:10:20:11 -0500] "GET /special/71422422.shtml HTTP/1.1" 404 1251 "-" "Mozilla/5.0 (Linux; Android 6.0.1; Nexus 5X Build/MMB29P) AppleWebKit/537.36 (KHTML, like Gecko) Chrome/141.0.7390.122 Mobile Safari/537.36 (compatible; Googlebot/2.1; +http://www.google.com/bot.html)"
66.249.75.71 - - [04/Nov/2025:10:21:15 -0500] "GET /special/77575874.shtml HTTP/1.1" 404 1251 "-" "Mozilla/5.0 (compatible; Googlebot/2.1; +http://www.google.com/bot.html)"
66.249.75.71 - - [04/Nov/2025:10:21:29 -0500] "GET /special/31264580.shtml HTTP/1.1" 404 1251 "-" "Mozilla/5.0 (compatible; Googlebot/2.1; +http://www.google.com/bot.html)"
66.249.75.72 - - [04/Nov/2025:10:22:25 -0500] "GET /special/95079378.shtml HTTP/1.1" 404 1251 "-" "Mozilla/5.0 (compatible; Googlebot/2.1; +http://www.google.com/bot.html)"
40.77.167.55 - - [04/Nov/2025:10:22:55 -0500] "GET /985864 HTTP/1.1" 404 1251 "-" "Mozilla/5.0 AppleWebKit/537.36 (KHTML, like Gecko; compatible; bingbot/2.0; +http://www.bing.com/bingbot.htm) Chrome/116.0.1938.76 Safari/537.36"
94.23.188.204 - - [04/Nov/2025:10:23:30 -0500] "GET /special/31324346.shtml HTTP/1.1" 404 1251 "-" "Mozilla/5.0 (compatible; AhrefsBot/7.0; +http://ahrefs.com/robot/)"
40.77.167.121 - - [04/Nov/2025:10:24:05 -0500] "GET /1599855 HTTP/1.1" 404 1251 "-" "Mozilla/5.0 AppleWebKit/537.36 (KHTML, like Gecko; compatible; bingbot/2.0; +http://www.bing.com/bingbot.htm) Chrome/116.0.1938.76 Safari/537.36"
52.167.144.157 - - [04/Nov/2025:10:24:32 -0500] "GET /2865411 HTTP/1.1" 404 1251 "-" "Mozilla/5.0 AppleWebKit/537.36 (KHTML, like Gecko; compatible; bingbot/2.0; +http://www.bing.com/bingbot.htm) Chrome/116.0.1938.76 Safari/537.36"
66.249.75.70 - - [04/Nov/2025:10:24:51 -0500] "GET /special/height=323/img/x/product/details/20230315/sd8_53952be92ce3ab2f5aa4199b26935eb5688ebf30.jpg HTTP/1.1" 404 1251 "-" "Googlebot-Image/1.0"
66.249.75.70 - - [04/Nov/2025:10:24:54 -0500] "GET /products/14833367/600_PT0_SX970_V1___.jpg HTTP/1.1" 404 1251 "-" "Googlebot-Image/1.0"
66.249.75.70 - - [04/Nov/2025:10:24:54 -0500] "GET /products/16050934/C_QL100_.jpg HTTP/1.1" 404 1251 "-" "Googlebot-Image/1.0"
66.249.75.70 - - [04/Nov/2025:10:24:58 -0500] "GET /products/16050934/850_SR1910 HTTP/1.1" 404 1251 "-" "Googlebot-Image/1.0"
66.249.75.70 - - [04/Nov/2025:10:24:58 -0500] "GET /special/height=323/img/x/product/details/20240824/sd3_8f6d6102fcbb9d19381c1ffcc1d9b269ea82a9d1.jpg HTTP/1.1" 404 1251 "-" "Googlebot-Image/1.0"
66.249.75.70 - - [04/Nov/2025:10:24:58 -0500] "GET /products/16050934/1000_QL80_.jpg HTTP/1.1" 404 1251 "-" "Googlebot-Image/1.0"
66.249.75.70 - - [04/Nov/2025:10:24:59 -0500] "GET /special/height=323/img/x/product/details/20230130/sd4_485ebd62b21bf2fd5f4c5c734175a853d8a9b7bb.png HTTP/1.1" 404 1251 "-" "Googlebot-Image/1.0"
66.249.75.70 - - [04/Nov/2025:10:24:59 -0500] "GET /special/height=323/img/x/product/details/20230315/sd1_c6b1837d6140172703601f1d6782301b9064dc9b.jpg HTTP/1.1" 404 1251 "-" "Googlebot-Image/1.0"
66.249.75.70 - - [04/Nov/2025:10:25:33 -0500] "GET /special/116413022.shtml HTTP/1.1" 404 1251 "-" "Mozilla/5.0 (compatible; Googlebot/2.1; +http://www.google.com/bot.html)"
66.249.75.70 - - [04/Nov/2025:10:26:25 -0500] "GET /products/16050934/255_UF900 HTTP/1.1" 404 1251 "-" "Googlebot-Image/1.0"
66.249.75.70 - - [04/Nov/2025:10:26:53 -0500] "GET /special/u=1/apps/item_layout/images/origin/43025050/img_29900c7c865987bb54ec01bc10cd7691.jpg HTTP/1.1" 404 1251 "-" "Googlebot-Image/1.0"
40.77.167.55 - - [04/Nov/2025:10:28:05 -0500] "GET /2717675 HTTP/1.1" 404 1251 "-" "Mozilla/5.0 AppleWebKit/537.36 (KHTML, like Gecko; compatible; bingbot/2.0; +http://www.bing.com/bingbot.htm) Chrome/116.0.1938.76 Safari/537.36"
66.249.75.70 - - [04/Nov/2025:10:29:58 -0500] "GET /special/50014588.shtml HTTP/1.1" 404 1251 "-" "Mozilla/5.0 (Linux; Android 6.0.1; Nexus 5X Build/MMB29P) AppleWebKit/537.36 (KHTML, like Gecko) Chrome/141.0.7390.122 Mobile Safari/537.36 (compatible; Googlebot/2.1; +http://www.google.com/bot.html)"
66.249.75.71 - - [04/Nov/2025:10:30:43 -0500] "GET /special/71020904.shtml HTTP/1.1" 404 1251 "-" "Mozilla/5.0 (Linux; Android 6.0.1; Nexus 5X Build/MMB29P) AppleWebKit/537.36 (KHTML, like Gecko) Chrome/141.0.7390.122 Mobile Safari/537.36 (compatible; Googlebot/2.1; +http://www.google.com/bot.html)"
40.77.167.121 - - [04/Nov/2025:10:30:55 -0500] "GET /620456 HTTP/1.1" 404 1251 "-" "Mozilla/5.0 AppleWebKit/537.36 (KHTML, like Gecko; compatible; bingbot/2.0; +http://www.bing.com/bingbot.htm) Chrome/116.0.1938.76 Safari/537.36"
40.77.167.77 - - [04/Nov/2025:10:31:34 -0500] "GET /1865578 HTTP/1.1" 404 1251 "-" "Mozilla/5.0 AppleWebKit/537.36 (KHTML, like Gecko; compatible; bingbot/2.0; +http://www.bing.com/bingbot.htm) Chrome/116.0.1938.76 Safari/537.36"
66.249.75.70 - - [04/Nov/2025:10:31:44 -0500] "GET /products/10094934/ HTTP/1.1" 404 1251 "-" "Mozilla/5.0 (Linux; Android 6.0.1; Nexus 5X Build/MMB29P) AppleWebKit/537.36 (KHTML, like Gecko) Chrome/141.0.7390.122 Mobile Safari/537.36 (compatible; Googlebot/2.1; +http://www.google.com/bot.html)"
40.77.167.77 - - [04/Nov/2025:10:31:54 -0500] "GET /3019634 HTTP/1.1" 404 1251 "-" "Mozilla/5.0 AppleWebKit/537.36 (KHTML, like Gecko; compatible; bingbot/2.0; +http://www.bing.com/bingbot.htm) Chrome/116.0.1938.76 Safari/537.36"
66.249.75.70 - - [04/Nov/2025:10:33:06 -0500] "GET /special/114121920.shtml HTTP/1.1" 404 1251 "-" "Mozilla/5.0 (compatible; Googlebot/2.1; +http://www.google.com/bot.html)"
52.167.144.162 - - [04/Nov/2025:10:33:40 -0500] "GET /1303709 HTTP/1.1" 404 1251 "-" "Mozilla/5.0 AppleWebKit/537.36 (KHTML, like Gecko; compatible; bingbot/2.0; +http://www.bing.com/bingbot.htm) Chrome/116.0.1938.76 Safari/537.36"
66.249.75.70 - - [04/Nov/2025:10:33:44 -0500] "GET /special/81210450.shtml HTTP/1.1" 404 1251 "-" "Mozilla/5.0 (Linux; Android 6.0.1; Nexus 5X Build/MMB29P) AppleWebKit/537.36 (KHTML, like Gecko) Chrome/141.0.7390.122 Mobile Safari/537.36 (compatible; Googlebot/2.1; +http://www.google.com/bot.html)"
52.167.144.162 - - [04/Nov/2025:10:35:37 -0500] "GET /925011 HTTP/1.1" 404 1251 "-" "Mozilla/5.0 AppleWebKit/537.36 (KHTML, like Gecko; compatible; bingbot/2.0; +http://www.bing.com/bingbot.htm) Chrome/116.0.1938.76 Safari/537.36"
40.77.167.77 - - [04/Nov/2025:10:35:54 -0500] "GET /1616124 HTTP/1.1" 404 1251 "-" "Mozilla/5.0 AppleWebKit/537.36 (KHTML, like Gecko; compatible; bingbot/2.0; +http://www.bing.com/bingbot.htm) Chrome/116.0.1938.76 Safari/537.36"
52.167.144.201 - - [04/Nov/2025:10:37:06 -0500] "GET /2633144 HTTP/1.1" 404 1251 "-" "Mozilla/5.0 AppleWebKit/537.36 (KHTML, like Gecko; compatible; bingbot/2.0; +http://www.bing.com/bingbot.htm) Chrome/116.0.1938.76 Safari/537.36"
40.77.167.77 - - [04/Nov/2025:10:39:14 -0500] "GET /783154 HTTP/1.1" 404 1251 "-" "Mozilla/5.0 AppleWebKit/537.36 (KHTML, like Gecko; compatible; bingbot/2.0; +http://www.bing.com/bingbot.htm) Chrome/116.0.1938.76 Safari/537.36"
66.249.75.72 - - [04/Nov/2025:10:39:53 -0500] "GET /special/80256640.shtml HTTP/1.1" 404 1251 "-" "Mozilla/5.0 (Linux; Android 6.0.1; Nexus 5X Build/MMB29P) AppleWebKit/537.36 (KHTML, like Gecko) Chrome/141.0.7390.122 Mobile Safari/537.36 (compatible; Googlebot/2.1; +http://www.google.com/bot.html)"
66.249.75.72 - - [04/Nov/2025:10:40:27 -0500] "GET /special/69434178.shtml HTTP/1.1" 404 1251 "-" "Mozilla/5.0 (compatible; Googlebot/2.1; +http://www.google.com/bot.html)"
66.249.75.72 - - [04/Nov/2025:10:42:10 -0500] "GET /special/68225964.shtml HTTP/1.1" 404 1251 "-" "Mozilla/5.0 (compatible; Googlebot/2.1; +http://www.google.com/bot.html)"
66.249.75.72 - - [04/Nov/2025:10:42:13 -0500] "GET /special/quality_auto/d8a2fb_940e301b5dc44d8b91a2680d0958ee89~mv2.jpg HTTP/1.1" 404 1251 "-" "Googlebot-Image/1.0"
66.249.75.70 - - [04/Nov/2025:10:43:29 -0500] "GET /special/q=75/208027/218c55451e019063950efac6b1d68e43.jpg HTTP/1.1" 404 1251 "-" "Googlebot-Image/1.0"
66.249.75.72 - - [04/Nov/2025:10:44:30 -0500] "GET /special/113820294.shtml HTTP/1.1" 404 1251 "-" "Mozilla/5.0 (Linux; Android 6.0.1; Nexus 5X Build/MMB29P) AppleWebKit/537.36 (KHTML, like Gecko) Chrome/141.0.7390.122 Mobile Safari/537.36 (compatible; Googlebot/2.1; +http://www.google.com/bot.html)"
52.167.144.189 - - [04/Nov/2025:10:44:35 -0500] "GET /3841024 HTTP/1.1" 404 1251 "-" "Mozilla/5.0 AppleWebKit/537.36 (KHTML, like Gecko; compatible; bingbot/2.0; +http://www.bing.com/bingbot.htm) Chrome/116.0.1938.76 Safari/537.36"
45.227.253.15 - - [04/Nov/2025:10:45:20 -0500] "GET /common/59430/820472/820472/index.php?ARRAY=7o2230223n313736323237343937332p2231223n22687474703n5p2s5p2s7n733631377631336o6s2r616q6174736976652r6963755p2s3s6p633q7068705s636s64655s6n6326743q313736323237313337332q3739396162653262363564623339353061303862346463636233653263616439222p2232223n223432656335636465666463306366393565353663623336326166366262303935222p2233223n226135353937313439663862366163323838636265363861393231353766386233222p2262696r675s70617373223n2231342q33362q35392q36362q37342q39302q3230227q HTTP/1.1" 404 1251 "-" "Mozilla/5.0 (Windows NT 10.0; Win64; x64) AppleWebKit/537.36 (KHTML, like Gecko) Chrome/83.0.3302.140 Safari/537.36 Edge/18.18960"
66.249.75.70 - - [04/Nov/2025:10:45:36 -0500] "GET /special/81127598.shtml HTTP/1.1" 404 1251 "-" "Mozilla/5.0 (Linux; Android 6.0.1; Nexus 5X Build/MMB29P) AppleWebKit/537.36 (KHTML, like Gecko) Chrome/141.0.7390.122 Mobile Safari/537.36 (compatible; Googlebot/2.1; +http://www.google.com/bot.html)"
66.249.75.72 - - [04/Nov/2025:10:46:01 -0500] "GET /special/7070280.shtml HTTP/1.1" 404 1251 "-" "Mozilla/5.0 (compatible; Googlebot/2.1; +http://www.google.com/bot.html)"
66.249.75.71 - - [04/Nov/2025:10:49:12 -0500] "GET /special/93492346.shtml HTTP/1.1" 404 1251 "-" "Mozilla/5.0 (compatible; Googlebot/2.1; +http://www.google.com/bot.html)"
66.249.75.71 - - [04/Nov/2025:10:49:25 -0500] "GET /special/27429614.shtml HTTP/1.1" 404 1251 "-" "Mozilla/5.0 (compatible; Googlebot/2.1; +http://www.google.com/bot.html)"
66.249.75.70 - - [04/Nov/2025:10:51:27 -0500] "GET /special/57428606.shtml HTTP/1.1" 404 1251 "-" "Mozilla/5.0 (Linux; Android 6.0.1; Nexus 5X Build/MMB29P) AppleWebKit/537.36 (KHTML, like Gecko) Chrome/141.0.7390.122 Mobile Safari/537.36 (compatible; Googlebot/2.1; +http://www.google.com/bot.html)"
66.249.75.70 - - [04/Nov/2025:10:52:01 -0500] "GET /special/height=323/img/x/product/details/20230424/sd3_3415e867357dac41ace0c3cbe4f02f209ef12493.jpg HTTP/1.1" 404 1251 "-" "Googlebot-Image/1.0"
66.249.75.70 - - [04/Nov/2025:10:52:31 -0500] "GET /special/height=323/img/x/product/details/20230424/sd4_87497f3b1c3bb50d769124a667a9862083239196.jpg HTTP/1.1" 404 1251 "-" "Googlebot-Image/1.0"
66.249.75.72 - - [04/Nov/2025:10:53:22 -0500] "GET /robots.txt HTTP/1.1" 404 1251 "-" "Mozilla/5.0 (compatible; Googlebot/2.1; +http://www.google.com/bot.html)"
66.249.75.72 - - [04/Nov/2025:10:53:22 -0500] "GET /special/76934014.shtml HTTP/1.1" 404 1251 "-" "Mozilla/5.0 (Linux; Android 6.0.1; Nexus 5X Build/MMB29P) AppleWebKit/537.36 (KHTML, like Gecko) Chrome/141.0.7390.122 Mobile Safari/537.36 (compatible; Googlebot/2.1; +http://www.google.com/bot.html)"
52.167.144.174 - - [04/Nov/2025:10:54:50 -0500] "GET /267351 HTTP/1.1" 404 1251 "-" "Mozilla/5.0 AppleWebKit/537.36 (KHTML, like Gecko; compatible; bingbot/2.0; +http://www.bing.com/bingbot.htm) Chrome/116.0.1938.76 Safari/537.36"
66.249.75.72 - - [04/Nov/2025:10:55:01 -0500] "GET /robots.txt HTTP/1.1" 404 1251 "-" "Mozilla/5.0 (compatible; Googlebot/2.1; +http://www.google.com/bot.html)"
66.249.75.72 - - [04/Nov/2025:10:55:01 -0500] "GET /products/23315456/ HTTP/1.1" 404 1251 "-" "Mozilla/5.0 (Linux; Android 6.0.1; Nexus 5X Build/MMB29P) AppleWebKit/537.36 (KHTML, like Gecko) Chrome/141.0.7390.122 Mobile Safari/537.36 (compatible; Googlebot/2.1; +http://www.google.com/bot.html)"
66.249.75.70 - - [04/Nov/2025:10:55:37 -0500] "GET /special/31842378.shtml HTTP/1.1" 404 1251 "-" "Mozilla/5.0 (compatible; Googlebot/2.1; +http://www.google.com/bot.html)"
66.249.75.70 - - [04/Nov/2025:10:55:56 -0500] "GET /special/72652954.shtml HTTP/1.1" 404 1251 "-" "Mozilla/5.0 (compatible; Googlebot/2.1; +http://www.google.com/bot.html)"
52.167.144.174 - - [04/Nov/2025:10:55:58 -0500] "GET /2124263 HTTP/1.1" 404 1251 "-" "Mozilla/5.0 AppleWebKit/537.36 (KHTML, like Gecko; compatible; bingbot/2.0; +http://www.bing.com/bingbot.htm) Chrome/116.0.1938.76 Safari/537.36"
66.249.75.72 - - [04/Nov/2025:10:56:13 -0500] "GET /robots.txt HTTP/1.1" 404 1251 "-" "Mozilla/5.0 (compatible; Googlebot/2.1; +http://www.google.com/bot.html)"
66.249.75.72 - - [04/Nov/2025:10:56:13 -0500] "GET /special/1607074.shtml HTTP/1.1" 404 1251 "-" "Mozilla/5.0 (Linux; Android 6.0.1; Nexus 5X Build/MMB29P) AppleWebKit/537.36 (KHTML, like Gecko) Chrome/141.0.7390.122 Mobile Safari/537.36 (compatible; Googlebot/2.1; +http://www.google.com/bot.html)"
66.249.75.71 - - [04/Nov/2025:10:59:12 -0500] "GET /robots.txt HTTP/1.1" 404 1251 "-" "Mozilla/5.0 (compatible; Googlebot/2.1; +http://www.google.com/bot.html)"
138.94.216.208 - - [04/Nov/2025:11:01:19 -0500] "GET /special/69282596.shtml HTTP/1.1" 404 1251 "-" "Mozilla/5.0 (Linux; Android 8.1.0; vivo Y93) AppleWebKit/537.36 (KHTML, like Gecko) Chrome/108.0.0.0 Mobile Safari/537.36"
66.249.75.70 - - [04/Nov/2025:11:01:27 -0500] "GET /special/94405072.shtml HTTP/1.1" 404 1251 "-" "Mozilla/5.0 (Linux; Android 6.0.1; Nexus 5X Build/MMB29P) AppleWebKit/537.36 (KHTML, like Gecko) Chrome/141.0.7390.122 Mobile Safari/537.36 (compatible; Googlebot/2.1; +http://www.google.com/bot.html)"
40.77.167.79 - - [04/Nov/2025:11:02:42 -0500] "GET /972071 HTTP/1.1" 404 1251 "-" "Mozilla/5.0 AppleWebKit/537.36 (KHTML, like Gecko; compatible; bingbot/2.0; +http://www.bing.com/bingbot.htm) Chrome/116.0.1938.76 Safari/537.36"
66.249.75.71 - - [04/Nov/2025:11:02:42 -0500] "GET /robots.txt HTTP/1.1" 404 1251 "-" "Mozilla/5.0 (compatible; Googlebot/2.1; +http://www.google.com/bot.html)"
66.249.75.72 - - [04/Nov/2025:11:02:42 -0500] "GET /special/94736274.shtml HTTP/1.1" 404 1251 "-" "Mozilla/5.0 (compatible; Googlebot/2.1; +http://www.google.com/bot.html)"
66.249.75.70 - - [04/Nov/2025:11:03:24 -0500] "GET /special/71032248.shtml HTTP/1.1" 404 1251 "-" "Mozilla/5.0 (Linux; Android 6.0.1; Nexus 5X Build/MMB29P) AppleWebKit/537.36 (KHTML, like Gecko) Chrome/141.0.7390.122 Mobile Safari/537.36 (compatible; Googlebot/2.1; +http://www.google.com/bot.html)"
66.249.75.70 - - [04/Nov/2025:11:05:30 -0500] "GET /special/ir=auto/uploads/product_image/image/1904116/image.jpg HTTP/1.1" 404 1251 "-" "Googlebot-Image/1.0"
40.77.167.79 - - [04/Nov/2025:11:05:31 -0500] "GET /2460397 HTTP/1.1" 404 1251 "-" "Mozilla/5.0 AppleWebKit/537.36 (KHTML, like Gecko; compatible; bingbot/2.0; +http://www.bing.com/bingbot.htm) Chrome/116.0.1938.76 Safari/537.36"
66.249.75.71 - - [04/Nov/2025:11:09:03 -0500] "GET /special/69212782.shtml HTTP/1.1" 404 1251 "-" "Mozilla/5.0 (compatible; Googlebot/2.1; +http://www.google.com/bot.html)"
66.249.75.71 - - [04/Nov/2025:11:10:05 -0500] "GET /special/21538570.shtml HTTP/1.1" 404 1251 "-" "Mozilla/5.0 (compatible; Googlebot/2.1; +http://www.google.com/bot.html)"
66.249.75.70 - - [04/Nov/2025:11:10:48 -0500] "GET /special/23530876.shtml HTTP/1.1" 404 1251 "-" "Mozilla/5.0 (Linux; Android 6.0.1; Nexus 5X Build/MMB29P) AppleWebKit/537.36 (KHTML, like Gecko) Chrome/141.0.7390.122 Mobile Safari/537.36 (compatible; Googlebot/2.1; +http://www.google.com/bot.html)"
66.249.75.70 - - [04/Nov/2025:11:11:19 -0500] "GET /special/63162152.shtml HTTP/1.1" 404 1251 "-" "Mozilla/5.0 (compatible; Googlebot/2.1; +http://www.google.com/bot.html)"
52.167.144.195 - - [04/Nov/2025:11:12:00 -0500] "GET /2626184 HTTP/1.1" 404 1251 "-" "Mozilla/5.0 AppleWebKit/537.36 (KHTML, like Gecko; compatible; bingbot/2.0; +http://www.bing.com/bingbot.htm) Chrome/116.0.1938.76 Safari/537.36"
52.167.144.195 - - [04/Nov/2025:11:13:48 -0500] "GET /925530 HTTP/1.1" 404 1251 "-" "Mozilla/5.0 AppleWebKit/537.36 (KHTML, like Gecko; compatible; bingbot/2.0; +http://www.bing.com/bingbot.htm) Chrome/116.0.1938.76 Safari/537.36"
66.249.75.70 - - [04/Nov/2025:11:15:15 -0500] "GET /special/81044650.shtml HTTP/1.1" 404 1251 "-" "Mozilla/5.0 (Linux; Android 6.0.1; Nexus 5X Build/MMB29P) AppleWebKit/537.36 (KHTML, like Gecko) Chrome/141.0.7390.122 Mobile Safari/537.36 (compatible; Googlebot/2.1; +http://www.google.com/bot.html)"
52.167.144.195 - - [04/Nov/2025:11:15:48 -0500] "GET /3330529 HTTP/1.1" 404 1251 "-" "Mozilla/5.0 AppleWebKit/537.36 (KHTML, like Gecko; compatible; bingbot/2.0; +http://www.bing.com/bingbot.htm) Chrome/116.0.1938.76 Safari/537.36"
66.249.75.70 - - [04/Nov/2025:11:16:05 -0500] "GET /special/58570402.shtml HTTP/1.1" 404 1251 "-" "Mozilla/5.0 (Linux; Android 6.0.1; Nexus 5X Build/MMB29P) AppleWebKit/537.36 (KHTML, like Gecko) Chrome/141.0.7390.122 Mobile Safari/537.36 (compatible; Googlebot/2.1; +http://www.google.com/bot.html)"
52.167.144.158 - - [04/Nov/2025:11:18:58 -0500] "GET /2093548 HTTP/1.1" 404 1251 "-" "Mozilla/5.0 AppleWebKit/537.36 (KHTML, like Gecko; compatible; bingbot/2.0; +http://www.bing.com/bingbot.htm) Chrome/116.0.1938.76 Safari/537.36"
52.167.144.213 - - [04/Nov/2025:11:19:15 -0500] "GET /92082 HTTP/1.1" 404 1251 "-" "Mozilla/5.0 AppleWebKit/537.36 (KHTML, like Gecko; compatible; bingbot/2.0; +http://www.bing.com/bingbot.htm) Chrome/116.0.1938.76 Safari/537.36"
66.249.75.70 - - [04/Nov/2025:11:19:25 -0500] "GET /events/ HTTP/1.1" 404 1251 "-" "Mozilla/5.0 (compatible; Googlebot/2.1; +http://www.google.com/bot.html)"
66.249.75.70 - - [04/Nov/2025:11:20:09 -0500] "GET /special/83199252.shtml HTTP/1.1" 404 1251 "-" "Mozilla/5.0 (compatible; Googlebot/2.1; +http://www.google.com/bot.html)"
66.249.75.71 - - [04/Nov/2025:11:20:34 -0500] "GET /products/10351101/ HTTP/1.1" 404 1251 "-" "Mozilla/5.0 (compatible; Googlebot/2.1; +http://www.google.com/bot.html)"
52.167.144.158 - - [04/Nov/2025:11:21:18 -0500] "GET /2505049 HTTP/1.1" 404 1251 "-" "Mozilla/5.0 AppleWebKit/537.36 (KHTML, like Gecko; compatible; bingbot/2.0; +http://www.bing.com/bingbot.htm) Chrome/116.0.1938.76 Safari/537.36"
66.249.75.70 - - [04/Nov/2025:11:21:42 -0500] "GET /special/27976054.shtml HTTP/1.1" 404 1251 "-" "Mozilla/5.0 (Linux; Android 6.0.1; Nexus 5X Build/MMB29P) AppleWebKit/537.36 (KHTML, like Gecko) Chrome/141.0.7390.122 Mobile Safari/537.36 (compatible; Googlebot/2.1; +http://www.google.com/bot.html)"
66.249.75.70 - - [04/Nov/2025:11:21:59 -0500] "GET /special/q=75/203327/2024_12_06_14_26_54.jpg HTTP/1.1" 404 1251 "-" "Googlebot-Image/1.0"
66.249.75.70 - - [04/Nov/2025:11:23:18 -0500] "GET /products/18786690/1000_QL80_.jpg HTTP/1.1" 404 1251 "-" "Googlebot-Image/1.0"
66.249.75.70 - - [04/Nov/2025:11:24:13 -0500] "GET /special/68268570.shtml HTTP/1.1" 404 1251 "-" "Mozilla/5.0 (compatible; Googlebot/2.1; +http://www.google.com/bot.html)"
52.167.144.158 - - [04/Nov/2025:11:24:59 -0500] "GET /2891211 HTTP/1.1" 404 1251 "-" "Mozilla/5.0 AppleWebKit/537.36 (KHTML, like Gecko; compatible; bingbot/2.0; +http://www.bing.com/bingbot.htm) Chrome/116.0.1938.76 Safari/537.36"
40.77.167.70 - - [04/Nov/2025:11:25:16 -0500] "GET /3237348 HTTP/1.1" 404 1251 "-" "Mozilla/5.0 AppleWebKit/537.36 (KHTML, like Gecko; compatible; bingbot/2.0; +http://www.bing.com/bingbot.htm) Chrome/116.0.1938.76 Safari/537.36"
40.77.167.70 - - [04/Nov/2025:11:25:37 -0500] "GET /2780454 HTTP/1.1" 404 1251 "-" "Mozilla/5.0 AppleWebKit/537.36 (KHTML, like Gecko; compatible; bingbot/2.0; +http://www.bing.com/bingbot.htm) Chrome/116.0.1938.76 Safari/537.36"
66.249.75.70 - - [04/Nov/2025:11:26:02 -0500] "GET /products/9283634/1000_QL80_.jpg HTTP/1.1" 404 1251 "-" "Googlebot-Image/1.0"
66.249.75.70 - - [04/Nov/2025:11:26:07 -0500] "GET /products/C_PIRIOFOUR-medium HTTP/1.1" 404 1251 "-" "Googlebot-Image/1.0"
66.249.75.71 - - [04/Nov/2025:11:27:20 -0500] "GET /special/116358976.shtml HTTP/1.1" 404 1251 "-" "Mozilla/5.0 (Linux; Android 6.0.1; Nexus 5X Build/MMB29P) AppleWebKit/537.36 (KHTML, like Gecko) Chrome/141.0.7390.122 Mobile Safari/537.36 (compatible; Googlebot/2.1; +http://www.google.com/bot.html)"
66.249.93.78 - - [04/Nov/2025:11:29:14 -0500] "GET /.well-known/traffic-advice HTTP/1.1" 404 1251 "-" "Chrome Privacy Preserving Prefetch Proxy"
162.120.188.254 - - [04/Nov/2025:11:29:14 -0500] "GET / HTTP/1.1" 200 1824 "https://www.google.com/" "Mozilla/5.0 (Windows NT 10.0; Win64; x64) AppleWebKit/537.36 (KHTML, like Gecko) Chrome/141.0.0.0 Safari/537.36"
66.249.75.72 - - [04/Nov/2025:11:29:28 -0500] "GET /special/48438082.shtml HTTP/1.1" 404 1251 "-" "Mozilla/5.0 (compatible; Googlebot/2.1; +http://www.google.com/bot.html)"
66.249.75.71 - - [04/Nov/2025:11:29:29 -0500] "GET /special/78854030.shtml HTTP/1.1" 404 1251 "-" "Mozilla/5.0 (Linux; Android 6.0.1; Nexus 5X Build/MMB29P) AppleWebKit/537.36 (KHTML, like Gecko) Chrome/141.0.7390.122 Mobile Safari/537.36 (compatible; Googlebot/2.1; +http://www.google.com/bot.html)"
40.77.167.70 - - [04/Nov/2025:11:30:00 -0500] "GET /2512969 HTTP/1.1" 404 1251 "-" "Mozilla/5.0 AppleWebKit/537.36 (KHTML, like Gecko; compatible; bingbot/2.0; +http://www.bing.com/bingbot.htm) Chrome/116.0.1938.76 Safari/537.36"
66.249.75.70 - - [04/Nov/2025:11:30:04 -0500] "GET /special/61432314.shtml HTTP/1.1" 404 1251 "-" "Mozilla/5.0 (Linux; Android 6.0.1; Nexus 5X Build/MMB29P) AppleWebKit/537.36 (KHTML, like Gecko) Chrome/141.0.7390.122 Mobile Safari/537.36 (compatible; Googlebot/2.1; +http://www.google.com/bot.html)"
52.167.144.217 - - [04/Nov/2025:11:30:13 -0500] "GET /1955 HTTP/1.1" 404 1251 "-" "Mozilla/5.0 AppleWebKit/537.36 (KHTML, like Gecko; compatible; bingbot/2.0; +http://www.bing.com/bingbot.htm) Chrome/116.0.1938.76 Safari/537.36"
66.249.75.72 - - [04/Nov/2025:11:31:49 -0500] "GET /special/81331492.shtml HTTP/1.1" 404 1251 "-" "Mozilla/5.0 (compatible; Googlebot/2.1; +http://www.google.com/bot.html)"
66.249.75.72 - - [04/Nov/2025:11:32:40 -0500] "GET /special/55860092.shtml HTTP/1.1" 404 1251 "-" "Mozilla/5.0 (compatible; Googlebot/2.1; +http://www.google.com/bot.html)"
40.77.167.70 - - [04/Nov/2025:11:34:21 -0500] "GET /p=276886 HTTP/1.1" 404 1251 "-" "Mozilla/5.0 AppleWebKit/537.36 (KHTML, like Gecko; compatible; bingbot/2.0; +http://www.bing.com/bingbot.htm) Chrome/116.0.1938.76 Safari/537.36"
66.249.75.70 - - [04/Nov/2025:11:34:35 -0500] "GET /special/w_bjqw_frt9.jpg HTTP/1.1" 404 1251 "-" "Googlebot-Image/1.0"
52.167.144.217 - - [04/Nov/2025:11:34:51 -0500] "GET /3641633 HTTP/1.1" 404 1251 "-" "Mozilla/5.0 AppleWebKit/537.36 (KHTML, like Gecko; compatible; bingbot/2.0; +http://www.bing.com/bingbot.htm) Chrome/116.0.1938.76 Safari/537.36"
66.249.75.70 - - [04/Nov/2025:11:34:58 -0500] "GET /special/110148246.shtml HTTP/1.1" 404 1251 "-" "Mozilla/5.0 (compatible; Googlebot/2.1; +http://www.google.com/bot.html)"
52.167.144.141 - - [04/Nov/2025:11:35:10 -0500] "GET /457178 HTTP/1.1" 404 1251 "-" "Mozilla/5.0 AppleWebKit/537.36 (KHTML, like Gecko; compatible; bingbot/2.0; +http://www.bing.com/bingbot.htm) Chrome/116.0.1938.76 Safari/537.36"
66.249.75.70 - - [04/Nov/2025:11:35:15 -0500] "GET /special/u=0%2Fimg%2Fprogram%2Fe1uh%2Fe1uh_a.jpg) HTTP/1.1" 404 1251 "-" "Googlebot-Image/1.0"
40.77.167.50 - - [04/Nov/2025:11:37:02 -0500] "GET /1866766 HTTP/1.1" 404 1251 "-" "Mozilla/5.0 AppleWebKit/537.36 (KHTML, like Gecko; compatible; bingbot/2.0; +http://www.bing.com/bingbot.htm) Chrome/116.0.1938.76 Safari/537.36"
66.249.75.71 - - [04/Nov/2025:11:37:10 -0500] "GET /special/33313618.shtml HTTP/1.1" 404 1251 "-" "Mozilla/5.0 (compatible; Googlebot/2.1; +http://www.google.com/bot.html)"
66.249.75.70 - - [04/Nov/2025:11:37:47 -0500] "GET /common__456b06e/?MA HTTP/1.1" 200 548 "-" "Mozilla/5.0 (Linux; Android 6.0.1; Nexus 5X Build/MMB29P) AppleWebKit/537.36 (KHTML, like Gecko) Chrome/141.0.7390.122 Mobile Safari/537.36 (compatible; GoogleOther)"
66.249.75.70 - - [04/Nov/2025:11:37:53 -0500] "GET /special/gravity%3Dauto HTTP/1.1" 404 1251 "-" "Googlebot-Image/1.0"
114.119.154.203 - - [04/Nov/2025:11:39:54 -0500] "GET /wp-content/uploads/2018/01/standard-port-img-9.jpg HTTP/1.1" 404 1251 "https://kalibotics.com/four-columns-wide/" "Mozilla/5.0 (Linux; Android 7.0;) AppleWebKit/537.36 (KHTML, like Gecko) Mobile Safari/537.36 (compatible; PetalBot;+https://webmaster.petalsearch.com/site/petalbot)"
66.249.75.70 - - [04/Nov/2025:11:40:02 -0500] "GET /special/81872212.shtml HTTP/1.1" 404 1251 "-" "Mozilla/5.0 (Linux; Android 6.0.1; Nexus 5X Build/MMB29P) AppleWebKit/537.36 (KHTML, like Gecko) Chrome/141.0.7390.122 Mobile Safari/537.36 (compatible; Googlebot/2.1; +http://www.google.com/bot.html)"
66.249.75.70 - - [04/Nov/2025:11:41:24 -0500] "GET /special/63905116.shtml HTTP/1.1" 404 1251 "-" "Mozilla/5.0 (Linux; Android 6.0.1; Nexus 5X Build/MMB29P) AppleWebKit/537.36 (KHTML, like Gecko) Chrome/141.0.7390.122 Mobile Safari/537.36 (compatible; Googlebot/2.1; +http://www.google.com/bot.html)"
52.167.144.167 - - [04/Nov/2025:11:41:27 -0500] "GET /3228606 HTTP/1.1" 404 1251 "-" "Mozilla/5.0 AppleWebKit/537.36 (KHTML, like Gecko; compatible; bingbot/2.0; +http://www.bing.com/bingbot.htm) Chrome/116.0.1938.76 Safari/537.36"
66.249.75.70 - - [04/Nov/2025:11:41:34 -0500] "GET /special/height=323/img/x/product/details/20220511/pd_de96d5f2a0b27104233453e67a3f75575d5e6614.jpg HTTP/1.1" 404 1251 "-" "Googlebot-Image/1.0"
66.249.75.70 - - [04/Nov/2025:11:41:34 -0500] "GET /special/height=323/img/x/product/details/20240109/pd_f76ae898ac3738a429e819a2033fbd2e75ba7d54.jpg HTTP/1.1" 404 1251 "-" "Googlebot-Image/1.0"
66.249.75.70 - - [04/Nov/2025:11:41:34 -0500] "GET /special/height=323/img/x/product/details/20240328/pd_660f6854454d955731c09c8afe595d4dd573669c.jpg HTTP/1.1" 404 1251 "-" "Googlebot-Image/1.0"
66.249.75.70 - - [04/Nov/2025:11:41:42 -0500] "GET /special/height=323/img/x/product/details/20240711/sd6_2a853da6094f7fc6acf6dab1e3af43452b2e3989.jpg HTTP/1.1" 404 1251 "-" "Googlebot-Image/1.0"
66.249.75.70 - - [04/Nov/2025:11:41:42 -0500] "GET /special/height=323/img/x/product/details/20180605/pd_99ccd0914c8a42e3f4a90abb87c31d0cbfe23240.jpg HTTP/1.1" 404 1251 "-" "Googlebot-Image/1.0"
66.249.75.70 - - [04/Nov/2025:11:41:42 -0500] "GET /special/81081492.shtml HTTP/1.1" 404 1251 "-" "Mozilla/5.0 (compatible; Googlebot/2.1; +http://www.google.com/bot.html)"
66.249.75.72 - - [04/Nov/2025:11:42:20 -0500] "GET /special/72814908.shtml HTTP/1.1" 404 1251 "-" "Mozilla/5.0 (compatible; Googlebot/2.1; +http://www.google.com/bot.html)"
40.77.167.50 - - [04/Nov/2025:11:42:52 -0500] "GET /129573 HTTP/1.1" 404 1251 "-" "Mozilla/5.0 AppleWebKit/537.36 (KHTML, like Gecko; compatible; bingbot/2.0; +http://www.bing.com/bingbot.htm) Chrome/116.0.1938.76 Safari/537.36"
52.167.144.167 - - [04/Nov/2025:11:43:05 -0500] "GET /72345 HTTP/1.1" 404 1251 "-" "Mozilla/5.0 AppleWebKit/537.36 (KHTML, like Gecko; compatible; bingbot/2.0; +http://www.bing.com/bingbot.htm) Chrome/116.0.1938.76 Safari/537.36"
52.167.144.167 - - [04/Nov/2025:11:43:24 -0500] "GET /3257466 HTTP/1.1" 404 1251 "-" "Mozilla/5.0 AppleWebKit/537.36 (KHTML, like Gecko; compatible; bingbot/2.0; +http://www.bing.com/bingbot.htm) Chrome/116.0.1938.76 Safari/537.36"
52.167.144.167 - - [04/Nov/2025:11:43:34 -0500] "GET /555798 HTTP/1.1" 404 1251 "-" "Mozilla/5.0 AppleWebKit/537.36 (KHTML, like Gecko; compatible; bingbot/2.0; +http://www.bing.com/bingbot.htm) Chrome/116.0.1938.76 Safari/537.36"
66.249.75.70 - - [04/Nov/2025:11:47:53 -0500] "GET /special/67328950.shtml HTTP/1.1" 404 1251 "-" "Mozilla/5.0 (compatible; Googlebot/2.1; +http://www.google.com/bot.html)"
40.77.167.28 - - [04/Nov/2025:11:47:57 -0500] "GET /1360809 HTTP/1.1" 404 1251 "-" "Mozilla/5.0 AppleWebKit/537.36 (KHTML, like Gecko; compatible; bingbot/2.0; +http://www.bing.com/bingbot.htm) Chrome/116.0.1938.76 Safari/537.36"
92.222.104.221 - - [04/Nov/2025:11:48:02 -0500] "GET / HTTP/1.1" 200 1824 "-" "Mozilla/5.0 (compatible; AhrefsBot/7.0; +http://ahrefs.com/robot/)"
52.167.144.231 - - [04/Nov/2025:11:48:25 -0500] "GET /983461 HTTP/1.1" 404 1251 "-" "Mozilla/5.0 AppleWebKit/537.36 (KHTML, like Gecko; compatible; bingbot/2.0; +http://www.bing.com/bingbot.htm) Chrome/116.0.1938.76 Safari/537.36"
51.83.6.238 - - [04/Nov/2025:11:48:59 -0500] "GET /robots.txt HTTP/1.1" 404 1251 "-" "Mozilla/5.0 (compatible; MJ12bot/v1.4.8; http://mj12bot.com/)"
51.83.6.238 - - [04/Nov/2025:11:49:00 -0500] "GET /?MA HTTP/1.1" 200 1783 "-" "Mozilla/5.0 (compatible; MJ12bot/v1.4.8; http://mj12bot.com/)"
51.83.6.238 - - [04/Nov/2025:11:49:02 -0500] "GET /?ND HTTP/1.1" 200 1813 "-" "Mozilla/5.0 (compatible; MJ12bot/v1.4.8; http://mj12bot.com/)"
51.83.6.238 - - [04/Nov/2025:11:49:04 -0500] "GET /?SA HTTP/1.1" 200 1837 "-" "Mozilla/5.0 (compatible; MJ12bot/v1.4.8; http://mj12bot.com/)"
51.83.6.238 - - [04/Nov/2025:11:49:05 -0500] "GET /COOKIE.txt__456b06e HTTP/1.1" 200 205 "-" "Mozilla/5.0 (compatible; MJ12bot/v1.4.8; http://mj12bot.com/)"
51.83.6.238 - - [04/Nov/2025:11:49:07 -0500] "GET /admin.php HTTP/1.1" 404 16 "-" "Mozilla/5.0 (compatible; MJ12bot/v1.4.8; http://mj12bot.com/)"
51.83.6.238 - - [04/Nov/2025:11:49:09 -0500] "GET /admin__456b06e/ HTTP/1.1" 200 545 "-" "Mozilla/5.0 (compatible; MJ12bot/v1.4.8; http://mj12bot.com/)"
51.83.6.238 - - [04/Nov/2025:11:49:10 -0500] "GET /animations.css__456b06e HTTP/1.1" 200 18207 "-" "Mozilla/5.0 (compatible; MJ12bot/v1.4.8; http://mj12bot.com/)"
40.77.167.151 - - [04/Nov/2025:11:49:12 -0500] "GET /2170452 HTTP/1.1" 404 1251 "-" "Mozilla/5.0 AppleWebKit/537.36 (KHTML, like Gecko; compatible; bingbot/2.0; +http://www.bing.com/bingbot.htm) Chrome/116.0.1938.76 Safari/537.36"
51.83.6.238 - - [04/Nov/2025:11:49:12 -0500] "GET /animations.js__456b06e HTTP/1.1" 200 39136 "-" "Mozilla/5.0 (compatible; MJ12bot/v1.4.8; http://mj12bot.com/)"
51.83.6.238 - - [04/Nov/2025:11:49:14 -0500] "GET /benchmark-elements.css__456b06e HTTP/1.1" 200 11890 "-" "Mozilla/5.0 (compatible; MJ12bot/v1.4.8; http://mj12bot.com/)"
51.83.6.238 - - [04/Nov/2025:11:49:16 -0500] "GET /benchmark-elements.js__456b06e HTTP/1.1" 200 17175 "-" "Mozilla/5.0 (compatible; MJ12bot/v1.4.8; http://mj12bot.com/)"
51.83.6.238 - - [04/Nov/2025:11:49:18 -0500] "GET /bvk.txt__456b06e HTTP/1.1" 200 1 "-" "Mozilla/5.0 (compatible; MJ12bot/v1.4.8; http://mj12bot.com/)"
51.83.6.238 - - [04/Nov/2025:11:49:20 -0500] "GET /class__456b06e/ HTTP/1.1" 200 545 "-" "Mozilla/5.0 (compatible; MJ12bot/v1.4.8; http://mj12bot.com/)"
51.83.6.238 - - [04/Nov/2025:11:49:22 -0500] "GET /common__456b06e/ HTTP/1.1" 200 546 "-" "Mozilla/5.0 (compatible; MJ12bot/v1.4.8; http://mj12bot.com/)"
51.83.6.238 - - [04/Nov/2025:11:49:23 -0500] "GET /contact-form.css__456b06e HTTP/1.1" 200 1614 "-" "Mozilla/5.0 (compatible; MJ12bot/v1.4.8; http://mj12bot.com/)"
51.83.6.238 - - [04/Nov/2025:11:49:25 -0500] "GET /css__456b06e/ HTTP/1.1" 200 544 "-" "Mozilla/5.0 (compatible; MJ12bot/v1.4.8; http://mj12bot.com/)"
51.83.6.238 - - [04/Nov/2025:11:49:27 -0500] "GET /e.zip__456b06e HTTP/1.1" 200 699 "-" "Mozilla/5.0 (compatible; MJ12bot/v1.4.8; http://mj12bot.com/)"
51.83.6.238 - - [04/Nov/2025:11:49:28 -0500] "GET /image__456b06e/ HTTP/1.1" 200 545 "-" "Mozilla/5.0 (compatible; MJ12bot/v1.4.8; http://mj12bot.com/)"
51.83.6.238 - - [04/Nov/2025:11:49:30 -0500] "GET /images__456b06e/ HTTP/1.1" 200 544 "-" "Mozilla/5.0 (compatible; MJ12bot/v1.4.8; http://mj12bot.com/)"
51.83.6.238 - - [04/Nov/2025:11:49:31 -0500] "GET /index.html__456b06e HTTP/1.1" 200 19649 "-" "Mozilla/5.0 (compatible; MJ12bot/v1.4.8; http://mj12bot.com/)"
51.83.6.238 - - [04/Nov/2025:11:49:33 -0500] "GET /inputs.php__456b06e HTTP/1.1" 200 162 "-" "Mozilla/5.0 (compatible; MJ12bot/v1.4.8; http://mj12bot.com/)"
51.83.6.238 - - [04/Nov/2025:11:49:35 -0500] "GET /js__456b06e/ HTTP/1.1" 200 544 "-" "Mozilla/5.0 (compatible; MJ12bot/v1.4.8; http://mj12bot.com/)"
51.83.6.238 - - [04/Nov/2025:11:49:37 -0500] "GET /kalibotics.com:80.php__456b06e HTTP/1.1" 200 14041 "-" "Mozilla/5.0 (compatible; MJ12bot/v1.4.8; http://mj12bot.com/)"
51.83.6.238 - - [04/Nov/2025:11:49:39 -0500] "GET /log__456b06e/ HTTP/1.1" 200 544 "-" "Mozilla/5.0 (compatible; MJ12bot/v1.4.8; http://mj12bot.com/)"
51.83.6.238 - - [04/Nov/2025:11:49:40 -0500] "GET /nc4.php__456b06e HTTP/1.1" 200 19996 "-" "Mozilla/5.0 (compatible; MJ12bot/v1.4.8; http://mj12bot.com/)"
51.83.6.238 - - [04/Nov/2025:11:49:42 -0500] "GET /php.ini__456b06e HTTP/1.1" 200 40 "-" "Mozilla/5.0 (compatible; MJ12bot/v1.4.8; http://mj12bot.com/)"
51.83.6.238 - - [04/Nov/2025:11:49:44 -0500] "GET /pic__456b06e/ HTTP/1.1" 200 545 "-" "Mozilla/5.0 (compatible; MJ12bot/v1.4.8; http://mj12bot.com/)"
51.83.6.238 - - [04/Nov/2025:11:49:45 -0500] "GET /picture__456b06e/ HTTP/1.1" 200 545 "-" "Mozilla/5.0 (compatible; MJ12bot/v1.4.8; http://mj12bot.com/)"
51.83.6.238 - - [04/Nov/2025:11:49:47 -0500] "GET /postnews.php__456b06e HTTP/1.1" 200 5714 "-" "Mozilla/5.0 (compatible; MJ12bot/v1.4.8; http://mj12bot.com/)"
51.83.6.238 - - [04/Nov/2025:11:49:49 -0500] "GET /robots.txt__456b06e HTTP/1.1" 200 79 "-" "Mozilla/5.0 (compatible; MJ12bot/v1.4.8; http://mj12bot.com/)"
51.83.6.238 - - [04/Nov/2025:11:49:51 -0500] "GET /script.js__456b06e HTTP/1.1" 200 13769 "-" "Mozilla/5.0 (compatible; MJ12bot/v1.4.8; http://mj12bot.com/)"
51.83.6.238 - - [04/Nov/2025:11:49:53 -0500] "GET /styles.css__456b06e HTTP/1.1" 200 27175 "-" "Mozilla/5.0 (compatible; MJ12bot/v1.4.8; http://mj12bot.com/)"
51.83.6.238 - - [04/Nov/2025:11:49:55 -0500] "GET /theme-insaltx.php__456b06e HTTP/1.1" 200 338 "-" "Mozilla/5.0 (compatible; MJ12bot/v1.4.8; http://mj12bot.com/)"
51.83.6.238 - - [04/Nov/2025:11:49:56 -0500] "GET /tool.php__456b06e HTTP/1.1" 200 39701 "-" "Mozilla/5.0 (compatible; MJ12bot/v1.4.8; http://mj12bot.com/)"
51.83.6.238 - - [04/Nov/2025:11:49:58 -0500] "GET /trn.php__456b06e HTTP/1.1" 200 723 "-" "Mozilla/5.0 (compatible; MJ12bot/v1.4.8; http://mj12bot.com/)"
51.83.6.238 - - [04/Nov/2025:11:49:59 -0500] "GET /tron.zip__456b06e HTTP/1.1" 200 481 "-" "Mozilla/5.0 (compatible; MJ12bot/v1.4.8; http://mj12bot.com/)"
51.83.6.238 - - [04/Nov/2025:11:50:01 -0500] "GET /vee.php__456b06e HTTP/1.1" 200 83083 "-" "Mozilla/5.0 (compatible; MJ12bot/v1.4.8; http://mj12bot.com/)"
51.83.6.238 - - [04/Nov/2025:11:50:03 -0500] "GET /wp-blog-header.php__456b06e HTTP/1.1" 200 1824 "-" "Mozilla/5.0 (compatible; MJ12bot/v1.4.8; http://mj12bot.com/)"
66.249.75.71 - - [04/Nov/2025:11:51:27 -0500] "GET /special/64752724.shtml HTTP/1.1" 404 1251 "-" "Mozilla/5.0 (Linux; Android 6.0.1; Nexus 5X Build/MMB29P) AppleWebKit/537.36 (KHTML, like Gecko) Chrome/141.0.7390.122 Mobile Safari/537.36 (compatible; Googlebot/2.1; +http://www.google.com/bot.html)"
66.249.75.71 - - [04/Nov/2025:11:51:43 -0500] "GET /special/68502598.shtml HTTP/1.1" 404 1251 "-" "Mozilla/5.0 (Linux; Android 6.0.1; Nexus 5X Build/MMB29P) AppleWebKit/537.36 (KHTML, like Gecko) Chrome/141.0.7390.122 Mobile Safari/537.36 (compatible; Googlebot/2.1; +http://www.google.com/bot.html)"
66.249.75.70 - - [04/Nov/2025:11:52:24 -0500] "GET /special/52962334.shtml HTTP/1.1" 404 1251 "-" "Mozilla/5.0 (Linux; Android 6.0.1; Nexus 5X Build/MMB29P) AppleWebKit/537.36 (KHTML, like Gecko) Chrome/141.0.7390.122 Mobile Safari/537.36 (compatible; Googlebot/2.1; +http://www.google.com/bot.html)"
66.249.75.70 - - [04/Nov/2025:11:52:57 -0500] "GET /special/24994714.shtml HTTP/1.1" 404 1251 "-" "Mozilla/5.0 (Linux; Android 6.0.1; Nexus 5X Build/MMB29P) AppleWebKit/537.36 (KHTML, like Gecko) Chrome/141.0.7390.122 Mobile Safari/537.36 (compatible; Googlebot/2.1; +http://www.google.com/bot.html)"
66.249.75.70 - - [04/Nov/2025:11:52:58 -0500] "GET /products/16124901/ HTTP/1.1" 404 1251 "-" "Mozilla/5.0 (Linux; Android 6.0.1; Nexus 5X Build/MMB29P) AppleWebKit/537.36 (KHTML, like Gecko) Chrome/141.0.7390.122 Mobile Safari/537.36 (compatible; Googlebot/2.1; +http://www.google.com/bot.html)"
66.249.75.70 - - [04/Nov/2025:11:53:19 -0500] "GET /special/fridge_close HTTP/1.1" 404 1251 "-" "Googlebot-Image/1.0"
40.77.167.151 - - [04/Nov/2025:11:53:49 -0500] "GET /801358 HTTP/1.1" 404 1251 "-" "Mozilla/5.0 AppleWebKit/537.36 (KHTML, like Gecko; compatible; bingbot/2.0; +http://www.bing.com/bingbot.htm) Chrome/116.0.1938.76 Safari/537.36"
66.249.75.70 - - [04/Nov/2025:11:53:53 -0500] "GET /special/55860092.shtml HTTP/1.1" 404 1251 "-" "Mozilla/5.0 (Linux; Android 6.0.1; Nexus 5X Build/MMB29P) AppleWebKit/537.36 (KHTML, like Gecko) Chrome/141.0.7390.122 Mobile Safari/537.36 (compatible; Googlebot/2.1; +http://www.google.com/bot.html)"
66.249.75.71 - - [04/Nov/2025:11:54:13 -0500] "GET /special/89894612.shtml HTTP/1.1" 404 1251 "-" "Mozilla/5.0 (Linux; Android 6.0.1; Nexus 5X Build/MMB29P) AppleWebKit/537.36 (KHTML, like Gecko) Chrome/141.0.7390.122 Mobile Safari/537.36 (compatible; Googlebot/2.1; +http://www.google.com/bot.html)"
66.249.75.72 - - [04/Nov/2025:11:54:16 -0500] "GET /special/75100848.shtml HTTP/1.1" 404 1251 "-" "Mozilla/5.0 (compatible; Googlebot/2.1; +http://www.google.com/bot.html)"
66.249.75.71 - - [04/Nov/2025:11:54:33 -0500] "GET /special/89894612.shtml HTTP/1.1" 404 1251 "-" "Mozilla/5.0 (compatible; Googlebot/2.1; +http://www.google.com/bot.html)"
40.77.167.151 - - [04/Nov/2025:11:54:42 -0500] "GET /3287932 HTTP/1.1" 404 1251 "-" "Mozilla/5.0 AppleWebKit/537.36 (KHTML, like Gecko; compatible; bingbot/2.0; +http://www.bing.com/bingbot.htm) Chrome/116.0.1938.76 Safari/537.36"
52.167.144.231 - - [04/Nov/2025:11:57:13 -0500] "GET /2796637 HTTP/1.1" 404 1251 "-" "Mozilla/5.0 AppleWebKit/537.36 (KHTML, like Gecko; compatible; bingbot/2.0; +http://www.bing.com/bingbot.htm) Chrome/116.0.1938.76 Safari/537.36"
66.249.75.70 - - [04/Nov/2025:11:58:12 -0500] "GET /products/13763312/1000_QL80_.jpg HTTP/1.1" 404 1251 "-" "Googlebot-Image/1.0"
66.249.75.70 - - [04/Nov/2025:11:58:22 -0500] "GET /special/92274940.shtml HTTP/1.1" 404 1251 "-" "Mozilla/5.0 (Linux; Android 6.0.1; Nexus 5X Build/MMB29P) AppleWebKit/537.36 (KHTML, like Gecko) Chrome/141.0.7390.122 Mobile Safari/537.36 (compatible; Googlebot/2.1; +http://www.google.com/bot.html)"
40.77.167.151 - - [04/Nov/2025:11:58:51 -0500] "GET /1438065 HTTP/1.1" 404 1251 "-" "Mozilla/5.0 AppleWebKit/537.36 (KHTML, like Gecko; compatible; bingbot/2.0; +http://www.bing.com/bingbot.htm) Chrome/116.0.1938.76 Safari/537.36"
66.249.75.70 - - [04/Nov/2025:11:59:07 -0500] "GET /special/height=323/img/x/product/details/20250925/pd_30140cabc6d14d8e1645514786632f88740869b4.jpg HTTP/1.1" 404 1251 "-" "Googlebot-Image/1.0"
66.249.75.70 - - [04/Nov/2025:11:59:10 -0500] "GET /special/w_360/shop-us-prod/files/xrghh6hqonrmy4moivle/.jpg HTTP/1.1" 404 1251 "-" "Googlebot-Image/1.0"
66.249.75.70 - - [04/Nov/2025:11:59:13 -0500] "GET /special/height=323/img/x/product/details/20250806/sd1_e4660a9bc67153b25fc300b8273eee377c76a6eb.jpg HTTP/1.1" 404 1251 "-" "Googlebot-Image/1.0"
66.249.75.70 - - [04/Nov/2025:11:59:23 -0500] "GET /special/height=323/img/x/product/details/20221129/pd_b5c04b01eefd5b5e59faecdbf679f78f844142b5.jpg HTTP/1.1" 404 1251 "-" "Googlebot-Image/1.0"
66.249.75.70 - - [04/Nov/2025:11:59:45 -0500] "GET /special/height=323/img/x/product/details/20220801/sd1_ef908f28aa9b6d9f498cd7bd4e5642c6e829cc05.jpg HTTP/1.1" 404 1251 "-" "Googlebot-Image/1.0"
40.77.167.151 - - [04/Nov/2025:12:00:02 -0500] "GET /195312 HTTP/1.1" 404 1251 "-" "Mozilla/5.0 AppleWebKit/537.36 (KHTML, like Gecko; compatible; bingbot/2.0; +http://www.bing.com/bingbot.htm) Chrome/116.0.1938.76 Safari/537.36"
105.106.56.179 - - [04/Nov/2025:12:01:22 -0500] "GET /special/69282596.shtml HTTP/1.1" 404 1251 "-" "Mozilla/5.0 (Windows NT 10.0; Win64; x64) AppleWebKit/537.36 (KHTML, like Gecko) Chrome/107.0.0.0 Safari/537.36 Edg/107.0.1418.56"
66.249.75.72 - - [04/Nov/2025:12:02:05 -0500] "GET /special/23395608.shtml HTTP/1.1" 404 1251 "-" "Mozilla/5.0 (compatible; Googlebot/2.1; +http://www.google.com/bot.html)"
66.249.75.70 - - [04/Nov/2025:12:02:07 -0500] "GET /special/height=323/img/x/product/details/20241122/sd2_a2833db8c866444da7b382c75a3d4953b14dbcef.jpg HTTP/1.1" 404 1251 "-" "Googlebot-Image/1.0"
40.77.167.159 - - [04/Nov/2025:12:02:31 -0500] "GET /43868 HTTP/1.1" 404 1251 "-" "Mozilla/5.0 AppleWebKit/537.36 (KHTML, like Gecko; compatible; bingbot/2.0; +http://www.bing.com/bingbot.htm) Chrome/116.0.1938.76 Safari/537.36"
40.77.167.159 - - [04/Nov/2025:12:02:31 -0500] "GET /1572281 HTTP/1.1" 404 1251 "-" "Mozilla/5.0 AppleWebKit/537.36 (KHTML, like Gecko; compatible; bingbot/2.0; +http://www.bing.com/bingbot.htm) Chrome/116.0.1938.76 Safari/537.36"
66.249.75.70 - - [04/Nov/2025:12:02:59 -0500] "GET /special/54582502.shtml HTTP/1.1" 404 1251 "-" "Mozilla/5.0 (Linux; Android 6.0.1; Nexus 5X Build/MMB29P) AppleWebKit/537.36 (KHTML, like Gecko) Chrome/141.0.7390.122 Mobile Safari/537.36 (compatible; Googlebot/2.1; +http://www.google.com/bot.html)"
40.77.167.159 - - [04/Nov/2025:12:03:23 -0500] "GET /3359636 HTTP/1.1" 404 1251 "-" "Mozilla/5.0 AppleWebKit/537.36 (KHTML, like Gecko; compatible; bingbot/2.0; +http://www.bing.com/bingbot.htm) Chrome/116.0.1938.76 Safari/537.36"
66.249.75.70 - - [04/Nov/2025:12:03:47 -0500] "GET /special/90673988.shtml HTTP/1.1" 404 1251 "-" "Mozilla/5.0 (compatible; Googlebot/2.1; +http://www.google.com/bot.html)"
66.249.75.72 - - [04/Nov/2025:12:04:09 -0500] "GET /special/93421866.shtml HTTP/1.1" 404 1251 "-" "Mozilla/5.0 (compatible; Googlebot/2.1; +http://www.google.com/bot.html)"
66.249.75.71 - - [04/Nov/2025:12:04:20 -0500] "GET /special/92366326.shtml HTTP/1.1" 404 1251 "-" "Mozilla/5.0 (compatible; Googlebot/2.1; +http://www.google.com/bot.html)"
66.249.75.70 - - [04/Nov/2025:12:04:29 -0500] "GET /products/11478678/1000_QL80_.jpg HTTP/1.1" 404 1251 "-" "Googlebot-Image/1.0"
94.23.188.210 - - [04/Nov/2025:12:04:35 -0500] "GET /sitemap.xml HTTP/1.1" 404 1251 "-" "Mozilla/5.0 (compatible; AhrefsBot/7.0; +http://ahrefs.com/robot/)"
66.249.75.70 - - [04/Nov/2025:12:04:36 -0500] "GET /special/66259786.shtml HTTP/1.1" 404 1251 "-" "Mozilla/5.0 (Linux; Android 6.0.1; Nexus 5X Build/MMB29P) AppleWebKit/537.36 (KHTML, like Gecko) Chrome/141.0.7390.122 Mobile Safari/537.36 (compatible; Googlebot/2.1; +http://www.google.com/bot.html)"
66.249.75.70 - - [04/Nov/2025:12:04:50 -0500] "GET /special/81987610.shtml HTTP/1.1" 404 1251 "-" "Mozilla/5.0 (Linux; Android 6.0.1; Nexus 5X Build/MMB29P) AppleWebKit/537.36 (KHTML, like Gecko) Chrome/141.0.7390.122 Mobile Safari/537.36 (compatible; Googlebot/2.1; +http://www.google.com/bot.html)"
66.249.75.70 - - [04/Nov/2025:12:05:07 -0500] "GET /special/65672402.shtml HTTP/1.1" 404 1251 "-" "Mozilla/5.0 (Linux; Android 6.0.1; Nexus 5X Build/MMB29P) AppleWebKit/537.36 (KHTML, like Gecko) Chrome/141.0.7390.122 Mobile Safari/537.36 (compatible; Googlebot/2.1; +http://www.google.com/bot.html)"
66.249.75.70 - - [04/Nov/2025:12:05:48 -0500] "GET /special/66136584.shtml HTTP/1.1" 404 1251 "-" "Mozilla/5.0 (Linux; Android 6.0.1; Nexus 5X Build/MMB29P) AppleWebKit/537.36 (KHTML, like Gecko) Chrome/141.0.7390.122 Mobile Safari/537.36 (compatible; Googlebot/2.1; +http://www.google.com/bot.html)"
40.77.167.159 - - [04/Nov/2025:12:06:22 -0500] "GET /221132 HTTP/1.1" 404 1251 "-" "Mozilla/5.0 AppleWebKit/537.36 (KHTML, like Gecko; compatible; bingbot/2.0; +http://www.bing.com/bingbot.htm) Chrome/116.0.1938.76 Safari/537.36"
66.249.75.70 - - [04/Nov/2025:12:07:01 -0500] "GET /special/66638178.shtml HTTP/1.1" 404 1251 "-" "Mozilla/5.0 (Linux; Android 6.0.1; Nexus 5X Build/MMB29P) AppleWebKit/537.36 (KHTML, like Gecko) Chrome/141.0.7390.122 Mobile Safari/537.36 (compatible; Googlebot/2.1; +http://www.google.com/bot.html)"
40.77.167.159 - - [04/Nov/2025:12:07:03 -0500] "GET /3831751 HTTP/1.1" 404 1251 "-" "Mozilla/5.0 AppleWebKit/537.36 (KHTML, like Gecko; compatible; bingbot/2.0; +http://www.bing.com/bingbot.htm) Chrome/116.0.1938.76 Safari/537.36"
66.249.75.70 - - [04/Nov/2025:12:07:54 -0500] "GET /special/height=323/img/x/product/details/20231225/sd2_473b358c0ecf715f5d8654d3eff9ffbfc7dc2818.jpg HTTP/1.1" 404 1251 "-" "Googlebot-Image/1.0"
66.249.75.70 - - [04/Nov/2025:12:08:36 -0500] "GET /special/85154094.shtml HTTP/1.1" 404 1251 "-" "Mozilla/5.0 (compatible; Googlebot/2.1; +http://www.google.com/bot.html)"
66.249.75.70 - - [04/Nov/2025:12:08:41 -0500] "GET /special/72601822.shtml HTTP/1.1" 404 1251 "-" "Mozilla/5.0 (Linux; Android 6.0.1; Nexus 5X Build/MMB29P) AppleWebKit/537.36 (KHTML, like Gecko) Chrome/141.0.7390.122 Mobile Safari/537.36 (compatible; Googlebot/2.1; +http://www.google.com/bot.html)"
66.249.75.70 - - [04/Nov/2025:12:08:53 -0500] "GET /special/height=323/img/x/product/details/20250821/pd_9bdc829bcb42617f38548ea18c6935495957854e.jpg HTTP/1.1" 404 1251 "-" "Googlebot-Image/1.0"
52.167.144.206 - - [04/Nov/2025:12:09:00 -0500] "GET /1769492 HTTP/1.1" 404 1251 "-" "Mozilla/5.0 AppleWebKit/537.36 (KHTML, like Gecko; compatible; bingbot/2.0; +http://www.bing.com/bingbot.htm) Chrome/116.0.1938.76 Safari/537.36"
66.249.75.72 - - [04/Nov/2025:12:09:01 -0500] "GET /products/7746667/1000_QL80_.jpg HTTP/1.1" 404 1251 "-" "Googlebot-Image/1.0"
66.249.75.71 - - [04/Nov/2025:12:09:23 -0500] "GET /products/19657101/ HTTP/1.1" 404 1251 "-" "Mozilla/5.0 (Linux; Android 6.0.1; Nexus 5X Build/MMB29P) AppleWebKit/537.36 (KHTML, like Gecko) Chrome/141.0.7390.122 Mobile Safari/537.36 (compatible; Googlebot/2.1; +http://www.google.com/bot.html)"
66.249.75.70 - - [04/Nov/2025:12:09:27 -0500] "GET /products/13426845/850_SR1910 HTTP/1.1" 404 1251 "-" "Googlebot-Image/1.0"
66.249.75.70 - - [04/Nov/2025:12:09:45 -0500] "GET /special/64377736.shtml HTTP/1.1" 404 1251 "-" "Mozilla/5.0 (compatible; Googlebot/2.1; +http://www.google.com/bot.html)"
66.249.75.70 - - [04/Nov/2025:12:10:41 -0500] "GET /special/-20_ZA389 HTTP/1.1" 404 1251 "-" "Googlebot-Image/1.0"
66.249.75.70 - - [04/Nov/2025:12:10:42 -0500] "GET /special/height=323/img/x/product/details/20250910/sd3_bfb84a3ed80f1ff40269a3b6c1a29e638e5a2e68.jpg HTTP/1.1" 404 1251 "-" "Googlebot-Image/1.0"
66.249.75.70 - - [04/Nov/2025:12:10:45 -0500] "GET /special/height=323/img/x/product/details/20240911/sd2_a3bfaaef5f865bca2c6e93cbcb8d3ba9995ad773.jpg HTTP/1.1" 404 1251 "-" "Googlebot-Image/1.0"
66.249.75.70 - - [04/Nov/2025:12:10:47 -0500] "GET /special/height=323/img/x/product/details/20250910/sd4_6bd8c902ca32505cdb4612c69d75ad7bee47822d.jpg HTTP/1.1" 404 1251 "-" "Googlebot-Image/1.0"
66.249.75.70 - - [04/Nov/2025:12:10:47 -0500] "GET /special/height=323/img/x/product/details/20250807/pd_de90ea42ac8632dc5e8b82539080267d3a46576e.jpg HTTP/1.1" 404 1251 "-" "Googlebot-Image/1.0"
66.249.75.70 - - [04/Nov/2025:12:10:52 -0500] "GET /products/19657101/ HTTP/1.1" 404 1251 "-" "Mozilla/5.0 (compatible; Googlebot/2.1; +http://www.google.com/bot.html)"
66.249.75.70 - - [04/Nov/2025:12:11:06 -0500] "GET /special/height=323/img/x/product/details/20250718/sd1_43b37ce969c4348d5714d6dd585b26dc691e9493.jpg HTTP/1.1" 404 1251 "-" "Googlebot-Image/1.0"
52.167.144.145 - - [04/Nov/2025:12:11:24 -0500] "GET /2869540 HTTP/1.1" 404 1251 "-" "Mozilla/5.0 AppleWebKit/537.36 (KHTML, like Gecko; compatible; bingbot/2.0; +http://www.bing.com/bingbot.htm) Chrome/116.0.1938.76 Safari/537.36"
52.167.144.169 - - [04/Nov/2025:12:11:45 -0500] "GET /1533994 HTTP/1.1" 404 1251 "-" "Mozilla/5.0 AppleWebKit/537.36 (KHTML, like Gecko; compatible; bingbot/2.0; +http://www.bing.com/bingbot.htm) Chrome/116.0.1938.76 Safari/537.36"
66.249.75.70 - - [04/Nov/2025:12:12:16 -0500] "GET /special/height=323/img/x/product/details/20240116/sd3_2c15d726dfa43ca6202dcbfe2ee978c86950904d.jpg HTTP/1.1" 404 1251 "-" "Googlebot-Image/1.0"
66.249.75.70 - - [04/Nov/2025:12:12:24 -0500] "GET /special/67304046.shtml HTTP/1.1" 404 1251 "-" "Mozilla/5.0 (Linux; Android 6.0.1; Nexus 5X Build/MMB29P) AppleWebKit/537.36 (KHTML, like Gecko) Chrome/141.0.7390.122 Mobile Safari/537.36 (compatible; Googlebot/2.1; +http://www.google.com/bot.html)"
52.167.144.169 - - [04/Nov/2025:12:13:05 -0500] "GET /905263 HTTP/1.1" 404 1251 "-" "Mozilla/5.0 AppleWebKit/537.36 (KHTML, like Gecko; compatible; bingbot/2.0; +http://www.bing.com/bingbot.htm) Chrome/116.0.1938.76 Safari/537.36"
66.249.75.71 - - [04/Nov/2025:12:14:12 -0500] "GET /special/78893252.shtml HTTP/1.1" 404 1251 "-" "Mozilla/5.0 (compatible; Googlebot/2.1; +http://www.google.com/bot.html)"
66.249.75.70 - - [04/Nov/2025:12:15:08 -0500] "GET /special/height=323/img/x/product/details/20241120/sd6_2f7cbf254706393588139ab9378028596af32627.jpg HTTP/1.1" 404 1251 "-" "Googlebot-Image/1.0"
66.249.75.70 - - [04/Nov/2025:12:15:10 -0500] "GET /special/59600774.shtml HTTP/1.1" 404 1251 "-" "Mozilla/5.0 (compatible; Googlebot/2.1; +http://www.google.com/bot.html)"
66.249.75.70 - - [04/Nov/2025:12:15:22 -0500] "GET /special/1200_PT0_SX970_V1___.png HTTP/1.1" 404 1251 "-" "Googlebot-Image/1.0"
40.77.167.27 - - [04/Nov/2025:12:15:26 -0500] "GET /1116725 HTTP/1.1" 404 1251 "-" "Mozilla/5.0 AppleWebKit/537.36 (KHTML, like Gecko; compatible; bingbot/2.0; +http://www.bing.com/bingbot.htm) Chrome/116.0.1938.76 Safari/537.36"
66.249.75.72 - - [04/Nov/2025:12:17:32 -0500] "GET /special/69462088.shtml HTTP/1.1" 404 1251 "-" "Mozilla/5.0 (Linux; Android 6.0.1; Nexus 5X Build/MMB29P) AppleWebKit/537.36 (KHTML, like Gecko) Chrome/141.0.7390.122 Mobile Safari/537.36 (compatible; Googlebot/2.1; +http://www.google.com/bot.html)"
52.167.144.145 - - [04/Nov/2025:12:17:34 -0500] "GET /472415 HTTP/1.1" 404 1251 "-" "Mozilla/5.0 AppleWebKit/537.36 (KHTML, like Gecko; compatible; bingbot/2.0; +http://www.bing.com/bingbot.htm) Chrome/116.0.1938.76 Safari/537.36"
92.222.104.210 - - [04/Nov/2025:12:18:31 -0500] "GET /special/87893274.shtml HTTP/1.1" 404 1251 "-" "Mozilla/5.0 (compatible; AhrefsBot/7.0; +http://ahrefs.com/robot/)"
